CRAN Package Check Results for Package LendingClub

Last updated on 2020-02-18 20:51:46 CET.

Flavor Version Tinstall Tcheck Ttotal Status Flags
r-devel-linux-x86_64-debian-clang 2.0.0 5.59 45.25 50.84 WARN
r-devel-linux-x86_64-debian-gcc 2.0.0 4.67 35.21 39.88 WARN
r-devel-linux-x86_64-fedora-clang 2.0.0 62.11 WARN
r-devel-linux-x86_64-fedora-gcc 2.0.0 59.31 WARN
r-devel-windows-ix86+x86_64 2.0.0 12.00 66.00 78.00 OK
r-devel-windows-ix86+x86_64-gcc8 2.0.0 25.00 95.00 120.00 OK
r-patched-linux-x86_64 2.0.0 4.54 38.79 43.33 WARN
r-patched-solaris-x86 2.0.0 77.40 WARN
r-release-linux-x86_64 2.0.0 4.01 39.34 43.35 OK
r-release-windows-ix86+x86_64 2.0.0 12.00 56.00 68.00 OK
r-release-osx-x86_64 2.0.0 OK
r-oldrel-windows-ix86+x86_64 2.0.0 7.00 55.00 62.00 OK
r-oldrel-osx-x86_64 2.0.0 OK

Check Details

Version: 2.0.0
Check: Rd \usage sections
Result: WARN
    Documented arguments not in \usage in documentation object 'lc_MakeCredential':
     '...'
    
    Functions with \usage entries need to have the appropriate \alias
    entries, and all their arguments documented.
    The \usage entries must correspond to syntactically valid R code.
    See chapter 'Writing R documentation files' in the 'Writing R
    Extensions' manual.
Flavors: r-devel-linux-x86_64-debian-clang, r-devel-linux-x86_64-debian-gcc, r-devel-linux-x86_64-fedora-clang, r-devel-linux-x86_64-fedora-gcc, r-patched-linux-x86_64, r-patched-solaris-x86