CRAN Package Check Results for Package LiblineaR.ACF

Last updated on 2022-01-23 12:05:14 CET.

Flavor Version Tinstall Tcheck Ttotal Status Flags
r-devel-linux-x86_64-debian-clang 1.94-2 5.18 36.73 41.91 OK
r-devel-linux-x86_64-debian-gcc 1.94-2 4.30 32.56 36.86 OK
r-devel-linux-x86_64-fedora-clang 1.94-2 54.93 NOTE
r-devel-linux-x86_64-fedora-gcc 1.94-2 44.07 NOTE
r-devel-windows-x86_64-new-UL 1.94-2 37.00 70.00 107.00 OK
r-devel-windows-x86_64-new-TK 1.94-2 OK
r-patched-linux-x86_64 1.94-2 4.30 36.75 41.05 OK
r-release-linux-x86_64 1.94-2 4.31 36.69 41.00 OK
r-release-macos-arm64 1.94-2 OK
r-release-macos-x86_64 1.94-2 OK
r-release-windows-ix86+x86_64 1.94-2 15.00 71.00 86.00 OK
r-oldrel-macos-x86_64 1.94-2 OK
r-oldrel-windows-ix86+x86_64 1.94-2 16.00 66.00 82.00 OK

Check Details

Version: 1.94-2
Check: Rd cross-references
Result: NOTE
    Undeclared package ‘LiblineaR’ in Rd xrefs
Flavor: r-devel-linux-x86_64-fedora-clang

Version: 1.94-2
Check: compiled code
Result: NOTE
    File ‘LiblineaR.ACF/libs/LiblineaR.ACF.so’:
     Found no calls to: ‘R_registerRoutines’, ‘R_useDynamicSymbols’
    
    It is good practice to register native routines and to disable symbol
    search.
    
    See ‘Writing portable packages’ in the ‘Writing R Extensions’ manual.
Flavors: r-devel-linux-x86_64-fedora-clang, r-devel-linux-x86_64-fedora-gcc