CRAN Package Check Results for Package LiblineaR

Last updated on 2015-02-01 19:50:06.

Flavor Version Tinstall Tcheck Ttotal Status Flags
r-devel-linux-x86_64-debian-clang 1.80-10 1.80 13.36 15.16 NOTE
r-devel-linux-x86_64-debian-gcc 1.80-10 2.21 13.03 15.24 NOTE
r-devel-linux-x86_64-fedora-clang 1.80-10 31.91 NOTE
r-devel-linux-x86_64-fedora-gcc 1.80-10 29.64 NOTE
r-devel-osx-x86_64-clang 1.80-10 38.47 NOTE
r-devel-windows-ix86+x86_64 1.80-10 12.00 30.00 42.00 NOTE
r-patched-linux-x86_64 1.80-10 2.36 13.62 15.99 OK
r-patched-solaris-sparc 1.80-10 200.40 OK
r-patched-solaris-x86 1.80-10 51.60 OK
r-release-linux-ix86 1.80-10 2.96 19.44 22.40 OK
r-release-linux-x86_64 1.80-10 2.40 14.02 16.43 OK
r-release-osx-x86_64-mavericks 1.80-10 OK
r-release-osx-x86_64-snowleopard 1.80-10 OK
r-release-windows-ix86+x86_64 1.80-10 12.00 32.00 44.00 OK
r-oldrel-windows-ix86+x86_64 1.80-10 12.00 30.00 42.00 OK

Check Details

Version: 1.80-10
Check: dependencies in R code
Result: NOTE
    'library' or 'require' call to ‘SparseM’ in package code.
     Please use :: or requireNamespace() instead.
     See section 'Suggested packages' in the 'Writing R Extensions' manual.
Flavors: r-devel-linux-x86_64-debian-clang, r-devel-linux-x86_64-debian-gcc, r-devel-linux-x86_64-fedora-clang, r-devel-linux-x86_64-fedora-gcc, r-devel-osx-x86_64-clang, r-devel-windows-ix86+x86_64