CRAN Package Check Results for Package LiblineaR

Last updated on 2017-02-27 23:03:35.

Flavor Version Tinstall Tcheck Ttotal Status Flags
r-devel-linux-x86_64-debian-clang 2.10-8 3.13 20.96 24.09 NOTE
r-devel-linux-x86_64-debian-gcc 2.10-8 2.81 23.48 26.28 NOTE
r-devel-linux-x86_64-fedora-clang 2.10-8 42.45 NOTE --no-stop-on-test-error
r-devel-linux-x86_64-fedora-gcc 2.10-8 43.16 NOTE --no-stop-on-test-error
r-devel-macos-x86_64-clang 2.10-8 32.89 NOTE --no-stop-on-test-error
r-devel-windows-ix86+x86_64 2.10-8 12.00 73.00 85.00 OK
r-patched-linux-x86_64 2.10-8 2.51 20.92 23.43 OK
r-patched-solaris-sparc 2.10-8 223.10 OK
r-patched-solaris-x86 2.10-8 61.70 OK
r-release-linux-x86_64 2.10-8 2.42 20.78 23.19 OK
r-release-osx-x86_64-mavericks 2.10-8 OK
r-release-windows-ix86+x86_64 2.10-8 25.00 76.00 101.00 OK
r-oldrel-windows-ix86+x86_64 2.10-8 18.00 69.00 87.00 OK

Check Details

Version: 2.10-8
Check: compiled code
Result: NOTE
    File ‘LiblineaR/libs/LiblineaR.so’:
     Found no calls to: ‘R_registerRoutines’, ‘R_useDynamicSymbols’
    
    It is good practice to register native routines and to disable symbol
    search.
    
    See ‘Writing portable packages’ in the ‘Writing R Extensions’ manual.
Flavors: r-devel-linux-x86_64-debian-clang, r-devel-linux-x86_64-debian-gcc

Version: 2.10-8
Flags: --no-stop-on-test-error
Check: compiled code
Result: NOTE
    File ‘LiblineaR/libs/LiblineaR.so’:
     Found no calls to: ‘R_registerRoutines’, ‘R_useDynamicSymbols’
    
    It is good practice to register native routines and to disable symbol
    search.
    
    See ‘Writing portable packages’ in the ‘Writing R Extensions’ manual.
Flavors: r-devel-linux-x86_64-fedora-clang, r-devel-linux-x86_64-fedora-gcc, r-devel-macos-x86_64-clang