CRAN Package Check Results for Package LiblineaR

Last updated on 2017-06-27 16:46:52.

Flavor Version Tinstall Tcheck Ttotal Status Flags
r-devel-linux-x86_64-debian-clang 2.10-8 3.24 21.05 24.28 NOTE
r-devel-linux-x86_64-debian-gcc 2.10-8 2.85 21.44 24.29 NOTE
r-devel-linux-x86_64-fedora-clang 2.10-8 41.90 NOTE
r-devel-linux-x86_64-fedora-gcc 2.10-8 44.74 NOTE
r-devel-windows-ix86+x86_64 2.10-8 19.00 73.00 92.00 OK
r-patched-linux-x86_64 2.10-8 2.73 23.71 26.44 NOTE
r-patched-solaris-sparc 2.10-8 255.40 OK
r-patched-solaris-x86 2.10-8 69.90 OK
r-release-linux-x86_64 2.10-8 2.76 22.51 25.26 NOTE
r-release-windows-ix86+x86_64 2.10-8 14.00 53.00 67.00 OK
r-release-osx-x86_64 2.10-8 OK
r-oldrel-windows-ix86+x86_64 2.10-8 14.00 48.00 62.00 OK
r-oldrel-osx-x86_64 2.10-8 OK

Check Details

Version: 2.10-8
Check: compiled code
Result: NOTE
    File ‘LiblineaR/libs/LiblineaR.so’:
     Found no calls to: ‘R_registerRoutines’, ‘R_useDynamicSymbols’
    
    It is good practice to register native routines and to disable symbol
    search.
    
    See ‘Writing portable packages’ in the ‘Writing R Extensions’ manual.
Flavors: r-devel-linux-x86_64-debian-clang, r-devel-linux-x86_64-debian-gcc, r-devel-linux-x86_64-fedora-clang, r-devel-linux-x86_64-fedora-gcc, r-patched-linux-x86_64, r-release-linux-x86_64