CRAN Package Check Results for Package LiblineaR

Last updated on 2017-04-27 23:49:58.

Flavor Version Tinstall Tcheck Ttotal Status Flags
r-devel-linux-x86_64-debian-clang 2.10-8 3.22 21.89 25.11 NOTE
r-devel-linux-x86_64-debian-gcc 2.10-8 2.68 23.00 25.67 NOTE
r-devel-linux-x86_64-fedora-clang 2.10-8 40.62 NOTE --no-stop-on-test-error
r-devel-linux-x86_64-fedora-gcc 2.10-8 43.25 NOTE --no-stop-on-test-error
r-devel-windows-ix86+x86_64 2.10-8 16.00 82.00 98.00 OK
r-patched-linux-x86_64 2.10-8 2.60 23.29 25.89 NOTE
r-patched-solaris-sparc 2.10-8 255.40 OK
r-patched-solaris-x86 2.10-8 69.00 OK
r-release-linux-x86_64 2.10-8 2.55 23.87 26.42 NOTE
r-release-windows-ix86+x86_64 2.10-8 14.00 53.00 67.00 OK
r-release-osx-x86_64 2.10-8 OK
r-oldrel-windows-ix86+x86_64 2.10-8 14.00 48.00 62.00 OK
r-oldrel-osx-x86_64 2.10-8 OK

Check Details

Version: 2.10-8
Check: compiled code
Result: NOTE
    File ‘LiblineaR/libs/LiblineaR.so’:
     Found no calls to: ‘R_registerRoutines’, ‘R_useDynamicSymbols’
    
    It is good practice to register native routines and to disable symbol
    search.
    
    See ‘Writing portable packages’ in the ‘Writing R Extensions’ manual.
Flavors: r-devel-linux-x86_64-debian-clang, r-devel-linux-x86_64-debian-gcc, r-patched-linux-x86_64, r-release-linux-x86_64

Version: 2.10-8
Flags: --no-stop-on-test-error
Check: compiled code
Result: NOTE
    File ‘LiblineaR/libs/LiblineaR.so’:
     Found no calls to: ‘R_registerRoutines’, ‘R_useDynamicSymbols’
    
    It is good practice to register native routines and to disable symbol
    search.
    
    See ‘Writing portable packages’ in the ‘Writing R Extensions’ manual.
Flavors: r-devel-linux-x86_64-fedora-clang, r-devel-linux-x86_64-fedora-gcc