CRAN Package Check Results for Package LiblineaR

Last updated on 2019-08-23 08:53:35 CEST.

Flavor Version Tinstall Tcheck Ttotal Status Flags
r-devel-linux-x86_64-debian-clang 2.10-8 5.81 29.95 35.76 OK
r-devel-linux-x86_64-debian-gcc 2.10-8 4.01 25.82 29.83 OK
r-devel-linux-x86_64-fedora-clang 2.10-8 46.34 NOTE
r-devel-linux-x86_64-fedora-gcc 2.10-8 45.81 NOTE
r-devel-windows-ix86+x86_64 2.10-8 23.00 80.00 103.00 OK
r-patched-linux-x86_64 2.10-8 4.75 32.00 36.75 OK
r-patched-solaris-x86 2.10-8 88.90 OK
r-release-linux-x86_64 2.10-8 4.28 31.75 36.03 OK
r-release-windows-ix86+x86_64 2.10-8 15.00 85.00 100.00 OK
r-release-osx-x86_64 2.10-8 OK
r-oldrel-windows-ix86+x86_64 2.10-8 13.00 63.00 76.00 OK
r-oldrel-osx-x86_64 2.10-8 OK

Check Details

Version: 2.10-8
Check: compiled code
Result: NOTE
    File ‘LiblineaR/libs/LiblineaR.so’:
     Found no calls to: ‘R_registerRoutines’, ‘R_useDynamicSymbols’
    
    It is good practice to register native routines and to disable symbol
    search.
    
    See ‘Writing portable packages’ in the ‘Writing R Extensions’ manual.
Flavors: r-devel-linux-x86_64-fedora-clang, r-devel-linux-x86_64-fedora-gcc