CRAN Package Check Results for Package LiblineaR

Last updated on 2017-10-17 03:48:49.

Flavor Version Tinstall Tcheck Ttotal Status Flags
r-devel-linux-x86_64-debian-clang 2.10-8 3.26 25.19 28.45 NOTE
r-devel-linux-x86_64-debian-gcc 2.10-8 2.88 28.17 31.05 NOTE
r-devel-linux-x86_64-fedora-clang 2.10-8 49.99 NOTE
r-devel-linux-x86_64-fedora-gcc 2.10-8 50.88 NOTE
r-devel-windows-ix86+x86_64 2.10-8 18.00 63.00 81.00 OK
r-patched-linux-x86_64 2.10-8 2.83 22.52 25.35 NOTE
r-patched-solaris-x86 2.10-8 71.00 OK
r-release-linux-x86_64 2.10-8 2.78 22.60 25.38 NOTE
r-release-windows-ix86+x86_64 2.10-8 14.00 57.00 71.00 OK
r-release-osx-x86_64 2.10-8 OK
r-oldrel-windows-ix86+x86_64 2.10-8 14.00 48.00 62.00 OK
r-oldrel-osx-x86_64 2.10-8 OK

Check Details

Version: 2.10-8
Check: compiled code
Result: NOTE
    File ‘LiblineaR/libs/LiblineaR.so’:
     Found no calls to: ‘R_registerRoutines’, ‘R_useDynamicSymbols’
    
    It is good practice to register native routines and to disable symbol
    search.
    
    See ‘Writing portable packages’ in the ‘Writing R Extensions’ manual.
Flavors: r-devel-linux-x86_64-debian-clang, r-devel-linux-x86_64-debian-gcc, r-devel-linux-x86_64-fedora-clang, r-devel-linux-x86_64-fedora-gcc, r-patched-linux-x86_64, r-release-linux-x86_64