CRAN Package Check Results for Package LiblineaR

Last updated on 2017-12-17 04:47:05 CET.

Flavor Version Tinstall Tcheck Ttotal Status Flags
r-devel-linux-x86_64-debian-clang 2.10-8 3.77 30.26 34.03 NOTE
r-devel-linux-x86_64-debian-gcc 2.10-8 3.26 26.38 29.64 NOTE
r-devel-linux-x86_64-fedora-clang 2.10-8 42.33 NOTE
r-devel-linux-x86_64-fedora-gcc 2.10-8 43.55 NOTE
r-devel-windows-ix86+x86_64 2.10-8 13.00 59.00 72.00 OK
r-patched-linux-x86_64 2.10-8 3.38 31.71 35.09 NOTE
r-patched-solaris-x86 2.10-8 68.00 OK
r-release-linux-x86_64 2.10-8 3.65 31.53 35.18 NOTE
r-release-windows-ix86+x86_64 2.10-8 14.00 57.00 71.00 OK
r-release-osx-x86_64 2.10-8 OK
r-oldrel-windows-ix86+x86_64 2.10-8 14.00 48.00 62.00 OK
r-oldrel-osx-x86_64 2.10-8 OK

Check Details

Version: 2.10-8
Check: compiled code
Result: NOTE
    File ‘LiblineaR/libs/LiblineaR.so’:
     Found no calls to: ‘R_registerRoutines’, ‘R_useDynamicSymbols’
    
    It is good practice to register native routines and to disable symbol
    search.
    
    See ‘Writing portable packages’ in the ‘Writing R Extensions’ manual.
Flavors: r-devel-linux-x86_64-debian-clang, r-devel-linux-x86_64-debian-gcc, r-devel-linux-x86_64-fedora-clang, r-devel-linux-x86_64-fedora-gcc, r-patched-linux-x86_64, r-release-linux-x86_64