CRAN Package Check Results for Package LiblineaR

Last updated on 2017-08-17 07:47:01.

Flavor Version Tinstall Tcheck Ttotal Status Flags
r-devel-linux-x86_64-debian-clang 2.10-8 3.31 22.10 25.41 NOTE
r-devel-linux-x86_64-debian-gcc 2.10-8 2.74 23.72 26.46 NOTE
r-devel-linux-x86_64-fedora-clang 2.10-8 43.00 NOTE
r-devel-linux-x86_64-fedora-gcc 2.10-8 46.68 NOTE
r-devel-windows-ix86+x86_64 2.10-8 19.00 74.00 93.00 OK
r-patched-linux-x86_64 2.10-8 2.69 22.84 25.53 NOTE
r-patched-solaris-x86 2.10-8 69.40 OK
r-release-linux-x86_64 2.10-8 2.70 22.90 25.60 NOTE
r-release-windows-ix86+x86_64 2.10-8 14.00 57.00 71.00 OK
r-release-osx-x86_64 2.10-8 OK
r-oldrel-windows-ix86+x86_64 2.10-8 14.00 48.00 62.00 OK
r-oldrel-osx-x86_64 2.10-8 OK

Check Details

Version: 2.10-8
Check: compiled code
Result: NOTE
    File ‘LiblineaR/libs/LiblineaR.so’:
     Found no calls to: ‘R_registerRoutines’, ‘R_useDynamicSymbols’
    
    It is good practice to register native routines and to disable symbol
    search.
    
    See ‘Writing portable packages’ in the ‘Writing R Extensions’ manual.
Flavors: r-devel-linux-x86_64-debian-clang, r-devel-linux-x86_64-debian-gcc, r-devel-linux-x86_64-fedora-clang, r-devel-linux-x86_64-fedora-gcc, r-patched-linux-x86_64, r-release-linux-x86_64