CRAN Package Check Results for Package LiblineaR

Last updated on 2019-12-15 19:48:42 CET.

Flavor Version Tinstall Tcheck Ttotal Status Flags
r-devel-linux-x86_64-debian-clang 2.10-8 6.35 30.73 37.08 OK
r-devel-linux-x86_64-debian-gcc 2.10-8 4.29 25.86 30.15 OK
r-devel-linux-x86_64-fedora-clang 2.10-8 46.46 NOTE
r-devel-linux-x86_64-fedora-gcc 2.10-8 47.09 NOTE
r-devel-windows-ix86+x86_64 2.10-8 15.00 67.00 82.00 OK
r-devel-windows-ix86+x86_64-gcc8 2.10-8 17.00 66.00 83.00 OK
r-patched-linux-x86_64 2.10-8 4.47 31.56 36.03 OK
r-patched-solaris-x86 2.10-8 85.90 OK
r-release-linux-x86_64 2.10-8 4.32 31.31 35.63 OK
r-release-windows-ix86+x86_64 2.10-8 15.00 85.00 100.00 OK
r-release-osx-x86_64 2.10-8 OK
r-oldrel-windows-ix86+x86_64 2.10-8 13.00 63.00 76.00 OK
r-oldrel-osx-x86_64 2.10-8 OK

Check Details

Version: 2.10-8
Check: compiled code
Result: NOTE
    File ‘LiblineaR/libs/LiblineaR.so’:
     Found no calls to: ‘R_registerRoutines’, ‘R_useDynamicSymbols’
    
    It is good practice to register native routines and to disable symbol
    search.
    
    See ‘Writing portable packages’ in the ‘Writing R Extensions’ manual.
Flavors: r-devel-linux-x86_64-fedora-clang, r-devel-linux-x86_64-fedora-gcc