CRAN Package Check Results for Package LifeTables

Last updated on 2018-04-24 03:48:35 CEST.

Flavor Version Tinstall Tcheck Ttotal Status Flags
r-devel-linux-x86_64-debian-clang 1.0 1.70 23.34 25.04 OK
r-devel-linux-x86_64-debian-gcc 1.0 1.27 19.42 20.69 OK
r-devel-linux-x86_64-fedora-clang 1.0 32.13 OK
r-devel-linux-x86_64-fedora-gcc 1.0 30.70 OK
r-devel-windows-ix86+x86_64 1.0 5.00 40.00 45.00 OK
r-devel-osx-x86_64 1.0 NOTE
r-patched-linux-x86_64 1.0 1.91 24.79 26.70 OK
r-patched-solaris-x86 1.0 48.10 OK
r-release-linux-x86_64 1.0 1.94 24.59 26.53 OK
r-release-windows-ix86+x86_64 1.0 4.00 40.00 44.00 OK
r-release-osx-x86_64 1.0 NOTE
r-oldrel-windows-ix86+x86_64 1.0 3.00 53.00 56.00 OK

Check Details

Version: 1.0
Check: package dependencies
Result: NOTE
    Packages suggested but not available for checking: ‘gWidgetsRGtk2’ ‘RGtk2’
Flavors: r-devel-osx-x86_64, r-release-osx-x86_64