CRAN Package Check Results for Package LifeTables

Last updated on 2014-04-25 09:52:17.

Flavor Version Tinstall Tcheck Ttotal Status Flags
r-devel-linux-x86_64-debian-clang 0.2 0.88 15.96 16.84 NOTE
r-devel-linux-x86_64-debian-gcc 0.2 0.87 15.54 16.41 NOTE
r-devel-linux-x86_64-fedora-clang 0.2 32.22 NOTE
r-devel-linux-x86_64-fedora-gcc 0.2 31.03 OK
r-devel-osx-x86_64-clang 0.2 33.39 NOTE
r-devel-osx-x86_64-gcc 0.2 OK
r-devel-windows-ix86+x86_64 0.2 3.00 25.00 28.00 OK
r-patched-linux-x86_64 0.2 0.87 15.78 16.65 NOTE
r-patched-solaris-sparc 0.2 188.20 OK
r-patched-solaris-x86 0.2 47.40 OK
r-release-linux-ix86 0.2 1.00 31.00 32.00 NOTE
r-release-linux-x86_64 0.2 0.86 15.77 16.63 NOTE
r-release-osx-x86_64-mavericks 0.2 NOTE
r-release-osx-x86_64-snowleopard 0.2 OK
r-release-windows-ix86+x86_64 0.2 5.00 34.00 39.00 OK
r-oldrel-windows-ix86+x86_64 0.2 4.00 27.00 31.00 OK

Check Details

Version: 0.2
Check: R code for possible problems
Result: NOTE
    Found the following calls to data() loading into the global environment:
    File ‘LifeTables/R/hmd.DA.R’:
     data(MLTobs)
    File ‘LifeTables/R/mod.lt.R’:
     data(MLTobs)
    File ‘LifeTables/R/mortmod.R’:
     data(MLTobs)
    See section ‘Good practice’ in ‘?data’.
Flavors: r-devel-linux-x86_64-debian-clang, r-devel-linux-x86_64-debian-gcc, r-devel-linux-x86_64-fedora-clang, r-devel-osx-x86_64-clang, r-patched-linux-x86_64, r-release-linux-ix86, r-release-linux-x86_64

Version: 0.2
Check: package dependencies
Result: NOTE
    Packages suggested but not available for checking: ‘gWidgetsRGtk2’ ‘RGtk2’
Flavor: r-release-osx-x86_64-mavericks