CRAN Package Check Results for Package LifeTables

Last updated on 2015-07-03 11:47:08.

Flavor Version Tinstall Tcheck Ttotal Status Flags
r-devel-linux-x86_64-debian-clang 0.2 0.82 13.20 14.02 NOTE
r-devel-linux-x86_64-debian-gcc 0.2 0.76 13.27 14.02 NOTE
r-devel-linux-x86_64-fedora-clang 0.2 26.02 NOTE
r-devel-linux-x86_64-fedora-gcc 0.2 24.33 NOTE
r-devel-osx-x86_64-clang 0.2 26.29 NOTE
r-devel-windows-ix86+x86_64 0.2 2.00 24.00 26.00 NOTE
r-patched-linux-x86_64 0.2 0.78 13.62 14.39 NOTE
r-patched-solaris-sparc 0.2 184.20 NOTE
r-patched-solaris-x86 0.2 40.60 NOTE
r-release-linux-x86_64 0.2 0.78 14.48 15.26 NOTE
r-release-osx-x86_64-mavericks 0.2 NOTE
r-release-windows-ix86+x86_64 0.2 3.00 27.00 30.00 NOTE
r-oldrel-windows-ix86+x86_64 0.2 4.00 40.00 44.00 NOTE

Check Details

Version: 0.2
Check: dependencies in R code
Result: NOTE
    'library' or 'require' call to ‘gWidgets’ in package code.
     Please use :: or requireNamespace() instead.
     See section 'Suggested packages' in the 'Writing R Extensions' manual.
Flavors: r-devel-linux-x86_64-debian-clang, r-devel-linux-x86_64-debian-gcc, r-devel-linux-x86_64-fedora-clang, r-devel-linux-x86_64-fedora-gcc, r-devel-osx-x86_64-clang, r-devel-windows-ix86+x86_64, r-patched-linux-x86_64, r-patched-solaris-sparc, r-patched-solaris-x86, r-release-linux-x86_64, r-release-osx-x86_64-mavericks, r-release-windows-ix86+x86_64, r-oldrel-windows-ix86+x86_64

Version: 0.2
Check: S3 generic/method consistency
Result: NOTE
    Found the following apparent S3 methods exported but not registered:
     plot.LifeTable
    See section ‘Registering S3 methods’ in the ‘Writing R Extensions’
    manual.
Flavors: r-devel-linux-x86_64-debian-clang, r-devel-linux-x86_64-debian-gcc, r-devel-linux-x86_64-fedora-clang, r-devel-linux-x86_64-fedora-gcc, r-devel-osx-x86_64-clang, r-patched-linux-x86_64, r-patched-solaris-sparc, r-patched-solaris-x86, r-release-linux-x86_64

Version: 0.2
Check: R code for possible problems
Result: NOTE
    alpha.e0: no visible global function definition for ‘optimize’
    create.help.button: no visible global function definition for ‘gaction’
    create.help.button : <anonymous>: no visible global function definition
     for ‘ghelp’
    create.help.button : <anonymous>: no visible global function definition
     for ‘gwindow’
    create.help.button: no visible global function definition for ‘gbutton’
    create.plot.window: no visible global function definition for ‘gwindow’
    create.plot.window: no visible global function definition for ‘ggroup’
    create.plot.window: no visible global function definition for ‘glabel’
    create.plot.window: no visible global function definition for
     ‘gdroplist’
    create.plot.window: no visible global function definition for ‘gbutton’
    create.plot.window: no visible global function definition for
     ‘ggraphics’
    create.plot.window: no visible global function definition for
     ‘addHandlerClicked’
    create.plot.window: no visible global function definition for ‘dev.cur’
    exportLT: no visible global function definition for ‘gfile’
    exportLT : <anonymous>: no visible global function definition for
     ‘write.table’
    generateLT: no visible global function definition for ‘svalue’
    generateLT: no visible global function definition for ‘gwindow’
    generateLT: no visible global function definition for ‘ggroup’
    generateLT: no visible global function definition for ‘glabel’
    generateLT: no visible global function definition for ‘gedit’
    generateLT: no visible global function definition for ‘addSpace’
    generateLT: no visible global function definition for ‘gtable’
    generateLT: no visible global function definition for ‘svalue<-’
    generateLT: no visible global function definition for
     ‘addHandlerChanged’
    generateLT: no visible global function definition for ‘gbutton’
    generateLT : <anonymous>: no visible global function definition for
     ‘dispose’
    generateLT: no visible global function definition for ‘addSpring’
    generateLT: no visible global function definition for ‘gdroplist’
    generateLT: no visible global function definition for ‘gcheckbox’
    generateLT: no visible global function definition for ‘gaction’
    hmd.DA: Error while checking: invalid ‘envir’ argument
    hmd.DA.mx: no visible binding for global variable ‘mlt.mx’
    hmd.DA.mx: no visible binding for global variable ‘flt.mx’
    hmd.DA.mx: no visible binding for global variable ‘class5’
    hmd.DA.mx: no visible global function definition for ‘predict’
    mod.lt: Error while checking: invalid ‘envir’ argument
    modelLT.gui : quit.modelLT: no visible global function definition for
     ‘dispose’
    modelLT.gui: no visible global function definition for ‘gwindow’
    modelLT.gui: no visible global function definition for
     ‘installed.packages’
    modelLT.gui: no visible global function definition for ‘ggroup’
    modelLT.gui: no visible global function definition for ‘gframe’
    modelLT.gui: no visible global function definition for ‘glayout’
    modelLT.gui: no visible global function definition for ‘glabel’
    modelLT.gui: no visible global function definition for ‘gdroplist’
    modelLT.gui: no visible global function definition for ‘gedit’
    modelLT.gui: no visible global function definition for ‘gcheckbox’
    modelLT.gui : <anonymous>: no visible global function definition for
     ‘enabled<-’
    modelLT.gui : <anonymous>: no visible global function definition for
     ‘svalue’
    modelLT.gui: no visible global function definition for ‘enabled<-’
    modelLT.gui: no visible global function definition for ‘svalue’
    modelLT.gui: no visible global function definition for ‘addSpring’
    modelLT.gui: no visible global function definition for ‘gbutton’
    modelLT.gui: no visible global function definition for ‘gaction’
    mortmod: Error while checking: invalid ‘envir’ argument
    plot.LifeTable : plot.col: no visible global function definition for
     ‘grid’
    plot.LifeTable : plot.col: no visible global function definition for
     ‘axis’
    plot.LifeTable : plot.col: no visible global function definition for
     ‘title’
    plot.LifeTable: no visible global function definition for ‘par’
    plotLTcolumn: no visible global function definition for ‘svalue’
    plotLTcolumn: no visible global function definition for ‘plot’
    plotMLT : plot.col: no visible global function definition for ‘plot’
    plotMLT : plot.col: no visible global function definition for ‘axis’
    plotMLT : plot.col: no visible global function definition for ‘title’
    plotMLT: no visible global function definition for ‘par’
    saveGraph: no visible global function definition for ‘svalue’
    saveGraph: no visible global function definition for ‘gfile’
    saveGraph : <anonymous>: no visible global function definition for
     ‘dev.set’
    updateLT: no visible global function definition for ‘svalue’
    updateLT: no visible global function definition for ‘blockHandler’
    updateLT: no visible global function definition for ‘svalue<-’
    updateLT: no visible global function definition for ‘unblockHandler’
    Undefined global functions or variables:
     addHandlerChanged addHandlerClicked addSpace addSpring axis
     blockHandler class5 dev.cur dev.set dispose enabled<- flt.mx gaction
     gbutton gcheckbox gdroplist gedit gfile gframe ggraphics ggroup ghelp
     glabel glayout grid gtable gwindow installed.packages mlt.mx optimize
     par plot predict svalue svalue<- title unblockHandler write.table
    
    Found the following calls to data() loading into the global environment:
    File ‘LifeTables/R/hmd.DA.R’:
     data(MLTobs)
    File ‘LifeTables/R/mod.lt.R’:
     data(MLTobs)
    File ‘LifeTables/R/mortmod.R’:
     data(MLTobs)
    See section ‘Good practice’ in ‘?data’.
Flavors: r-devel-linux-x86_64-debian-clang, r-devel-linux-x86_64-debian-gcc, r-devel-linux-x86_64-fedora-clang

Version: 0.2
Check: R code for possible problems
Result: NOTE
    alpha.e0: no visible global function definition for ‘optimize’
    create.help.button: no visible global function definition for ‘gaction’
    create.help.button : <anonymous>: no visible global function definition
     for ‘ghelp’
    create.help.button : <anonymous>: no visible global function definition
     for ‘gwindow’
    create.help.button: no visible global function definition for ‘gbutton’
    create.plot.window: no visible global function definition for ‘gwindow’
    create.plot.window: no visible global function definition for ‘ggroup’
    create.plot.window: no visible global function definition for ‘glabel’
    create.plot.window: no visible global function definition for
     ‘gdroplist’
    create.plot.window: no visible global function definition for ‘gbutton’
    create.plot.window: no visible global function definition for
     ‘ggraphics’
    create.plot.window: no visible global function definition for
     ‘addHandlerClicked’
    create.plot.window: no visible global function definition for ‘dev.cur’
    exportLT: no visible global function definition for ‘gfile’
    exportLT : <anonymous>: no visible global function definition for
     ‘write.table’
    generateLT: no visible global function definition for ‘svalue’
    generateLT: no visible global function definition for ‘gwindow’
    generateLT: no visible global function definition for ‘ggroup’
    generateLT: no visible global function definition for ‘glabel’
    generateLT: no visible global function definition for ‘gedit’
    generateLT: no visible global function definition for ‘addSpace’
    generateLT: no visible global function definition for ‘gtable’
    generateLT: no visible global function definition for ‘svalue<-’
    generateLT: no visible global function definition for
     ‘addHandlerChanged’
    generateLT: no visible global function definition for ‘gbutton’
    generateLT : <anonymous>: no visible global function definition for
     ‘dispose’
    generateLT: no visible global function definition for ‘addSpring’
    generateLT: no visible global function definition for ‘gdroplist’
    generateLT: no visible global function definition for ‘gcheckbox’
    generateLT: no visible global function definition for ‘gaction’
    hmd.DA: Error while checking: invalid 'envir' argument
    hmd.DA.mx: no visible binding for global variable ‘mlt.mx’
    hmd.DA.mx: no visible binding for global variable ‘flt.mx’
    hmd.DA.mx: no visible binding for global variable ‘class5’
    hmd.DA.mx: no visible global function definition for ‘predict’
    mod.lt: Error while checking: invalid 'envir' argument
    modelLT.gui : quit.modelLT: no visible global function definition for
     ‘dispose’
    modelLT.gui: no visible global function definition for ‘gwindow’
    modelLT.gui: no visible global function definition for
     ‘installed.packages’
    modelLT.gui: no visible global function definition for ‘ggroup’
    modelLT.gui: no visible global function definition for ‘gframe’
    modelLT.gui: no visible global function definition for ‘glayout’
    modelLT.gui: no visible global function definition for ‘glabel’
    modelLT.gui: no visible global function definition for ‘gdroplist’
    modelLT.gui: no visible global function definition for ‘gedit’
    modelLT.gui: no visible global function definition for ‘gcheckbox’
    modelLT.gui : <anonymous>: no visible global function definition for
     ‘enabled<-’
    modelLT.gui : <anonymous>: no visible global function definition for
     ‘svalue’
    modelLT.gui: no visible global function definition for ‘enabled<-’
    modelLT.gui: no visible global function definition for ‘svalue’
    modelLT.gui: no visible global function definition for ‘addSpring’
    modelLT.gui: no visible global function definition for ‘gbutton’
    modelLT.gui: no visible global function definition for ‘gaction’
    mortmod: Error while checking: invalid 'envir' argument
    plot.LifeTable : plot.col: no visible global function definition for
     ‘grid’
    plot.LifeTable : plot.col: no visible global function definition for
     ‘axis’
    plot.LifeTable : plot.col: no visible global function definition for
     ‘title’
    plot.LifeTable: no visible global function definition for ‘par’
    plotLTcolumn: no visible global function definition for ‘svalue’
    plotLTcolumn: no visible global function definition for ‘plot’
    plotMLT : plot.col: no visible global function definition for ‘plot’
    plotMLT : plot.col: no visible global function definition for ‘axis’
    plotMLT : plot.col: no visible global function definition for ‘title’
    plotMLT: no visible global function definition for ‘par’
    saveGraph: no visible global function definition for ‘svalue’
    saveGraph: no visible global function definition for ‘gfile’
    saveGraph : <anonymous>: no visible global function definition for
     ‘dev.set’
    updateLT: no visible global function definition for ‘svalue’
    updateLT: no visible global function definition for ‘blockHandler’
    updateLT: no visible global function definition for ‘svalue<-’
    updateLT: no visible global function definition for ‘unblockHandler’
    Undefined global functions or variables:
     addHandlerChanged addHandlerClicked addSpace addSpring axis
     blockHandler class5 dev.cur dev.set dispose enabled<- flt.mx gaction
     gbutton gcheckbox gdroplist gedit gfile gframe ggraphics ggroup ghelp
     glabel glayout grid gtable gwindow installed.packages mlt.mx optimize
     par plot predict svalue svalue<- title unblockHandler write.table
Flavors: r-devel-linux-x86_64-fedora-gcc, r-devel-windows-ix86+x86_64

Version: 0.2
Check: R code for possible problems
Result: NOTE
    create.help.button: no visible global function definition for ‘gaction’
    create.help.button : <anonymous>: no visible global function definition
     for ‘ghelp’
    create.help.button : <anonymous>: no visible global function definition
     for ‘gwindow’
    create.help.button: no visible global function definition for ‘gbutton’
    create.plot.window: no visible global function definition for ‘gwindow’
    create.plot.window: no visible global function definition for ‘ggroup’
    create.plot.window: no visible global function definition for ‘glabel’
    create.plot.window: no visible global function definition for
     ‘gdroplist’
    create.plot.window: no visible global function definition for ‘gbutton’
    create.plot.window: no visible global function definition for
     ‘ggraphics’
    create.plot.window: no visible global function definition for
     ‘addHandlerClicked’
    exportLT: no visible global function definition for ‘gfile’
    generateLT: no visible global function definition for ‘svalue’
    generateLT: no visible global function definition for ‘gwindow’
    generateLT: no visible global function definition for ‘ggroup’
    generateLT: no visible global function definition for ‘glabel’
    generateLT: no visible global function definition for ‘gedit’
    generateLT: no visible global function definition for ‘addSpace’
    generateLT: no visible global function definition for ‘gtable’
    generateLT: no visible global function definition for ‘svalue<-’
    generateLT: no visible global function definition for
     ‘addHandlerChanged’
    generateLT: no visible global function definition for ‘gbutton’
    generateLT : <anonymous>: no visible global function definition for
     ‘dispose’
    generateLT: no visible global function definition for ‘addSpring’
    generateLT: no visible global function definition for ‘gdroplist’
    generateLT: no visible global function definition for ‘gcheckbox’
    generateLT: no visible global function definition for ‘gaction’
    hmd.DA: no visible binding for global variable ‘hmd.1m0.train.m’
    hmd.DA: no visible binding for global variable ‘hmd.5m0.train.m’
    hmd.DA: no visible binding for global variable ‘hmd.1q0.train.m’
    hmd.DA: no visible binding for global variable ‘hmd.5q0.train.m’
    hmd.DA: no visible binding for global variable ‘hmd.1m0a.train.m’
    hmd.DA: no visible binding for global variable ‘hmd.5m0a.train.m’
    hmd.DA: no visible binding for global variable ‘hmd.1q0a.train.m’
    hmd.DA: no visible binding for global variable ‘hmd.5q0a.train.m’
    hmd.DA: no visible binding for global variable ‘hmd.1m0.train.f’
    hmd.DA: no visible binding for global variable ‘hmd.5m0.train.f’
    hmd.DA: no visible binding for global variable ‘hmd.1q0.train.f’
    hmd.DA: no visible binding for global variable ‘hmd.5q0.train.f’
    hmd.DA: no visible binding for global variable ‘hmd.1m0a.train.f’
    hmd.DA: no visible binding for global variable ‘hmd.5m0a.train.f’
    hmd.DA: no visible binding for global variable ‘hmd.1q0a.train.f’
    hmd.DA: no visible binding for global variable ‘hmd.5q0a.train.f’
    hmd.DA.mx: no visible binding for global variable ‘mlt.mx’
    hmd.DA.mx: no visible binding for global variable ‘flt.mx’
    hmd.DA.mx: no visible binding for global variable ‘class5’
    modelLT.gui : quit.modelLT: no visible global function definition for
     ‘dispose’
    modelLT.gui: no visible global function definition for ‘gwindow’
    modelLT.gui: no visible global function definition for ‘ggroup’
    modelLT.gui: no visible global function definition for ‘gframe’
    modelLT.gui: no visible global function definition for ‘glayout’
    modelLT.gui: no visible global function definition for ‘glabel’
    modelLT.gui: no visible global function definition for ‘gdroplist’
    modelLT.gui: no visible global function definition for ‘gedit’
    modelLT.gui: no visible global function definition for ‘gcheckbox’
    modelLT.gui : <anonymous>: no visible global function definition for
     ‘enabled<-’
    modelLT.gui : <anonymous>: no visible global function definition for
     ‘svalue’
    modelLT.gui: no visible global function definition for ‘enabled<-’
    modelLT.gui: no visible global function definition for ‘svalue’
    modelLT.gui: no visible global function definition for ‘addSpring’
    modelLT.gui: no visible global function definition for ‘gbutton’
    modelLT.gui: no visible global function definition for ‘gaction’
    mortmod: no visible binding for global variable ‘lo.devs’
    mortmod: no visible binding for global variable ‘averages.smooth’
    mortmod: no visible binding for global variable ‘hi.devs’
    plotLTcolumn: no visible global function definition for ‘svalue’
    saveGraph: no visible global function definition for ‘svalue’
    saveGraph: no visible global function definition for ‘gfile’
    updateLT: no visible global function definition for ‘svalue’
    updateLT: no visible global function definition for ‘blockHandler’
    updateLT: no visible global function definition for ‘svalue<-’
    updateLT: no visible global function definition for ‘unblockHandler’
    Undefined global functions or variables:
     addHandlerChanged addHandlerClicked addSpace addSpring
     averages.smooth blockHandler class5 dispose enabled<- flt.mx gaction
     gbutton gcheckbox gdroplist gedit gfile gframe ggraphics ggroup ghelp
     glabel glayout gtable gwindow hi.devs hmd.1m0.train.f hmd.1m0.train.m
     hmd.1m0a.train.f hmd.1m0a.train.m hmd.1q0.train.f hmd.1q0.train.m
     hmd.1q0a.train.f hmd.1q0a.train.m hmd.5m0.train.f hmd.5m0.train.m
     hmd.5m0a.train.f hmd.5m0a.train.m hmd.5q0.train.f hmd.5q0.train.m
     hmd.5q0a.train.f hmd.5q0a.train.m lo.devs mlt.mx svalue svalue<-
     unblockHandler
    
    Found the following calls to data() loading into the global environment:
    File ‘LifeTables/R/hmd.DA.R’:
     data(MLTobs)
    File ‘LifeTables/R/mod.lt.R’:
     data(MLTobs)
    File ‘LifeTables/R/mortmod.R’:
     data(MLTobs)
    See section ‘Good practice’ in ‘?data’.
Flavor: r-devel-osx-x86_64-clang

Version: 0.2
Check: R code for possible problems
Result: NOTE
    create.help.button: no visible global function definition for ‘gaction’
    create.help.button : <anonymous>: no visible global function definition
     for ‘ghelp’
    create.help.button : <anonymous>: no visible global function definition
     for ‘gwindow’
    create.help.button: no visible global function definition for ‘gbutton’
    create.plot.window: no visible global function definition for ‘gwindow’
    create.plot.window: no visible global function definition for ‘ggroup’
    create.plot.window: no visible global function definition for ‘glabel’
    create.plot.window: no visible global function definition for
     ‘gdroplist’
    create.plot.window: no visible global function definition for ‘gbutton’
    create.plot.window: no visible global function definition for
     ‘ggraphics’
    create.plot.window: no visible global function definition for
     ‘addHandlerClicked’
    exportLT: no visible global function definition for ‘gfile’
    generateLT: no visible global function definition for ‘svalue’
    generateLT: no visible global function definition for ‘gwindow’
    generateLT: no visible global function definition for ‘ggroup’
    generateLT: no visible global function definition for ‘glabel’
    generateLT: no visible global function definition for ‘gedit’
    generateLT: no visible global function definition for ‘addSpace’
    generateLT: no visible global function definition for ‘gtable’
    generateLT: no visible global function definition for ‘svalue<-’
    generateLT: no visible global function definition for
     ‘addHandlerChanged’
    generateLT: no visible global function definition for ‘gbutton’
    generateLT : <anonymous>: no visible global function definition for
     ‘dispose’
    generateLT: no visible global function definition for ‘addSpring’
    generateLT: no visible global function definition for ‘gdroplist’
    generateLT: no visible global function definition for ‘gcheckbox’
    generateLT: no visible global function definition for ‘gaction’
    hmd.DA: no visible binding for global variable ‘hmd.1m0.train.m’
    hmd.DA: no visible binding for global variable ‘hmd.5m0.train.m’
    hmd.DA: no visible binding for global variable ‘hmd.1q0.train.m’
    hmd.DA: no visible binding for global variable ‘hmd.5q0.train.m’
    hmd.DA: no visible binding for global variable ‘hmd.1m0a.train.m’
    hmd.DA: no visible binding for global variable ‘hmd.5m0a.train.m’
    hmd.DA: no visible binding for global variable ‘hmd.1q0a.train.m’
    hmd.DA: no visible binding for global variable ‘hmd.5q0a.train.m’
    hmd.DA: no visible binding for global variable ‘hmd.1m0.train.f’
    hmd.DA: no visible binding for global variable ‘hmd.5m0.train.f’
    hmd.DA: no visible binding for global variable ‘hmd.1q0.train.f’
    hmd.DA: no visible binding for global variable ‘hmd.5q0.train.f’
    hmd.DA: no visible binding for global variable ‘hmd.1m0a.train.f’
    hmd.DA: no visible binding for global variable ‘hmd.5m0a.train.f’
    hmd.DA: no visible binding for global variable ‘hmd.1q0a.train.f’
    hmd.DA: no visible binding for global variable ‘hmd.5q0a.train.f’
    hmd.DA.mx: no visible binding for global variable ‘mlt.mx’
    hmd.DA.mx: no visible binding for global variable ‘flt.mx’
    hmd.DA.mx: no visible binding for global variable ‘class5’
    modelLT.gui : quit.modelLT: no visible global function definition for
     ‘dispose’
    modelLT.gui: no visible global function definition for ‘gwindow’
    modelLT.gui: no visible global function definition for ‘ggroup’
    modelLT.gui: no visible global function definition for ‘gframe’
    modelLT.gui: no visible global function definition for ‘glayout’
    modelLT.gui: no visible global function definition for ‘glabel’
    modelLT.gui: no visible global function definition for ‘gdroplist’
    modelLT.gui: no visible global function definition for ‘gedit’
    modelLT.gui: no visible global function definition for ‘gcheckbox’
    modelLT.gui : <anonymous>: no visible global function definition for
     ‘enabled<-’
    modelLT.gui : <anonymous>: no visible global function definition for
     ‘svalue’
    modelLT.gui: no visible global function definition for ‘enabled<-’
    modelLT.gui: no visible global function definition for ‘svalue’
    modelLT.gui: no visible global function definition for ‘addSpring’
    modelLT.gui: no visible global function definition for ‘gbutton’
    modelLT.gui: no visible global function definition for ‘gaction’
    mortmod: no visible binding for global variable ‘lo.devs’
    mortmod: no visible binding for global variable ‘averages.smooth’
    mortmod: no visible binding for global variable ‘hi.devs’
    plotLTcolumn: no visible global function definition for ‘svalue’
    saveGraph: no visible global function definition for ‘svalue’
    saveGraph: no visible global function definition for ‘gfile’
    updateLT: no visible global function definition for ‘svalue’
    updateLT: no visible global function definition for ‘blockHandler’
    updateLT: no visible global function definition for ‘svalue<-’
    updateLT: no visible global function definition for ‘unblockHandler’
    
    Found the following calls to data() loading into the global environment:
    File ‘LifeTables/R/hmd.DA.R’:
     data(MLTobs)
    File ‘LifeTables/R/mod.lt.R’:
     data(MLTobs)
    File ‘LifeTables/R/mortmod.R’:
     data(MLTobs)
    See section ‘Good practice’ in ‘?data’.
Flavors: r-patched-linux-x86_64, r-release-linux-x86_64

Version: 0.2
Check: R code for possible problems
Result: NOTE
    create.help.button: no visible global function definition for ‘gaction’
    create.help.button : <anonymous>: no visible global function definition
     for ‘ghelp’
    create.help.button : <anonymous>: no visible global function definition
     for ‘gwindow’
    create.help.button: no visible global function definition for ‘gbutton’
    create.plot.window: no visible global function definition for ‘gwindow’
    create.plot.window: no visible global function definition for ‘ggroup’
    create.plot.window: no visible global function definition for ‘glabel’
    create.plot.window: no visible global function definition for
     ‘gdroplist’
    create.plot.window: no visible global function definition for ‘gbutton’
    create.plot.window: no visible global function definition for
     ‘ggraphics’
    create.plot.window: no visible global function definition for
     ‘addHandlerClicked’
    exportLT: no visible global function definition for ‘gfile’
    generateLT: no visible global function definition for ‘svalue’
    generateLT: no visible global function definition for ‘gwindow’
    generateLT: no visible global function definition for ‘ggroup’
    generateLT: no visible global function definition for ‘glabel’
    generateLT: no visible global function definition for ‘gedit’
    generateLT: no visible global function definition for ‘addSpace’
    generateLT: no visible global function definition for ‘gtable’
    generateLT: no visible global function definition for ‘svalue<-’
    generateLT: no visible global function definition for
     ‘addHandlerChanged’
    generateLT: no visible global function definition for ‘gbutton’
    generateLT : <anonymous>: no visible global function definition for
     ‘dispose’
    generateLT: no visible global function definition for ‘addSpring’
    generateLT: no visible global function definition for ‘gdroplist’
    generateLT: no visible global function definition for ‘gcheckbox’
    generateLT: no visible global function definition for ‘gaction’
    hmd.DA: no visible binding for global variable ‘hmd.1m0.train.m’
    hmd.DA: no visible binding for global variable ‘hmd.5m0.train.m’
    hmd.DA: no visible binding for global variable ‘hmd.1q0.train.m’
    hmd.DA: no visible binding for global variable ‘hmd.5q0.train.m’
    hmd.DA: no visible binding for global variable ‘hmd.1m0a.train.m’
    hmd.DA: no visible binding for global variable ‘hmd.5m0a.train.m’
    hmd.DA: no visible binding for global variable ‘hmd.1q0a.train.m’
    hmd.DA: no visible binding for global variable ‘hmd.5q0a.train.m’
    hmd.DA: no visible binding for global variable ‘hmd.1m0.train.f’
    hmd.DA: no visible binding for global variable ‘hmd.5m0.train.f’
    hmd.DA: no visible binding for global variable ‘hmd.1q0.train.f’
    hmd.DA: no visible binding for global variable ‘hmd.5q0.train.f’
    hmd.DA: no visible binding for global variable ‘hmd.1m0a.train.f’
    hmd.DA: no visible binding for global variable ‘hmd.5m0a.train.f’
    hmd.DA: no visible binding for global variable ‘hmd.1q0a.train.f’
    hmd.DA: no visible binding for global variable ‘hmd.5q0a.train.f’
    hmd.DA.mx: no visible binding for global variable ‘mlt.mx’
    hmd.DA.mx: no visible binding for global variable ‘flt.mx’
    hmd.DA.mx: no visible binding for global variable ‘class5’
    modelLT.gui : quit.modelLT: no visible global function definition for
     ‘dispose’
    modelLT.gui: no visible global function definition for ‘gwindow’
    modelLT.gui: no visible global function definition for ‘ggroup’
    modelLT.gui: no visible global function definition for ‘gframe’
    modelLT.gui: no visible global function definition for ‘glayout’
    modelLT.gui: no visible global function definition for ‘glabel’
    modelLT.gui: no visible global function definition for ‘gdroplist’
    modelLT.gui: no visible global function definition for ‘gedit’
    modelLT.gui: no visible global function definition for ‘gcheckbox’
    modelLT.gui : <anonymous>: no visible global function definition for
     ‘enabled<-’
    modelLT.gui : <anonymous>: no visible global function definition for
     ‘svalue’
    modelLT.gui: no visible global function definition for ‘enabled<-’
    modelLT.gui: no visible global function definition for ‘svalue’
    modelLT.gui: no visible global function definition for ‘addSpring’
    modelLT.gui: no visible global function definition for ‘gbutton’
    modelLT.gui: no visible global function definition for ‘gaction’
    mortmod: no visible binding for global variable ‘lo.devs’
    mortmod: no visible binding for global variable ‘averages.smooth’
    mortmod: no visible binding for global variable ‘hi.devs’
    plotLTcolumn: no visible global function definition for ‘svalue’
    saveGraph: no visible global function definition for ‘svalue’
    saveGraph: no visible global function definition for ‘gfile’
    updateLT: no visible global function definition for ‘svalue’
    updateLT: no visible global function definition for ‘blockHandler’
    updateLT: no visible global function definition for ‘svalue<-’
    updateLT: no visible global function definition for ‘unblockHandler’
Flavors: r-patched-solaris-sparc, r-patched-solaris-x86, r-release-osx-x86_64-mavericks, r-release-windows-ix86+x86_64, r-oldrel-windows-ix86+x86_64

Version: 0.2
Check: package dependencies
Result: NOTE
    Packages suggested but not available for checking: ‘gWidgetsRGtk2’ ‘RGtk2’
Flavor: r-release-osx-x86_64-mavericks