CRAN Package Check Results for Package LifeTables

Last updated on 2017-09-21 05:48:32.

Flavor Version Tinstall Tcheck Ttotal Status Flags
r-devel-linux-x86_64-debian-clang 1.0 0.91 19.35 20.27 OK
r-devel-linux-x86_64-debian-gcc 1.0 0.95 18.12 19.07 OK
r-devel-linux-x86_64-fedora-clang 1.0 31.58 OK
r-devel-linux-x86_64-fedora-gcc 1.0 29.19 OK
r-devel-windows-ix86+x86_64 1.0 3.00 44.00 47.00 OK
r-patched-linux-x86_64 1.0 0.87 18.23 19.10 OK
r-patched-solaris-x86 1.0 41.70 OK
r-release-linux-x86_64 1.0 0.91 18.31 19.22 OK
r-release-windows-ix86+x86_64 1.0 3.00 37.00 40.00 OK
r-release-osx-x86_64 1.0 NOTE
r-oldrel-windows-ix86+x86_64 1.0 3.00 31.00 34.00 OK
r-oldrel-osx-x86_64 1.0 OK

Check Details

Version: 1.0
Check: package dependencies
Result: NOTE
    Packages suggested but not available for checking: ‘gWidgetsRGtk2’ ‘RGtk2’
Flavor: r-release-osx-x86_64