CRAN Package Check Results for Package LifeTables

Last updated on 2017-07-23 14:47:04.

Flavor Version Tinstall Tcheck Ttotal Status Flags
r-devel-linux-x86_64-debian-clang 1.0 0.88 26.50 27.38 OK
r-devel-linux-x86_64-debian-gcc 1.0 0.86 26.32 27.17 OK
r-devel-linux-x86_64-fedora-clang 1.0 31.36 OK
r-devel-linux-x86_64-fedora-gcc 1.0 32.06 OK
r-devel-windows-ix86+x86_64 1.0 7.00 46.00 53.00 OK
r-patched-linux-x86_64 1.0 0.91 26.22 27.14 OK
r-patched-solaris-x86 1.0 42.10 OK
r-release-linux-x86_64 1.0 0.89 25.52 26.41 OK
r-release-windows-ix86+x86_64 1.0 4.00 46.00 50.00 OK
r-release-osx-x86_64 1.0 NOTE
r-oldrel-windows-ix86+x86_64 1.0 4.00 44.00 48.00 OK
r-oldrel-osx-x86_64 1.0 OK

Check Details

Version: 1.0
Check: package dependencies
Result: NOTE
    Packages suggested but not available for checking: ‘gWidgetsRGtk2’ ‘RGtk2’
Flavor: r-release-osx-x86_64