CRAN Package Check Results for Package LifeTables

Last updated on 2017-04-24 08:47:59.

Flavor Version Tinstall Tcheck Ttotal Status Flags
r-devel-linux-x86_64-debian-clang 1.0 0.90 19.02 19.92 OK
r-devel-linux-x86_64-debian-gcc 1.0 0.88 18.87 19.75 OK
r-devel-linux-x86_64-fedora-clang 1.0 31.47 OK --no-stop-on-test-error
r-devel-linux-x86_64-fedora-gcc 1.0 30.48 OK --no-stop-on-test-error
r-devel-windows-ix86+x86_64 1.0 6.00 36.00 42.00 OK
r-patched-linux-x86_64 1.0 0.94 18.08 19.02 OK
r-patched-solaris-sparc 1.0 201.90 OK
r-patched-solaris-x86 1.0 41.20 OK
r-release-linux-x86_64 1.0 0.86 18.08 18.94 OK
r-release-windows-ix86+x86_64 1.0 3.00 36.00 39.00 OK
r-release-osx-x86_64 1.0 NOTE
r-oldrel-windows-ix86+x86_64 1.0 3.00 36.00 39.00 OK
r-oldrel-osx-x86_64 1.0 OK

Check Details

Version: 1.0
Check: package dependencies
Result: NOTE
    Packages suggested but not available for checking: ‘gWidgetsRGtk2’ ‘RGtk2’
Flavor: r-release-osx-x86_64