CRAN Package Check Results for Package LifeTables

Last updated on 2017-11-25 11:55:27 CET.

Flavor Version Tinstall Tcheck Ttotal Status Flags
r-devel-linux-x86_64-debian-clang 1.0 1.24 40.13 41.37 OK
r-devel-linux-x86_64-debian-gcc 1.0 1.05 37.94 38.99 OK
r-devel-linux-x86_64-fedora-clang 1.0 28.27 OK
r-devel-linux-x86_64-fedora-gcc 1.0 27.12 OK
r-devel-windows-ix86+x86_64 1.0 3.00 50.00 53.00 OK
r-patched-linux-x86_64 1.0 1.18 41.04 42.22 OK
r-patched-solaris-x86 1.0 41.60 OK
r-release-linux-x86_64 1.0 1.38 41.45 42.83 OK
r-release-windows-ix86+x86_64 1.0 3.00 45.00 48.00 OK
r-release-osx-x86_64 1.0 NOTE
r-oldrel-windows-ix86+x86_64 1.0 3.00 35.00 38.00 OK
r-oldrel-osx-x86_64 1.0 OK

Check Details

Version: 1.0
Check: package dependencies
Result: NOTE
    Packages suggested but not available for checking: ‘gWidgetsRGtk2’ ‘RGtk2’
Flavor: r-release-osx-x86_64