CRAN Package Check Results for Package LifeTables

Last updated on 2018-02-20 17:47:46 CET.

Flavor Version Tinstall Tcheck Ttotal Status Flags
r-devel-linux-x86_64-debian-clang 1.0 1.59 25.12 26.71 OK
r-devel-linux-x86_64-debian-gcc 1.0 1.49 19.28 20.77 OK
r-devel-linux-x86_64-fedora-clang 1.0 31.47 OK
r-devel-linux-x86_64-fedora-gcc 1.0 30.35 OK
r-devel-windows-ix86+x86_64 1.0 3.00 42.00 45.00 OK
r-patched-linux-x86_64 1.0 1.22 24.34 25.56 OK
r-patched-solaris-x86 1.0 41.70 OK
r-release-linux-x86_64 1.0 1.15 24.31 25.46 OK
r-release-windows-ix86+x86_64 1.0 4.00 50.00 54.00 OK
r-release-osx-x86_64 1.0 NOTE
r-oldrel-windows-ix86+x86_64 1.0 4.00 44.00 48.00 OK
r-oldrel-osx-x86_64 1.0 OK

Check Details

Version: 1.0
Check: package dependencies
Result: NOTE
    Packages suggested but not available for checking: ‘gWidgetsRGtk2’ ‘RGtk2’
Flavor: r-release-osx-x86_64