CRAN Package Check Results for Package LifeTables

Last updated on 2014-07-24 07:49:21.

Flavor Version Tinstall Tcheck Ttotal Status Flags
r-devel-linux-x86_64-debian-clang 0.2 0.88 14.68 15.56 NOTE
r-devel-linux-x86_64-debian-gcc 0.2 1.10 14.61 15.71 NOTE
r-devel-linux-x86_64-fedora-clang 0.2 33.05 NOTE
r-devel-linux-x86_64-fedora-gcc 0.2 30.88 OK
r-devel-osx-x86_64-clang 0.2 32.92 NOTE
r-devel-windows-ix86+x86_64 0.2 4.00 28.00 32.00 OK
r-patched-linux-x86_64 0.2 0.83 14.72 15.55 NOTE
r-patched-solaris-sparc 0.2 188.20 OK
r-patched-solaris-x86 0.2 46.20 OK
r-release-linux-ix86 0.2 1.26 23.30 24.56 NOTE
r-release-linux-x86_64 0.2 0.86 15.10 15.95 NOTE
r-release-osx-x86_64-mavericks 0.2 NOTE
r-release-osx-x86_64-snowleopard 0.2 OK
r-release-windows-ix86+x86_64 0.2 4.00 26.00 30.00 OK
r-oldrel-windows-ix86+x86_64 0.2 3.00 26.00 29.00 OK

Check Details

Version: 0.2
Check: R code for possible problems
Result: NOTE
    Found the following calls to data() loading into the global environment:
    File ‘LifeTables/R/hmd.DA.R’:
     data(MLTobs)
    File ‘LifeTables/R/mod.lt.R’:
     data(MLTobs)
    File ‘LifeTables/R/mortmod.R’:
     data(MLTobs)
    See section ‘Good practice’ in ‘?data’.
Flavors: r-devel-linux-x86_64-debian-clang, r-devel-linux-x86_64-debian-gcc, r-devel-linux-x86_64-fedora-clang, r-devel-osx-x86_64-clang, r-patched-linux-x86_64, r-release-linux-ix86, r-release-linux-x86_64

Version: 0.2
Check: package dependencies
Result: NOTE
    Packages suggested but not available for checking: ‘gWidgetsRGtk2’ ‘RGtk2’
Flavor: r-release-osx-x86_64-mavericks