CRAN Package Check Results for Package LifeTables

Last updated on 2017-05-28 02:47:03.

Flavor Version Tinstall Tcheck Ttotal Status Flags
r-devel-linux-x86_64-debian-clang 1.0 1.01 19.90 20.91 OK
r-devel-linux-x86_64-debian-gcc 1.0 1.01 19.44 20.45 OK
r-devel-linux-x86_64-fedora-clang 1.0 32.26 OK
r-devel-linux-x86_64-fedora-gcc 1.0 30.85 OK
r-devel-windows-ix86+x86_64 1.0 4.00 39.00 43.00 OK
r-patched-linux-x86_64 1.0 0.99 19.27 20.26 OK
r-patched-solaris-sparc 1.0 201.90 OK
r-patched-solaris-x86 1.0 41.50 OK
r-release-linux-x86_64 1.0 0.94 18.11 19.04 OK
r-release-windows-ix86+x86_64 1.0 3.00 35.00 38.00 OK
r-release-osx-x86_64 1.0 NOTE
r-oldrel-windows-ix86+x86_64 1.0 6.00 34.00 40.00 OK
r-oldrel-osx-x86_64 1.0 OK

Check Details

Version: 1.0
Check: package dependencies
Result: NOTE
    Packages suggested but not available for checking: ‘gWidgetsRGtk2’ ‘RGtk2’
Flavor: r-release-osx-x86_64