CRAN Package Check Results for Package LilRhino

Last updated on 2019-09-18 09:50:31 CEST.

Flavor Version Tinstall Tcheck Ttotal Status Flags
r-devel-linux-x86_64-debian-clang 1.1.0 9.05 76.53 85.58 OK
r-devel-linux-x86_64-debian-gcc 1.1.0 8.19 58.13 66.32 OK
r-devel-linux-x86_64-fedora-clang 1.1.0 103.29 NOTE
r-devel-linux-x86_64-fedora-gcc 1.1.0 99.45 NOTE
r-devel-windows-ix86+x86_64 1.1.0 40.00 130.00 170.00 OK
r-patched-linux-x86_64 1.1.0 8.68 72.78 81.46 OK
r-patched-solaris-x86 1.1.0 147.60 NOTE
r-release-linux-x86_64 1.1.0 9.76 72.01 81.77 OK
r-release-windows-ix86+x86_64 1.1.0 19.00 92.00 111.00 OK
r-release-osx-x86_64 1.1.0 NOTE
r-oldrel-windows-ix86+x86_64 1.1.0 11.00 91.00 102.00 OK
r-oldrel-osx-x86_64 1.1.0 NOTE

Check Details

Version: 1.1.0
Check: dependencies in R code
Result: NOTE
    Namespaces in Imports field not imported from:
     ‘data.table’ ‘fastmatch’
     All declared Imports should be used.
Flavors: r-devel-linux-x86_64-fedora-clang, r-devel-linux-x86_64-fedora-gcc, r-patched-solaris-x86, r-release-osx-x86_64, r-oldrel-osx-x86_64