CRAN Package Check Results for Package LinearizedSVR

Last updated on 2015-04-18 17:50:51.

Flavor Version Tinstall Tcheck Ttotal Status Flags
r-devel-linux-x86_64-debian-clang 1.3 3.86 45.81 49.67 OK
r-devel-linux-x86_64-debian-gcc 1.3 3.76 45.83 49.58 OK
r-devel-linux-x86_64-fedora-clang 1.3 105.65 OK
r-devel-linux-x86_64-fedora-gcc 1.3 117.19 OK
r-devel-osx-x86_64-clang 1.3 90.30 OK
r-patched-linux-x86_64 1.3 3.74 43.27 47.01 OK
r-patched-solaris-sparc 1.3 590.40 OK
r-patched-solaris-x86 1.3 136.50 OK
r-release-linux-x86_64 1.3 3.77 44.68 48.45 OK
r-release-osx-x86_64-mavericks 1.3 OK
r-release-osx-x86_64-snowleopard 1.3 ERROR
r-release-windows-ix86+x86_64 1.3 12.00 86.00 98.00 OK
r-oldrel-windows-ix86+x86_64 1.3 20.00 130.00 150.00 OK

Check Details

Version: 1.3
Check: package dependencies
Result: ERROR
    Package required but not available: ‘expectreg’
    
    See section ‘The DESCRIPTION file’ in the ‘Writing R Extensions’
    manual.
Flavor: r-release-osx-x86_64-snowleopard