CRAN Package Check Results for Package LinearizedSVR

Last updated on 2014-04-25 09:52:17.

Flavor Version Tinstall Tcheck Ttotal Status Flags
r-devel-linux-x86_64-debian-clang 1.2 5.62 62.45 68.07 NOTE
r-devel-linux-x86_64-debian-gcc 1.2 5.72 61.98 67.71 NOTE
r-devel-linux-x86_64-fedora-clang 1.2 161.47 NOTE
r-devel-linux-x86_64-fedora-gcc 1.2 154.53 NOTE
r-devel-osx-x86_64-clang 1.2 130.36 NOTE
r-devel-osx-x86_64-gcc 1.2 ERROR
r-devel-windows-ix86+x86_64 1.2 14.00 93.00 107.00 OK
r-patched-linux-x86_64 1.2 5.81 61.79 67.60 NOTE
r-patched-solaris-sparc 1.2 827.40 NOTE
r-patched-solaris-x86 1.2 199.00 NOTE
r-release-linux-ix86 1.2 9.00 97.00 106.00 NOTE
r-release-linux-x86_64 1.2 5.76 64.05 69.81 NOTE
r-release-osx-x86_64-mavericks 1.2 ERROR
r-release-osx-x86_64-snowleopard 1.2 NOTE
r-release-windows-ix86+x86_64 1.2 14.00 91.00 105.00 OK
r-oldrel-windows-ix86+x86_64 1.2 15.00 88.00 103.00 OK

Check Details

Version: 1.2
Check: DESCRIPTION meta-information
Result: NOTE
    Deprecated license: BSD
Flavors: r-devel-linux-x86_64-debian-clang, r-devel-linux-x86_64-debian-gcc, r-devel-linux-x86_64-fedora-clang, r-devel-linux-x86_64-fedora-gcc, r-devel-osx-x86_64-clang, r-patched-linux-x86_64, r-patched-solaris-sparc, r-patched-solaris-x86, r-release-linux-ix86, r-release-linux-x86_64, r-release-osx-x86_64-snowleopard

Version: 1.2
Check: package dependencies
Result: ERROR
    Package required but not available: ‘expectreg’
    
    See the information on DESCRIPTION files in the chapter ‘Creating R
    packages’ of the ‘Writing R Extensions’ manual.
Flavors: r-devel-osx-x86_64-gcc, r-release-osx-x86_64-mavericks