CRAN Package Check Results for Package LinearizedSVR

Last updated on 2016-05-27 05:47:43.

Flavor Version Tinstall Tcheck Ttotal Status Flags
r-devel-linux-x86_64-debian-gcc 1.3 4.09 49.72 53.82 NOTE
r-devel-linux-x86_64-fedora-clang 1.3 107.85 NOTE
r-devel-linux-x86_64-fedora-gcc 1.3 108.26 NOTE
r-devel-osx-x86_64-clang 1.3 117.91 NOTE
r-devel-windows-ix86+x86_64 1.3 12.00 90.00 102.00 NOTE
r-patched-linux-x86_64 1.3 4.62 47.01 51.63 NOTE
r-patched-solaris-sparc 1.3 638.30 NOTE
r-patched-solaris-x86 1.3 141.10 NOTE
r-release-linux-x86_64 1.3 4.20 47.50 51.70 NOTE
r-release-osx-x86_64-mavericks 1.3 NOTE
r-release-windows-ix86+x86_64 1.3 17.00 81.00 98.00 NOTE
r-oldrel-windows-ix86+x86_64 1.3 13.00 86.00 99.00 OK

Check Details

Version: 1.3
Check: R code for possible problems
Result: NOTE
    LinearizedSVRTrain: no visible global function definition for ‘kmeans’
    sigma.est: no visible global function definition for ‘median’
    sigma.est: no visible global function definition for ‘dist’
    Undefined global functions or variables:
     dist kmeans median
    Consider adding
     importFrom("stats", "dist", "kmeans", "median")
    to your NAMESPACE file.
Flavors: r-devel-linux-x86_64-debian-gcc, r-devel-linux-x86_64-fedora-clang, r-devel-linux-x86_64-fedora-gcc, r-devel-osx-x86_64-clang, r-devel-windows-ix86+x86_64, r-patched-linux-x86_64, r-patched-solaris-sparc, r-patched-solaris-x86, r-release-linux-x86_64, r-release-osx-x86_64-mavericks, r-release-windows-ix86+x86_64