CRAN Package Check Results for Package LinearizedSVR

Last updated on 2017-06-23 01:47:11.

Flavor Version Tinstall Tcheck Ttotal Status Flags
r-devel-linux-x86_64-debian-clang 1.3 5.00 57.11 62.11 NOTE
r-devel-linux-x86_64-debian-gcc 1.3 4.65 54.88 59.53 NOTE
r-devel-linux-x86_64-fedora-clang 1.3 126.70 NOTE
r-devel-linux-x86_64-fedora-gcc 1.3 132.35 NOTE
r-devel-windows-ix86+x86_64 1.3 20.00 104.00 124.00 NOTE
r-patched-linux-x86_64 1.3 4.32 53.19 57.52 NOTE
r-patched-solaris-sparc 1.3 712.10 NOTE
r-patched-solaris-x86 1.3 164.30 NOTE
r-release-linux-x86_64 1.3 4.24 52.30 56.54 NOTE
r-release-windows-ix86+x86_64 1.3 22.00 109.00 131.00 NOTE
r-release-osx-x86_64 1.3 NOTE
r-oldrel-windows-ix86+x86_64 1.3 23.00 105.00 128.00 NOTE
r-oldrel-osx-x86_64 1.3 NOTE

Check Details

Version: 1.3
Check: R code for possible problems
Result: NOTE
    LinearizedSVRTrain: no visible global function definition for ‘kmeans’
    sigma.est: no visible global function definition for ‘median’
    sigma.est: no visible global function definition for ‘dist’
    Undefined global functions or variables:
     dist kmeans median
    Consider adding
     importFrom("stats", "dist", "kmeans", "median")
    to your NAMESPACE file.
Flavors: r-devel-linux-x86_64-debian-clang, r-devel-linux-x86_64-debian-gcc, r-devel-linux-x86_64-fedora-clang, r-devel-linux-x86_64-fedora-gcc, r-devel-windows-ix86+x86_64, r-patched-linux-x86_64, r-patched-solaris-sparc, r-patched-solaris-x86, r-release-linux-x86_64, r-release-windows-ix86+x86_64, r-release-osx-x86_64, r-oldrel-windows-ix86+x86_64, r-oldrel-osx-x86_64