CRAN Package Check Results for Package LinearizedSVR

Last updated on 2015-07-31 10:47:31.

Flavor Version Tinstall Tcheck Ttotal Status Flags
r-devel-linux-x86_64-debian-clang 1.3 3.99 45.92 49.91 NOTE
r-devel-linux-x86_64-debian-gcc 1.3 5.33 44.69 50.02 NOTE
r-devel-linux-x86_64-fedora-clang 1.3 101.91 NOTE
r-devel-linux-x86_64-fedora-gcc 1.3 101.72 NOTE
r-devel-osx-x86_64-clang 1.3 89.58 OK
r-devel-windows-ix86+x86_64 1.3 15.00 76.00 91.00 NOTE
r-patched-linux-x86_64 1.3 3.79 44.59 48.38 OK
r-patched-solaris-sparc 1.3 630.20 OK
r-patched-solaris-x86 1.3 141.90 OK
r-release-linux-x86_64 1.3 3.73 44.79 48.52 OK
r-release-osx-x86_64-mavericks 1.3 OK
r-release-windows-ix86+x86_64 1.3 14.00 71.00 85.00 OK
r-oldrel-windows-ix86+x86_64 1.3 16.00 116.00 132.00 OK

Check Details

Version: 1.3
Check: R code for possible problems
Result: NOTE
    LinearizedSVRTrain: no visible global function definition for ‘kmeans’
    sigma.est: no visible global function definition for ‘median’
    sigma.est: no visible global function definition for ‘dist’
    Undefined global functions or variables:
     dist kmeans median
    Consider adding
     importFrom("stats", "dist", "kmeans", "median")
    to your NAMESPACE.
Flavors: r-devel-linux-x86_64-debian-clang, r-devel-linux-x86_64-debian-gcc, r-devel-linux-x86_64-fedora-clang, r-devel-linux-x86_64-fedora-gcc, r-devel-windows-ix86+x86_64