CRAN Package Check Results for Package LinearizedSVR

Last updated on 2017-08-21 09:48:01.

Flavor Version Tinstall Tcheck Ttotal Status Flags
r-devel-linux-x86_64-debian-clang 1.3 4.08 54.13 58.21 NOTE
r-devel-linux-x86_64-debian-gcc 1.3 4.11 52.72 56.84 NOTE
r-devel-linux-x86_64-fedora-clang 1.3 127.15 NOTE
r-devel-linux-x86_64-fedora-gcc 1.3 128.68 NOTE
r-devel-windows-ix86+x86_64 1.3 14.00 107.00 121.00 NOTE
r-patched-linux-x86_64 1.3 4.51 52.98 57.49 NOTE
r-patched-solaris-x86 1.3 166.80 NOTE
r-release-linux-x86_64 1.3 4.26 52.45 56.71 NOTE
r-release-windows-ix86+x86_64 1.3 22.00 107.00 129.00 NOTE
r-release-osx-x86_64 1.3 NOTE
r-oldrel-windows-ix86+x86_64 1.3 15.00 105.00 120.00 NOTE
r-oldrel-osx-x86_64 1.3 NOTE

Check Details

Version: 1.3
Check: R code for possible problems
Result: NOTE
    LinearizedSVRTrain: no visible global function definition for ‘kmeans’
    sigma.est: no visible global function definition for ‘median’
    sigma.est: no visible global function definition for ‘dist’
    Undefined global functions or variables:
     dist kmeans median
    Consider adding
     importFrom("stats", "dist", "kmeans", "median")
    to your NAMESPACE file.
Flavors: r-devel-linux-x86_64-debian-clang, r-devel-linux-x86_64-debian-gcc, r-devel-linux-x86_64-fedora-clang, r-devel-linux-x86_64-fedora-gcc, r-devel-windows-ix86+x86_64, r-patched-linux-x86_64, r-patched-solaris-x86, r-release-linux-x86_64, r-release-windows-ix86+x86_64, r-release-osx-x86_64, r-oldrel-windows-ix86+x86_64, r-oldrel-osx-x86_64