CRAN Package Check Results for Package LinearizedSVR

Last updated on 2014-07-30 22:47:26.

Flavor Version Tinstall Tcheck Ttotal Status Flags
r-devel-linux-x86_64-debian-clang 1.2 5.49 59.20 64.68 NOTE
r-devel-linux-x86_64-debian-gcc 1.2 5.60 58.58 64.18 NOTE
r-devel-linux-x86_64-fedora-clang 1.2 162.00 NOTE
r-devel-linux-x86_64-fedora-gcc 1.2 151.89 NOTE
r-devel-osx-x86_64-clang 1.2 122.80 NOTE
r-devel-windows-ix86+x86_64 1.2 15.00 86.00 101.00 OK
r-patched-linux-x86_64 1.2 5.45 59.92 65.36 NOTE
r-patched-solaris-sparc 1.2 876.90 NOTE
r-patched-solaris-x86 1.2 204.60 NOTE
r-release-linux-ix86 1.2 6.31 71.37 77.68 NOTE
r-release-linux-x86_64 1.2 5.47 59.93 65.40 NOTE
r-release-osx-x86_64-mavericks 1.2 NOTE
r-release-osx-x86_64-snowleopard 1.2 NOTE
r-release-windows-ix86+x86_64 1.2 17.00 88.00 105.00 OK
r-oldrel-windows-ix86+x86_64 1.2 22.00 127.00 149.00 OK

Check Details

Version: 1.2
Check: DESCRIPTION meta-information
Result: NOTE
    Deprecated license: BSD
Flavors: r-devel-linux-x86_64-debian-clang, r-devel-linux-x86_64-debian-gcc, r-devel-linux-x86_64-fedora-clang, r-devel-linux-x86_64-fedora-gcc, r-devel-osx-x86_64-clang, r-patched-linux-x86_64, r-patched-solaris-sparc, r-patched-solaris-x86, r-release-linux-ix86, r-release-linux-x86_64, r-release-osx-x86_64-mavericks, r-release-osx-x86_64-snowleopard