CRAN Package Check Results for Package LinearizedSVR

Last updated on 2017-05-24 11:49:53.

Flavor Version Tinstall Tcheck Ttotal Status Flags
r-devel-linux-x86_64-debian-clang 1.3 4.14 54.25 58.39 NOTE
r-devel-linux-x86_64-debian-gcc 1.3 4.10 53.94 58.04 NOTE
r-devel-linux-x86_64-fedora-clang 1.3 130.79 NOTE --no-stop-on-test-error
r-devel-linux-x86_64-fedora-gcc 1.3 126.67 NOTE --no-stop-on-test-error
r-devel-windows-ix86+x86_64 1.3 15.00 102.00 117.00 NOTE
r-patched-linux-x86_64 1.3 4.20 52.33 56.53 NOTE
r-patched-solaris-sparc 1.3 712.10 NOTE
r-patched-solaris-x86 1.3 163.20 NOTE
r-release-linux-x86_64 1.3 4.32 52.58 56.90 NOTE
r-release-windows-ix86+x86_64 1.3 14.00 137.00 151.00 NOTE
r-release-osx-x86_64 1.3 NOTE
r-oldrel-windows-ix86+x86_64 1.3 20.00 133.00 153.00 NOTE
r-oldrel-osx-x86_64 1.3 NOTE

Check Details

Version: 1.3
Check: R code for possible problems
Result: NOTE
    LinearizedSVRTrain: no visible global function definition for ‘kmeans’
    sigma.est: no visible global function definition for ‘median’
    sigma.est: no visible global function definition for ‘dist’
    Undefined global functions or variables:
     dist kmeans median
    Consider adding
     importFrom("stats", "dist", "kmeans", "median")
    to your NAMESPACE file.
Flavors: r-devel-linux-x86_64-debian-clang, r-devel-linux-x86_64-debian-gcc, r-devel-windows-ix86+x86_64, r-patched-linux-x86_64, r-patched-solaris-sparc, r-patched-solaris-x86, r-release-linux-x86_64, r-release-windows-ix86+x86_64, r-release-osx-x86_64, r-oldrel-windows-ix86+x86_64, r-oldrel-osx-x86_64

Version: 1.3
Flags: --no-stop-on-test-error
Check: R code for possible problems
Result: NOTE
    LinearizedSVRTrain: no visible global function definition for ‘kmeans’
    sigma.est: no visible global function definition for ‘median’
    sigma.est: no visible global function definition for ‘dist’
    Undefined global functions or variables:
     dist kmeans median
    Consider adding
     importFrom("stats", "dist", "kmeans", "median")
    to your NAMESPACE file.
Flavors: r-devel-linux-x86_64-fedora-clang, r-devel-linux-x86_64-fedora-gcc