CRAN Package Check Results for Package LinearizedSVR

Last updated on 2017-02-23 23:49:36.

Flavor Version Tinstall Tcheck Ttotal Status Flags
r-devel-linux-x86_64-debian-clang 1.3 4.37 52.34 56.71 NOTE
r-devel-linux-x86_64-debian-gcc 1.3 4.15 52.15 56.30 NOTE
r-devel-linux-x86_64-fedora-clang 1.3 123.32 NOTE --no-stop-on-test-error
r-devel-linux-x86_64-fedora-gcc 1.3 127.08 NOTE --no-stop-on-test-error
r-devel-macos-x86_64-clang 1.3 96.20 NOTE --no-stop-on-test-error
r-devel-windows-ix86+x86_64 1.3 20.00 132.00 152.00 NOTE
r-patched-linux-x86_64 1.3 4.16 52.42 56.58 NOTE
r-patched-solaris-sparc 1.3 658.30 NOTE
r-patched-solaris-x86 1.3 146.50 NOTE
r-release-linux-x86_64 1.3 4.23 54.00 58.23 NOTE
r-release-osx-x86_64-mavericks 1.3 NOTE
r-release-windows-ix86+x86_64 1.3 20.00 130.00 150.00 NOTE
r-oldrel-windows-ix86+x86_64 1.3 22.00 129.00 151.00 OK

Check Details

Version: 1.3
Check: R code for possible problems
Result: NOTE
    LinearizedSVRTrain: no visible global function definition for ‘kmeans’
    sigma.est: no visible global function definition for ‘median’
    sigma.est: no visible global function definition for ‘dist’
    Undefined global functions or variables:
     dist kmeans median
    Consider adding
     importFrom("stats", "dist", "kmeans", "median")
    to your NAMESPACE file.
Flavors: r-devel-linux-x86_64-debian-clang, r-devel-linux-x86_64-debian-gcc, r-devel-windows-ix86+x86_64, r-patched-linux-x86_64, r-patched-solaris-sparc, r-patched-solaris-x86, r-release-linux-x86_64, r-release-osx-x86_64-mavericks, r-release-windows-ix86+x86_64

Version: 1.3
Flags: --no-stop-on-test-error
Check: R code for possible problems
Result: NOTE
    LinearizedSVRTrain: no visible global function definition for ‘kmeans’
    sigma.est: no visible global function definition for ‘median’
    sigma.est: no visible global function definition for ‘dist’
    Undefined global functions or variables:
     dist kmeans median
    Consider adding
     importFrom("stats", "dist", "kmeans", "median")
    to your NAMESPACE file.
Flavors: r-devel-linux-x86_64-fedora-clang, r-devel-linux-x86_64-fedora-gcc, r-devel-macos-x86_64-clang