CRAN Package Check Results for Package LinearizedSVR

Last updated on 2016-08-26 06:47:23.

Flavor Version Tinstall Tcheck Ttotal Status Flags
r-devel-linux-x86_64-debian-clang 1.3 4.48 50.12 54.60 NOTE
r-devel-linux-x86_64-debian-gcc 1.3 5.99 62.95 68.93 NOTE
r-devel-linux-x86_64-fedora-clang 1.3 111.41 NOTE
r-devel-linux-x86_64-fedora-gcc 1.3 107.82 NOTE
r-devel-osx-x86_64-clang 1.3 88.63 NOTE
r-devel-windows-ix86+x86_64 1.3 18.00 81.00 99.00 NOTE
r-patched-linux-x86_64 1.3 4.17 47.11 51.28 NOTE
r-patched-solaris-sparc 1.3 636.80 NOTE
r-patched-solaris-x86 1.3 140.10 NOTE
r-release-linux-x86_64 1.3 4.36 47.44 51.80 NOTE
r-release-osx-x86_64-mavericks 1.3 NOTE
r-release-windows-ix86+x86_64 1.3 13.00 83.00 96.00 NOTE
r-oldrel-windows-ix86+x86_64 1.3 13.00 76.00 89.00 OK

Check Details

Version: 1.3
Check: R code for possible problems
Result: NOTE
    LinearizedSVRTrain: no visible global function definition for ‘kmeans’
    sigma.est: no visible global function definition for ‘median’
    sigma.est: no visible global function definition for ‘dist’
    Undefined global functions or variables:
     dist kmeans median
    Consider adding
     importFrom("stats", "dist", "kmeans", "median")
    to your NAMESPACE file.
Flavors: r-devel-linux-x86_64-debian-clang, r-devel-linux-x86_64-debian-gcc, r-devel-linux-x86_64-fedora-clang, r-devel-linux-x86_64-fedora-gcc, r-devel-osx-x86_64-clang, r-devel-windows-ix86+x86_64, r-patched-linux-x86_64, r-patched-solaris-sparc, r-patched-solaris-x86, r-release-linux-x86_64, r-release-osx-x86_64-mavericks, r-release-windows-ix86+x86_64