CRAN Package Check Results for Package LinearizedSVR

Last updated on 2017-03-28 17:49:08.

Flavor Version Tinstall Tcheck Ttotal Status Flags
r-devel-linux-x86_64-debian-clang 1.3 4.67 52.42 57.10 NOTE
r-devel-linux-x86_64-debian-gcc 1.3 4.29 51.58 55.87 NOTE
r-devel-linux-x86_64-fedora-clang 1.3 125.20 NOTE --no-stop-on-test-error
r-devel-linux-x86_64-fedora-gcc 1.3 122.38 NOTE --no-stop-on-test-error
r-devel-macos-x86_64-clang 1.3 94.98 NOTE --no-stop-on-test-error
r-devel-windows-ix86+x86_64 1.3 17.00 115.00 132.00 NOTE
r-patched-linux-x86_64 1.3 4.65 52.60 57.26 NOTE
r-patched-solaris-sparc 1.3 712.10 NOTE
r-patched-solaris-x86 1.3 164.00 NOTE
r-release-linux-x86_64 1.3 4.10 50.26 54.36 NOTE
r-release-osx-x86_64-mavericks 1.3 NOTE
r-release-windows-ix86+x86_64 1.3 20.00 92.00 112.00 NOTE
r-oldrel-windows-ix86+x86_64 1.3 15.00 95.00 110.00 OK

Check Details

Version: 1.3
Check: R code for possible problems
Result: NOTE
    LinearizedSVRTrain: no visible global function definition for ‘kmeans’
    sigma.est: no visible global function definition for ‘median’
    sigma.est: no visible global function definition for ‘dist’
    Undefined global functions or variables:
     dist kmeans median
    Consider adding
     importFrom("stats", "dist", "kmeans", "median")
    to your NAMESPACE file.
Flavors: r-devel-linux-x86_64-debian-clang, r-devel-linux-x86_64-debian-gcc, r-devel-windows-ix86+x86_64, r-patched-linux-x86_64, r-patched-solaris-sparc, r-patched-solaris-x86, r-release-linux-x86_64, r-release-osx-x86_64-mavericks, r-release-windows-ix86+x86_64

Version: 1.3
Flags: --no-stop-on-test-error
Check: R code for possible problems
Result: NOTE
    LinearizedSVRTrain: no visible global function definition for ‘kmeans’
    sigma.est: no visible global function definition for ‘median’
    sigma.est: no visible global function definition for ‘dist’
    Undefined global functions or variables:
     dist kmeans median
    Consider adding
     importFrom("stats", "dist", "kmeans", "median")
    to your NAMESPACE file.
Flavors: r-devel-linux-x86_64-fedora-clang, r-devel-linux-x86_64-fedora-gcc, r-devel-macos-x86_64-clang