CRAN Package Check Results for Package LinearizedSVR

Last updated on 2016-12-09 17:54:04.

Flavor Version Tinstall Tcheck Ttotal Status Flags
r-devel-linux-x86_64-debian-clang 1.3 4.30 52.16 56.46 NOTE
r-devel-linux-x86_64-debian-gcc 1.3 4.29 52.21 56.50 NOTE
r-devel-linux-x86_64-fedora-clang 1.3 128.29 NOTE --no-stop-on-test-error
r-devel-linux-x86_64-fedora-gcc 1.3 127.03 NOTE --no-stop-on-test-error
r-devel-macos-x86_64-clang 1.3 95.21 NOTE --no-stop-on-test-error
r-devel-windows-ix86+x86_64 1.3 11.00 101.00 112.00 NOTE
r-patched-linux-x86_64 1.3 4.00 47.91 51.91 NOTE
r-patched-solaris-sparc 1.3 636.80 NOTE
r-patched-solaris-x86 1.3 143.70 NOTE
r-release-linux-x86_64 1.3 4.16 48.34 52.49 NOTE
r-release-osx-x86_64-mavericks 1.3 NOTE
r-release-windows-ix86+x86_64 1.3 11.00 90.00 101.00 NOTE
r-oldrel-windows-ix86+x86_64 1.3 20.00 94.00 114.00 OK

Check Details

Version: 1.3
Check: R code for possible problems
Result: NOTE
    LinearizedSVRTrain: no visible global function definition for ‘kmeans’
    sigma.est: no visible global function definition for ‘median’
    sigma.est: no visible global function definition for ‘dist’
    Undefined global functions or variables:
     dist kmeans median
    Consider adding
     importFrom("stats", "dist", "kmeans", "median")
    to your NAMESPACE file.
Flavors: r-devel-linux-x86_64-debian-clang, r-devel-linux-x86_64-debian-gcc, r-devel-windows-ix86+x86_64, r-patched-linux-x86_64, r-patched-solaris-sparc, r-patched-solaris-x86, r-release-linux-x86_64, r-release-osx-x86_64-mavericks, r-release-windows-ix86+x86_64

Version: 1.3
Flags: --no-stop-on-test-error
Check: R code for possible problems
Result: NOTE
    LinearizedSVRTrain: no visible global function definition for ‘kmeans’
    sigma.est: no visible global function definition for ‘median’
    sigma.est: no visible global function definition for ‘dist’
    Undefined global functions or variables:
     dist kmeans median
    Consider adding
     importFrom("stats", "dist", "kmeans", "median")
    to your NAMESPACE file.
Flavors: r-devel-linux-x86_64-fedora-clang, r-devel-linux-x86_64-fedora-gcc, r-devel-macos-x86_64-clang