CRAN Package Check Results for Package LinearizedSVR

Last updated on 2016-09-26 11:51:38.

Flavor Version Tinstall Tcheck Ttotal Status Flags
r-devel-linux-x86_64-debian-clang 1.3 3.76 43.80 47.55 NOTE
r-devel-linux-x86_64-debian-gcc 1.3 3.72 44.09 47.81 NOTE
r-devel-linux-x86_64-fedora-clang 1.3 109.07 NOTE
r-devel-linux-x86_64-fedora-gcc 1.3 104.02 NOTE
r-devel-macos-x86_64-clang 1.3 80.67 NOTE
r-devel-windows-ix86+x86_64 1.3 15.00 105.00 120.00 NOTE
r-patched-linux-x86_64 1.3 4.04 45.05 49.09 NOTE
r-patched-solaris-sparc 1.3 636.80 NOTE
r-patched-solaris-x86 1.3 137.60 NOTE
r-release-linux-x86_64 1.3 4.10 44.99 49.09 NOTE
r-release-osx-x86_64-mavericks 1.3 NOTE
r-release-windows-ix86+x86_64 1.3 15.00 108.00 123.00 NOTE
r-oldrel-windows-ix86+x86_64 1.3 19.00 121.00 140.00 OK

Check Details

Version: 1.3
Check: R code for possible problems
Result: NOTE
    LinearizedSVRTrain: no visible global function definition for ‘kmeans’
    sigma.est: no visible global function definition for ‘median’
    sigma.est: no visible global function definition for ‘dist’
    Undefined global functions or variables:
     dist kmeans median
    Consider adding
     importFrom("stats", "dist", "kmeans", "median")
    to your NAMESPACE file.
Flavors: r-devel-linux-x86_64-debian-clang, r-devel-linux-x86_64-debian-gcc, r-devel-linux-x86_64-fedora-clang, r-devel-linux-x86_64-fedora-gcc, r-devel-macos-x86_64-clang, r-devel-windows-ix86+x86_64, r-patched-linux-x86_64, r-patched-solaris-sparc, r-patched-solaris-x86, r-release-linux-x86_64, r-release-osx-x86_64-mavericks, r-release-windows-ix86+x86_64