CRAN Package Check Results for Package LinearizedSVR

Last updated on 2016-07-27 03:49:50.

Flavor Version Tinstall Tcheck Ttotal Status Flags
r-devel-linux-x86_64-debian-clang 1.3 5.32 56.45 61.77 NOTE
r-devel-linux-x86_64-debian-gcc 1.3 4.77 56.61 61.38 NOTE
r-devel-linux-x86_64-fedora-clang 1.3 114.06 NOTE
r-devel-linux-x86_64-fedora-gcc 1.3 106.12 NOTE
r-devel-osx-x86_64-clang 1.3 88.21 NOTE
r-devel-windows-ix86+x86_64 1.3 18.00 140.00 158.00 NOTE
r-patched-linux-x86_64 1.3 5.13 54.22 59.35 NOTE
r-patched-solaris-sparc 1.3 636.80 NOTE
r-patched-solaris-x86 1.3 140.00 NOTE
r-release-linux-x86_64 1.3 5.12 52.16 57.28 NOTE
r-release-osx-x86_64-mavericks 1.3 NOTE
r-release-windows-ix86+x86_64 1.3 20.00 128.00 148.00 NOTE
r-oldrel-windows-ix86+x86_64 1.3 18.00 132.00 150.00 OK

Check Details

Version: 1.3
Check: R code for possible problems
Result: NOTE
    LinearizedSVRTrain: no visible global function definition for ‘kmeans’
    sigma.est: no visible global function definition for ‘median’
    sigma.est: no visible global function definition for ‘dist’
    Undefined global functions or variables:
     dist kmeans median
    Consider adding
     importFrom("stats", "dist", "kmeans", "median")
    to your NAMESPACE file.
Flavors: r-devel-linux-x86_64-debian-clang, r-devel-linux-x86_64-debian-gcc, r-devel-linux-x86_64-fedora-clang, r-devel-linux-x86_64-fedora-gcc, r-devel-osx-x86_64-clang, r-devel-windows-ix86+x86_64, r-patched-linux-x86_64, r-patched-solaris-sparc, r-patched-solaris-x86, r-release-linux-x86_64, r-release-osx-x86_64-mavericks, r-release-windows-ix86+x86_64