CRAN Package Check Results for Package LinearizedSVR

Last updated on 2015-05-24 23:47:28.

Flavor Version Tinstall Tcheck Ttotal Status Flags
r-devel-linux-x86_64-debian-clang 1.3 3.92 45.22 49.14 OK
r-devel-linux-x86_64-debian-gcc 1.3 3.76 44.16 47.92 OK
r-devel-linux-x86_64-fedora-clang 1.3 107.84 OK
r-devel-linux-x86_64-fedora-gcc 1.3 101.29 OK
r-devel-osx-x86_64-clang 1.3 89.96 OK
r-devel-windows-ix86+x86_64 1.3 10.00 70.00 80.00 OK
r-patched-linux-x86_64 1.3 4.41 45.33 49.74 OK
r-patched-solaris-sparc 1.3 621.60 OK
r-patched-solaris-x86 1.3 140.90 OK
r-release-linux-x86_64 1.3 3.70 45.00 48.70 OK
r-release-osx-x86_64-mavericks 1.3 OK
r-release-osx-x86_64-snowleopard 1.3 ERROR
r-release-windows-ix86+x86_64 1.3 11.00 66.00 77.00 OK
r-oldrel-windows-ix86+x86_64 1.3 17.00 94.00 111.00 OK

Check Details

Version: 1.3
Check: package dependencies
Result: ERROR
    Package required but not available: ‘expectreg’
    
    See section ‘The DESCRIPTION file’ in the ‘Writing R Extensions’
    manual.
Flavor: r-release-osx-x86_64-snowleopard