CRAN Package Check Results for Package LinearizedSVR

Last updated on 2018-01-18 14:47:30 CET.

Flavor Version Tinstall Tcheck Ttotal Status Flags
r-devel-linux-x86_64-debian-clang 1.3 4.20 70.49 74.69 NOTE
r-devel-linux-x86_64-debian-gcc 1.3 4.08 60.53 64.61 NOTE
r-devel-linux-x86_64-fedora-clang 1.3 105.44 NOTE
r-devel-linux-x86_64-fedora-gcc 1.3 102.32 NOTE
r-devel-windows-ix86+x86_64 1.3 12.00 106.00 118.00 NOTE
r-patched-linux-x86_64 1.3 6.92 82.31 89.23 NOTE
r-patched-solaris-x86 1.3 185.20 NOTE
r-release-linux-x86_64 1.3 6.03 82.72 88.75 NOTE
r-release-windows-ix86+x86_64 1.3 13.00 113.00 126.00 NOTE
r-release-osx-x86_64 1.3 NOTE
r-oldrel-windows-ix86+x86_64 1.3 18.00 100.00 118.00 NOTE
r-oldrel-osx-x86_64 1.3 NOTE

Check Details

Version: 1.3
Check: R code for possible problems
Result: NOTE
    LinearizedSVRTrain: no visible global function definition for ‘kmeans’
    sigma.est: no visible global function definition for ‘median’
    sigma.est: no visible global function definition for ‘dist’
    Undefined global functions or variables:
     dist kmeans median
    Consider adding
     importFrom("stats", "dist", "kmeans", "median")
    to your NAMESPACE file.
Flavors: r-devel-linux-x86_64-debian-clang, r-devel-linux-x86_64-debian-gcc, r-devel-linux-x86_64-fedora-clang, r-devel-linux-x86_64-fedora-gcc, r-devel-windows-ix86+x86_64, r-patched-linux-x86_64, r-patched-solaris-x86, r-release-linux-x86_64, r-release-windows-ix86+x86_64, r-release-osx-x86_64, r-oldrel-windows-ix86+x86_64, r-oldrel-osx-x86_64