CRAN Package Check Results for Package LinearizedSVR

Last updated on 2015-09-05 07:46:53.

Flavor Version Tinstall Tcheck Ttotal Status Flags
r-devel-linux-x86_64-debian-clang 1.3 3.61 43.64 47.25 NOTE
r-devel-linux-x86_64-debian-gcc 1.3 3.52 43.26 46.78 NOTE
r-devel-linux-x86_64-fedora-clang 1.3 94.62 NOTE
r-devel-linux-x86_64-fedora-gcc 1.3 92.77 NOTE
r-devel-osx-x86_64-clang 1.3 83.94 OK
r-devel-windows-ix86+x86_64 1.3 15.00 72.00 87.00 NOTE
r-patched-linux-x86_64 1.3 3.72 45.54 49.26 OK
r-patched-solaris-sparc 1.3 630.20 OK
r-patched-solaris-x86 1.3 142.20 OK
r-release-linux-x86_64 1.3 3.79 45.18 48.97 OK
r-release-osx-x86_64-mavericks 1.3 OK
r-release-windows-ix86+x86_64 1.3 14.00 78.00 92.00 OK
r-oldrel-windows-ix86+x86_64 1.3 17.00 114.00 131.00 OK

Check Details

Version: 1.3
Check: R code for possible problems
Result: NOTE
    LinearizedSVRTrain: no visible global function definition for ‘kmeans’
    sigma.est: no visible global function definition for ‘median’
    sigma.est: no visible global function definition for ‘dist’
    Undefined global functions or variables:
     dist kmeans median
    Consider adding
     importFrom("stats", "dist", "kmeans", "median")
    to your NAMESPACE.
Flavors: r-devel-linux-x86_64-debian-clang, r-devel-linux-x86_64-debian-gcc, r-devel-linux-x86_64-fedora-clang, r-devel-linux-x86_64-fedora-gcc, r-devel-windows-ix86+x86_64