CRAN Package Check Results for Package LinearizedSVR

Last updated on 2017-10-24 10:47:55.

Flavor Version Tinstall Tcheck Ttotal Status Flags
r-devel-linux-x86_64-debian-clang 1.3 4.37 53.58 57.95 NOTE
r-devel-linux-x86_64-debian-gcc 1.3 4.91 55.77 60.68 NOTE
r-devel-linux-x86_64-fedora-clang 1.3 124.86 NOTE
r-devel-linux-x86_64-fedora-gcc 1.3 123.49 NOTE
r-devel-windows-ix86+x86_64 1.3 13.00 130.00 143.00 NOTE
r-patched-linux-x86_64 1.3 4.47 52.40 56.87 NOTE
r-patched-solaris-x86 1.3 165.70 NOTE
r-release-linux-x86_64 1.3 4.22 53.00 57.22 NOTE
r-release-windows-ix86+x86_64 1.3 20.00 104.00 124.00 NOTE
r-release-osx-x86_64 1.3 NOTE
r-oldrel-windows-ix86+x86_64 1.3 12.00 103.00 115.00 NOTE
r-oldrel-osx-x86_64 1.3 NOTE

Check Details

Version: 1.3
Check: R code for possible problems
Result: NOTE
    LinearizedSVRTrain: no visible global function definition for ‘kmeans’
    sigma.est: no visible global function definition for ‘median’
    sigma.est: no visible global function definition for ‘dist’
    Undefined global functions or variables:
     dist kmeans median
    Consider adding
     importFrom("stats", "dist", "kmeans", "median")
    to your NAMESPACE file.
Flavors: r-devel-linux-x86_64-debian-clang, r-devel-linux-x86_64-debian-gcc, r-devel-linux-x86_64-fedora-clang, r-devel-linux-x86_64-fedora-gcc, r-devel-windows-ix86+x86_64, r-patched-linux-x86_64, r-patched-solaris-x86, r-release-linux-x86_64, r-release-windows-ix86+x86_64, r-release-osx-x86_64, r-oldrel-windows-ix86+x86_64, r-oldrel-osx-x86_64