CRAN Package Check Results for Package LinkageMapView

Last updated on 2022-01-28 06:53:25 CET.

Flavor Version Tinstall Tcheck Ttotal Status Flags
r-devel-linux-x86_64-debian-clang 2.1.2 4.27 86.78 91.05 OK
r-devel-linux-x86_64-debian-gcc 2.1.2 4.08 63.32 67.40 OK
r-devel-linux-x86_64-fedora-clang 2.1.2 107.07 NOTE
r-devel-linux-x86_64-fedora-gcc 2.1.2 98.13 NOTE
r-devel-windows-x86_64-new-UL 2.1.2 48.00 119.00 167.00 OK
r-devel-windows-x86_64-new-TK 2.1.2 NOTE
r-patched-linux-x86_64 2.1.2 4.32 83.33 87.65 OK
r-release-linux-x86_64 2.1.2 3.98 83.05 87.03 OK
r-release-macos-arm64 2.1.2 NOTE
r-release-macos-x86_64 2.1.2 NOTE
r-release-windows-ix86+x86_64 2.1.2 8.00 106.00 114.00 OK
r-oldrel-macos-x86_64 2.1.2 NOTE
r-oldrel-windows-ix86+x86_64 2.1.2 9.00 101.00 110.00 OK

Check Details

Version: 2.1.2
Check: dependencies in R code
Result: NOTE
    Namespace in Imports field not imported from: ‘RColorBrewer’
     All declared Imports should be used.
Flavors: r-devel-linux-x86_64-fedora-clang, r-devel-linux-x86_64-fedora-gcc, r-devel-windows-x86_64-new-TK, r-release-macos-arm64, r-release-macos-x86_64, r-oldrel-macos-x86_64