CRAN Package Check Results for Package LncPath

Last updated on 2020-09-28 04:47:36 CEST.

Flavor Version Tinstall Tcheck Ttotal Status Flags
r-devel-linux-x86_64-debian-clang 1.1 5.30 44.38 49.68 NOTE
r-devel-linux-x86_64-debian-gcc 1.1 4.42 34.27 38.69 NOTE
r-devel-linux-x86_64-fedora-clang 1.1 69.48 NOTE
r-devel-linux-x86_64-fedora-gcc 1.1 58.91 NOTE
r-devel-windows-ix86+x86_64 1.1 9.00 71.00 80.00 OK
r-patched-linux-x86_64 1.1 5.43 42.88 48.31 NOTE
r-patched-solaris-x86 1.1 85.80 NOTE
r-release-linux-x86_64 1.1 4.89 42.25 47.14 NOTE
r-release-macos-x86_64 1.1 OK
r-release-windows-ix86+x86_64 1.1 9.00 69.00 78.00 OK
r-oldrel-macos-x86_64 1.1 NOTE
r-oldrel-windows-ix86+x86_64 1.1 8.00 73.00 81.00 OK

Check Details

Version: 1.1
Check: for non-standard things in the check directory
Result: NOTE
    Found the following files/directories:
     'tTestTable.rda'
Flavors: r-devel-linux-x86_64-debian-clang, r-devel-linux-x86_64-debian-gcc, r-devel-linux-x86_64-fedora-clang, r-devel-linux-x86_64-fedora-gcc, r-patched-linux-x86_64, r-patched-solaris-x86, r-release-linux-x86_64

Version: 1.1
Check: package dependencies
Result: NOTE
    Package suggested but not available for checking: ‘graph’
Flavor: r-oldrel-macos-x86_64