CRAN Package Check Results for Package LoBrA

Last updated on 2022-12-07 17:50:30 CET.

Flavor Version Tinstall Tcheck Ttotal Status Flags
r-devel-linux-x86_64-debian-clang 1.0 3.87 73.59 77.46 OK
r-devel-linux-x86_64-debian-gcc 1.0 2.91 55.78 58.69 OK
r-devel-linux-x86_64-fedora-clang 1.0 104.50 NOTE
r-devel-linux-x86_64-fedora-gcc 1.0 113.08 NOTE
r-devel-windows-x86_64 1.0 17.00 107.00 124.00 OK
r-patched-linux-x86_64 1.0 3.41 69.78 73.19 OK
r-release-linux-x86_64 1.0 3.66 71.13 74.79 OK
r-release-macos-arm64 1.0 33.00 NOTE
r-release-macos-x86_64 1.0 43.00 NOTE
r-release-windows-x86_64 1.0 16.00 112.00 128.00 OK
r-oldrel-macos-arm64 1.0 29.00 NOTE
r-oldrel-macos-x86_64 1.0 40.00 NOTE
r-oldrel-windows-ix86+x86_64 1.0 8.00 104.00 112.00 OK

Check Details

Version: 1.0
Check: dependencies in R code
Result: NOTE
    Namespaces in Imports field not imported from:
     ‘RColorBrewer’ ‘base’ ‘qpdf’
     All declared Imports should be used.
Flavors: r-devel-linux-x86_64-fedora-clang, r-devel-linux-x86_64-fedora-gcc, r-release-macos-arm64, r-release-macos-x86_64, r-oldrel-macos-arm64, r-oldrel-macos-x86_64