CRAN Package Check Results for Package LocFDRPois

Last updated on 2020-09-19 08:50:03 CEST.

Flavor Version Tinstall Tcheck Ttotal Status Flags
r-devel-linux-x86_64-debian-clang 1.0.0 4.63 37.02 41.65 NOTE
r-devel-linux-x86_64-debian-gcc 1.0.0 3.41 28.64 32.05 NOTE
r-devel-linux-x86_64-fedora-clang 1.0.0 61.05 NOTE
r-devel-linux-x86_64-fedora-gcc 1.0.0 52.37 NOTE
r-devel-windows-ix86+x86_64 1.0.0 10.00 58.00 68.00 NOTE
r-patched-linux-x86_64 1.0.0 4.28 36.81 41.09 NOTE
r-patched-solaris-x86 1.0.0 73.80 NOTE
r-release-linux-x86_64 1.0.0 4.00 37.77 41.77 NOTE
r-release-macos-x86_64 1.0.0 NOTE
r-release-windows-ix86+x86_64 1.0.0 11.00 59.00 70.00 NOTE
r-oldrel-macos-x86_64 1.0.0 NOTE
r-oldrel-windows-ix86+x86_64 1.0.0 5.00 50.00 55.00 NOTE

Check Details

Version: 1.0.0
Check: R code for possible problems
Result: NOTE
    AnalyticalOptim: no visible global function definition for 'optim'
    LLConstructor : LL: no visible global function definition for 'dpois'
    MixtureDensity: no visible global function definition for 'glm'
    MixtureDensity : f_hat: no visible global function definition for
     'predict'
    NullDensity : f0: no visible global function definition for 'dpois'
    Undefined global functions or variables:
     dpois glm optim predict
    Consider adding
     importFrom("stats", "dpois", "glm", "optim", "predict")
    to your NAMESPACE file.
Flavors: r-devel-linux-x86_64-debian-clang, r-devel-linux-x86_64-debian-gcc, r-devel-linux-x86_64-fedora-clang, r-devel-linux-x86_64-fedora-gcc, r-devel-windows-ix86+x86_64, r-patched-linux-x86_64, r-patched-solaris-x86, r-release-linux-x86_64, r-release-macos-x86_64, r-release-windows-ix86+x86_64, r-oldrel-macos-x86_64, r-oldrel-windows-ix86+x86_64