CRAN Package Check Results for Package Lock5Data

Last updated on 2017-08-23 09:47:17.

Flavor Version Tinstall Tcheck Ttotal Status Flags
r-devel-linux-x86_64-debian-clang 2.8 2.00 14.24 16.25 OK
r-devel-linux-x86_64-debian-gcc 2.8 1.96 13.56 15.53 OK
r-devel-linux-x86_64-fedora-clang 2.8 26.57 NOTE
r-devel-linux-x86_64-fedora-gcc 2.8 26.31 NOTE
r-devel-windows-ix86+x86_64 2.8 8.00 36.00 44.00 OK
r-patched-linux-x86_64 2.8 2.08 14.40 16.48 OK
r-patched-solaris-x86 2.8 33.60 NOTE
r-release-linux-x86_64 2.8 2.06 14.18 16.23 OK
r-release-windows-ix86+x86_64 2.8 8.00 37.00 45.00 OK
r-release-osx-x86_64 2.8 NOTE
r-oldrel-windows-ix86+x86_64 2.8 15.00 45.00 60.00 OK
r-oldrel-osx-x86_64 2.8 NOTE

Check Details

Version: 2.8
Check: data for non-ASCII characters
Result: NOTE
     Note: found 23 marked UTF-8 strings
Flavors: r-devel-linux-x86_64-fedora-clang, r-devel-linux-x86_64-fedora-gcc, r-patched-solaris-x86, r-release-osx-x86_64, r-oldrel-osx-x86_64