CRAN Package Check Results for Package Lock5Data

Last updated on 2015-09-03 03:48:30.

Flavor Version Tinstall Tcheck Ttotal Status Flags
r-devel-linux-x86_64-debian-clang 2.6 1.40 8.79 10.18 NOTE
r-devel-linux-x86_64-debian-gcc 2.6 1.42 8.96 10.38 NOTE
r-devel-linux-x86_64-fedora-clang 2.6 19.34 NOTE
r-devel-linux-x86_64-fedora-gcc 2.6 18.90 NOTE
r-devel-osx-x86_64-clang 2.6 22.44 NOTE
r-devel-windows-ix86+x86_64 2.6 6.00 21.00 27.00 NOTE
r-patched-linux-x86_64 2.6 1.46 9.34 10.80 NOTE
r-patched-solaris-sparc 2.6 136.90 NOTE
r-patched-solaris-x86 2.6 30.00 NOTE
r-release-linux-x86_64 2.6 1.42 8.89 10.31 NOTE
r-release-osx-x86_64-mavericks 2.6 NOTE
r-release-windows-ix86+x86_64 2.6 7.00 36.00 43.00 NOTE
r-oldrel-windows-ix86+x86_64 2.6 13.00 23.00 36.00 OK

Check Details

Version: 2.6
Check: DESCRIPTION meta-information
Result: NOTE
    Malformed Description field: should contain one or more complete sentences.
Flavors: r-devel-linux-x86_64-debian-clang, r-devel-linux-x86_64-debian-gcc, r-devel-linux-x86_64-fedora-clang, r-devel-linux-x86_64-fedora-gcc, r-devel-osx-x86_64-clang, r-devel-windows-ix86+x86_64, r-patched-linux-x86_64, r-patched-solaris-sparc, r-patched-solaris-x86, r-release-linux-x86_64, r-release-osx-x86_64-mavericks, r-release-windows-ix86+x86_64