CRAN Package Check Results for Package Lock5Data

Last updated on 2016-08-30 19:47:32.

Flavor Version Tinstall Tcheck Ttotal Status Flags
r-devel-linux-x86_64-debian-clang 2.6 1.43 9.57 10.99 NOTE
r-devel-linux-x86_64-debian-gcc 2.6 1.38 9.91 11.29 NOTE
r-devel-linux-x86_64-fedora-clang 2.6 18.97 NOTE
r-devel-linux-x86_64-fedora-gcc 2.6 18.28 NOTE
r-devel-osx-x86_64-clang 2.6 18.23 NOTE
r-devel-windows-ix86+x86_64 2.6 12.00 28.00 40.00 NOTE
r-patched-linux-x86_64 2.6 1.38 9.63 11.01 NOTE
r-patched-solaris-sparc 2.6 128.60 NOTE
r-patched-solaris-x86 2.6 25.80 NOTE
r-release-linux-x86_64 2.6 1.30 10.14 11.44 NOTE
r-release-osx-x86_64-mavericks 2.6 NOTE
r-release-windows-ix86+x86_64 2.6 7.00 42.00 49.00 NOTE
r-oldrel-windows-ix86+x86_64 2.6 6.00 20.00 26.00 NOTE

Check Details

Version: 2.6
Check: DESCRIPTION meta-information
Result: NOTE
    Malformed Description field: should contain one or more complete sentences.
Flavors: r-devel-linux-x86_64-debian-clang, r-devel-linux-x86_64-debian-gcc, r-devel-linux-x86_64-fedora-clang, r-devel-linux-x86_64-fedora-gcc, r-devel-osx-x86_64-clang, r-devel-windows-ix86+x86_64, r-patched-linux-x86_64, r-patched-solaris-sparc, r-patched-solaris-x86, r-release-linux-x86_64, r-release-osx-x86_64-mavericks, r-release-windows-ix86+x86_64, r-oldrel-windows-ix86+x86_64