CRAN Package Check Results for Package Lock5Data

Last updated on 2017-03-26 11:53:48.

Flavor Version Tinstall Tcheck Ttotal Status Flags
r-devel-linux-x86_64-debian-clang 2.6 1.50 10.56 12.06 NOTE
r-devel-linux-x86_64-debian-gcc 2.6 1.43 10.81 12.23 NOTE
r-devel-linux-x86_64-fedora-clang 2.6 20.05 NOTE --no-stop-on-test-error
r-devel-linux-x86_64-fedora-gcc 2.6 19.85 NOTE --no-stop-on-test-error
r-devel-macos-x86_64-clang 2.6 19.44 NOTE --no-stop-on-test-error
r-devel-windows-ix86+x86_64 2.6 6.00 29.00 35.00 NOTE
r-patched-linux-x86_64 2.6 1.40 10.55 11.95 NOTE
r-patched-solaris-sparc 2.6 132.70 NOTE
r-patched-solaris-x86 2.6 26.60 NOTE
r-release-linux-x86_64 2.6 1.31 10.19 11.50 NOTE
r-release-osx-x86_64-mavericks 2.6 NOTE
r-release-windows-ix86+x86_64 2.6 7.00 30.00 37.00 NOTE
r-oldrel-windows-ix86+x86_64 2.6 7.00 27.00 34.00 NOTE

Check Details

Version: 2.6
Check: DESCRIPTION meta-information
Result: NOTE
    Malformed Description field: should contain one or more complete sentences.
Flavors: r-devel-linux-x86_64-debian-clang, r-devel-linux-x86_64-debian-gcc, r-devel-windows-ix86+x86_64, r-patched-linux-x86_64, r-patched-solaris-sparc, r-patched-solaris-x86, r-release-linux-x86_64, r-release-osx-x86_64-mavericks, r-release-windows-ix86+x86_64, r-oldrel-windows-ix86+x86_64

Version: 2.6
Flags: --no-stop-on-test-error
Check: DESCRIPTION meta-information
Result: NOTE
    Malformed Description field: should contain one or more complete sentences.
Flavors: r-devel-linux-x86_64-fedora-clang, r-devel-linux-x86_64-fedora-gcc, r-devel-macos-x86_64-clang