CRAN Package Check Results for Package Lock5Data

Last updated on 2017-06-26 22:46:32.

Flavor Version Tinstall Tcheck Ttotal Status Flags
r-devel-linux-x86_64-debian-clang 2.6 1.45 11.51 12.97 NOTE
r-devel-linux-x86_64-debian-gcc 2.6 1.56 10.56 12.12 NOTE
r-devel-linux-x86_64-fedora-clang 2.6 20.72 NOTE
r-devel-linux-x86_64-fedora-gcc 2.6 20.19 NOTE
r-devel-windows-ix86+x86_64 2.6 11.00 35.00 46.00 NOTE
r-patched-linux-x86_64 2.6 1.54 10.77 12.31 NOTE
r-patched-solaris-sparc 2.6 132.70 NOTE
r-patched-solaris-x86 2.6 26.40 NOTE
r-release-linux-x86_64 2.6 1.43 11.01 12.43 NOTE
r-release-windows-ix86+x86_64 2.6 6.00 29.00 35.00 NOTE
r-release-osx-x86_64 2.6 NOTE
r-oldrel-windows-ix86+x86_64 2.6 7.00 30.00 37.00 NOTE
r-oldrel-osx-x86_64 2.6 NOTE

Check Details

Version: 2.6
Check: DESCRIPTION meta-information
Result: NOTE
    Malformed Description field: should contain one or more complete sentences.
Flavors: r-devel-linux-x86_64-debian-clang, r-devel-linux-x86_64-debian-gcc, r-devel-linux-x86_64-fedora-clang, r-devel-linux-x86_64-fedora-gcc, r-devel-windows-ix86+x86_64, r-patched-linux-x86_64, r-patched-solaris-sparc, r-patched-solaris-x86, r-release-linux-x86_64, r-release-windows-ix86+x86_64, r-release-osx-x86_64, r-oldrel-windows-ix86+x86_64, r-oldrel-osx-x86_64