CRAN Package Check Results for Package Lock5Data

Last updated on 2015-07-01 16:47:27.

Flavor Version Tinstall Tcheck Ttotal Status Flags
r-devel-linux-x86_64-debian-clang 2.6 1.37 8.96 10.33 NOTE
r-devel-linux-x86_64-debian-gcc 2.6 1.36 8.98 10.34 NOTE
r-devel-linux-x86_64-fedora-clang 2.6 20.08 NOTE
r-devel-linux-x86_64-fedora-gcc 2.6 19.18 NOTE
r-devel-osx-x86_64-clang 2.6 23.68 NOTE
r-devel-windows-ix86+x86_64 2.6 13.00 21.00 34.00 NOTE
r-patched-linux-x86_64 2.6 1.48 9.18 10.67 NOTE
r-patched-solaris-sparc 2.6 140.60 NOTE
r-patched-solaris-x86 2.6 30.60 NOTE
r-release-linux-x86_64 2.6 1.38 8.93 10.31 NOTE
r-release-osx-x86_64-mavericks 2.6 NOTE
r-release-windows-ix86+x86_64 2.6 6.00 20.00 26.00 NOTE
r-oldrel-windows-ix86+x86_64 2.6 13.00 23.00 36.00 OK

Check Details

Version: 2.6
Check: DESCRIPTION meta-information
Result: NOTE
    Malformed Description field: should contain one or more complete sentences.
Flavors: r-devel-linux-x86_64-debian-clang, r-devel-linux-x86_64-debian-gcc, r-devel-linux-x86_64-fedora-clang, r-devel-linux-x86_64-fedora-gcc, r-devel-osx-x86_64-clang, r-devel-windows-ix86+x86_64, r-patched-linux-x86_64, r-patched-solaris-sparc, r-patched-solaris-x86, r-release-linux-x86_64, r-release-osx-x86_64-mavericks, r-release-windows-ix86+x86_64