CRAN Package Check Results for Package Lock5Data

Last updated on 2015-03-29 00:48:18.

Flavor Version Tinstall Tcheck Ttotal Status Flags
r-devel-linux-x86_64-debian-clang 2.6 1.43 9.35 10.78 NOTE
r-devel-linux-x86_64-debian-gcc 2.6 1.42 9.51 10.93 NOTE
r-devel-linux-x86_64-fedora-clang 2.6 21.07 NOTE
r-devel-linux-x86_64-fedora-gcc 2.6 20.04 NOTE
r-devel-osx-x86_64-clang 2.6 28.99 NOTE
r-prerel-windows-ix86+x86_64 2.6 9.00 20.00 29.00 NOTE
r-prerel-linux-x86_64 2.6 1.48 9.25 10.73 NOTE
r-prerel-solaris-sparc 2.6 139.10 NOTE
r-prerel-solaris-x86 2.6 30.00 NOTE
r-release-linux-x86_64 2.6 1.78 10.84 12.62 OK
r-release-osx-x86_64-mavericks 2.6 OK
r-release-windows-ix86+x86_64 2.6 13.00 23.00 36.00 OK
r-oldrel-windows-ix86+x86_64 2.6 7.00 20.00 27.00 OK

Check Details

Version: 2.6
Check: DESCRIPTION meta-information
Result: NOTE
    Malformed Description field: should contain one or more complete sentences.
Flavors: r-devel-linux-x86_64-debian-clang, r-devel-linux-x86_64-debian-gcc, r-devel-linux-x86_64-fedora-clang, r-devel-linux-x86_64-fedora-gcc, r-devel-osx-x86_64-clang, r-prerel-windows-ix86+x86_64, r-prerel-linux-x86_64, r-prerel-solaris-sparc, r-prerel-solaris-x86