CRAN Package Check Results for Package Lock5Data

Last updated on 2017-10-23 14:48:46.

Flavor Version Tinstall Tcheck Ttotal Status Flags
r-devel-linux-x86_64-debian-clang 2.8 2.07 14.27 16.34 OK
r-devel-linux-x86_64-debian-gcc 2.8 2.26 15.74 18.01 OK
r-devel-linux-x86_64-fedora-clang 2.8 27.07 NOTE
r-devel-linux-x86_64-fedora-gcc 2.8 27.96 NOTE
r-devel-windows-ix86+x86_64 2.8 14.00 36.00 50.00 OK
r-patched-linux-x86_64 2.8 2.00 13.16 15.16 OK
r-patched-solaris-x86 2.8 33.70 NOTE
r-release-linux-x86_64 2.8 1.99 13.68 15.67 OK
r-release-windows-ix86+x86_64 2.8 8.00 37.00 45.00 OK
r-release-osx-x86_64 2.8 NOTE
r-oldrel-windows-ix86+x86_64 2.8 15.00 45.00 60.00 OK
r-oldrel-osx-x86_64 2.8 NOTE

Check Details

Version: 2.8
Check: data for non-ASCII characters
Result: NOTE
     Note: found 23 marked UTF-8 strings
Flavors: r-devel-linux-x86_64-fedora-clang, r-devel-linux-x86_64-fedora-gcc, r-patched-solaris-x86, r-release-osx-x86_64, r-oldrel-osx-x86_64