CRAN Package Check Results for Package Lock5Data

Last updated on 2017-04-29 19:48:49.

Flavor Version Tinstall Tcheck Ttotal Status Flags
r-devel-linux-x86_64-debian-clang 2.6 1.56 12.54 14.10 NOTE
r-devel-linux-x86_64-debian-gcc 2.6 3.46 11.11 14.58 NOTE
r-devel-linux-x86_64-fedora-clang 2.6 20.24 NOTE --no-stop-on-test-error
r-devel-linux-x86_64-fedora-gcc 2.6 20.28 NOTE --no-stop-on-test-error
r-devel-windows-ix86+x86_64 2.6 10.00 38.00 48.00 NOTE
r-patched-linux-x86_64 2.6 1.39 10.98 12.37 NOTE
r-patched-solaris-sparc 2.6 132.70 NOTE
r-patched-solaris-x86 2.6 26.30 NOTE
r-release-linux-x86_64 2.6 1.38 10.81 12.19 NOTE
r-release-windows-ix86+x86_64 2.6 6.00 29.00 35.00 NOTE
r-release-osx-x86_64 2.6 NOTE
r-oldrel-windows-ix86+x86_64 2.6 7.00 30.00 37.00 NOTE
r-oldrel-osx-x86_64 2.6 NOTE

Check Details

Version: 2.6
Check: DESCRIPTION meta-information
Result: NOTE
    Malformed Description field: should contain one or more complete sentences.
Flavors: r-devel-linux-x86_64-debian-clang, r-devel-linux-x86_64-debian-gcc, r-devel-windows-ix86+x86_64, r-patched-linux-x86_64, r-patched-solaris-sparc, r-patched-solaris-x86, r-release-linux-x86_64, r-release-windows-ix86+x86_64, r-release-osx-x86_64, r-oldrel-windows-ix86+x86_64, r-oldrel-osx-x86_64

Version: 2.6
Flags: --no-stop-on-test-error
Check: DESCRIPTION meta-information
Result: NOTE
    Malformed Description field: should contain one or more complete sentences.
Flavors: r-devel-linux-x86_64-fedora-clang, r-devel-linux-x86_64-fedora-gcc