CRAN Package Check Results for Package Lock5Data

Last updated on 2015-04-21 06:47:29.

Flavor Version Tinstall Tcheck Ttotal Status Flags
r-devel-linux-x86_64-debian-clang 2.6 1.64 9.17 10.82 NOTE
r-devel-linux-x86_64-debian-gcc 2.6 2.12 9.51 11.62 NOTE
r-devel-linux-x86_64-fedora-clang 2.6 20.38 NOTE
r-devel-linux-x86_64-fedora-gcc 2.6 22.67 NOTE
r-devel-osx-x86_64-clang 2.6 28.35 NOTE
r-devel-windows-ix86+x86_64 2.6 8.00 19.00 27.00 NOTE
r-patched-linux-x86_64 2.6 1.42 9.20 10.62 NOTE
r-patched-solaris-sparc 2.6 139.10 NOTE
r-patched-solaris-x86 2.6 29.70 NOTE
r-release-linux-x86_64 2.6 1.41 9.45 10.86 NOTE
r-release-osx-x86_64-mavericks 2.6 NOTE
r-release-osx-x86_64-snowleopard 2.6 NOTE
r-release-windows-ix86+x86_64 2.6 4.00 19.00 23.00 NOTE
r-oldrel-windows-ix86+x86_64 2.6 13.00 23.00 36.00 OK

Check Details

Version: 2.6
Check: DESCRIPTION meta-information
Result: NOTE
    Malformed Description field: should contain one or more complete sentences.
Flavors: r-devel-linux-x86_64-debian-clang, r-devel-linux-x86_64-debian-gcc, r-devel-linux-x86_64-fedora-clang, r-devel-linux-x86_64-fedora-gcc, r-devel-osx-x86_64-clang, r-devel-windows-ix86+x86_64, r-patched-linux-x86_64, r-patched-solaris-sparc, r-patched-solaris-x86, r-release-linux-x86_64, r-release-osx-x86_64-mavericks, r-release-osx-x86_64-snowleopard, r-release-windows-ix86+x86_64