CRAN Package Check Results for Package Lock5Data

Last updated on 2016-12-09 09:52:33.

Flavor Version Tinstall Tcheck Ttotal Status Flags
r-devel-linux-x86_64-debian-clang 2.6 1.42 10.51 11.93 NOTE
r-devel-linux-x86_64-debian-gcc 2.6 1.44 10.23 11.67 NOTE
r-devel-linux-x86_64-fedora-clang 2.6 20.71 NOTE --no-stop-on-test-error
r-devel-linux-x86_64-fedora-gcc 2.6 20.73 NOTE --no-stop-on-test-error
r-devel-macos-x86_64-clang 2.6 19.77 NOTE
r-devel-windows-ix86+x86_64 2.6 16.00 36.00 52.00 NOTE
r-patched-linux-x86_64 2.6 1.29 10.05 11.33 NOTE
r-patched-solaris-sparc 2.6 128.60 NOTE
r-patched-solaris-x86 2.6 25.50 NOTE
r-release-linux-x86_64 2.6 1.30 9.58 10.88 NOTE
r-release-osx-x86_64-mavericks 2.6 NOTE
r-release-windows-ix86+x86_64 2.6 7.00 30.00 37.00 NOTE
r-oldrel-windows-ix86+x86_64 2.6 7.00 27.00 34.00 NOTE

Check Details

Version: 2.6
Check: DESCRIPTION meta-information
Result: NOTE
    Malformed Description field: should contain one or more complete sentences.
Flavors: r-devel-linux-x86_64-debian-clang, r-devel-linux-x86_64-debian-gcc, r-devel-macos-x86_64-clang, r-devel-windows-ix86+x86_64, r-patched-linux-x86_64, r-patched-solaris-sparc, r-patched-solaris-x86, r-release-linux-x86_64, r-release-osx-x86_64-mavericks, r-release-windows-ix86+x86_64, r-oldrel-windows-ix86+x86_64

Version: 2.6
Flags: --no-stop-on-test-error
Check: DESCRIPTION meta-information
Result: NOTE
    Malformed Description field: should contain one or more complete sentences.
Flavors: r-devel-linux-x86_64-fedora-clang, r-devel-linux-x86_64-fedora-gcc