CRAN Package Check Results for Package Lock5Data

Last updated on 2016-05-30 23:47:39.

Flavor Version Tinstall Tcheck Ttotal Status Flags
r-devel-linux-x86_64-debian-gcc 2.6 1.34 9.51 10.85 NOTE
r-devel-linux-x86_64-fedora-clang 2.6 18.00 NOTE
r-devel-linux-x86_64-fedora-gcc 2.6 17.40 NOTE
r-devel-osx-x86_64-clang 2.6 23.96 NOTE
r-devel-windows-ix86+x86_64 2.6 7.00 26.00 33.00 NOTE
r-patched-linux-x86_64 2.6 1.30 9.55 10.85 NOTE
r-patched-solaris-sparc 2.6 127.90 NOTE
r-patched-solaris-x86 2.6 28.00 NOTE
r-release-linux-x86_64 2.6 1.33 9.43 10.76 NOTE
r-release-osx-x86_64-mavericks 2.6 NOTE
r-release-windows-ix86+x86_64 2.6 7.00 42.00 49.00 NOTE
r-oldrel-windows-ix86+x86_64 2.6 6.00 20.00 26.00 NOTE

Check Details

Version: 2.6
Check: DESCRIPTION meta-information
Result: NOTE
    Malformed Description field: should contain one or more complete sentences.
Flavors: r-devel-linux-x86_64-debian-gcc, r-devel-linux-x86_64-fedora-clang, r-devel-linux-x86_64-fedora-gcc, r-devel-osx-x86_64-clang, r-devel-windows-ix86+x86_64, r-patched-linux-x86_64, r-patched-solaris-sparc, r-patched-solaris-x86, r-release-linux-x86_64, r-release-osx-x86_64-mavericks, r-release-windows-ix86+x86_64, r-oldrel-windows-ix86+x86_64