CRAN Package Check Results for Package Lock5Data

Last updated on 2018-04-27 02:55:00 CEST.

Flavor Version Tinstall Tcheck Ttotal Status Flags
r-devel-linux-x86_64-debian-clang 2.8 2.52 18.90 21.42 OK
r-devel-linux-x86_64-debian-gcc 2.8 2.41 16.55 18.96 OK
r-devel-linux-x86_64-fedora-clang 2.8 28.87 NOTE
r-devel-linux-x86_64-fedora-gcc 2.8 28.75 NOTE
r-devel-windows-ix86+x86_64 2.8 18.00 38.00 56.00 OK
r-patched-linux-x86_64 2.8 2.97 20.62 23.59 OK
r-patched-solaris-x86 2.8 39.00 NOTE
r-release-linux-x86_64 2.8 2.34 20.73 23.07 OK
r-release-windows-ix86+x86_64 2.8 18.00 38.00 56.00 OK
r-release-osx-x86_64 2.8 NOTE
r-oldrel-windows-ix86+x86_64 2.8 8.00 37.00 45.00 OK
r-oldrel-osx-x86_64 2.8 NOTE

Check Details

Version: 2.8
Check: data for non-ASCII characters
Result: NOTE
     Note: found 23 marked UTF-8 strings
Flavors: r-devel-linux-x86_64-fedora-clang, r-devel-linux-x86_64-fedora-gcc, r-patched-solaris-x86, r-release-osx-x86_64, r-oldrel-osx-x86_64