CRAN Package Check Results for Package Lock5withR

Last updated on 2022-08-11 09:53:21 CEST.

Flavor Version Tinstall Tcheck Ttotal Status Flags
r-devel-linux-x86_64-debian-clang 1.2.2 3.94 36.34 40.28 NOTE
r-devel-linux-x86_64-debian-gcc 1.2.2 3.45 28.16 31.61 NOTE
r-devel-linux-x86_64-fedora-clang 1.2.2 56.47 NOTE
r-devel-linux-x86_64-fedora-gcc 1.2.2 55.43 NOTE
r-devel-windows-x86_64 1.2.2 188.00 70.00 258.00 NOTE
r-patched-linux-x86_64 1.2.2 4.54 31.95 36.49 OK
r-release-linux-x86_64 1.2.2 OK
r-release-macos-arm64 1.2.2 20.00 OK
r-release-macos-x86_64 1.2.2 27.00 OK
r-release-windows-x86_64 1.2.2 215.00 78.00 293.00 OK
r-oldrel-macos-arm64 1.2.2 24.00 OK
r-oldrel-macos-x86_64 1.2.2 44.00 OK
r-oldrel-windows-ix86+x86_64 1.2.2 9.00 55.00 64.00 OK

Check Details

Version: 1.2.2
Check: Rd files
Result: NOTE
    checkRd: (-1) ACS.Rd:13: Escaped LaTeX specials: \$
    checkRd: (-1) EmployedACS.Rd:14: Escaped LaTeX specials: \$
    checkRd: (-1) HomesForSale.Rd:11: Escaped LaTeX specials: \$
    checkRd: (-1) HomesForSaleCA.Rd:11: Escaped LaTeX specials: \$
    checkRd: (-1) HomesForSaleCanton.Rd:9: Escaped LaTeX specials: \$
    checkRd: (-1) HomesForSaleNY.Rd:11: Escaped LaTeX specials: \$
    checkRd: (-1) MustangPrice.Rd:13: Escaped LaTeX specials: \$
    checkRd: (-1) MustangPrice.Rd:24: Escaped LaTeX specials: \$
    checkRd: (-1) SalaryGender.Rd:9: Escaped LaTeX specials: \$
    checkRd: (-1) SandP500.Rd:6: Escaped LaTeX specials: \&
    checkRd: (-1) SandP500.Rd:24: Escaped LaTeX specials: \&
    checkRd: (-1) SandP500.Rd:27: Escaped LaTeX specials: \&
    checkRd: (-1) SandwichAnts.Rd:32: Escaped LaTeX specials: \&
    checkRd: (-1) SandwichAnts2.Rd:32: Escaped LaTeX specials: \&
    checkRd: (-1) StockChanges.Rd:11: Escaped LaTeX specials: \&
    checkRd: (-1) StockChanges.Rd:15: Escaped LaTeX specials: \&
    checkRd: (-1) TrafficFlow.Rd:18: Escaped LaTeX specials: \#
Flavors: r-devel-linux-x86_64-debian-clang, r-devel-linux-x86_64-debian-gcc, r-devel-linux-x86_64-fedora-clang, r-devel-linux-x86_64-fedora-gcc, r-devel-windows-x86_64