CRAN Package Check Results for Package LogConcDEAD

Last updated on 2016-07-28 05:50:17.

Flavor Version Tinstall Tcheck Ttotal Status Flags
r-devel-linux-x86_64-debian-clang 1.5-9 13.38 45.97 59.35 NOTE
r-devel-linux-x86_64-debian-gcc 1.5-9 12.45 44.24 56.69 NOTE
r-devel-linux-x86_64-fedora-clang 1.5-9 90.28 NOTE
r-devel-linux-x86_64-fedora-gcc 1.5-9 85.96 NOTE
r-devel-osx-x86_64-clang 1.5-9 74.92 NOTE
r-devel-windows-ix86+x86_64 1.5-9 56.00 90.00 146.00 NOTE
r-patched-linux-x86_64 1.5-9 12.39 41.42 53.81 NOTE
r-patched-solaris-sparc 1.5-9 320.40 NOTE --no-vignettes
r-patched-solaris-x86 1.5-9 99.40 NOTE
r-release-linux-x86_64 1.5-9 11.11 43.42 54.53 NOTE
r-release-osx-x86_64-mavericks 1.5-9 NOTE
r-release-windows-ix86+x86_64 1.5-9 57.00 85.00 142.00 NOTE
r-oldrel-windows-ix86+x86_64 1.5-9 61.00 120.00 181.00 NOTE

Check Details

Version: 1.5-9
Check: dependencies in R code
Result: NOTE
    'library' or 'require' calls in package code:
     ‘mclust’ ‘rgl’ ‘tkrplot’
     Please use :: or requireNamespace() instead.
     See section 'Suggested packages' in the 'Writing R Extensions' manual.
Flavors: r-devel-linux-x86_64-debian-clang, r-devel-linux-x86_64-debian-gcc, r-devel-linux-x86_64-fedora-clang, r-devel-linux-x86_64-fedora-gcc, r-devel-osx-x86_64-clang, r-devel-windows-ix86+x86_64, r-patched-linux-x86_64, r-patched-solaris-x86, r-release-linux-x86_64, r-release-osx-x86_64-mavericks, r-release-windows-ix86+x86_64, r-oldrel-windows-ix86+x86_64

Version: 1.5-9
Check: R code for possible problems
Result: NOTE
    EMmixlcd: no visible global function definition for ‘hc’
    EMmixlcd: no visible global function definition for ‘hclass’
    EMmixlcd: no visible global function definition for ‘var’
    dslcd_1D: no visible global function definition for ‘pnorm’
    dslcd_2D : f: no visible global function definition for ‘pnorm’
    dslcd_2D: no visible global function definition for ‘integrate’
    hatA: no visible global function definition for ‘cov’
    initialf: no visible global function definition for ‘dnorm’
    initialy: no visible binding for global variable ‘sd’
    interactive2D: no visible global function definition for ‘tktoplevel’
    interactive2D: no visible global function definition for ‘tclVar’
    interactive2D : plotdens: no visible global function definition for
     ‘tclvalue’
    interactive2D : plotdens: no visible global function definition for
     ‘contour’
    interactive2D : plotdens: no visible global function definition for
     ‘points’
    interactive2D: no visible global function definition for ‘tkrplot’
    interactive2D : densplot: no visible global function definition for
     ‘tkrreplot’
    interactive2D: no visible global function definition for ‘tkscale’
    interactive2D: no visible global function definition for ‘tklabel’
    interactive2D: no visible global function definition for ‘tkpack’
    plot.LogConcDEAD: no visible global function definition for ‘plot’
    plot.LogConcDEAD: no visible global function definition for ‘points’
    plot.LogConcDEAD: no visible global function definition for ‘persp’
    plot.LogConcDEAD: no visible global function definition for ‘image’
    plot.LogConcDEAD: no visible global function definition for ‘contour’
    plot.LogConcDEAD: no visible global function definition for ‘open3d’
    plot.LogConcDEAD: no visible global function definition for ‘par3d’
    plot.LogConcDEAD: no visible global function definition for ‘surface3d’
    plot.LogConcDEAD: no visible global function definition for
     ‘decorate3d’
    plot.LogConcDEAD: no visible global function definition for
     ‘rgl.surface’
    plot.LogConcDEAD: no visible global function definition for ‘plot3d’
    rlcd: no visible global function definition for ‘rexp’
    rlcd: no visible global function definition for ‘runif’
    Undefined global functions or variables:
     contour cov decorate3d dnorm hc hclass image integrate open3d par3d
     persp plot plot3d pnorm points rexp rgl.surface runif sd surface3d
     tclVar tclvalue tklabel tkpack tkrplot tkrreplot tkscale tktoplevel
     var
    Consider adding
     importFrom("graphics", "contour", "image", "persp", "plot", "points")
     importFrom("stats", "cov", "dnorm", "integrate", "pnorm", "rexp",
     "runif", "sd", "var")
    to your NAMESPACE file.
Flavors: r-devel-linux-x86_64-debian-clang, r-devel-linux-x86_64-debian-gcc, r-devel-linux-x86_64-fedora-clang, r-devel-linux-x86_64-fedora-gcc, r-devel-osx-x86_64-clang, r-devel-windows-ix86+x86_64, r-patched-linux-x86_64, r-patched-solaris-x86, r-release-linux-x86_64, r-release-osx-x86_64-mavericks, r-release-windows-ix86+x86_64

Version: 1.5-9
Flags: --no-vignettes
Check: dependencies in R code
Result: NOTE
    'library' or 'require' calls in package code:
     ‘mclust’ ‘rgl’ ‘tkrplot’
     Please use :: or requireNamespace() instead.
     See section 'Suggested packages' in the 'Writing R Extensions' manual.
Flavor: r-patched-solaris-sparc

Version: 1.5-9
Flags: --no-vignettes
Check: R code for possible problems
Result: NOTE
    EMmixlcd: no visible global function definition for ‘hc’
    EMmixlcd: no visible global function definition for ‘hclass’
    EMmixlcd: no visible global function definition for ‘var’
    dslcd_1D: no visible global function definition for ‘pnorm’
    dslcd_2D : f: no visible global function definition for ‘pnorm’
    dslcd_2D: no visible global function definition for ‘integrate’
    hatA: no visible global function definition for ‘cov’
    initialf: no visible global function definition for ‘dnorm’
    initialy: no visible binding for global variable ‘sd’
    interactive2D: no visible global function definition for ‘tktoplevel’
    interactive2D: no visible global function definition for ‘tclVar’
    interactive2D : plotdens: no visible global function definition for
     ‘tclvalue’
    interactive2D : plotdens: no visible global function definition for
     ‘contour’
    interactive2D : plotdens: no visible global function definition for
     ‘points’
    interactive2D: no visible global function definition for ‘tkrplot’
    interactive2D : densplot: no visible global function definition for
     ‘tkrreplot’
    interactive2D: no visible global function definition for ‘tkscale’
    interactive2D: no visible global function definition for ‘tklabel’
    interactive2D: no visible global function definition for ‘tkpack’
    plot.LogConcDEAD: no visible global function definition for ‘plot’
    plot.LogConcDEAD: no visible global function definition for ‘points’
    plot.LogConcDEAD: no visible global function definition for ‘persp’
    plot.LogConcDEAD: no visible global function definition for ‘image’
    plot.LogConcDEAD: no visible global function definition for ‘contour’
    plot.LogConcDEAD: no visible global function definition for ‘open3d’
    plot.LogConcDEAD: no visible global function definition for ‘par3d’
    plot.LogConcDEAD: no visible global function definition for ‘surface3d’
    plot.LogConcDEAD: no visible global function definition for
     ‘decorate3d’
    plot.LogConcDEAD: no visible global function definition for
     ‘rgl.surface’
    plot.LogConcDEAD: no visible global function definition for ‘plot3d’
    rlcd: no visible global function definition for ‘rexp’
    rlcd: no visible global function definition for ‘runif’
    Undefined global functions or variables:
     contour cov decorate3d dnorm hc hclass image integrate open3d par3d
     persp plot plot3d pnorm points rexp rgl.surface runif sd surface3d
     tclVar tclvalue tklabel tkpack tkrplot tkrreplot tkscale tktoplevel
     var
    Consider adding
     importFrom("graphics", "contour", "image", "persp", "plot", "points")
     importFrom("stats", "cov", "dnorm", "integrate", "pnorm", "rexp",
     "runif", "sd", "var")
    to your NAMESPACE file.
Flavor: r-patched-solaris-sparc

Version: 1.5-9
Check: R code for possible problems
Result: NOTE
    EMmixlcd: no visible global function definition for 'hc'
    EMmixlcd: no visible global function definition for 'hclass'
    interactive2D: no visible global function definition for 'tktoplevel'
    interactive2D: no visible global function definition for 'tclVar'
    interactive2D : plotdens: no visible global function definition for
     'tclvalue'
    interactive2D: no visible global function definition for 'tkrplot'
    interactive2D : densplot: no visible global function definition for
     'tkrreplot'
    interactive2D: no visible global function definition for 'tkscale'
    interactive2D: no visible global function definition for 'tklabel'
    interactive2D: no visible global function definition for 'tkpack'
    plot.LogConcDEAD: no visible global function definition for 'open3d'
    plot.LogConcDEAD: no visible global function definition for 'par3d'
    plot.LogConcDEAD: no visible global function definition for 'surface3d'
    plot.LogConcDEAD: no visible global function definition for
     'decorate3d'
    plot.LogConcDEAD: no visible global function definition for
     'rgl.surface'
    plot.LogConcDEAD: no visible global function definition for 'plot3d'
Flavor: r-oldrel-windows-ix86+x86_64