CRAN Package Check Results for Package LogConcDEAD

Last updated on 2015-07-30 22:49:56.

Flavor Version Tinstall Tcheck Ttotal Status Flags
r-devel-linux-x86_64-debian-clang 1.5-9 8.09 51.12 59.21 NOTE
r-devel-linux-x86_64-debian-gcc 1.5-9 10.00 51.20 61.21 NOTE
r-devel-linux-x86_64-fedora-clang 1.5-9 117.24 NOTE
r-devel-linux-x86_64-fedora-gcc 1.5-9 113.41 NOTE
r-devel-osx-x86_64-clang 1.5-9 111.37 NOTE
r-devel-windows-ix86+x86_64 1.5-9 60.00 100.00 160.00 NOTE
r-patched-linux-x86_64 1.5-9 9.97 50.95 60.92 NOTE
r-patched-solaris-sparc 1.5-9 328.50 NOTE --no-vignettes
r-patched-solaris-x86 1.5-9 146.20 NOTE
r-release-linux-x86_64 1.5-9 9.93 52.56 62.50 NOTE
r-release-osx-x86_64-mavericks 1.5-9 NOTE
r-release-windows-ix86+x86_64 1.5-9 55.00 108.00 163.00 NOTE
r-oldrel-windows-ix86+x86_64 1.5-9 63.00 153.00 216.00 NOTE

Check Details

Version: 1.5-9
Check: dependencies in R code
Result: NOTE
    'library' or 'require' calls in package code:
     ‘mclust’ ‘rgl’ ‘tkrplot’
     Please use :: or requireNamespace() instead.
     See section 'Suggested packages' in the 'Writing R Extensions' manual.
Flavors: r-devel-linux-x86_64-debian-clang, r-devel-linux-x86_64-debian-gcc, r-devel-linux-x86_64-fedora-clang, r-devel-linux-x86_64-fedora-gcc, r-devel-osx-x86_64-clang, r-devel-windows-ix86+x86_64, r-patched-linux-x86_64, r-patched-solaris-x86, r-release-linux-x86_64, r-release-osx-x86_64-mavericks, r-release-windows-ix86+x86_64, r-oldrel-windows-ix86+x86_64

Version: 1.5-9
Check: R code for possible problems
Result: NOTE
    EMmixlcd: no visible global function definition for ‘hc’
    EMmixlcd: no visible global function definition for ‘hclass’
    EMmixlcd: no visible global function definition for ‘var’
    dslcd_1D: no visible global function definition for ‘pnorm’
    dslcd_2D : f: no visible global function definition for ‘pnorm’
    dslcd_2D: no visible global function definition for ‘integrate’
    hatA: no visible global function definition for ‘cov’
    initialf: no visible global function definition for ‘dnorm’
    initialy: no visible binding for global variable ‘sd’
    interactive2D: no visible global function definition for ‘tktoplevel’
    interactive2D: no visible global function definition for ‘tclVar’
    interactive2D : plotdens: no visible global function definition for
     ‘tclvalue’
    interactive2D : plotdens: no visible global function definition for
     ‘contour’
    interactive2D : plotdens: no visible global function definition for
     ‘points’
    interactive2D: no visible global function definition for ‘tkrplot’
    interactive2D : densplot: no visible global function definition for
     ‘tkrreplot’
    interactive2D: no visible global function definition for ‘tkscale’
    interactive2D: no visible global function definition for ‘tklabel’
    interactive2D: no visible global function definition for ‘tkpack’
    plot.LogConcDEAD: no visible global function definition for ‘plot’
    plot.LogConcDEAD: no visible global function definition for ‘points’
    plot.LogConcDEAD: no visible global function definition for ‘persp’
    plot.LogConcDEAD: no visible global function definition for ‘image’
    plot.LogConcDEAD: no visible global function definition for ‘contour’
    plot.LogConcDEAD: no visible global function definition for ‘open3d’
    plot.LogConcDEAD: no visible global function definition for ‘par3d’
    plot.LogConcDEAD: no visible global function definition for ‘surface3d’
    plot.LogConcDEAD: no visible global function definition for
     ‘decorate3d’
    plot.LogConcDEAD: no visible global function definition for
     ‘rgl.surface’
    plot.LogConcDEAD: no visible global function definition for ‘plot3d’
    rlcd: no visible global function definition for ‘rexp’
    rlcd: no visible global function definition for ‘runif’
    Undefined global functions or variables:
     contour cov decorate3d dnorm hc hclass image integrate open3d par3d
     persp plot plot3d pnorm points rexp rgl.surface runif sd surface3d
     tclVar tclvalue tklabel tkpack tkrplot tkrreplot tkscale tktoplevel
     var
    Consider adding
     importFrom("graphics", "contour", "image", "persp", "plot", "points")
     importFrom("stats", "cov", "dnorm", "integrate", "pnorm", "rexp",
     "runif", "sd", "var")
    to your NAMESPACE.
Flavors: r-devel-linux-x86_64-debian-clang, r-devel-linux-x86_64-debian-gcc, r-devel-linux-x86_64-fedora-clang, r-devel-linux-x86_64-fedora-gcc, r-devel-windows-ix86+x86_64

Version: 1.5-9
Check: R code for possible problems
Result: NOTE
    EMmixlcd: no visible global function definition for ‘hc’
    EMmixlcd: no visible global function definition for ‘hclass’
    interactive2D: no visible global function definition for ‘tktoplevel’
    interactive2D: no visible global function definition for ‘tclVar’
    interactive2D : plotdens: no visible global function definition for
     ‘tclvalue’
    interactive2D: no visible global function definition for ‘tkrplot’
    interactive2D : densplot: no visible global function definition for
     ‘tkrreplot’
    interactive2D: no visible global function definition for ‘tkscale’
    interactive2D: no visible global function definition for ‘tklabel’
    interactive2D: no visible global function definition for ‘tkpack’
    plot.LogConcDEAD: no visible global function definition for ‘open3d’
    plot.LogConcDEAD: no visible global function definition for ‘par3d’
    plot.LogConcDEAD: no visible global function definition for ‘surface3d’
    plot.LogConcDEAD: no visible global function definition for
     ‘decorate3d’
    plot.LogConcDEAD: no visible global function definition for
     ‘rgl.surface’
    plot.LogConcDEAD: no visible global function definition for ‘plot3d’
    Undefined global functions or variables:
     decorate3d hc hclass open3d par3d plot3d rgl.surface surface3d tclVar
     tclvalue tklabel tkpack tkrplot tkrreplot tkscale tktoplevel
Flavor: r-devel-osx-x86_64-clang

Version: 1.5-9
Check: R code for possible problems
Result: NOTE
    EMmixlcd: no visible global function definition for ‘hc’
    EMmixlcd: no visible global function definition for ‘hclass’
    interactive2D: no visible global function definition for ‘tktoplevel’
    interactive2D: no visible global function definition for ‘tclVar’
    interactive2D : plotdens: no visible global function definition for
     ‘tclvalue’
    interactive2D: no visible global function definition for ‘tkrplot’
    interactive2D : densplot: no visible global function definition for
     ‘tkrreplot’
    interactive2D: no visible global function definition for ‘tkscale’
    interactive2D: no visible global function definition for ‘tklabel’
    interactive2D: no visible global function definition for ‘tkpack’
    plot.LogConcDEAD: no visible global function definition for ‘open3d’
    plot.LogConcDEAD: no visible global function definition for ‘par3d’
    plot.LogConcDEAD: no visible global function definition for ‘surface3d’
    plot.LogConcDEAD: no visible global function definition for
     ‘decorate3d’
    plot.LogConcDEAD: no visible global function definition for
     ‘rgl.surface’
    plot.LogConcDEAD: no visible global function definition for ‘plot3d’
Flavors: r-patched-linux-x86_64, r-patched-solaris-x86, r-release-linux-x86_64, r-release-osx-x86_64-mavericks, r-release-windows-ix86+x86_64, r-oldrel-windows-ix86+x86_64

Version: 1.5-9
Flags: --no-vignettes
Check: dependencies in R code
Result: NOTE
    'library' or 'require' calls in package code:
     ‘mclust’ ‘rgl’ ‘tkrplot’
     Please use :: or requireNamespace() instead.
     See section 'Suggested packages' in the 'Writing R Extensions' manual.
Flavor: r-patched-solaris-sparc

Version: 1.5-9
Flags: --no-vignettes
Check: R code for possible problems
Result: NOTE
    EMmixlcd: no visible global function definition for ‘hc’
    EMmixlcd: no visible global function definition for ‘hclass’
    interactive2D: no visible global function definition for ‘tktoplevel’
    interactive2D: no visible global function definition for ‘tclVar’
    interactive2D : plotdens: no visible global function definition for
     ‘tclvalue’
    interactive2D: no visible global function definition for ‘tkrplot’
    interactive2D : densplot: no visible global function definition for
     ‘tkrreplot’
    interactive2D: no visible global function definition for ‘tkscale’
    interactive2D: no visible global function definition for ‘tklabel’
    interactive2D: no visible global function definition for ‘tkpack’
    plot.LogConcDEAD: no visible global function definition for ‘open3d’
    plot.LogConcDEAD: no visible global function definition for ‘par3d’
    plot.LogConcDEAD: no visible global function definition for ‘surface3d’
    plot.LogConcDEAD: no visible global function definition for
     ‘decorate3d’
    plot.LogConcDEAD: no visible global function definition for
     ‘rgl.surface’
    plot.LogConcDEAD: no visible global function definition for ‘plot3d’
Flavor: r-patched-solaris-sparc