CRAN Package Check Results for Package LogConcDEAD

Last updated on 2017-02-27 18:49:04.

Flavor Version Tinstall Tcheck Ttotal Status Flags
r-devel-linux-x86_64-debian-clang 1.5-9 11.71 41.60 53.31 NOTE
r-devel-linux-x86_64-debian-gcc 1.5-9 12.78 43.65 56.43 NOTE
r-devel-linux-x86_64-fedora-clang 1.5-9 102.89 NOTE --no-stop-on-test-error
r-devel-linux-x86_64-fedora-gcc 1.5-9 100.75 NOTE --no-stop-on-test-error
r-devel-macos-x86_64-clang 1.5-9 80.85 NOTE --no-stop-on-test-error
r-devel-windows-ix86+x86_64 1.5-9 52.00 128.00 180.00 NOTE
r-patched-linux-x86_64 1.5-9 9.71 36.45 46.16 NOTE
r-patched-solaris-sparc 1.5-9 317.50 NOTE --no-vignettes
r-patched-solaris-x86 1.5-9 101.80 NOTE
r-release-linux-x86_64 1.5-9 9.85 37.09 46.95 NOTE
r-release-osx-x86_64-mavericks 1.5-9 NOTE
r-release-windows-ix86+x86_64 1.5-9 93.00 106.00 199.00 NOTE
r-oldrel-windows-ix86+x86_64 1.5-9 68.00 199.00 267.00 NOTE

Check Details

Version: 1.5-9
Check: dependencies in R code
Result: NOTE
    'library' or 'require' calls in package code:
     ‘mclust’ ‘rgl’ ‘tkrplot’
     Please use :: or requireNamespace() instead.
     See section 'Suggested packages' in the 'Writing R Extensions' manual.
Flavors: r-devel-linux-x86_64-debian-clang, r-devel-linux-x86_64-debian-gcc, r-devel-windows-ix86+x86_64, r-patched-linux-x86_64, r-patched-solaris-x86, r-release-linux-x86_64, r-release-osx-x86_64-mavericks, r-release-windows-ix86+x86_64, r-oldrel-windows-ix86+x86_64

Version: 1.5-9
Check: R code for possible problems
Result: NOTE
    EMmixlcd: no visible global function definition for ‘hc’
    EMmixlcd: no visible global function definition for ‘hclass’
    EMmixlcd: no visible global function definition for ‘var’
    dslcd_1D: no visible global function definition for ‘pnorm’
    dslcd_2D : f: no visible global function definition for ‘pnorm’
    dslcd_2D: no visible global function definition for ‘integrate’
    hatA: no visible global function definition for ‘cov’
    initialf: no visible global function definition for ‘dnorm’
    initialy: no visible binding for global variable ‘sd’
    interactive2D: no visible global function definition for ‘tktoplevel’
    interactive2D: no visible global function definition for ‘tclVar’
    interactive2D : plotdens: no visible global function definition for
     ‘tclvalue’
    interactive2D : plotdens: no visible global function definition for
     ‘contour’
    interactive2D : plotdens: no visible global function definition for
     ‘points’
    interactive2D: no visible global function definition for ‘tkrplot’
    interactive2D : densplot: no visible global function definition for
     ‘tkrreplot’
    interactive2D: no visible global function definition for ‘tkscale’
    interactive2D: no visible global function definition for ‘tklabel’
    interactive2D: no visible global function definition for ‘tkpack’
    plot.LogConcDEAD: no visible global function definition for ‘plot’
    plot.LogConcDEAD: no visible global function definition for ‘points’
    plot.LogConcDEAD: no visible global function definition for ‘persp’
    plot.LogConcDEAD: no visible global function definition for ‘image’
    plot.LogConcDEAD: no visible global function definition for ‘contour’
    plot.LogConcDEAD: no visible global function definition for ‘open3d’
    plot.LogConcDEAD: no visible global function definition for ‘par3d’
    plot.LogConcDEAD: no visible global function definition for ‘surface3d’
    plot.LogConcDEAD: no visible global function definition for
     ‘decorate3d’
    plot.LogConcDEAD: no visible global function definition for
     ‘rgl.surface’
    plot.LogConcDEAD: no visible global function definition for ‘plot3d’
    rlcd: no visible global function definition for ‘rexp’
    rlcd: no visible global function definition for ‘runif’
    Undefined global functions or variables:
     contour cov decorate3d dnorm hc hclass image integrate open3d par3d
     persp plot plot3d pnorm points rexp rgl.surface runif sd surface3d
     tclVar tclvalue tklabel tkpack tkrplot tkrreplot tkscale tktoplevel
     var
    Consider adding
     importFrom("graphics", "contour", "image", "persp", "plot", "points")
     importFrom("stats", "cov", "dnorm", "integrate", "pnorm", "rexp",
     "runif", "sd", "var")
    to your NAMESPACE file.
Flavors: r-devel-linux-x86_64-debian-clang, r-devel-linux-x86_64-debian-gcc, r-devel-windows-ix86+x86_64, r-patched-linux-x86_64, r-patched-solaris-x86, r-release-linux-x86_64, r-release-osx-x86_64-mavericks, r-release-windows-ix86+x86_64

Version: 1.5-9
Check: compiled code
Result: NOTE
    File ‘LogConcDEAD/libs/LogConcDEAD.so’:
     Found no calls to: ‘R_registerRoutines’, ‘R_useDynamicSymbols’
    
    It is good practice to register native routines and to disable symbol
    search.
    
    See ‘Writing portable packages’ in the ‘Writing R Extensions’ manual.
Flavors: r-devel-linux-x86_64-debian-clang, r-devel-linux-x86_64-debian-gcc

Version: 1.5-9
Flags: --no-stop-on-test-error
Check: dependencies in R code
Result: NOTE
    'library' or 'require' calls in package code:
     ‘mclust’ ‘rgl’ ‘tkrplot’
     Please use :: or requireNamespace() instead.
     See section 'Suggested packages' in the 'Writing R Extensions' manual.
Flavors: r-devel-linux-x86_64-fedora-clang, r-devel-linux-x86_64-fedora-gcc, r-devel-macos-x86_64-clang

Version: 1.5-9
Flags: --no-stop-on-test-error
Check: R code for possible problems
Result: NOTE
    EMmixlcd: no visible global function definition for ‘hc’
    EMmixlcd: no visible global function definition for ‘hclass’
    EMmixlcd: no visible global function definition for ‘var’
    dslcd_1D: no visible global function definition for ‘pnorm’
    dslcd_2D : f: no visible global function definition for ‘pnorm’
    dslcd_2D: no visible global function definition for ‘integrate’
    hatA: no visible global function definition for ‘cov’
    initialf: no visible global function definition for ‘dnorm’
    initialy: no visible binding for global variable ‘sd’
    interactive2D: no visible global function definition for ‘tktoplevel’
    interactive2D: no visible global function definition for ‘tclVar’
    interactive2D : plotdens: no visible global function definition for
     ‘tclvalue’
    interactive2D : plotdens: no visible global function definition for
     ‘contour’
    interactive2D : plotdens: no visible global function definition for
     ‘points’
    interactive2D: no visible global function definition for ‘tkrplot’
    interactive2D : densplot: no visible global function definition for
     ‘tkrreplot’
    interactive2D: no visible global function definition for ‘tkscale’
    interactive2D: no visible global function definition for ‘tklabel’
    interactive2D: no visible global function definition for ‘tkpack’
    plot.LogConcDEAD: no visible global function definition for ‘plot’
    plot.LogConcDEAD: no visible global function definition for ‘points’
    plot.LogConcDEAD: no visible global function definition for ‘persp’
    plot.LogConcDEAD: no visible global function definition for ‘image’
    plot.LogConcDEAD: no visible global function definition for ‘contour’
    plot.LogConcDEAD: no visible global function definition for ‘open3d’
    plot.LogConcDEAD: no visible global function definition for ‘par3d’
    plot.LogConcDEAD: no visible global function definition for ‘surface3d’
    plot.LogConcDEAD: no visible global function definition for
     ‘decorate3d’
    plot.LogConcDEAD: no visible global function definition for
     ‘rgl.surface’
    plot.LogConcDEAD: no visible global function definition for ‘plot3d’
    rlcd: no visible global function definition for ‘rexp’
    rlcd: no visible global function definition for ‘runif’
    Undefined global functions or variables:
     contour cov decorate3d dnorm hc hclass image integrate open3d par3d
     persp plot plot3d pnorm points rexp rgl.surface runif sd surface3d
     tclVar tclvalue tklabel tkpack tkrplot tkrreplot tkscale tktoplevel
     var
    Consider adding
     importFrom("graphics", "contour", "image", "persp", "plot", "points")
     importFrom("stats", "cov", "dnorm", "integrate", "pnorm", "rexp",
     "runif", "sd", "var")
    to your NAMESPACE file.
Flavors: r-devel-linux-x86_64-fedora-clang, r-devel-linux-x86_64-fedora-gcc, r-devel-macos-x86_64-clang

Version: 1.5-9
Flags: --no-stop-on-test-error
Check: compiled code
Result: NOTE
    File ‘LogConcDEAD/libs/LogConcDEAD.so’:
     Found no calls to: ‘R_registerRoutines’, ‘R_useDynamicSymbols’
    
    It is good practice to register native routines and to disable symbol
    search.
    
    See ‘Writing portable packages’ in the ‘Writing R Extensions’ manual.
Flavors: r-devel-linux-x86_64-fedora-clang, r-devel-linux-x86_64-fedora-gcc, r-devel-macos-x86_64-clang

Version: 1.5-9
Flags: --no-vignettes
Check: dependencies in R code
Result: NOTE
    'library' or 'require' calls in package code:
     ‘mclust’ ‘rgl’ ‘tkrplot’
     Please use :: or requireNamespace() instead.
     See section 'Suggested packages' in the 'Writing R Extensions' manual.
Flavor: r-patched-solaris-sparc

Version: 1.5-9
Flags: --no-vignettes
Check: R code for possible problems
Result: NOTE
    EMmixlcd: no visible global function definition for ‘hc’
    EMmixlcd: no visible global function definition for ‘hclass’
    EMmixlcd: no visible global function definition for ‘var’
    dslcd_1D: no visible global function definition for ‘pnorm’
    dslcd_2D : f: no visible global function definition for ‘pnorm’
    dslcd_2D: no visible global function definition for ‘integrate’
    hatA: no visible global function definition for ‘cov’
    initialf: no visible global function definition for ‘dnorm’
    initialy: no visible binding for global variable ‘sd’
    interactive2D: no visible global function definition for ‘tktoplevel’
    interactive2D: no visible global function definition for ‘tclVar’
    interactive2D : plotdens: no visible global function definition for
     ‘tclvalue’
    interactive2D : plotdens: no visible global function definition for
     ‘contour’
    interactive2D : plotdens: no visible global function definition for
     ‘points’
    interactive2D: no visible global function definition for ‘tkrplot’
    interactive2D : densplot: no visible global function definition for
     ‘tkrreplot’
    interactive2D: no visible global function definition for ‘tkscale’
    interactive2D: no visible global function definition for ‘tklabel’
    interactive2D: no visible global function definition for ‘tkpack’
    plot.LogConcDEAD: no visible global function definition for ‘plot’
    plot.LogConcDEAD: no visible global function definition for ‘points’
    plot.LogConcDEAD: no visible global function definition for ‘persp’
    plot.LogConcDEAD: no visible global function definition for ‘image’
    plot.LogConcDEAD: no visible global function definition for ‘contour’
    plot.LogConcDEAD: no visible global function definition for ‘open3d’
    plot.LogConcDEAD: no visible global function definition for ‘par3d’
    plot.LogConcDEAD: no visible global function definition for ‘surface3d’
    plot.LogConcDEAD: no visible global function definition for
     ‘decorate3d’
    plot.LogConcDEAD: no visible global function definition for
     ‘rgl.surface’
    plot.LogConcDEAD: no visible global function definition for ‘plot3d’
    rlcd: no visible global function definition for ‘rexp’
    rlcd: no visible global function definition for ‘runif’
    Undefined global functions or variables:
     contour cov decorate3d dnorm hc hclass image integrate open3d par3d
     persp plot plot3d pnorm points rexp rgl.surface runif sd surface3d
     tclVar tclvalue tklabel tkpack tkrplot tkrreplot tkscale tktoplevel
     var
    Consider adding
     importFrom("graphics", "contour", "image", "persp", "plot", "points")
     importFrom("stats", "cov", "dnorm", "integrate", "pnorm", "rexp",
     "runif", "sd", "var")
    to your NAMESPACE file.
Flavor: r-patched-solaris-sparc

Version: 1.5-9
Check: R code for possible problems
Result: NOTE
    EMmixlcd: no visible global function definition for 'hc'
    EMmixlcd: no visible global function definition for 'hclass'
    interactive2D: no visible global function definition for 'tktoplevel'
    interactive2D: no visible global function definition for 'tclVar'
    interactive2D : plotdens: no visible global function definition for
     'tclvalue'
    interactive2D: no visible global function definition for 'tkrplot'
    interactive2D : densplot: no visible global function definition for
     'tkrreplot'
    interactive2D: no visible global function definition for 'tkscale'
    interactive2D: no visible global function definition for 'tklabel'
    interactive2D: no visible global function definition for 'tkpack'
    plot.LogConcDEAD: no visible global function definition for 'open3d'
    plot.LogConcDEAD: no visible global function definition for 'par3d'
    plot.LogConcDEAD: no visible global function definition for 'surface3d'
    plot.LogConcDEAD: no visible global function definition for
     'decorate3d'
    plot.LogConcDEAD: no visible global function definition for
     'rgl.surface'
    plot.LogConcDEAD: no visible global function definition for 'plot3d'
Flavor: r-oldrel-windows-ix86+x86_64