CRAN Package Check Results for Package LogConcDEAD

Last updated on 2015-05-29 21:46:42.

Flavor Version Tinstall Tcheck Ttotal Status Flags
r-devel-linux-x86_64-debian-clang 1.5-9 10.14 50.84 60.98 NOTE
r-devel-linux-x86_64-debian-gcc 1.5-9 9.82 50.64 60.46 NOTE
r-devel-linux-x86_64-fedora-clang 1.5-9 121.95 NOTE
r-devel-linux-x86_64-fedora-gcc 1.5-9 114.67 NOTE
r-devel-osx-x86_64-clang 1.5-9 117.41 NOTE
r-devel-windows-ix86+x86_64 1.5-9 45.00 100.00 145.00 NOTE
r-patched-linux-x86_64 1.5-9 9.96 50.22 60.18 NOTE
r-patched-solaris-sparc 1.5-9 332.30 NOTE --no-vignettes
r-patched-solaris-x86 1.5-9 145.20 NOTE
r-release-linux-x86_64 1.5-9 9.82 50.98 60.80 NOTE
r-release-osx-x86_64-mavericks 1.5-9 NOTE
r-release-osx-x86_64-snowleopard 1.5-9 NOTE
r-release-windows-ix86+x86_64 1.5-9 44.00 100.00 144.00 NOTE
r-oldrel-windows-ix86+x86_64 1.5-9 42.00 103.00 145.00 NOTE

Check Details

Version: 1.5-9
Check: dependencies in R code
Result: NOTE
    'library' or 'require' calls in package code:
     ‘mclust’ ‘rgl’ ‘tkrplot’
     Please use :: or requireNamespace() instead.
     See section 'Suggested packages' in the 'Writing R Extensions' manual.
Flavors: r-devel-linux-x86_64-debian-clang, r-devel-linux-x86_64-debian-gcc, r-devel-linux-x86_64-fedora-clang, r-devel-linux-x86_64-fedora-gcc, r-devel-osx-x86_64-clang, r-devel-windows-ix86+x86_64, r-patched-linux-x86_64, r-patched-solaris-x86, r-release-linux-x86_64, r-release-osx-x86_64-mavericks, r-release-osx-x86_64-snowleopard, r-release-windows-ix86+x86_64, r-oldrel-windows-ix86+x86_64

Version: 1.5-9
Check: R code for possible problems
Result: NOTE
    EMmixlcd: no visible global function definition for ‘hc’
    EMmixlcd: no visible global function definition for ‘hclass’
    interactive2D: no visible global function definition for ‘tktoplevel’
    interactive2D: no visible global function definition for ‘tclVar’
    interactive2D : plotdens: no visible global function definition for
     ‘tclvalue’
    interactive2D: no visible global function definition for ‘tkrplot’
    interactive2D : densplot: no visible global function definition for
     ‘tkrreplot’
    interactive2D: no visible global function definition for ‘tkscale’
    interactive2D: no visible global function definition for ‘tklabel’
    interactive2D: no visible global function definition for ‘tkpack’
    plot.LogConcDEAD: no visible global function definition for ‘open3d’
    plot.LogConcDEAD: no visible global function definition for ‘par3d’
    plot.LogConcDEAD: no visible global function definition for ‘surface3d’
    plot.LogConcDEAD: no visible global function definition for
     ‘decorate3d’
    plot.LogConcDEAD: no visible global function definition for
     ‘rgl.surface’
    plot.LogConcDEAD: no visible global function definition for ‘plot3d’
Flavors: r-devel-linux-x86_64-debian-clang, r-devel-linux-x86_64-debian-gcc, r-devel-linux-x86_64-fedora-clang, r-devel-linux-x86_64-fedora-gcc, r-devel-osx-x86_64-clang, r-devel-windows-ix86+x86_64, r-patched-linux-x86_64, r-patched-solaris-x86, r-release-linux-x86_64, r-release-osx-x86_64-mavericks, r-release-osx-x86_64-snowleopard, r-release-windows-ix86+x86_64, r-oldrel-windows-ix86+x86_64

Version: 1.5-9
Flags: --no-vignettes
Check: dependencies in R code
Result: NOTE
    'library' or 'require' calls in package code:
     ‘mclust’ ‘rgl’ ‘tkrplot’
     Please use :: or requireNamespace() instead.
     See section 'Suggested packages' in the 'Writing R Extensions' manual.
Flavor: r-patched-solaris-sparc

Version: 1.5-9
Flags: --no-vignettes
Check: R code for possible problems
Result: NOTE
    EMmixlcd: no visible global function definition for ‘hc’
    EMmixlcd: no visible global function definition for ‘hclass’
    interactive2D: no visible global function definition for ‘tktoplevel’
    interactive2D: no visible global function definition for ‘tclVar’
    interactive2D : plotdens: no visible global function definition for
     ‘tclvalue’
    interactive2D: no visible global function definition for ‘tkrplot’
    interactive2D : densplot: no visible global function definition for
     ‘tkrreplot’
    interactive2D: no visible global function definition for ‘tkscale’
    interactive2D: no visible global function definition for ‘tklabel’
    interactive2D: no visible global function definition for ‘tkpack’
    plot.LogConcDEAD: no visible global function definition for ‘open3d’
    plot.LogConcDEAD: no visible global function definition for ‘par3d’
    plot.LogConcDEAD: no visible global function definition for ‘surface3d’
    plot.LogConcDEAD: no visible global function definition for
     ‘decorate3d’
    plot.LogConcDEAD: no visible global function definition for
     ‘rgl.surface’
    plot.LogConcDEAD: no visible global function definition for ‘plot3d’
Flavor: r-patched-solaris-sparc