CRAN Package Check Results for Package LogConcDEAD

Last updated on 2015-04-19 23:49:18.

Flavor Version Tinstall Tcheck Ttotal Status Flags
r-devel-linux-x86_64-debian-clang 1.5-9 8.27 51.52 59.79 NOTE
r-devel-linux-x86_64-debian-gcc 1.5-9 9.82 50.88 60.70 NOTE
r-devel-linux-x86_64-fedora-clang 1.5-9 119.05 NOTE
r-devel-linux-x86_64-fedora-gcc 1.5-9 124.34 NOTE
r-devel-osx-x86_64-clang 1.5-9 116.30 NOTE
r-devel-windows-ix86+x86_64 1.5-9 54.00 120.00 174.00 NOTE
r-patched-linux-x86_64 1.5-9 9.84 51.48 61.32 NOTE
r-patched-solaris-sparc 1.5-9 330.40 NOTE --no-vignettes
r-patched-solaris-x86 1.5-9 144.20 NOTE
r-release-linux-x86_64 1.5-9 9.77 50.14 59.91 NOTE
r-release-osx-x86_64-mavericks 1.5-9 ERROR
r-release-osx-x86_64-snowleopard 1.5-9 NOTE
r-release-windows-ix86+x86_64 1.5-9 34.00 90.00 124.00 NOTE
r-oldrel-windows-ix86+x86_64 1.5-9 36.00 88.00 124.00 NOTE

Check Details

Version: 1.5-9
Check: dependencies in R code
Result: NOTE
    'library' or 'require' calls in package code:
     ‘mclust’ ‘rgl’ ‘tkrplot’
     Please use :: or requireNamespace() instead.
     See section 'Suggested packages' in the 'Writing R Extensions' manual.
Flavors: r-devel-linux-x86_64-debian-clang, r-devel-linux-x86_64-debian-gcc, r-devel-linux-x86_64-fedora-clang, r-devel-linux-x86_64-fedora-gcc, r-devel-osx-x86_64-clang, r-devel-windows-ix86+x86_64, r-patched-linux-x86_64, r-patched-solaris-x86, r-release-linux-x86_64, r-release-osx-x86_64-mavericks, r-release-osx-x86_64-snowleopard, r-release-windows-ix86+x86_64, r-oldrel-windows-ix86+x86_64

Version: 1.5-9
Check: R code for possible problems
Result: NOTE
    EMmixlcd: no visible global function definition for ‘hc’
    EMmixlcd: no visible global function definition for ‘hclass’
    interactive2D: no visible global function definition for ‘tktoplevel’
    interactive2D: no visible global function definition for ‘tclVar’
    interactive2D : plotdens: no visible global function definition for
     ‘tclvalue’
    interactive2D: no visible global function definition for ‘tkrplot’
    interactive2D : densplot: no visible global function definition for
     ‘tkrreplot’
    interactive2D: no visible global function definition for ‘tkscale’
    interactive2D: no visible global function definition for ‘tklabel’
    interactive2D: no visible global function definition for ‘tkpack’
    plot.LogConcDEAD: no visible global function definition for ‘open3d’
    plot.LogConcDEAD: no visible global function definition for ‘par3d’
    plot.LogConcDEAD: no visible global function definition for ‘surface3d’
    plot.LogConcDEAD: no visible global function definition for
     ‘decorate3d’
    plot.LogConcDEAD: no visible global function definition for
     ‘rgl.surface’
    plot.LogConcDEAD: no visible global function definition for ‘plot3d’
Flavors: r-devel-linux-x86_64-debian-clang, r-devel-linux-x86_64-debian-gcc, r-devel-linux-x86_64-fedora-clang, r-devel-linux-x86_64-fedora-gcc, r-devel-osx-x86_64-clang, r-devel-windows-ix86+x86_64, r-patched-linux-x86_64, r-patched-solaris-x86, r-release-linux-x86_64, r-release-osx-x86_64-mavericks, r-release-osx-x86_64-snowleopard, r-release-windows-ix86+x86_64, r-oldrel-windows-ix86+x86_64

Version: 1.5-9
Flags: --no-vignettes
Check: dependencies in R code
Result: NOTE
    'library' or 'require' calls in package code:
     ‘mclust’ ‘rgl’ ‘tkrplot’
     Please use :: or requireNamespace() instead.
     See section 'Suggested packages' in the 'Writing R Extensions' manual.
Flavor: r-patched-solaris-sparc

Version: 1.5-9
Flags: --no-vignettes
Check: R code for possible problems
Result: NOTE
    EMmixlcd: no visible global function definition for ‘hc’
    EMmixlcd: no visible global function definition for ‘hclass’
    interactive2D: no visible global function definition for ‘tktoplevel’
    interactive2D: no visible global function definition for ‘tclVar’
    interactive2D : plotdens: no visible global function definition for
     ‘tclvalue’
    interactive2D: no visible global function definition for ‘tkrplot’
    interactive2D : densplot: no visible global function definition for
     ‘tkrreplot’
    interactive2D: no visible global function definition for ‘tkscale’
    interactive2D: no visible global function definition for ‘tklabel’
    interactive2D: no visible global function definition for ‘tkpack’
    plot.LogConcDEAD: no visible global function definition for ‘open3d’
    plot.LogConcDEAD: no visible global function definition for ‘par3d’
    plot.LogConcDEAD: no visible global function definition for ‘surface3d’
    plot.LogConcDEAD: no visible global function definition for
     ‘decorate3d’
    plot.LogConcDEAD: no visible global function definition for
     ‘rgl.surface’
    plot.LogConcDEAD: no visible global function definition for ‘plot3d’
Flavor: r-patched-solaris-sparc

Version: 1.5-9
Check: package dependencies
Result: NOTE
    Package suggested but not available for checking: ‘logcondens’
Flavor: r-release-osx-x86_64-mavericks

Version: 1.5-9
Check: Rd cross-references
Result: NOTE
    Package unavailable to check Rd xrefs: ‘logcondens’
Flavor: r-release-osx-x86_64-mavericks

Version: 1.5-9
Check: running R code from vignettes
Result: ERROR
    Errors in running code in vignettes:
    when running code in ‘LogConcDEAD.Rnw’
     ...
    
    > n <- 100
    
    > x <- sort(rgamma(n, shape = 2))
    
    > out1 <- activeSetLogCon(x)
    
     When sourcing ‘LogConcDEAD.R’:
    Error: could not find function "activeSetLogCon"
    Execution halted
Flavor: r-release-osx-x86_64-mavericks

Version: 1.5-9
Check: re-building of vignette outputs
Result: NOTE
    Error in re-building vignettes:
     ...
    Loading required package: LogConcDEAD
    Loading required package: MASS
    Loading required package: mvtnorm
    Loading required package: logcondens
    Warning in library(package, lib.loc = lib.loc, character.only = TRUE, logical.return = TRUE, :
     there is no package called ‘logcondens’
    
    Error: processing vignette 'LogConcDEAD.Rnw' failed with diagnostics:
     chunk 4
    Error in eval(expr, envir, enclos) :
     could not find function "activeSetLogCon"
    Execution halted
Flavor: r-release-osx-x86_64-mavericks