CRAN Package Check Results for Package LogConcDEAD

Last updated on 2014-04-25 05:47:18.

Flavor Version Tinstall Tcheck Ttotal Status Flags
r-devel-linux-x86_64-debian-clang 1.5-8 6.85 57.52 64.37 OK
r-devel-linux-x86_64-debian-gcc 1.5-8 9.82 55.45 65.26 OK
r-devel-linux-x86_64-fedora-clang 1.5-8 134.55 OK
r-devel-linux-x86_64-fedora-gcc 1.5-8 134.44 OK
r-devel-osx-x86_64-clang 1.5-8 111.04 OK
r-devel-osx-x86_64-gcc 1.5-8 OK
r-devel-windows-ix86+x86_64 1.5-8 39.00 86.00 125.00 OK
r-patched-linux-x86_64 1.5-8 9.78 56.44 66.22 OK
r-patched-solaris-sparc 1.5-8 330.20 OK --no-vignettes
r-patched-solaris-x86 1.5-8 155.00 OK
r-release-linux-ix86 1.5-8 17.00 91.00 108.00 OK
r-release-linux-x86_64 1.5-8 10.24 57.02 67.26 OK
r-release-osx-x86_64-mavericks 1.5-8 WARN
r-release-osx-x86_64-snowleopard 1.5-8 NOTE
r-release-windows-ix86+x86_64 1.5-8 41.00 99.00 140.00 OK
r-oldrel-windows-ix86+x86_64 1.5-8 42.00 96.00 138.00 OK

Check Details

Version: 1.5-8
Check: re-building of vignette outputs
Result: NOTE
    Error in re-building vignettes:
     ...
    Loading required package: LogConcDEAD
    Loading required package: MASS
    Loading required package: mvtnorm
    Loading required package: logcondens
    Error in texi2dvi(file = file, pdf = TRUE, clean = clean, quiet = quiet, :
     Running 'texi2dvi' on 'LogConcDEAD.tex' failed.
    LaTeX errors:
    ! LaTeX Error: File `subfigure.sty' not found.
    
    Type X to quit or <RETURN> to proceed,
    or enter new name. (Default extension: sty)
    
    vign_test/LogConcDEAD/vignettes/LogConcDEAD.tex:4: ==> Fatal error occurred, n
    o output PDF file produced!
    Calls: buildVignettes -> texi2pdf -> texi2dvi
    Execution halted
Flavor: r-release-osx-x86_64-mavericks

Version: 1.5-8
Check: PDF version of manual
Result: WARNING
    LaTeX errors when creating PDF version.
    This typically indicates Rd problems.
    LaTeX errors found:
    ! LaTeX Error: File `upquote.sty' not found.
    
    Type X to quit or <RETURN> to proceed,
    or enter new name. (Default extension: sty)
    
    1ff70e6d/Rd2.tex:8: ==> Fatal error occurred, no output PDF file produced!
Flavor: r-release-osx-x86_64-mavericks

Version: 1.5-8
Check: re-building of vignette outputs
Result: NOTE
    Error in re-building vignettes:
     ...
    Loading required package: LogConcDEAD
    Loading required package: MASS
    Loading required package: mvtnorm
    Loading required package: logcondens
    Error in texi2dvi(file = file, pdf = TRUE, clean = clean, quiet = quiet, :
     Running 'texi2dvi' on 'LogConcDEAD.tex' failed.
    LaTeX errors:
    ! LaTeX Error: File `subfigure.sty' not found.
    
    Type X to quit or <RETURN> to proceed,
    or enter new name. (Default extension: sty)
    Calls: buildVignettes -> texi2pdf -> texi2dvi
    Execution halted
Flavor: r-release-osx-x86_64-snowleopard