CRAN Package Check Results for Package LogConcDEAD

Last updated on 2014-07-24 22:48:38.

Flavor Version Tinstall Tcheck Ttotal Status Flags
r-devel-linux-x86_64-debian-clang 1.5-9 6.81 52.57 59.38 OK
r-devel-linux-x86_64-debian-gcc 1.5-9 9.93 52.79 62.72 OK
r-devel-linux-x86_64-fedora-clang 1.5-9 134.71 OK
r-devel-linux-x86_64-fedora-gcc 1.5-9 136.06 OK
r-devel-osx-x86_64-clang 1.5-9 113.26 OK
r-devel-windows-ix86+x86_64 1.5-9 41.00 98.00 139.00 OK
r-patched-linux-x86_64 1.5-9 9.82 53.57 63.39 OK
r-patched-solaris-sparc 1.5-9 317.10 OK --no-vignettes
r-patched-solaris-x86 1.5-9 164.50 OK
r-release-linux-ix86 1.5-9 13.31 71.33 84.64 OK
r-release-linux-x86_64 1.5-9 10.57 54.87 65.44 OK
r-release-osx-x86_64-mavericks 1.5-9 NOTE
r-release-osx-x86_64-snowleopard 1.5-9 OK
r-release-windows-ix86+x86_64 1.5-9 41.00 100.00 141.00 OK
r-oldrel-windows-ix86+x86_64 1.5-9 42.00 93.00 135.00 OK

Check Details

Version: 1.5-9
Check: re-building of vignette outputs
Result: NOTE
    Error in re-building vignettes:
     ...
    Loading required package: LogConcDEAD
    Loading required package: MASS
    Loading required package: mvtnorm
    Loading required package: logcondens
    Error in texi2dvi(file = file, pdf = TRUE, clean = clean, quiet = quiet, :
     Running 'texi2dvi' on 'LogConcDEAD.tex' failed.
    LaTeX errors:
    ! LaTeX Error: File `subfigure.sty' not found.
    
    Type X to quit or <RETURN> to proceed,
    or enter new name. (Default extension: sty)
    
    vign_test/LogConcDEAD/vignettes/LogConcDEAD.tex:4: ==> Fatal error occurred, n
    o output PDF file produced!
    Calls: buildVignettes -> texi2pdf -> texi2dvi
    Execution halted
Flavor: r-release-osx-x86_64-mavericks