CRAN Package Check Results for Package LogConcDEAD

Last updated on 2015-03-05 03:48:02.

Flavor Version Tinstall Tcheck Ttotal Status Flags
r-devel-linux-x86_64-debian-clang 1.5-9 7.50 51.78 59.28 NOTE
r-devel-linux-x86_64-debian-gcc 1.5-9 9.95 49.98 59.93 NOTE
r-devel-linux-x86_64-fedora-clang 1.5-9 118.30 NOTE
r-devel-linux-x86_64-fedora-gcc 1.5-9 114.79 NOTE
r-devel-osx-x86_64-clang 1.5-9 113.31 NOTE
r-devel-windows-ix86+x86_64 1.5-9 41.00 104.00 145.00 NOTE
r-patched-linux-x86_64 1.5-9 9.89 54.60 64.49 NOTE
r-patched-solaris-sparc 1.5-9 380.50 NOTE --no-vignettes
r-patched-solaris-x86 1.5-9 154.40 NOTE
r-release-linux-ix86 1.5-9 12.68 70.36 83.05 NOTE
r-release-linux-x86_64 1.5-9 9.90 54.14 64.04 NOTE
r-release-osx-x86_64-mavericks 1.5-9 NOTE
r-release-osx-x86_64-snowleopard 1.5-9 OK
r-release-windows-ix86+x86_64 1.5-9 41.00 104.00 145.00 NOTE
r-oldrel-windows-ix86+x86_64 1.5-9 41.00 102.00 143.00 OK

Check Details

Version: 1.5-9
Check: dependencies in R code
Result: NOTE
    'library' or 'require' calls in package code:
     ‘mclust’ ‘rgl’ ‘tkrplot’
     Please use :: or requireNamespace() instead.
     See section 'Suggested packages' in the 'Writing R Extensions' manual.
Flavors: r-devel-linux-x86_64-debian-clang, r-devel-linux-x86_64-debian-gcc, r-devel-linux-x86_64-fedora-clang, r-devel-linux-x86_64-fedora-gcc, r-devel-osx-x86_64-clang, r-devel-windows-ix86+x86_64, r-patched-linux-x86_64, r-patched-solaris-x86

Version: 1.5-9
Check: R code for possible problems
Result: NOTE
    EMmixlcd: no visible global function definition for ‘hc’
    EMmixlcd: no visible global function definition for ‘hclass’
    interactive2D: no visible global function definition for ‘tktoplevel’
    interactive2D: no visible global function definition for ‘tclVar’
    interactive2D : plotdens: no visible global function definition for
     ‘tclvalue’
    interactive2D: no visible global function definition for ‘tkrplot’
    interactive2D : densplot: no visible global function definition for
     ‘tkrreplot’
    interactive2D: no visible global function definition for ‘tkscale’
    interactive2D: no visible global function definition for ‘tklabel’
    interactive2D: no visible global function definition for ‘tkpack’
    plot.LogConcDEAD: no visible global function definition for ‘open3d’
    plot.LogConcDEAD: no visible global function definition for ‘par3d’
    plot.LogConcDEAD: no visible global function definition for ‘surface3d’
    plot.LogConcDEAD: no visible global function definition for
     ‘decorate3d’
    plot.LogConcDEAD: no visible global function definition for
     ‘rgl.surface’
    plot.LogConcDEAD: no visible global function definition for ‘plot3d’
Flavors: r-devel-linux-x86_64-debian-clang, r-devel-linux-x86_64-debian-gcc, r-devel-linux-x86_64-fedora-clang, r-devel-linux-x86_64-fedora-gcc, r-devel-osx-x86_64-clang, r-devel-windows-ix86+x86_64, r-patched-linux-x86_64, r-patched-solaris-x86, r-release-linux-ix86, r-release-linux-x86_64, r-release-osx-x86_64-mavericks, r-release-windows-ix86+x86_64

Version: 1.5-9
Flags: --no-vignettes
Check: dependencies in R code
Result: NOTE
    'library' or 'require' calls in package code:
     ‘mclust’ ‘rgl’ ‘tkrplot’
     Please use :: or requireNamespace() instead.
     See section 'Suggested packages' in the 'Writing R Extensions' manual.
Flavor: r-patched-solaris-sparc

Version: 1.5-9
Flags: --no-vignettes
Check: R code for possible problems
Result: NOTE
    EMmixlcd: no visible global function definition for ‘hc’
    EMmixlcd: no visible global function definition for ‘hclass’
    interactive2D: no visible global function definition for ‘tktoplevel’
    interactive2D: no visible global function definition for ‘tclVar’
    interactive2D : plotdens: no visible global function definition for
     ‘tclvalue’
    interactive2D: no visible global function definition for ‘tkrplot’
    interactive2D : densplot: no visible global function definition for
     ‘tkrreplot’
    interactive2D: no visible global function definition for ‘tkscale’
    interactive2D: no visible global function definition for ‘tklabel’
    interactive2D: no visible global function definition for ‘tkpack’
    plot.LogConcDEAD: no visible global function definition for ‘open3d’
    plot.LogConcDEAD: no visible global function definition for ‘par3d’
    plot.LogConcDEAD: no visible global function definition for ‘surface3d’
    plot.LogConcDEAD: no visible global function definition for
     ‘decorate3d’
    plot.LogConcDEAD: no visible global function definition for
     ‘rgl.surface’
    plot.LogConcDEAD: no visible global function definition for ‘plot3d’
Flavor: r-patched-solaris-sparc