CRAN Package Check Results for Package LogConcDEAD

Last updated on 2014-08-21 19:48:49.

Flavor Version Tinstall Tcheck Ttotal Status Flags
r-devel-linux-x86_64-debian-clang 1.5-9 6.95 51.40 58.35 OK
r-devel-linux-x86_64-debian-gcc 1.5-9 10.00 51.71 61.70 OK
r-devel-linux-x86_64-fedora-clang 1.5-9 135.13 NOTE
r-devel-linux-x86_64-fedora-gcc 1.5-9 131.98 NOTE
r-devel-osx-x86_64-clang 1.5-9 108.13 NOTE
r-devel-windows-ix86+x86_64 1.5-9 38.00 90.00 128.00 OK
r-patched-linux-x86_64 1.5-9 10.54 52.54 63.08 OK
r-patched-solaris-sparc 1.5-9 338.50 OK --no-vignettes
r-patched-solaris-x86 1.5-9 162.70 OK
r-release-linux-ix86 1.5-9 13.39 71.33 84.72 OK
r-release-linux-x86_64 1.5-9 9.81 52.98 62.79 OK
r-release-osx-x86_64-mavericks 1.5-9 NOTE
r-release-osx-x86_64-snowleopard 1.5-9 OK
r-release-windows-ix86+x86_64 1.5-9 39.00 102.00 141.00 OK
r-oldrel-windows-ix86+x86_64 1.5-9 41.00 91.00 132.00 OK

Check Details

Version: 1.5-9
Check: R code for possible problems
Result: NOTE
    EMmixlcd: no visible global function definition for ‘hc’
    EMmixlcd: no visible global function definition for ‘hclass’
    interactive2D: no visible global function definition for ‘tktoplevel’
    interactive2D: no visible global function definition for ‘tclVar’
    interactive2D : plotdens: no visible global function definition for
     ‘tclvalue’
    interactive2D: no visible global function definition for ‘tkrplot’
    interactive2D : densplot: no visible global function definition for
     ‘tkrreplot’
    interactive2D: no visible global function definition for ‘tkscale’
    interactive2D: no visible global function definition for ‘tklabel’
    interactive2D: no visible global function definition for ‘tkpack’
    plot.LogConcDEAD: no visible global function definition for ‘open3d’
    plot.LogConcDEAD: no visible global function definition for ‘par3d’
    plot.LogConcDEAD: no visible global function definition for ‘surface3d’
    plot.LogConcDEAD: no visible global function definition for
     ‘decorate3d’
    plot.LogConcDEAD: no visible global function definition for
     ‘rgl.surface’
    plot.LogConcDEAD: no visible global function definition for ‘plot3d’
Flavors: r-devel-linux-x86_64-fedora-clang, r-devel-linux-x86_64-fedora-gcc, r-devel-osx-x86_64-clang

Version: 1.5-9
Check: re-building of vignette outputs
Result: NOTE
    Error in re-building vignettes:
     ...
    Loading required package: LogConcDEAD
    Loading required package: MASS
    Loading required package: mvtnorm
    Loading required package: logcondens
    Error in texi2dvi(file = file, pdf = TRUE, clean = clean, quiet = quiet, :
     Running 'texi2dvi' on 'LogConcDEAD.tex' failed.
    LaTeX errors:
    ! LaTeX Error: File `subfigure.sty' not found.
    
    Type X to quit or <RETURN> to proceed,
    or enter new name. (Default extension: sty)
    
    vign_test/LogConcDEAD/vignettes/LogConcDEAD.tex:4: ==> Fatal error occurred, n
    o output PDF file produced!
    Calls: buildVignettes -> texi2pdf -> texi2dvi
    Execution halted
Flavor: r-release-osx-x86_64-mavericks