CRAN Package Check Results for Package LogicForest

Last updated on 2015-01-31 11:51:49.

Flavor Version Tinstall Tcheck Ttotal Status Flags
r-devel-linux-x86_64-debian-clang 2.1.0 1.02 29.12 30.14 NOTE
r-devel-linux-x86_64-debian-gcc 2.1.0 0.97 28.94 29.90 NOTE
r-devel-linux-x86_64-fedora-clang 2.1.0 64.13 NOTE
r-devel-linux-x86_64-fedora-gcc 2.1.0 61.97 NOTE
r-devel-osx-x86_64-clang 2.1.0 65.35 NOTE
r-devel-windows-ix86+x86_64 2.1.0 8.00 46.00 54.00 OK
r-patched-linux-x86_64 2.1.0 1.17 34.46 35.63 OK
r-patched-solaris-sparc 2.1.0 425.40 OK
r-patched-solaris-x86 2.1.0 86.20 OK
r-release-linux-ix86 2.1.0 1.74 41.62 43.36 OK
r-release-linux-x86_64 2.1.0 1.25 34.37 35.62 OK
r-release-osx-x86_64-mavericks 2.1.0 OK
r-release-osx-x86_64-snowleopard 2.1.0 OK
r-release-windows-ix86+x86_64 2.1.0 7.00 58.00 65.00 OK
r-oldrel-windows-ix86+x86_64 2.1.0 6.00 58.00 64.00 OK

Check Details

Version: 2.1.0
Check: S3 generic/method consistency
Result: NOTE
    Found the following apparent S3 methods exported but not registered:
     print.LBoost print.LFprediction print.logforest predict.LBoost
     predict.logforest
    See section ‘Registering S3 methods’ in the ‘Writing R Extensions’
    manual.
Flavors: r-devel-linux-x86_64-debian-clang, r-devel-linux-x86_64-debian-gcc, r-devel-linux-x86_64-fedora-clang, r-devel-linux-x86_64-fedora-gcc, r-devel-osx-x86_64-clang