CRAN Package Check Results for Package LogicForest

Last updated on 2015-02-27 16:47:51.

Flavor Version Tinstall Tcheck Ttotal Status Flags
r-devel-linux-x86_64-debian-clang 2.1.0 1.01 29.62 30.63 NOTE
r-devel-linux-x86_64-debian-gcc 2.1.0 0.96 29.55 30.51 NOTE
r-devel-linux-x86_64-fedora-clang 2.1.0 60.02 NOTE
r-devel-linux-x86_64-fedora-gcc 2.1.0 51.60 NOTE
r-devel-osx-x86_64-clang 2.1.0 60.45 NOTE
r-devel-windows-ix86+x86_64 2.1.0 5.00 46.00 51.00 OK
r-patched-linux-x86_64 2.1.0 1.29 34.15 35.44 OK
r-patched-solaris-sparc 2.1.0 425.40 OK
r-patched-solaris-x86 OK
r-release-linux-ix86 2.1.0 1.74 42.79 44.53 OK
r-release-linux-x86_64 2.1.0 1.45 34.75 36.20 OK
r-release-osx-x86_64-mavericks 2.1.0 OK
r-release-osx-x86_64-snowleopard 2.1.0 OK
r-release-windows-ix86+x86_64 2.1.0 5.00 53.00 58.00 OK
r-oldrel-windows-ix86+x86_64 2.1.0 6.00 62.00 68.00 OK

Check Details

Version: 2.1.0
Check: S3 generic/method consistency
Result: NOTE
    Found the following apparent S3 methods exported but not registered:
     predict.LBoost predict.logforest print.LBoost print.LFprediction
     print.logforest
    See section ‘Registering S3 methods’ in the ‘Writing R Extensions’
    manual.
Flavors: r-devel-linux-x86_64-debian-clang, r-devel-linux-x86_64-debian-gcc, r-devel-linux-x86_64-fedora-clang, r-devel-linux-x86_64-fedora-gcc, r-devel-osx-x86_64-clang