CRAN Package Check Results for Package LogicForest

Last updated on 2015-07-05 17:47:33.

Flavor Version Tinstall Tcheck Ttotal Status Flags
r-devel-linux-x86_64-debian-clang 2.1.0 0.97 33.49 34.46 NOTE
r-devel-linux-x86_64-debian-gcc 2.1.0 0.91 30.11 31.02 NOTE
r-devel-linux-x86_64-fedora-clang 2.1.0 60.46 NOTE
r-devel-linux-x86_64-fedora-gcc 2.1.0 55.53 NOTE
r-devel-osx-x86_64-clang 2.1.0 57.87 NOTE
r-devel-windows-ix86+x86_64 2.1.0 5.00 51.00 56.00 NOTE
r-patched-linux-x86_64 2.1.0 0.96 29.36 30.32 NOTE
r-patched-solaris-sparc 2.1.0 375.00 NOTE
r-patched-solaris-x86 2.1.0 79.80 NOTE
r-release-linux-x86_64 2.1.0 0.96 29.45 30.41 NOTE
r-release-osx-x86_64-mavericks 2.1.0 OK
r-release-windows-ix86+x86_64 2.1.0 6.00 70.00 76.00 OK
r-oldrel-windows-ix86+x86_64 2.1.0 10.00 60.00 70.00 OK

Check Details

Version: 2.1.0
Check: S3 generic/method consistency
Result: NOTE
    Found the following apparent S3 methods exported but not registered:
     predict.LBoost predict.logforest print.LBoost print.LFprediction
     print.logforest
    See section ‘Registering S3 methods’ in the ‘Writing R Extensions’
    manual.
Flavors: r-devel-linux-x86_64-debian-clang, r-devel-linux-x86_64-debian-gcc, r-devel-linux-x86_64-fedora-clang, r-devel-linux-x86_64-fedora-gcc, r-devel-osx-x86_64-clang, r-patched-linux-x86_64, r-patched-solaris-sparc, r-patched-solaris-x86, r-release-linux-x86_64

Version: 2.1.0
Check: R code for possible problems
Result: NOTE
    BoostVimp.plot: no visible global function definition for ‘par’
    BoostVimp.plot: no visible global function definition for ‘plot’
    BoostVimp.plot: no visible global function definition for ‘segments’
    BoostVimp.plot: no visible global function definition for ‘axis’
    BoostVimp.plot: no visible global function definition for ‘plot.new’
    TTab: no visible global function definition for ‘is’
    ada.pred: no visible global function definition for ‘predict’
    ada.weights: no visible global function definition for ‘predict’
    persistence.plot: no visible global function definition for ‘par’
    persistence.plot: no visible global function definition for ‘text’
    persistence.plot: no visible global function definition for ‘segments’
    persistence.plot: no visible global function definition for ‘legend’
    predict.LBoost: no visible global function definition for ‘predict’
    submatch.plot: no visible global function definition for ‘colors’
    submatch.plot: no visible global function definition for ‘layout’
    submatch.plot: no visible global function definition for ‘par’
    submatch.plot: no visible global function definition for ‘symbols’
    submatch.plot: no visible global function definition for ‘abline’
    submatch.plot: no visible global function definition for ‘axis’
    submatch.plot: no visible global function definition for ‘barplot’
    vimp.plot: no visible global function definition for ‘par’
    vimp.plot: no visible global function definition for ‘plot’
    vimp.plot: no visible global function definition for ‘segments’
    vimp.plot: no visible global function definition for ‘axis’
    Undefined global functions or variables:
     abline axis barplot colors is layout legend par plot plot.new predict
     segments symbols text
Flavors: r-devel-linux-x86_64-debian-clang, r-devel-linux-x86_64-debian-gcc, r-devel-linux-x86_64-fedora-clang, r-devel-linux-x86_64-fedora-gcc, r-devel-windows-ix86+x86_64