CRAN Package Check Results for Package LogicForest

Last updated on 2015-08-28 03:48:25.

Flavor Version Tinstall Tcheck Ttotal Status Flags
r-devel-linux-x86_64-debian-clang 2.1.0 0.92 29.94 30.86 NOTE
r-devel-linux-x86_64-debian-gcc 2.1.0 0.94 28.65 29.58 NOTE
r-devel-linux-x86_64-fedora-clang 2.1.0 61.69 NOTE
r-devel-linux-x86_64-fedora-gcc 2.1.0 56.90 NOTE
r-devel-osx-x86_64-clang 2.1.0 55.36 NOTE
r-devel-windows-ix86+x86_64 2.1.0 9.00 71.00 80.00 NOTE
r-patched-linux-x86_64 2.1.0 0.96 30.11 31.07 NOTE
r-patched-solaris-sparc 2.1.0 394.60 NOTE
r-patched-solaris-x86 2.1.0 79.50 NOTE
r-release-linux-x86_64 2.1.0 1.11 30.20 31.31 NOTE
r-release-osx-x86_64-mavericks 2.1.0 OK
r-release-windows-ix86+x86_64 2.1.0 6.00 53.00 59.00 OK
r-oldrel-windows-ix86+x86_64 2.1.0 10.00 61.00 71.00 OK

Check Details

Version: 2.1.0
Check: S3 generic/method consistency
Result: NOTE
    Found the following apparent S3 methods exported but not registered:
     predict.LBoost predict.logforest print.LBoost print.LFprediction
     print.logforest
    See section ‘Registering S3 methods’ in the ‘Writing R Extensions’
    manual.
Flavors: r-devel-linux-x86_64-debian-clang, r-devel-linux-x86_64-debian-gcc, r-devel-linux-x86_64-fedora-clang, r-devel-linux-x86_64-fedora-gcc, r-devel-osx-x86_64-clang, r-patched-linux-x86_64, r-patched-solaris-sparc, r-patched-solaris-x86, r-release-linux-x86_64

Version: 2.1.0
Check: R code for possible problems
Result: NOTE
    BoostVimp.plot: no visible global function definition for ‘par’
    BoostVimp.plot: no visible global function definition for ‘plot’
    BoostVimp.plot: no visible global function definition for ‘segments’
    BoostVimp.plot: no visible global function definition for ‘axis’
    BoostVimp.plot: no visible global function definition for ‘plot.new’
    TTab: no visible global function definition for ‘is’
    ada.pred: no visible global function definition for ‘predict’
    ada.weights: no visible global function definition for ‘predict’
    persistence.plot: no visible global function definition for ‘par’
    persistence.plot: no visible global function definition for ‘text’
    persistence.plot: no visible global function definition for ‘segments’
    persistence.plot: no visible global function definition for ‘legend’
    predict.LBoost: no visible global function definition for ‘predict’
    submatch.plot: no visible global function definition for ‘colors’
    submatch.plot: no visible global function definition for ‘layout’
    submatch.plot: no visible global function definition for ‘par’
    submatch.plot: no visible global function definition for ‘symbols’
    submatch.plot: no visible global function definition for ‘abline’
    submatch.plot: no visible global function definition for ‘axis’
    submatch.plot: no visible global function definition for ‘barplot’
    vimp.plot: no visible global function definition for ‘par’
    vimp.plot: no visible global function definition for ‘plot’
    vimp.plot: no visible global function definition for ‘segments’
    vimp.plot: no visible global function definition for ‘axis’
    Undefined global functions or variables:
     abline axis barplot colors is layout legend par plot plot.new predict
     segments symbols text
    Consider adding
     importFrom("grDevices", "colors")
     importFrom("graphics", "abline", "axis", "barplot", "layout", "legend",
     "par", "plot", "plot.new", "segments", "symbols", "text")
     importFrom("methods", "is")
     importFrom("stats", "predict")
    to your NAMESPACE (and ensure that your DESCRIPTION Imports field
    contains 'methods').
Flavors: r-devel-linux-x86_64-debian-clang, r-devel-linux-x86_64-debian-gcc, r-devel-linux-x86_64-fedora-clang, r-devel-linux-x86_64-fedora-gcc, r-devel-windows-ix86+x86_64