CRAN Package Check Results for Package LogicForest

Last updated on 2015-04-01 15:47:54.

Flavor Version Tinstall Tcheck Ttotal Status Flags
r-devel-linux-x86_64-debian-clang 2.1.0 0.98 28.72 29.71 NOTE
r-devel-linux-x86_64-debian-gcc 2.1.0 0.96 29.08 30.04 NOTE
r-devel-linux-x86_64-fedora-clang 2.1.0 59.68 NOTE
r-devel-linux-x86_64-fedora-gcc 2.1.0 56.23 NOTE
r-devel-osx-x86_64-clang 2.1.0 62.45 NOTE
r-prerel-windows-ix86+x86_64 2.1.0 4.00 42.00 46.00 OK
r-prerel-linux-x86_64 2.1.0 0.96 28.70 29.66 NOTE
r-prerel-solaris-sparc 2.1.0 383.40 OK
r-prerel-solaris-x86 2.1.0 74.30 OK
r-release-linux-x86_64 2.1.0 1.27 33.39 34.66 OK
r-release-osx-x86_64-mavericks 2.1.0 OK
r-release-osx-x86_64-snowleopard 2.1.0 OK
r-release-windows-ix86+x86_64 2.1.0 6.00 54.00 60.00 OK
r-oldrel-windows-ix86+x86_64 2.1.0 6.00 54.00 60.00 OK

Check Details

Version: 2.1.0
Check: S3 generic/method consistency
Result: NOTE
    Found the following apparent S3 methods exported but not registered:
     predict.LBoost predict.logforest print.LBoost print.LFprediction
     print.logforest
    See section ‘Registering S3 methods’ in the ‘Writing R Extensions’
    manual.
Flavors: r-devel-linux-x86_64-debian-clang, r-devel-linux-x86_64-debian-gcc, r-devel-linux-x86_64-fedora-clang, r-devel-linux-x86_64-fedora-gcc, r-devel-osx-x86_64-clang, r-prerel-linux-x86_64