CRAN Package Check Results for Package LogicForest

Last updated on 2015-05-25 03:47:42.

Flavor Version Tinstall Tcheck Ttotal Status Flags
r-devel-linux-x86_64-debian-clang 2.1.0 0.96 28.90 29.86 NOTE
r-devel-linux-x86_64-debian-gcc 2.1.0 0.96 28.40 29.36 NOTE
r-devel-linux-x86_64-fedora-clang 2.1.0 61.51 NOTE
r-devel-linux-x86_64-fedora-gcc 2.1.0 55.53 NOTE
r-devel-osx-x86_64-clang 2.1.0 56.58 NOTE
r-devel-windows-ix86+x86_64 2.1.0 4.00 47.00 51.00 OK
r-patched-linux-x86_64 2.1.0 0.95 29.81 30.76 NOTE
r-patched-solaris-sparc 2.1.0 375.00 NOTE
r-patched-solaris-x86 2.1.0 75.30 NOTE
r-release-linux-x86_64 2.1.0 0.98 28.81 29.79 NOTE
r-release-osx-x86_64-mavericks 2.1.0 OK
r-release-osx-x86_64-snowleopard 2.1.0 OK
r-release-windows-ix86+x86_64 2.1.0 4.00 45.00 49.00 OK
r-oldrel-windows-ix86+x86_64 2.1.0 7.00 82.00 89.00 OK

Check Details

Version: 2.1.0
Check: S3 generic/method consistency
Result: NOTE
    Found the following apparent S3 methods exported but not registered:
     predict.LBoost predict.logforest print.LBoost print.LFprediction
     print.logforest
    See section ‘Registering S3 methods’ in the ‘Writing R Extensions’
    manual.
Flavors: r-devel-linux-x86_64-debian-clang, r-devel-linux-x86_64-debian-gcc, r-devel-linux-x86_64-fedora-clang, r-devel-linux-x86_64-fedora-gcc, r-devel-osx-x86_64-clang, r-patched-linux-x86_64, r-patched-solaris-sparc, r-patched-solaris-x86, r-release-linux-x86_64