CRAN Package Check Results for Package LogicReg

Last updated on 2018-05-24 09:49:45 CEST.

Flavor Version Tinstall Tcheck Ttotal Status Flags
r-devel-linux-x86_64-debian-clang 1.5.9 12.00 63.66 75.66 NOTE
r-devel-linux-x86_64-debian-gcc 1.5.9 10.44 55.98 66.42 NOTE
r-devel-linux-x86_64-fedora-clang 1.5.9 104.37 NOTE
r-devel-linux-x86_64-fedora-gcc 1.5.9 102.25 NOTE
r-devel-windows-ix86+x86_64 1.5.9 32.00 151.00 183.00 OK
r-patched-linux-x86_64 1.5.9 11.92 62.82 74.74 NOTE
r-patched-solaris-x86 1.5.9 140.10 OK
r-release-linux-x86_64 1.5.9 11.07 62.23 73.30 NOTE
r-release-windows-ix86+x86_64 1.5.9 38.00 108.00 146.00 OK
r-release-osx-x86_64 1.5.9 OK
r-oldrel-windows-ix86+x86_64 1.5.9 31.00 131.00 162.00 OK
r-oldrel-osx-x86_64 1.5.9 OK

Additional issues

valgrind

Check Details

Version: 1.5.9
Check: compiled code
Result: NOTE
    File ‘LogicReg/libs/LogicReg.so’:
     Found no calls to: ‘R_registerRoutines’, ‘R_useDynamicSymbols’
    
    It is good practice to register native routines and to disable symbol
    search.
    
    See ‘Writing portable packages’ in the ‘Writing R Extensions’ manual.
Flavors: r-devel-linux-x86_64-debian-clang, r-devel-linux-x86_64-debian-gcc, r-devel-linux-x86_64-fedora-clang, r-devel-linux-x86_64-fedora-gcc, r-patched-linux-x86_64, r-release-linux-x86_64