CRAN Package Check Results for Package LogicReg

Last updated on 2017-04-24 12:47:41.

Flavor Version Tinstall Tcheck Ttotal Status Flags
r-devel-linux-x86_64-debian-clang 1.5.9 8.51 44.22 52.73 NOTE
r-devel-linux-x86_64-debian-gcc 1.5.9 8.39 44.06 52.45 NOTE
r-devel-linux-x86_64-fedora-clang 1.5.9 102.92 NOTE --no-stop-on-test-error
r-devel-linux-x86_64-fedora-gcc 1.5.9 100.14 NOTE --no-stop-on-test-error
r-devel-windows-ix86+x86_64 1.5.9 45.00 116.00 161.00 OK
r-patched-linux-x86_64 1.5.9 7.86 43.20 51.06 NOTE
r-patched-solaris-sparc 1.5.9 657.30 OK
r-patched-solaris-x86 1.5.9 138.80 OK
r-release-linux-x86_64 1.5.9 8.15 42.65 50.80 NOTE
r-release-windows-ix86+x86_64 1.5.9 27.00 109.00 136.00 OK
r-release-osx-x86_64 1.5.9 OK
r-oldrel-windows-ix86+x86_64 1.5.9 25.00 89.00 114.00 OK
r-oldrel-osx-x86_64 1.5.9 OK

Memtest notes: valgrind

Check Details

Version: 1.5.9
Check: compiled code
Result: NOTE
    File ‘LogicReg/libs/LogicReg.so’:
     Found no calls to: ‘R_registerRoutines’, ‘R_useDynamicSymbols’
    
    It is good practice to register native routines and to disable symbol
    search.
    
    See ‘Writing portable packages’ in the ‘Writing R Extensions’ manual.
Flavors: r-devel-linux-x86_64-debian-clang, r-devel-linux-x86_64-debian-gcc, r-patched-linux-x86_64, r-release-linux-x86_64

Version: 1.5.9
Flags: --no-stop-on-test-error
Check: compiled code
Result: NOTE
    File ‘LogicReg/libs/LogicReg.so’:
     Found no calls to: ‘R_registerRoutines’, ‘R_useDynamicSymbols’
    
    It is good practice to register native routines and to disable symbol
    search.
    
    See ‘Writing portable packages’ in the ‘Writing R Extensions’ manual.
Flavors: r-devel-linux-x86_64-fedora-clang, r-devel-linux-x86_64-fedora-gcc