CRAN Package Check Results for Package LogicReg

Last updated on 2017-12-18 01:46:44 CET.

Flavor Version Tinstall Tcheck Ttotal Status Flags
r-devel-linux-x86_64-debian-clang 1.5.9 8.89 56.21 65.10 NOTE
r-devel-linux-x86_64-debian-gcc NOTE
r-devel-linux-x86_64-fedora-clang 1.5.9 91.47 NOTE
r-devel-linux-x86_64-fedora-gcc 1.5.9 89.81 NOTE
r-devel-windows-ix86+x86_64 1.5.9 32.00 108.00 140.00 OK
r-patched-linux-x86_64 1.5.9 9.12 65.21 74.33 NOTE
r-patched-solaris-x86 1.5.9 138.10 OK
r-release-linux-x86_64 1.5.9 9.35 66.29 75.64 NOTE
r-release-windows-ix86+x86_64 1.5.9 22.00 130.00 152.00 OK
r-release-osx-x86_64 1.5.9 OK
r-oldrel-windows-ix86+x86_64 1.5.9 32.00 113.00 145.00 OK
r-oldrel-osx-x86_64 1.5.9 OK

Additional issues

valgrind

Check Details

Version: 1.5.9
Check: compiled code
Result: NOTE
    File ‘LogicReg/libs/LogicReg.so’:
     Found no calls to: ‘R_registerRoutines’, ‘R_useDynamicSymbols’
    
    It is good practice to register native routines and to disable symbol
    search.
    
    See ‘Writing portable packages’ in the ‘Writing R Extensions’ manual.
Flavors: r-devel-linux-x86_64-debian-clang, r-devel-linux-x86_64-debian-gcc, r-devel-linux-x86_64-fedora-clang, r-devel-linux-x86_64-fedora-gcc, r-patched-linux-x86_64, r-release-linux-x86_64