CRAN Package Check Results for Package LogicReg

Last updated on 2014-04-25 05:47:18.

Flavor Version Tinstall Tcheck Ttotal Status Flags
r-devel-linux-x86_64-debian-clang 1.5.5 6.30 23.55 29.84 OK
r-devel-linux-x86_64-debian-gcc 1.5.5 6.30 23.24 29.54 OK
r-devel-linux-x86_64-fedora-clang 1.5.5 51.96 OK
r-devel-linux-x86_64-fedora-gcc 1.5.5 48.60 OK
r-devel-osx-x86_64-clang 1.5.5 48.21 OK
r-devel-osx-x86_64-gcc 1.5.5 OK
r-devel-windows-ix86+x86_64 1.5.5 19.00 45.00 64.00 OK
r-patched-linux-x86_64 1.5.5 6.24 23.41 29.65 OK
r-patched-solaris-sparc 1.5.5 346.30 OK
r-patched-solaris-x86 1.5.5 73.00 OK
r-release-linux-ix86 1.5.5 11.00 43.00 54.00 OK
r-release-linux-x86_64 1.5.5 6.26 24.62 30.88 OK
r-release-osx-x86_64-mavericks 1.5.5 WARN
r-release-osx-x86_64-snowleopard 1.5.5 OK
r-release-windows-ix86+x86_64 1.5.5 28.00 62.00 90.00 OK
r-oldrel-windows-ix86+x86_64 1.5.5 19.00 49.00 68.00 OK

Memtest notes: valgrind

Check Details

Version: 1.5.5
Check: PDF version of manual
Result: WARNING
    LaTeX errors when creating PDF version.
    This typically indicates Rd problems.
    LaTeX errors found:
    ! LaTeX Error: File `upquote.sty' not found.
    
    Type X to quit or <RETURN> to proceed,
    or enter new name. (Default extension: sty)
    
    21d58219/Rd2.tex:8: ==> Fatal error occurred, no output PDF file produced!
Flavor: r-release-osx-x86_64-mavericks