CRAN Package Check Results for Package LogicReg

Last updated on 2018-04-24 11:50:54 CEST.

Flavor Version Tinstall Tcheck Ttotal Status Flags
r-devel-linux-x86_64-debian-clang 1.5.9 10.99 63.24 74.23 NOTE
r-devel-linux-x86_64-debian-gcc 1.5.9 10.35 50.40 60.75 NOTE
r-devel-linux-x86_64-fedora-clang 1.5.9 96.76 NOTE
r-devel-linux-x86_64-fedora-gcc 1.5.9 92.73 NOTE
r-devel-windows-ix86+x86_64 1.5.9 44.00 110.00 154.00 OK
r-patched-linux-x86_64 1.5.9 11.80 62.77 74.57 NOTE
r-patched-solaris-x86 1.5.9 138.30 OK
r-release-linux-x86_64 1.5.9 10.56 62.48 73.04 NOTE
r-release-windows-ix86+x86_64 1.5.9 44.00 110.00 154.00 OK
r-release-osx-x86_64 1.5.9 OK
r-oldrel-windows-ix86+x86_64 1.5.9 23.00 130.00 153.00 OK
r-oldrel-osx-x86_64 1.5.9 OK

Additional issues

valgrind

Check Details

Version: 1.5.9
Check: compiled code
Result: NOTE
    File ‘LogicReg/libs/LogicReg.so’:
     Found no calls to: ‘R_registerRoutines’, ‘R_useDynamicSymbols’
    
    It is good practice to register native routines and to disable symbol
    search.
    
    See ‘Writing portable packages’ in the ‘Writing R Extensions’ manual.
Flavors: r-devel-linux-x86_64-debian-clang, r-devel-linux-x86_64-debian-gcc, r-devel-linux-x86_64-fedora-clang, r-devel-linux-x86_64-fedora-gcc, r-patched-linux-x86_64, r-release-linux-x86_64