CRAN Package Check Results for Package LogicReg

Last updated on 2017-11-21 21:53:07 CET.

Flavor Version Tinstall Tcheck Ttotal Status Flags
r-devel-linux-x86_64-debian-clang 1.5.9 6.61 37.97 44.58 NOTE
r-devel-linux-x86_64-debian-gcc 1.5.9 8.15 85.31 93.46 NOTE
r-devel-linux-x86_64-fedora-clang 1.5.9 80.54 NOTE
r-devel-linux-x86_64-fedora-gcc 1.5.9 126.01 NOTE
r-devel-windows-ix86+x86_64 1.5.9 37.00 108.00 145.00 OK
r-patched-linux-x86_64 1.5.9 7.14 41.46 48.60 NOTE
r-patched-solaris-x86 1.5.9 139.80 OK
r-release-linux-x86_64 1.5.9 7.04 41.51 48.55 NOTE
r-release-windows-ix86+x86_64 1.5.9 26.00 210.00 236.00 OK
r-release-osx-x86_64 1.5.9 OK
r-oldrel-windows-ix86+x86_64 1.5.9 22.00 111.00 133.00 OK
r-oldrel-osx-x86_64 1.5.9 OK

Additional issues

valgrind

Check Details

Version: 1.5.9
Check: compiled code
Result: NOTE
    File ‘LogicReg/libs/LogicReg.so’:
     Found no calls to: ‘R_registerRoutines’, ‘R_useDynamicSymbols’
    
    It is good practice to register native routines and to disable symbol
    search.
    
    See ‘Writing portable packages’ in the ‘Writing R Extensions’ manual.
Flavors: r-devel-linux-x86_64-debian-clang, r-devel-linux-x86_64-debian-gcc, r-devel-linux-x86_64-fedora-clang, r-devel-linux-x86_64-fedora-gcc, r-patched-linux-x86_64, r-release-linux-x86_64