CRAN Package Check Results for Package LogicReg

Last updated on 2015-03-03 09:49:39.

Flavor Version Tinstall Tcheck Ttotal Status Flags
r-devel-linux-x86_64-debian-clang 1.5.6 6.14 21.14 27.28 NOTE
r-devel-linux-x86_64-debian-gcc 1.5.6 6.00 21.00 27.00 NOTE
r-devel-linux-x86_64-fedora-clang 1.5.6 47.62 NOTE
r-devel-linux-x86_64-fedora-gcc 1.5.6 42.27 NOTE
r-devel-osx-x86_64-clang 1.5.6 47.47 NOTE
r-devel-windows-ix86+x86_64 1.5.6 26.00 49.00 75.00 NOTE
r-patched-linux-x86_64 1.5.6 6.12 23.31 29.43 OK
r-patched-solaris-sparc 1.5.6 333.30 OK
r-patched-solaris-x86 1.5.6 75.50 OK
r-release-linux-ix86 1.5.6 9.08 31.43 40.51 OK
r-release-linux-x86_64 1.5.6 6.13 23.07 29.20 OK
r-release-osx-x86_64-mavericks 1.5.6 OK
r-release-osx-x86_64-snowleopard 1.5.6 OK
r-release-windows-ix86+x86_64 1.5.6 21.00 53.00 74.00 OK
r-oldrel-windows-ix86+x86_64 1.5.6 18.00 49.00 67.00 OK

Memtest notes: valgrind

Check Details

Version: 1.5.6
Check: DESCRIPTION meta-information
Result: NOTE
    Malformed Description field: should contain one or more complete sentences.
Flavors: r-devel-linux-x86_64-debian-clang, r-devel-linux-x86_64-debian-gcc, r-devel-linux-x86_64-fedora-clang, r-devel-linux-x86_64-fedora-gcc, r-devel-osx-x86_64-clang, r-devel-windows-ix86+x86_64

Version: 1.5.6
Check: S3 generic/method consistency
Result: NOTE
    Found the following apparent S3 methods exported but not registered:
     plot.logreg plot.logregmodel plot.logregtree predict.logreg
     print.logreg print.logregmodel print.logregtree
    See section ‘Registering S3 methods’ in the ‘Writing R Extensions’
    manual.
Flavors: r-devel-linux-x86_64-debian-clang, r-devel-linux-x86_64-debian-gcc, r-devel-linux-x86_64-fedora-clang, r-devel-linux-x86_64-fedora-gcc, r-devel-osx-x86_64-clang