CRAN Package Check Results for Package LogicReg

Last updated on 2017-02-20 22:59:03.

Flavor Version Tinstall Tcheck Ttotal Status Flags
r-devel-linux-x86_64-debian-clang 1.5.9 8.31 42.85 51.16 NOTE
r-devel-linux-x86_64-debian-gcc 1.5.9 8.37 42.61 50.98 NOTE
r-devel-linux-x86_64-fedora-clang 1.5.9 103.35 NOTE --no-stop-on-test-error
r-devel-linux-x86_64-fedora-gcc 1.5.9 107.68 NOTE --no-stop-on-test-error
r-devel-macos-x86_64-clang 1.5.9 81.72 NOTE --no-stop-on-test-error
r-devel-windows-ix86+x86_64 1.5.9 41.00 138.00 179.00 OK
r-patched-linux-x86_64 1.5.9 7.90 38.95 46.85 OK
r-patched-solaris-sparc 1.5.9 598.00 OK
r-patched-solaris-x86 1.5.9 124.50 OK
r-release-linux-x86_64 1.5.9 7.84 39.07 46.91 OK
r-release-osx-x86_64-mavericks 1.5.9 OK
r-release-windows-ix86+x86_64 1.5.9 30.00 130.00 160.00 OK
r-oldrel-windows-ix86+x86_64 1.5.9 22.00 134.00 156.00 OK

Memtest notes: valgrind

Check Details

Version: 1.5.9
Check: compiled code
Result: NOTE
    File ‘LogicReg/libs/LogicReg.so’:
     Found no calls to: ‘R_registerRoutines’, ‘R_useDynamicSymbols’
    
    It is good practice to register native routines and to disable symbol
    search.
    
    See ‘Writing portable packages’ in the ‘Writing R Extensions’ manual.
Flavors: r-devel-linux-x86_64-debian-clang, r-devel-linux-x86_64-debian-gcc

Version: 1.5.9
Flags: --no-stop-on-test-error
Check: compiled code
Result: NOTE
    File ‘LogicReg/libs/LogicReg.so’:
     Found no calls to: ‘R_registerRoutines’, ‘R_useDynamicSymbols’
    
    It is good practice to register native routines and to disable symbol
    search.
    
    See ‘Writing portable packages’ in the ‘Writing R Extensions’ manual.
Flavors: r-devel-linux-x86_64-fedora-clang, r-devel-linux-x86_64-fedora-gcc, r-devel-macos-x86_64-clang