CRAN Package Check Results for Package LogicReg

Last updated on 2017-06-27 08:48:09.

Flavor Version Tinstall Tcheck Ttotal Status Flags
r-devel-linux-x86_64-debian-clang 1.5.9 8.54 43.49 52.03 NOTE
r-devel-linux-x86_64-debian-gcc 1.5.9 8.92 41.91 50.83 NOTE
r-devel-linux-x86_64-fedora-clang 1.5.9 102.85 NOTE
r-devel-linux-x86_64-fedora-gcc 1.5.9 103.41 NOTE
r-devel-windows-ix86+x86_64 1.5.9 39.00 113.00 152.00 OK
r-patched-linux-x86_64 1.5.9 8.51 42.59 51.10 NOTE
r-patched-solaris-sparc 1.5.9 657.30 OK
r-patched-solaris-x86 1.5.9 140.20 OK
r-release-linux-x86_64 1.5.9 8.37 42.17 50.54 NOTE
r-release-windows-ix86+x86_64 1.5.9 24.00 127.00 151.00 OK
r-release-osx-x86_64 1.5.9 OK
r-oldrel-windows-ix86+x86_64 1.5.9 31.00 115.00 146.00 OK
r-oldrel-osx-x86_64 1.5.9 OK

Additional issues

valgrind

Check Details

Version: 1.5.9
Check: compiled code
Result: NOTE
    File ‘LogicReg/libs/LogicReg.so’:
     Found no calls to: ‘R_registerRoutines’, ‘R_useDynamicSymbols’
    
    It is good practice to register native routines and to disable symbol
    search.
    
    See ‘Writing portable packages’ in the ‘Writing R Extensions’ manual.
Flavors: r-devel-linux-x86_64-debian-clang, r-devel-linux-x86_64-debian-gcc, r-devel-linux-x86_64-fedora-clang, r-devel-linux-x86_64-fedora-gcc, r-patched-linux-x86_64, r-release-linux-x86_64