CRAN Package Check Results for Package LogicReg

Last updated on 2017-07-28 04:47:08.

Flavor Version Tinstall Tcheck Ttotal Status Flags
r-devel-linux-x86_64-debian-clang 1.5.9 8.26 51.00 59.26 NOTE
r-devel-linux-x86_64-debian-gcc 1.5.9 8.89 50.18 59.07 NOTE
r-devel-linux-x86_64-fedora-clang 1.5.9 101.43 NOTE
r-devel-linux-x86_64-fedora-gcc 1.5.9 100.28 NOTE
r-devel-windows-ix86+x86_64 1.5.9 31.00 100.00 131.00 OK
r-patched-linux-x86_64 1.5.9 8.35 49.94 58.29 NOTE
r-patched-solaris-x86 1.5.9 138.70 OK
r-release-linux-x86_64 1.5.9 8.64 51.16 59.80 NOTE
r-release-windows-ix86+x86_64 1.5.9 37.00 128.00 165.00 OK
r-release-osx-x86_64 1.5.9 OK
r-oldrel-windows-ix86+x86_64 1.5.9 24.00 101.00 125.00 OK
r-oldrel-osx-x86_64 1.5.9 OK

Additional issues

valgrind

Check Details

Version: 1.5.9
Check: compiled code
Result: NOTE
    File ‘LogicReg/libs/LogicReg.so’:
     Found no calls to: ‘R_registerRoutines’, ‘R_useDynamicSymbols’
    
    It is good practice to register native routines and to disable symbol
    search.
    
    See ‘Writing portable packages’ in the ‘Writing R Extensions’ manual.
Flavors: r-devel-linux-x86_64-debian-clang, r-devel-linux-x86_64-debian-gcc, r-devel-linux-x86_64-fedora-clang, r-devel-linux-x86_64-fedora-gcc, r-patched-linux-x86_64, r-release-linux-x86_64