CRAN Package Check Results for Package LogicReg

Last updated on 2015-05-28 23:47:30.

Flavor Version Tinstall Tcheck Ttotal Status Flags
r-devel-linux-x86_64-debian-clang 1.5.6 6.78 21.29 28.08 NOTE
r-devel-linux-x86_64-debian-gcc 1.5.6 6.04 21.10 27.13 NOTE
r-devel-linux-x86_64-fedora-clang 1.5.6 48.40 NOTE
r-devel-linux-x86_64-fedora-gcc 1.5.6 44.28 NOTE
r-devel-osx-x86_64-clang 1.5.6 46.38 NOTE
r-devel-windows-ix86+x86_64 1.5.6 21.00 48.00 69.00 NOTE
r-patched-linux-x86_64 1.5.6 6.15 21.04 27.19 NOTE
r-patched-solaris-sparc 1.5.6 352.30 NOTE
r-patched-solaris-x86 1.5.6 69.00 NOTE
r-release-linux-x86_64 1.5.6 5.99 21.70 27.69 NOTE
r-release-osx-x86_64-mavericks 1.5.6 NOTE
r-release-osx-x86_64-snowleopard 1.5.6 NOTE
r-release-windows-ix86+x86_64 1.5.6 16.00 52.00 68.00 NOTE
r-oldrel-windows-ix86+x86_64 1.5.6 25.00 57.00 82.00 OK

Memtest notes: valgrind

Check Details

Version: 1.5.6
Check: DESCRIPTION meta-information
Result: NOTE
    Malformed Description field: should contain one or more complete sentences.
Flavors: r-devel-linux-x86_64-debian-clang, r-devel-linux-x86_64-debian-gcc, r-devel-linux-x86_64-fedora-clang, r-devel-linux-x86_64-fedora-gcc, r-devel-osx-x86_64-clang, r-devel-windows-ix86+x86_64, r-patched-linux-x86_64, r-patched-solaris-sparc, r-patched-solaris-x86, r-release-linux-x86_64, r-release-osx-x86_64-mavericks, r-release-osx-x86_64-snowleopard, r-release-windows-ix86+x86_64

Version: 1.5.6
Check: S3 generic/method consistency
Result: NOTE
    Found the following apparent S3 methods exported but not registered:
     plot.logreg plot.logregmodel plot.logregtree predict.logreg
     print.logreg print.logregmodel print.logregtree
    See section ‘Registering S3 methods’ in the ‘Writing R Extensions’
    manual.
Flavors: r-devel-linux-x86_64-debian-clang, r-devel-linux-x86_64-debian-gcc, r-devel-linux-x86_64-fedora-clang, r-devel-linux-x86_64-fedora-gcc, r-devel-osx-x86_64-clang, r-patched-linux-x86_64, r-patched-solaris-sparc, r-patched-solaris-x86, r-release-linux-x86_64