CRAN Package Check Results for Package LogicReg

Last updated on 2018-02-18 11:48:19 CET.

Flavor Version Tinstall Tcheck Ttotal Status Flags
r-devel-linux-x86_64-debian-clang 1.5.9 10.82 63.30 74.12 NOTE
r-devel-linux-x86_64-debian-gcc 1.5.9 10.60 49.81 60.41 NOTE
r-devel-linux-x86_64-fedora-clang 1.5.9 91.27 NOTE
r-devel-linux-x86_64-fedora-gcc 1.5.9 88.71 NOTE
r-devel-windows-ix86+x86_64 1.5.9 30.00 103.00 133.00 OK
r-patched-linux-x86_64 1.5.9 9.46 65.96 75.42 NOTE
r-patched-solaris-x86 1.5.9 142.20 OK
r-release-linux-x86_64 1.5.9 9.17 65.54 74.71 NOTE
r-release-windows-ix86+x86_64 1.5.9 31.00 138.00 169.00 OK
r-release-osx-x86_64 1.5.9 OK
r-oldrel-windows-ix86+x86_64 1.5.9 22.00 120.00 142.00 OK
r-oldrel-osx-x86_64 1.5.9 OK

Additional issues

valgrind

Check Details

Version: 1.5.9
Check: compiled code
Result: NOTE
    File ‘LogicReg/libs/LogicReg.so’:
     Found no calls to: ‘R_registerRoutines’, ‘R_useDynamicSymbols’
    
    It is good practice to register native routines and to disable symbol
    search.
    
    See ‘Writing portable packages’ in the ‘Writing R Extensions’ manual.
Flavors: r-devel-linux-x86_64-debian-clang, r-devel-linux-x86_64-debian-gcc, r-devel-linux-x86_64-fedora-clang, r-devel-linux-x86_64-fedora-gcc, r-patched-linux-x86_64, r-release-linux-x86_64