CRAN Package Check Results for Package LogicReg

Last updated on 2017-10-21 13:48:25.

Flavor Version Tinstall Tcheck Ttotal Status Flags
r-devel-linux-x86_64-debian-clang 1.5.9 6.77 41.57 48.34 NOTE
r-devel-linux-x86_64-debian-gcc 1.5.9 7.76 45.88 53.63 NOTE
r-devel-linux-x86_64-fedora-clang 1.5.9 105.49 NOTE
r-devel-linux-x86_64-fedora-gcc 1.5.9 103.88 NOTE
r-devel-windows-ix86+x86_64 1.5.9 30.00 145.00 175.00 OK
r-patched-linux-x86_64 1.5.9 6.70 41.07 47.77 NOTE
r-patched-solaris-x86 1.5.9 139.90 OK
r-release-linux-x86_64 1.5.9 6.79 41.27 48.06 NOTE
r-release-windows-ix86+x86_64 1.5.9 30.00 127.00 157.00 OK
r-release-osx-x86_64 1.5.9 OK
r-oldrel-windows-ix86+x86_64 1.5.9 23.00 115.00 138.00 OK
r-oldrel-osx-x86_64 1.5.9 OK

Additional issues

valgrind

Check Details

Version: 1.5.9
Check: compiled code
Result: NOTE
    File ‘LogicReg/libs/LogicReg.so’:
     Found no calls to: ‘R_registerRoutines’, ‘R_useDynamicSymbols’
    
    It is good practice to register native routines and to disable symbol
    search.
    
    See ‘Writing portable packages’ in the ‘Writing R Extensions’ manual.
Flavors: r-devel-linux-x86_64-debian-clang, r-devel-linux-x86_64-debian-gcc, r-devel-linux-x86_64-fedora-clang, r-devel-linux-x86_64-fedora-gcc, r-patched-linux-x86_64, r-release-linux-x86_64