CRAN Package Check Results for Package LogicReg

Last updated on 2017-08-22 12:52:19.

Flavor Version Tinstall Tcheck Ttotal Status Flags
r-devel-linux-x86_64-debian-clang 1.5.9 6.61 41.75 48.37 NOTE
r-devel-linux-x86_64-debian-gcc 1.5.9 6.99 41.55 48.53 NOTE
r-devel-linux-x86_64-fedora-clang 1.5.9 105.20 NOTE
r-devel-linux-x86_64-fedora-gcc 1.5.9 108.27 NOTE
r-devel-windows-ix86+x86_64 1.5.9 46.00 99.00 145.00 OK
r-patched-linux-x86_64 1.5.9 6.61 41.83 48.44 NOTE
r-patched-solaris-x86 1.5.9 138.40 OK
r-release-linux-x86_64 1.5.9 6.83 40.99 47.82 NOTE
r-release-windows-ix86+x86_64 1.5.9 24.00 131.00 155.00 OK
r-release-osx-x86_64 1.5.9 OK
r-oldrel-windows-ix86+x86_64 1.5.9 24.00 87.00 111.00 OK
r-oldrel-osx-x86_64 1.5.9 OK

Additional issues

valgrind

Check Details

Version: 1.5.9
Check: compiled code
Result: NOTE
    File ‘LogicReg/libs/LogicReg.so’:
     Found no calls to: ‘R_registerRoutines’, ‘R_useDynamicSymbols’
    
    It is good practice to register native routines and to disable symbol
    search.
    
    See ‘Writing portable packages’ in the ‘Writing R Extensions’ manual.
Flavors: r-devel-linux-x86_64-debian-clang, r-devel-linux-x86_64-debian-gcc, r-devel-linux-x86_64-fedora-clang, r-devel-linux-x86_64-fedora-gcc, r-patched-linux-x86_64, r-release-linux-x86_64