CRAN Package Check Results for Package LogicReg

Last updated on 2017-03-24 06:48:19.

Flavor Version Tinstall Tcheck Ttotal Status Flags
r-devel-linux-x86_64-debian-clang 1.5.9 8.58 42.50 51.08 NOTE
r-devel-linux-x86_64-debian-gcc 1.5.9 8.35 42.52 50.87 NOTE
r-devel-linux-x86_64-fedora-clang 1.5.9 103.15 NOTE --no-stop-on-test-error
r-devel-linux-x86_64-fedora-gcc 1.5.9 101.39 NOTE --no-stop-on-test-error
r-devel-macos-x86_64-clang 1.5.9 81.07 NOTE --no-stop-on-test-error
r-devel-windows-ix86+x86_64 1.5.9 33.00 152.00 185.00 OK
r-patched-linux-x86_64 1.5.9 7.88 39.66 47.54 OK
r-patched-solaris-sparc 1.5.9 657.30 OK
r-patched-solaris-x86 1.5.9 139.30 OK
r-release-linux-x86_64 1.5.9 7.55 38.35 45.91 OK
r-release-osx-x86_64-mavericks 1.5.9 OK
r-release-windows-ix86+x86_64 1.5.9 33.00 82.00 115.00 OK
r-oldrel-windows-ix86+x86_64 1.5.9 29.00 117.00 146.00 OK

Memtest notes: valgrind

Check Details

Version: 1.5.9
Check: compiled code
Result: NOTE
    File ‘LogicReg/libs/LogicReg.so’:
     Found no calls to: ‘R_registerRoutines’, ‘R_useDynamicSymbols’
    
    It is good practice to register native routines and to disable symbol
    search.
    
    See ‘Writing portable packages’ in the ‘Writing R Extensions’ manual.
Flavors: r-devel-linux-x86_64-debian-clang, r-devel-linux-x86_64-debian-gcc

Version: 1.5.9
Flags: --no-stop-on-test-error
Check: compiled code
Result: NOTE
    File ‘LogicReg/libs/LogicReg.so’:
     Found no calls to: ‘R_registerRoutines’, ‘R_useDynamicSymbols’
    
    It is good practice to register native routines and to disable symbol
    search.
    
    See ‘Writing portable packages’ in the ‘Writing R Extensions’ manual.
Flavors: r-devel-linux-x86_64-fedora-clang, r-devel-linux-x86_64-fedora-gcc, r-devel-macos-x86_64-clang