CRAN Package Check Results for Package LogicReg

Last updated on 2015-04-28 12:47:27.

Flavor Version Tinstall Tcheck Ttotal Status Flags
r-devel-linux-x86_64-debian-clang 1.5.6 5.99 21.23 27.22 NOTE
r-devel-linux-x86_64-debian-gcc 1.5.6 6.09 20.84 26.92 NOTE
r-devel-linux-x86_64-fedora-clang 1.5.6 46.71 NOTE
r-devel-linux-x86_64-fedora-gcc 1.5.6 43.90 NOTE
r-devel-osx-x86_64-clang 1.5.6 46.14 NOTE
r-devel-windows-ix86+x86_64 1.5.6 21.00 47.00 68.00 NOTE
r-patched-linux-x86_64 1.5.6 6.22 20.89 27.11 NOTE
r-patched-solaris-sparc 1.5.6 355.70 NOTE
r-patched-solaris-x86 1.5.6 69.30 NOTE
r-release-linux-x86_64 1.5.6 6.04 20.81 26.85 NOTE
r-release-osx-x86_64-mavericks 1.5.6 NOTE
r-release-osx-x86_64-snowleopard 1.5.6 NOTE
r-release-windows-ix86+x86_64 1.5.6 16.00 52.00 68.00 NOTE
r-oldrel-windows-ix86+x86_64 1.5.6 25.00 57.00 82.00 OK

Memtest notes: valgrind

Check Details

Version: 1.5.6
Check: DESCRIPTION meta-information
Result: NOTE
    Malformed Description field: should contain one or more complete sentences.
Flavors: r-devel-linux-x86_64-debian-clang, r-devel-linux-x86_64-debian-gcc, r-devel-linux-x86_64-fedora-clang, r-devel-linux-x86_64-fedora-gcc, r-devel-osx-x86_64-clang, r-devel-windows-ix86+x86_64, r-patched-linux-x86_64, r-patched-solaris-sparc, r-patched-solaris-x86, r-release-linux-x86_64, r-release-osx-x86_64-mavericks, r-release-osx-x86_64-snowleopard, r-release-windows-ix86+x86_64

Version: 1.5.6
Check: S3 generic/method consistency
Result: NOTE
    Found the following apparent S3 methods exported but not registered:
     plot.logreg plot.logregmodel plot.logregtree predict.logreg
     print.logreg print.logregmodel print.logregtree
    See section ‘Registering S3 methods’ in the ‘Writing R Extensions’
    manual.
Flavors: r-devel-linux-x86_64-debian-clang, r-devel-linux-x86_64-debian-gcc, r-devel-linux-x86_64-fedora-clang, r-devel-linux-x86_64-fedora-gcc, r-devel-osx-x86_64-clang, r-patched-linux-x86_64, r-patched-solaris-x86, r-release-linux-x86_64