CRAN Package Check Results for Package LogicReg

Last updated on 2016-08-28 09:50:36.

Flavor Version Tinstall Tcheck Ttotal Status Flags
r-devel-linux-x86_64-debian-clang 1.5.8 8.70 42.07 50.78 WARN
r-devel-linux-x86_64-debian-gcc 1.5.8 8.78 41.77 50.55 WARN
r-devel-linux-x86_64-fedora-clang 1.5.8 92.29 WARN
r-devel-linux-x86_64-fedora-gcc 1.5.8 89.97 WARN
r-devel-osx-x86_64-clang 1.5.8 74.49 WARN
r-devel-windows-ix86+x86_64 1.5.8 28.00 91.00 119.00 OK
r-patched-linux-x86_64 1.5.8 8.21 41.26 49.46 OK
r-patched-solaris-sparc 1.5.8 600.20 OK
r-patched-solaris-x86 1.5.8 123.40 OK
r-release-linux-x86_64 1.5.8 8.32 41.17 49.49 OK
r-release-osx-x86_64-mavericks 1.5.8 OK
r-release-windows-ix86+x86_64 1.5.8 29.00 130.00 159.00 OK
r-oldrel-windows-ix86+x86_64 1.5.8 21.00 123.00 144.00 OK

Memtest notes: valgrind

Check Details

Version: 1.5.8
Check: whether package can be installed
Result: WARN
    Found the following significant warnings:
     Warning: GNU Extension: Symbol ‘n2’ is used before it is typed at (1)
Flavors: r-devel-linux-x86_64-debian-clang, r-devel-linux-x86_64-debian-gcc, r-devel-linux-x86_64-fedora-clang, r-devel-linux-x86_64-fedora-gcc, r-devel-osx-x86_64-clang