CRAN Package Check Results for Package LogicReg

Last updated on 2017-05-25 04:46:59.

Flavor Version Tinstall Tcheck Ttotal Status Flags
r-devel-linux-x86_64-debian-clang 1.5.9 8.36 43.46 51.83 NOTE
r-devel-linux-x86_64-debian-gcc 1.5.9 8.40 43.99 52.39 NOTE
r-devel-linux-x86_64-fedora-clang 1.5.9 109.52 NOTE --no-stop-on-test-error
r-devel-linux-x86_64-fedora-gcc 1.5.9 103.98 NOTE --no-stop-on-test-error
r-devel-windows-ix86+x86_64 1.5.9 35.00 141.00 176.00 OK
r-patched-linux-x86_64 1.5.9 7.95 42.00 49.95 NOTE
r-patched-solaris-sparc 1.5.9 657.30 OK
r-patched-solaris-x86 1.5.9 138.00 OK
r-release-linux-x86_64 1.5.9 8.02 42.08 50.10 NOTE
r-release-windows-ix86+x86_64 1.5.9 37.00 196.00 233.00 OK
r-release-osx-x86_64 1.5.9 OK
r-oldrel-windows-ix86+x86_64 1.5.9 32.00 114.00 146.00 OK
r-oldrel-osx-x86_64 1.5.9 OK

Additional issues

valgrind

Check Details

Version: 1.5.9
Check: compiled code
Result: NOTE
    File ‘LogicReg/libs/LogicReg.so’:
     Found no calls to: ‘R_registerRoutines’, ‘R_useDynamicSymbols’
    
    It is good practice to register native routines and to disable symbol
    search.
    
    See ‘Writing portable packages’ in the ‘Writing R Extensions’ manual.
Flavors: r-devel-linux-x86_64-debian-clang, r-devel-linux-x86_64-debian-gcc, r-patched-linux-x86_64, r-release-linux-x86_64

Version: 1.5.9
Flags: --no-stop-on-test-error
Check: compiled code
Result: NOTE
    File ‘LogicReg/libs/LogicReg.so’:
     Found no calls to: ‘R_registerRoutines’, ‘R_useDynamicSymbols’
    
    It is good practice to register native routines and to disable symbol
    search.
    
    See ‘Writing portable packages’ in the ‘Writing R Extensions’ manual.
Flavors: r-devel-linux-x86_64-fedora-clang, r-devel-linux-x86_64-fedora-gcc