CRAN Package Check Results for Package LogitNet

Last updated on 2021-12-03 02:48:59 CET.

Flavor Version Tinstall Tcheck Ttotal Status Flags
r-devel-linux-x86_64-debian-clang 0.1-1 3.39 88.91 92.30 NOTE
r-devel-linux-x86_64-debian-gcc 0.1-1 2.48 59.81 62.29 NOTE
r-devel-linux-x86_64-fedora-clang 0.1-1 132.20 NOTE
r-devel-linux-x86_64-fedora-gcc 0.1-1 116.74 NOTE
r-devel-windows-x86_64-new-UL 0.1-1 9.00 191.00 200.00 NOTE
r-devel-windows-x86_64-new-TK 0.1-1 NOTE
r-devel-windows-x86_64-old 0.1-1 6.00 161.00 167.00 NOTE
r-patched-linux-x86_64 0.1-1 3.02 87.80 90.82 NOTE
r-patched-solaris-x86 0.1-1 168.10 NOTE
r-release-linux-x86_64 0.1-1 3.10 89.77 92.87 NOTE
r-release-macos-arm64 0.1-1 NOTE
r-release-macos-x86_64 0.1-1 NOTE
r-release-windows-ix86+x86_64 0.1-1 9.00 341.00 350.00 NOTE
r-oldrel-macos-x86_64 0.1-1 NOTE
r-oldrel-windows-ix86+x86_64 0.1-1 8.00 334.00 342.00 NOTE

Check Details

Version: 0.1-1
Check: DESCRIPTION meta-information
Result: NOTE
    Malformed Description field: should contain one or more complete sentences.
Flavors: r-devel-linux-x86_64-debian-clang, r-devel-linux-x86_64-debian-gcc, r-devel-linux-x86_64-fedora-clang, r-devel-linux-x86_64-fedora-gcc, r-devel-windows-x86_64-new-UL, r-devel-windows-x86_64-new-TK, r-devel-windows-x86_64-old, r-patched-linux-x86_64, r-patched-solaris-x86, r-release-linux-x86_64, r-release-macos-arm64, r-release-macos-x86_64, r-release-windows-ix86+x86_64, r-oldrel-macos-x86_64, r-oldrel-windows-ix86+x86_64

Version: 0.1-1
Check: R code for possible problems
Result: NOTE
    LogitNet.weight: no visible global function definition for 'lowess'
    LogitNet.weight: no visible global function definition for 'median'
    Undefined global functions or variables:
     lowess median
    Consider adding
     importFrom("stats", "lowess", "median")
    to your NAMESPACE file.
Flavors: r-devel-linux-x86_64-debian-clang, r-devel-linux-x86_64-debian-gcc, r-devel-linux-x86_64-fedora-clang, r-devel-linux-x86_64-fedora-gcc, r-devel-windows-x86_64-new-UL, r-devel-windows-x86_64-new-TK, r-devel-windows-x86_64-old, r-patched-linux-x86_64, r-patched-solaris-x86, r-release-linux-x86_64, r-release-macos-arm64, r-release-macos-x86_64, r-release-windows-ix86+x86_64, r-oldrel-macos-x86_64, r-oldrel-windows-ix86+x86_64

Version: 0.1-1
Check: compiled code
Result: NOTE
    File ‘LogitNet/libs/LogitNet.so’:
     Found no calls to: ‘R_registerRoutines’, ‘R_useDynamicSymbols’
    
    It is good practice to register native routines and to disable symbol
    search.
    
    See ‘Writing portable packages’ in the ‘Writing R Extensions’ manual.
Flavors: r-devel-linux-x86_64-fedora-clang, r-devel-linux-x86_64-fedora-gcc