CRAN Package Check Results for Package LogrankA

Last updated on 2014-09-16 11:49:18.

Flavor Version Tinstall Tcheck Ttotal Status Flags
r-devel-linux-x86_64-debian-clang 1.0 0.44 8.91 9.36 NOTE
r-devel-linux-x86_64-debian-gcc 1.0 0.49 8.48 8.98 NOTE
r-devel-linux-x86_64-fedora-clang 1.0 18.59 NOTE
r-devel-linux-x86_64-fedora-gcc 1.0 22.45 NOTE
r-devel-osx-x86_64-clang 1.0 22.64 NOTE
r-devel-windows-ix86+x86_64 1.0 2.00 16.00 18.00 NOTE
r-patched-linux-x86_64 1.0 0.46 8.62 9.08 OK
r-patched-solaris-sparc 1.0 122.30 OK
r-patched-solaris-x86 1.0 27.60 OK
r-release-linux-ix86 1.0 0.76 14.35 15.11 OK
r-release-linux-x86_64 1.0 0.52 9.15 9.68 OK
r-release-osx-x86_64-mavericks 1.0 OK
r-release-windows-ix86+x86_64 1.0 2.00 16.00 18.00 OK
r-oldrel-windows-ix86+x86_64 1.0 2.00 16.00 18.00 OK

Check Details

Version: 1.0
Check: R code for possible problems
Result: NOTE
    LogrankA: no visible global function definition for ‘is.Surv’
Flavors: r-devel-linux-x86_64-debian-clang, r-devel-linux-x86_64-debian-gcc, r-devel-linux-x86_64-fedora-clang, r-devel-linux-x86_64-fedora-gcc, r-devel-osx-x86_64-clang, r-devel-windows-ix86+x86_64