CRAN Package Check Results for Package LogrankA

Last updated on 2016-06-26 16:46:46.

Flavor Version Tinstall Tcheck Ttotal Status Flags
r-devel-linux-x86_64-debian-gcc 1.0 0.57 9.91 10.47 NOTE
r-devel-linux-x86_64-fedora-clang 1.0 15.83 NOTE
r-devel-linux-x86_64-fedora-gcc 1.0 15.30 NOTE
r-devel-osx-x86_64-clang 1.0 15.29 NOTE
r-devel-windows-ix86+x86_64 1.0 3.00 36.00 39.00 NOTE
r-patched-linux-x86_64 1.0 0.67 9.75 10.42 NOTE
r-patched-solaris-sparc 1.0 99.70 NOTE
r-patched-solaris-x86 1.0 23.40 NOTE
r-release-linux-x86_64 1.0 0.58 9.65 10.23 NOTE
r-release-osx-x86_64-mavericks 1.0 NOTE
r-release-windows-ix86+x86_64 1.0 3.00 24.00 27.00 NOTE
r-oldrel-windows-ix86+x86_64 1.0 4.00 29.00 33.00 NOTE

Check Details

Version: 1.0
Check: R code for possible problems
Result: NOTE
    LogrankA: no visible global function definition for ‘is.Surv’
    LogrankA: no visible global function definition for ‘na.omit’
    LogrankA: no visible global function definition for ‘pchisq’
    Undefined global functions or variables:
     is.Surv na.omit pchisq
    Consider adding
     importFrom("stats", "na.omit", "pchisq")
    to your NAMESPACE file.
Flavors: r-devel-linux-x86_64-debian-gcc, r-devel-linux-x86_64-fedora-clang, r-devel-linux-x86_64-fedora-gcc, r-devel-osx-x86_64-clang, r-devel-windows-ix86+x86_64, r-patched-linux-x86_64, r-patched-solaris-sparc, r-patched-solaris-x86, r-release-linux-x86_64, r-release-osx-x86_64-mavericks, r-release-windows-ix86+x86_64

Version: 1.0
Check: R code for possible problems
Result: NOTE
    LogrankA: no visible global function definition for 'is.Surv'
Flavor: r-oldrel-windows-ix86+x86_64