CRAN Package Check Results for Package LogrankA

Last updated on 2016-09-29 14:47:31.

Flavor Version Tinstall Tcheck Ttotal Status Flags
r-devel-linux-x86_64-debian-clang 1.0 0.47 9.49 9.96 NOTE
r-devel-linux-x86_64-debian-gcc 1.0 0.50 9.46 9.96 NOTE
r-devel-linux-x86_64-fedora-clang 1.0 17.20 NOTE
r-devel-linux-x86_64-fedora-gcc 1.0 17.23 NOTE
r-devel-macos-x86_64-clang 1.0 15.27 NOTE
r-devel-windows-ix86+x86_64 1.0 3.00 32.00 35.00 NOTE
r-patched-linux-x86_64 1.0 0.49 9.33 9.82 NOTE
r-patched-solaris-sparc 1.0 99.70 NOTE
r-patched-solaris-x86 1.0 22.30 NOTE
r-release-linux-x86_64 1.0 0.56 9.28 9.83 NOTE
r-release-osx-x86_64-mavericks 1.0 NOTE
r-release-windows-ix86+x86_64 1.0 4.00 23.00 27.00 NOTE
r-oldrel-windows-ix86+x86_64 1.0 4.00 29.00 33.00 NOTE

Check Details

Version: 1.0
Check: R code for possible problems
Result: NOTE
    LogrankA: no visible global function definition for ‘is.Surv’
    LogrankA: no visible global function definition for ‘na.omit’
    LogrankA: no visible global function definition for ‘pchisq’
    Undefined global functions or variables:
     is.Surv na.omit pchisq
    Consider adding
     importFrom("stats", "na.omit", "pchisq")
    to your NAMESPACE file.
Flavors: r-devel-linux-x86_64-debian-clang, r-devel-linux-x86_64-debian-gcc, r-devel-linux-x86_64-fedora-clang, r-devel-linux-x86_64-fedora-gcc, r-devel-macos-x86_64-clang, r-devel-windows-ix86+x86_64, r-patched-linux-x86_64, r-patched-solaris-sparc, r-patched-solaris-x86, r-release-linux-x86_64, r-release-osx-x86_64-mavericks, r-release-windows-ix86+x86_64

Version: 1.0
Check: R code for possible problems
Result: NOTE
    LogrankA: no visible global function definition for 'is.Surv'
Flavor: r-oldrel-windows-ix86+x86_64