CRAN Package Check Results for Package LogrankA

Last updated on 2017-06-23 16:47:38.

Flavor Version Tinstall Tcheck Ttotal Status Flags
r-devel-linux-x86_64-debian-clang 1.0 0.56 12.82 13.37 NOTE
r-devel-linux-x86_64-debian-gcc 1.0 0.58 11.69 12.27 NOTE
r-devel-linux-x86_64-fedora-clang 1.0 21.21 NOTE
r-devel-linux-x86_64-fedora-gcc 1.0 20.83 NOTE
r-devel-windows-ix86+x86_64 1.0 2.00 34.00 36.00 NOTE
r-patched-linux-x86_64 1.0 0.54 10.94 11.48 NOTE
r-patched-solaris-sparc 1.0 119.60 NOTE
r-patched-solaris-x86 1.0 27.70 NOTE
r-release-linux-x86_64 1.0 0.62 11.53 12.15 NOTE
r-release-windows-ix86+x86_64 1.0 2.00 34.00 36.00 NOTE
r-release-osx-x86_64 1.0 NOTE
r-oldrel-windows-ix86+x86_64 1.0 3.00 34.00 37.00 NOTE
r-oldrel-osx-x86_64 1.0 NOTE

Check Details

Version: 1.0
Check: R code for possible problems
Result: NOTE
    LogrankA: no visible global function definition for ‘is.Surv’
    LogrankA: no visible global function definition for ‘na.omit’
    LogrankA: no visible global function definition for ‘pchisq’
    Undefined global functions or variables:
     is.Surv na.omit pchisq
    Consider adding
     importFrom("stats", "na.omit", "pchisq")
    to your NAMESPACE file.
Flavors: r-devel-linux-x86_64-debian-clang, r-devel-linux-x86_64-debian-gcc, r-devel-linux-x86_64-fedora-clang, r-devel-linux-x86_64-fedora-gcc, r-devel-windows-ix86+x86_64, r-patched-linux-x86_64, r-patched-solaris-sparc, r-patched-solaris-x86, r-release-linux-x86_64, r-release-windows-ix86+x86_64, r-release-osx-x86_64, r-oldrel-windows-ix86+x86_64, r-oldrel-osx-x86_64