CRAN Package Check Results for Package LogrankA

Last updated on 2014-04-23 20:47:15.

Flavor Version Tinstall Tcheck Ttotal Status Flags
r-devel-linux-x86_64-debian-clang 1.0 0.50 9.16 9.66 OK
r-devel-linux-x86_64-debian-gcc 1.0 0.50 9.08 9.58 OK
r-devel-linux-x86_64-fedora-clang 1.0 18.74 OK
r-devel-linux-x86_64-fedora-gcc 1.0 17.30 OK
r-devel-osx-x86_64-clang 1.0 23.57 OK
r-devel-osx-x86_64-gcc 1.0 OK
r-devel-windows-ix86+x86_64 1.0 2.00 15.00 17.00 OK
r-patched-linux-x86_64 1.0 0.48 9.02 9.50 OK
r-patched-solaris-sparc 1.0 105.70 OK
r-patched-solaris-x86 1.0 28.10 OK
r-release-linux-ix86 1.0 2.00 20.00 22.00 OK
r-release-linux-x86_64 1.0 0.55 9.26 9.81 OK
r-release-osx-x86_64-mavericks 1.0 WARN
r-release-windows-ix86+x86_64 1.0 2.00 16.00 18.00 OK
r-oldrel-windows-ix86+x86_64 1.0 2.00 16.00 18.00 OK

Check Details

Version: 1.0
Check: PDF version of manual
Result: WARNING
    LaTeX errors when creating PDF version.
    This typically indicates Rd problems.
    LaTeX errors found:
    ! LaTeX Error: File `upquote.sty' not found.
    
    Type X to quit or <RETURN> to proceed,
    or enter new name. (Default extension: sty)
    
    192063ea/Rd2.tex:8: ==> Fatal error occurred, no output PDF file produced!
Flavor: r-release-osx-x86_64-mavericks