CRAN Package Check Results for Package LogrankA

Last updated on 2015-07-28 23:47:37.

Flavor Version Tinstall Tcheck Ttotal Status Flags
r-devel-linux-x86_64-debian-clang 1.0 0.52 8.11 8.64 NOTE
r-devel-linux-x86_64-debian-gcc 1.0 0.44 8.10 8.54 NOTE
r-devel-linux-x86_64-fedora-clang 1.0 16.10 NOTE
r-devel-linux-x86_64-fedora-gcc 1.0 14.96 NOTE
r-devel-osx-x86_64-clang 1.0 17.90 NOTE
r-devel-windows-ix86+x86_64 1.0 2.00 16.00 18.00 NOTE
r-patched-linux-x86_64 1.0 0.49 8.17 8.66 NOTE
r-patched-solaris-sparc 1.0 113.80 NOTE
r-patched-solaris-x86 1.0 25.00 NOTE
r-release-linux-x86_64 1.0 0.50 8.37 8.86 NOTE
r-release-osx-x86_64-mavericks 1.0 NOTE
r-release-windows-ix86+x86_64 1.0 3.00 23.00 26.00 NOTE
r-oldrel-windows-ix86+x86_64 1.0 2.00 18.00 20.00 NOTE

Check Details

Version: 1.0
Check: R code for possible problems
Result: NOTE
    LogrankA: no visible global function definition for ‘is.Surv’
    LogrankA: no visible global function definition for ‘na.omit’
    LogrankA: no visible global function definition for ‘pchisq’
    Undefined global functions or variables:
     is.Surv na.omit pchisq
    Consider adding
     importFrom("stats", "na.omit", "pchisq")
    to your NAMESPACE.
Flavors: r-devel-linux-x86_64-debian-clang, r-devel-linux-x86_64-debian-gcc, r-devel-linux-x86_64-fedora-clang, r-devel-linux-x86_64-fedora-gcc, r-devel-windows-ix86+x86_64

Version: 1.0
Check: R code for possible problems
Result: NOTE
    LogrankA: no visible global function definition for ‘is.Surv’
    Undefined global functions or variables:
     is.Surv
Flavor: r-devel-osx-x86_64-clang

Version: 1.0
Check: R code for possible problems
Result: NOTE
    LogrankA: no visible global function definition for ‘is.Surv’
Flavors: r-patched-linux-x86_64, r-patched-solaris-sparc, r-patched-solaris-x86, r-release-linux-x86_64, r-release-osx-x86_64-mavericks, r-release-windows-ix86+x86_64, r-oldrel-windows-ix86+x86_64