CRAN Package Check Results for Package LogrankA

Last updated on 2015-01-31 13:48:26.

Flavor Version Tinstall Tcheck Ttotal Status Flags
r-devel-linux-x86_64-debian-clang 1.0 0.47 8.12 8.59 NOTE
r-devel-linux-x86_64-debian-gcc 1.0 0.56 7.96 8.52 NOTE
r-devel-linux-x86_64-fedora-clang 1.0 19.55 NOTE
r-devel-linux-x86_64-fedora-gcc 1.0 18.49 NOTE
r-devel-osx-x86_64-clang 1.0 22.36 NOTE
r-devel-windows-ix86+x86_64 1.0 3.00 14.00 17.00 NOTE
r-patched-linux-x86_64 1.0 0.62 8.98 9.60 NOTE
r-patched-solaris-sparc 1.0 125.90 NOTE
r-patched-solaris-x86 1.0 28.40 NOTE
r-release-linux-ix86 1.0 0.77 14.19 14.96 NOTE
r-release-linux-x86_64 1.0 0.54 8.67 9.21 NOTE
r-release-osx-x86_64-mavericks 1.0 NOTE
r-release-windows-ix86+x86_64 1.0 2.00 16.00 18.00 NOTE
r-oldrel-windows-ix86+x86_64 1.0 2.00 17.00 19.00 OK

Check Details

Version: 1.0
Check: R code for possible problems
Result: NOTE
    LogrankA: no visible global function definition for ‘is.Surv’
Flavors: r-devel-linux-x86_64-debian-clang, r-devel-linux-x86_64-debian-gcc, r-devel-linux-x86_64-fedora-clang, r-devel-linux-x86_64-fedora-gcc, r-devel-osx-x86_64-clang, r-devel-windows-ix86+x86_64, r-patched-linux-x86_64, r-patched-solaris-sparc, r-patched-solaris-x86, r-release-linux-ix86, r-release-linux-x86_64, r-release-osx-x86_64-mavericks, r-release-windows-ix86+x86_64