CRAN Package Check Results for Package LogrankA

Last updated on 2017-04-26 21:47:21.

Flavor Version Tinstall Tcheck Ttotal Status Flags
r-devel-linux-x86_64-debian-clang 1.0 0.58 11.27 11.85 NOTE
r-devel-linux-x86_64-debian-gcc 1.0 0.59 11.35 11.94 NOTE
r-devel-linux-x86_64-fedora-clang 1.0 19.89 NOTE --no-stop-on-test-error
r-devel-linux-x86_64-fedora-gcc 1.0 18.72 NOTE --no-stop-on-test-error
r-devel-windows-ix86+x86_64 1.0 4.00 38.00 42.00 NOTE
r-patched-linux-x86_64 1.0 0.58 11.04 11.63 NOTE
r-patched-solaris-sparc 1.0 119.60 NOTE
r-patched-solaris-x86 1.0 28.10 NOTE
r-release-linux-x86_64 1.0 0.55 11.13 11.68 NOTE
r-release-windows-ix86+x86_64 1.0 2.00 25.00 27.00 NOTE
r-release-osx-x86_64 1.0 NOTE
r-oldrel-windows-ix86+x86_64 1.0 2.00 33.00 35.00 NOTE
r-oldrel-osx-x86_64 1.0 NOTE

Check Details

Version: 1.0
Check: R code for possible problems
Result: NOTE
    LogrankA: no visible global function definition for ‘is.Surv’
    LogrankA: no visible global function definition for ‘na.omit’
    LogrankA: no visible global function definition for ‘pchisq’
    Undefined global functions or variables:
     is.Surv na.omit pchisq
    Consider adding
     importFrom("stats", "na.omit", "pchisq")
    to your NAMESPACE file.
Flavors: r-devel-linux-x86_64-debian-clang, r-devel-linux-x86_64-debian-gcc, r-devel-windows-ix86+x86_64, r-patched-linux-x86_64, r-patched-solaris-sparc, r-patched-solaris-x86, r-release-linux-x86_64, r-release-windows-ix86+x86_64, r-release-osx-x86_64, r-oldrel-windows-ix86+x86_64, r-oldrel-osx-x86_64

Version: 1.0
Flags: --no-stop-on-test-error
Check: R code for possible problems
Result: NOTE
    LogrankA: no visible global function definition for ‘is.Surv’
    LogrankA: no visible global function definition for ‘na.omit’
    LogrankA: no visible global function definition for ‘pchisq’
    Undefined global functions or variables:
     is.Surv na.omit pchisq
    Consider adding
     importFrom("stats", "na.omit", "pchisq")
    to your NAMESPACE file.
Flavors: r-devel-linux-x86_64-fedora-clang, r-devel-linux-x86_64-fedora-gcc