CRAN Package Check Results for Package LogrankA

Last updated on 2017-01-16 17:49:18.

Flavor Version Tinstall Tcheck Ttotal Status Flags
r-devel-linux-x86_64-debian-clang 1.0 0.69 10.91 11.59 NOTE
r-devel-linux-x86_64-debian-gcc 1.0 0.62 10.61 11.23 NOTE
r-devel-linux-x86_64-fedora-clang 1.0 19.05 NOTE --no-stop-on-test-error
r-devel-linux-x86_64-fedora-gcc 1.0 18.75 NOTE --no-stop-on-test-error
r-devel-macos-x86_64-clang 1.0 17.52 NOTE --no-stop-on-test-error
r-devel-windows-ix86+x86_64 1.0 3.00 27.00 30.00 NOTE
r-patched-linux-x86_64 1.0 0.50 9.10 9.60 NOTE
r-patched-solaris-sparc 1.0 100.50 NOTE
r-patched-solaris-x86 1.0 22.70 NOTE
r-release-linux-x86_64 1.0 0.53 9.36 9.89 NOTE
r-release-osx-x86_64-mavericks 1.0 NOTE
r-release-windows-ix86+x86_64 1.0 4.00 26.00 30.00 NOTE
r-oldrel-windows-ix86+x86_64 1.0 3.00 30.00 33.00 NOTE

Check Details

Version: 1.0
Check: R code for possible problems
Result: NOTE
    LogrankA: no visible global function definition for ‘is.Surv’
    LogrankA: no visible global function definition for ‘na.omit’
    LogrankA: no visible global function definition for ‘pchisq’
    Undefined global functions or variables:
     is.Surv na.omit pchisq
    Consider adding
     importFrom("stats", "na.omit", "pchisq")
    to your NAMESPACE file.
Flavors: r-devel-linux-x86_64-debian-clang, r-devel-linux-x86_64-debian-gcc, r-devel-windows-ix86+x86_64, r-patched-linux-x86_64, r-patched-solaris-sparc, r-patched-solaris-x86, r-release-linux-x86_64, r-release-osx-x86_64-mavericks, r-release-windows-ix86+x86_64

Version: 1.0
Flags: --no-stop-on-test-error
Check: R code for possible problems
Result: NOTE
    LogrankA: no visible global function definition for ‘is.Surv’
    LogrankA: no visible global function definition for ‘na.omit’
    LogrankA: no visible global function definition for ‘pchisq’
    Undefined global functions or variables:
     is.Surv na.omit pchisq
    Consider adding
     importFrom("stats", "na.omit", "pchisq")
    to your NAMESPACE file.
Flavors: r-devel-linux-x86_64-fedora-clang, r-devel-linux-x86_64-fedora-gcc, r-devel-macos-x86_64-clang

Version: 1.0
Check: R code for possible problems
Result: NOTE
    LogrankA: no visible global function definition for 'is.Surv'
Flavor: r-oldrel-windows-ix86+x86_64