CRAN Package Check Results for Package LogrankA

Last updated on 2016-07-29 22:49:15.

Flavor Version Tinstall Tcheck Ttotal Status Flags
r-devel-linux-x86_64-debian-clang 1.0 0.49 9.37 9.86 NOTE
r-devel-linux-x86_64-debian-gcc 1.0 0.50 9.41 9.91 NOTE
r-devel-linux-x86_64-fedora-clang 1.0 16.38 NOTE
r-devel-linux-x86_64-fedora-gcc 1.0 14.87 NOTE
r-devel-osx-x86_64-clang 1.0 15.29 NOTE
r-devel-windows-ix86+x86_64 1.0 2.00 26.00 28.00 NOTE
r-patched-linux-x86_64 1.0 0.72 12.29 13.00 NOTE
r-patched-solaris-sparc 1.0 99.70 NOTE
r-patched-solaris-x86 1.0 22.80 NOTE
r-release-linux-x86_64 1.0 0.60 12.31 12.91 NOTE
r-release-osx-x86_64-mavericks 1.0 NOTE
r-release-windows-ix86+x86_64 1.0 3.00 35.00 38.00 NOTE
r-oldrel-windows-ix86+x86_64 1.0 3.00 30.00 33.00 NOTE

Check Details

Version: 1.0
Check: R code for possible problems
Result: NOTE
    LogrankA: no visible global function definition for ‘is.Surv’
    LogrankA: no visible global function definition for ‘na.omit’
    LogrankA: no visible global function definition for ‘pchisq’
    Undefined global functions or variables:
     is.Surv na.omit pchisq
    Consider adding
     importFrom("stats", "na.omit", "pchisq")
    to your NAMESPACE file.
Flavors: r-devel-linux-x86_64-debian-clang, r-devel-linux-x86_64-debian-gcc, r-devel-linux-x86_64-fedora-clang, r-devel-linux-x86_64-fedora-gcc, r-devel-osx-x86_64-clang, r-devel-windows-ix86+x86_64, r-patched-linux-x86_64, r-patched-solaris-sparc, r-patched-solaris-x86, r-release-linux-x86_64, r-release-osx-x86_64-mavericks, r-release-windows-ix86+x86_64

Version: 1.0
Check: R code for possible problems
Result: NOTE
    LogrankA: no visible global function definition for 'is.Surv'
Flavor: r-oldrel-windows-ix86+x86_64