CRAN Package Check Results for Package LogrankA

Last updated on 2015-02-28 17:48:40.

Flavor Version Tinstall Tcheck Ttotal Status Flags
r-devel-linux-x86_64-debian-clang 1.0 0.54 8.37 8.91 NOTE
r-devel-linux-x86_64-debian-gcc 1.0 0.50 8.22 8.72 NOTE
r-devel-linux-x86_64-fedora-clang 1.0 16.56 NOTE
r-devel-linux-x86_64-fedora-gcc 1.0 14.92 NOTE
r-devel-osx-x86_64-clang 1.0 21.35 NOTE
r-devel-windows-ix86+x86_64 1.0 3.00 15.00 18.00 NOTE
r-patched-linux-x86_64 1.0 0.52 8.68 9.20 NOTE
r-patched-solaris-sparc 1.0 125.90 NOTE
r-patched-solaris-x86 1.0 28.50 NOTE
r-release-linux-ix86 1.0 0.78 14.25 15.04 NOTE
r-release-linux-x86_64 1.0 0.58 8.62 9.20 NOTE
r-release-osx-x86_64-mavericks 1.0 NOTE
r-release-windows-ix86+x86_64 1.0 2.00 16.00 18.00 NOTE
r-oldrel-windows-ix86+x86_64 1.0 3.00 17.00 20.00 OK

Check Details

Version: 1.0
Check: R code for possible problems
Result: NOTE
    LogrankA: no visible global function definition for ‘is.Surv’
Flavors: r-devel-linux-x86_64-debian-clang, r-devel-linux-x86_64-debian-gcc, r-devel-linux-x86_64-fedora-clang, r-devel-linux-x86_64-fedora-gcc, r-devel-osx-x86_64-clang, r-devel-windows-ix86+x86_64, r-patched-linux-x86_64, r-patched-solaris-sparc, r-patched-solaris-x86, r-release-linux-ix86, r-release-linux-x86_64, r-release-osx-x86_64-mavericks, r-release-windows-ix86+x86_64