CRAN Package Check Results for Package LogrankA

Last updated on 2017-02-28 12:49:25.

Flavor Version Tinstall Tcheck Ttotal Status Flags
r-devel-linux-x86_64-debian-clang 1.0 0.53 11.01 11.53 NOTE
r-devel-linux-x86_64-debian-gcc 1.0 0.57 11.51 12.07 NOTE
r-devel-linux-x86_64-fedora-clang 1.0 21.43 NOTE --no-stop-on-test-error
r-devel-linux-x86_64-fedora-gcc 1.0 19.15 NOTE --no-stop-on-test-error
r-devel-macos-x86_64-clang 1.0 18.30 NOTE --no-stop-on-test-error
r-devel-windows-ix86+x86_64 1.0 2.00 36.00 38.00 NOTE
r-patched-linux-x86_64 1.0 0.50 9.15 9.65 NOTE
r-patched-solaris-sparc 1.0 100.50 NOTE
r-patched-solaris-x86 1.0 23.50 NOTE
r-release-linux-x86_64 1.0 0.51 9.22 9.73 NOTE
r-release-osx-x86_64-mavericks 1.0 NOTE
r-release-windows-ix86+x86_64 1.0 5.00 32.00 37.00 NOTE
r-oldrel-windows-ix86+x86_64 1.0 2.00 30.00 32.00 NOTE

Check Details

Version: 1.0
Check: R code for possible problems
Result: NOTE
    LogrankA: no visible global function definition for ‘is.Surv’
    LogrankA: no visible global function definition for ‘na.omit’
    LogrankA: no visible global function definition for ‘pchisq’
    Undefined global functions or variables:
     is.Surv na.omit pchisq
    Consider adding
     importFrom("stats", "na.omit", "pchisq")
    to your NAMESPACE file.
Flavors: r-devel-linux-x86_64-debian-clang, r-devel-linux-x86_64-debian-gcc, r-devel-windows-ix86+x86_64, r-patched-linux-x86_64, r-patched-solaris-sparc, r-patched-solaris-x86, r-release-linux-x86_64, r-release-osx-x86_64-mavericks, r-release-windows-ix86+x86_64

Version: 1.0
Flags: --no-stop-on-test-error
Check: R code for possible problems
Result: NOTE
    LogrankA: no visible global function definition for ‘is.Surv’
    LogrankA: no visible global function definition for ‘na.omit’
    LogrankA: no visible global function definition for ‘pchisq’
    Undefined global functions or variables:
     is.Surv na.omit pchisq
    Consider adding
     importFrom("stats", "na.omit", "pchisq")
    to your NAMESPACE file.
Flavors: r-devel-linux-x86_64-fedora-clang, r-devel-linux-x86_64-fedora-gcc, r-devel-macos-x86_64-clang

Version: 1.0
Check: R code for possible problems
Result: NOTE
    LogrankA: no visible global function definition for 'is.Surv'
Flavor: r-oldrel-windows-ix86+x86_64