CRAN Package Check Results for Package LogrankA

Last updated on 2017-10-22 20:47:19.

Flavor Version Tinstall Tcheck Ttotal Status Flags
r-devel-linux-x86_64-debian-clang 1.0 0.50 11.52 12.02 NOTE
r-devel-linux-x86_64-debian-gcc 1.0 0.58 12.40 12.98 NOTE
r-devel-linux-x86_64-fedora-clang 1.0 20.76 NOTE
r-devel-linux-x86_64-fedora-gcc 1.0 20.35 NOTE
r-devel-windows-ix86+x86_64 1.0 3.00 34.00 37.00 NOTE
r-patched-linux-x86_64 1.0 0.54 11.30 11.83 NOTE
r-patched-solaris-x86 1.0 27.90 NOTE
r-release-linux-x86_64 1.0 0.60 11.29 11.89 NOTE
r-release-windows-ix86+x86_64 1.0 3.00 37.00 40.00 NOTE
r-release-osx-x86_64 1.0 NOTE
r-oldrel-windows-ix86+x86_64 1.0 2.00 33.00 35.00 NOTE
r-oldrel-osx-x86_64 1.0 NOTE

Check Details

Version: 1.0
Check: R code for possible problems
Result: NOTE
    LogrankA: no visible global function definition for ‘is.Surv’
    LogrankA: no visible global function definition for ‘na.omit’
    LogrankA: no visible global function definition for ‘pchisq’
    Undefined global functions or variables:
     is.Surv na.omit pchisq
    Consider adding
     importFrom("stats", "na.omit", "pchisq")
    to your NAMESPACE file.
Flavors: r-devel-linux-x86_64-debian-clang, r-devel-linux-x86_64-debian-gcc, r-devel-linux-x86_64-fedora-clang, r-devel-linux-x86_64-fedora-gcc, r-devel-windows-ix86+x86_64, r-patched-linux-x86_64, r-patched-solaris-x86, r-release-linux-x86_64, r-release-windows-ix86+x86_64, r-release-osx-x86_64, r-oldrel-windows-ix86+x86_64, r-oldrel-osx-x86_64