CRAN Package Check Results for Package LogrankA

Last updated on 2017-08-24 02:48:15.

Flavor Version Tinstall Tcheck Ttotal Status Flags
r-devel-linux-x86_64-debian-clang 1.0 0.56 12.08 12.64 NOTE
r-devel-linux-x86_64-debian-gcc 1.0 0.58 11.52 12.09 NOTE
r-devel-linux-x86_64-fedora-clang 1.0 20.86 NOTE
r-devel-linux-x86_64-fedora-gcc 1.0 18.83 NOTE
r-devel-windows-ix86+x86_64 1.0 5.00 26.00 31.00 NOTE
r-patched-linux-x86_64 1.0 0.56 11.31 11.86 NOTE
r-patched-solaris-x86 1.0 28.20 NOTE
r-release-linux-x86_64 1.0 0.55 11.39 11.94 NOTE
r-release-windows-ix86+x86_64 1.0 2.00 34.00 36.00 NOTE
r-release-osx-x86_64 1.0 NOTE
r-oldrel-windows-ix86+x86_64 1.0 3.00 39.00 42.00 NOTE
r-oldrel-osx-x86_64 1.0 NOTE

Check Details

Version: 1.0
Check: R code for possible problems
Result: NOTE
    LogrankA: no visible global function definition for ‘is.Surv’
    LogrankA: no visible global function definition for ‘na.omit’
    LogrankA: no visible global function definition for ‘pchisq’
    Undefined global functions or variables:
     is.Surv na.omit pchisq
    Consider adding
     importFrom("stats", "na.omit", "pchisq")
    to your NAMESPACE file.
Flavors: r-devel-linux-x86_64-debian-clang, r-devel-linux-x86_64-debian-gcc, r-devel-linux-x86_64-fedora-clang, r-devel-linux-x86_64-fedora-gcc, r-devel-windows-ix86+x86_64, r-patched-linux-x86_64, r-patched-solaris-x86, r-release-linux-x86_64, r-release-windows-ix86+x86_64, r-release-osx-x86_64, r-oldrel-windows-ix86+x86_64, r-oldrel-osx-x86_64