CRAN Package Check Results for Package LogrankA

Last updated on 2015-04-26 09:46:30.

Flavor Version Tinstall Tcheck Ttotal Status Flags
r-devel-linux-x86_64-debian-clang 1.0 0.49 8.22 8.71 NOTE
r-devel-linux-x86_64-debian-gcc 1.0 0.54 8.22 8.76 NOTE
r-devel-linux-x86_64-fedora-clang 1.0 16.58 NOTE
r-devel-linux-x86_64-fedora-gcc 1.0 16.59 NOTE
r-devel-osx-x86_64-clang 1.0 20.79 NOTE
r-devel-windows-ix86+x86_64 1.0 2.00 15.00 17.00 NOTE
r-patched-linux-x86_64 1.0 0.49 8.39 8.88 NOTE
r-patched-solaris-sparc 1.0 118.00 NOTE
r-patched-solaris-x86 1.0 25.70 NOTE
r-release-linux-x86_64 1.0 0.49 8.31 8.80 NOTE
r-release-osx-x86_64-mavericks 1.0 NOTE
r-release-osx-x86_64-snowleopard 1.0 NOTE
r-release-windows-ix86+x86_64 1.0 2.00 15.00 17.00 NOTE
r-oldrel-windows-ix86+x86_64 1.0 2.00 16.00 18.00 NOTE

Check Details

Version: 1.0
Check: R code for possible problems
Result: NOTE
    LogrankA: no visible global function definition for ‘is.Surv’
Flavors: r-devel-linux-x86_64-fedora-gcc, r-devel-windows-ix86+x86_64, r-release-windows-ix86+x86_64, r-oldrel-windows-ix86+x86_64