CRAN Package Check Results for Package LogrankA

Last updated on 2016-05-24 19:48:00.

Flavor Version Tinstall Tcheck Ttotal Status Flags
r-devel-linux-x86_64-debian-gcc 1.0 0.42 9.59 10.01 NOTE
r-devel-linux-x86_64-fedora-clang 1.0 16.34 NOTE
r-devel-linux-x86_64-fedora-gcc 1.0 15.25 NOTE
r-devel-osx-x86_64-clang 1.0 19.80 NOTE
r-devel-windows-ix86+x86_64 1.0 2.00 24.00 26.00 NOTE
r-patched-linux-x86_64 1.0 0.51 9.53 10.04 NOTE
r-patched-solaris-sparc 1.0 98.60 NOTE
r-patched-solaris-x86 1.0 23.10 NOTE
r-release-linux-x86_64 1.0 0.60 9.27 9.86 NOTE
r-release-osx-x86_64-mavericks 1.0 NOTE
r-release-windows-ix86+x86_64 1.0 2.00 24.00 26.00 NOTE
r-oldrel-windows-ix86+x86_64 1.0 3.00 23.00 26.00 NOTE

Check Details

Version: 1.0
Check: R code for possible problems
Result: NOTE
    LogrankA: no visible global function definition for ‘is.Surv’
    LogrankA: no visible global function definition for ‘na.omit’
    LogrankA: no visible global function definition for ‘pchisq’
    Undefined global functions or variables:
     is.Surv na.omit pchisq
    Consider adding
     importFrom("stats", "na.omit", "pchisq")
    to your NAMESPACE file.
Flavors: r-devel-linux-x86_64-debian-gcc, r-devel-linux-x86_64-fedora-clang, r-devel-linux-x86_64-fedora-gcc, r-devel-osx-x86_64-clang, r-devel-windows-ix86+x86_64, r-patched-linux-x86_64, r-patched-solaris-sparc, r-patched-solaris-x86, r-release-linux-x86_64, r-release-osx-x86_64-mavericks, r-release-windows-ix86+x86_64

Version: 1.0
Check: R code for possible problems
Result: NOTE
    LogrankA: no visible global function definition for 'is.Surv'
Flavor: r-oldrel-windows-ix86+x86_64