CRAN Package Check Results for Package LogrankA

Last updated on 2014-10-21 05:48:01.

Flavor Version Tinstall Tcheck Ttotal Status Flags
r-devel-linux-x86_64-debian-clang 1.0 0.52 9.22 9.75 NOTE
r-devel-linux-x86_64-debian-gcc 1.0 0.54 8.85 9.39 NOTE
r-devel-linux-x86_64-fedora-clang 1.0 18.48 NOTE
r-devel-linux-x86_64-fedora-gcc 1.0 17.07 NOTE
r-devel-osx-x86_64-clang 1.0 22.44 NOTE
r-devel-windows-ix86+x86_64 1.0 2.00 15.00 17.00 NOTE
r-patched-linux-x86_64 1.0 0.58 8.62 9.20 NOTE
r-patched-solaris-sparc 1.0 100.50 NOTE
r-patched-solaris-x86 1.0 28.60 NOTE
r-release-linux-ix86 1.0 0.75 14.42 15.17 OK
r-release-linux-x86_64 1.0 0.48 9.15 9.63 OK
r-release-osx-x86_64-mavericks 1.0 OK
r-release-windows-ix86+x86_64 1.0 2.00 15.00 17.00 OK
r-oldrel-windows-ix86+x86_64 1.0 2.00 17.00 19.00 OK

Check Details

Version: 1.0
Check: R code for possible problems
Result: NOTE
    LogrankA: no visible global function definition for ‘is.Surv’
Flavors: r-devel-linux-x86_64-debian-clang, r-devel-linux-x86_64-debian-gcc, r-devel-linux-x86_64-fedora-clang, r-devel-linux-x86_64-fedora-gcc, r-devel-osx-x86_64-clang, r-devel-windows-ix86+x86_64, r-patched-linux-x86_64, r-patched-solaris-sparc, r-patched-solaris-x86