CRAN Package Check Results for Package LogrankA

Last updated on 2015-05-25 22:47:10.

Flavor Version Tinstall Tcheck Ttotal Status Flags
r-devel-linux-x86_64-debian-clang 1.0 0.53 8.20 8.73 NOTE
r-devel-linux-x86_64-debian-gcc 1.0 0.48 8.14 8.62 NOTE
r-devel-linux-x86_64-fedora-clang 1.0 17.51 NOTE
r-devel-linux-x86_64-fedora-gcc 1.0 15.80 NOTE
r-devel-osx-x86_64-clang 1.0 20.80 NOTE
r-devel-windows-ix86+x86_64 1.0 2.00 16.00 18.00 NOTE
r-patched-linux-x86_64 1.0 0.61 8.86 9.47 NOTE
r-patched-solaris-sparc 1.0 120.20 NOTE
r-patched-solaris-x86 1.0 25.40 NOTE
r-release-linux-x86_64 1.0 0.48 8.18 8.66 NOTE
r-release-osx-x86_64-mavericks 1.0 NOTE
r-release-osx-x86_64-snowleopard 1.0 NOTE
r-release-windows-ix86+x86_64 1.0 2.00 15.00 17.00 NOTE
r-oldrel-windows-ix86+x86_64 1.0 3.00 17.00 20.00 NOTE

Check Details

Version: 1.0
Check: R code for possible problems
Result: NOTE
    LogrankA: no visible global function definition for ‘is.Surv’
Flavors: r-devel-linux-x86_64-debian-clang, r-devel-linux-x86_64-debian-gcc, r-devel-linux-x86_64-fedora-clang, r-devel-linux-x86_64-fedora-gcc, r-devel-osx-x86_64-clang, r-devel-windows-ix86+x86_64, r-patched-linux-x86_64, r-patched-solaris-sparc, r-patched-solaris-x86, r-release-linux-x86_64, r-release-osx-x86_64-mavericks, r-release-osx-x86_64-snowleopard, r-release-windows-ix86+x86_64, r-oldrel-windows-ix86+x86_64