CRAN Package Check Results for Package LogrankA

Last updated on 2014-12-21 11:46:37.

Flavor Version Tinstall Tcheck Ttotal Status Flags
r-devel-linux-x86_64-debian-clang 1.0 0.52 8.66 9.18 NOTE
r-devel-linux-x86_64-debian-gcc 1.0 0.51 8.68 9.19 NOTE
r-devel-linux-x86_64-fedora-clang 1.0 19.02 NOTE
r-devel-linux-x86_64-fedora-gcc 1.0 18.61 NOTE
r-devel-osx-x86_64-clang 1.0 21.74 NOTE
r-devel-windows-ix86+x86_64 1.0 2.00 15.00 17.00 NOTE
r-patched-linux-x86_64 1.0 0.64 8.53 9.16 NOTE
r-patched-solaris-sparc 1.0 100.50 NOTE
r-patched-solaris-x86 1.0 27.90 NOTE
r-release-linux-ix86 1.0 0.76 13.68 14.44 NOTE
r-release-linux-x86_64 1.0 0.53 8.85 9.38 NOTE
r-release-osx-x86_64-mavericks 1.0 OK
r-release-windows-ix86+x86_64 1.0 2.00 16.00 18.00 NOTE
r-oldrel-windows-ix86+x86_64 1.0 2.00 18.00 20.00 OK

Check Details

Version: 1.0
Check: R code for possible problems
Result: NOTE
    LogrankA: no visible global function definition for ‘is.Surv’
Flavors: r-devel-linux-x86_64-debian-clang, r-devel-linux-x86_64-debian-gcc, r-devel-linux-x86_64-fedora-clang, r-devel-linux-x86_64-fedora-gcc, r-devel-osx-x86_64-clang, r-devel-windows-ix86+x86_64, r-patched-linux-x86_64, r-patched-solaris-sparc, r-patched-solaris-x86, r-release-linux-ix86, r-release-linux-x86_64, r-release-windows-ix86+x86_64