CRAN Package Check Results for Package LogrankA

Last updated on 2014-08-30 17:47:08.

Flavor Version Tinstall Tcheck Ttotal Status Flags
r-devel-linux-x86_64-debian-clang 1.0 0.44 8.49 8.93 NOTE
r-devel-linux-x86_64-debian-gcc 1.0 0.44 8.16 8.61 NOTE
r-devel-linux-x86_64-fedora-clang 1.0 17.60 NOTE
r-devel-linux-x86_64-fedora-gcc 1.0 16.85 NOTE
r-devel-osx-x86_64-clang 1.0 22.56 NOTE
r-devel-windows-ix86+x86_64 1.0 2.00 15.00 17.00 NOTE
r-patched-linux-x86_64 1.0 0.46 8.57 9.03 OK
r-patched-solaris-sparc 1.0 122.30 OK
r-patched-solaris-x86 1.0 27.90 OK
r-release-linux-ix86 1.0 0.77 14.18 14.95 OK
r-release-linux-x86_64 1.0 0.51 8.84 9.35 OK
r-release-osx-x86_64-mavericks 1.0 OK
r-release-windows-ix86+x86_64 1.0 2.00 15.00 17.00 OK
r-oldrel-windows-ix86+x86_64 1.0 3.00 17.00 20.00 OK

Check Details

Version: 1.0
Check: R code for possible problems
Result: NOTE
    LogrankA: no visible global function definition for ‘is.Surv’
Flavors: r-devel-linux-x86_64-debian-clang, r-devel-linux-x86_64-debian-gcc, r-devel-linux-x86_64-fedora-clang, r-devel-linux-x86_64-fedora-gcc, r-devel-osx-x86_64-clang, r-devel-windows-ix86+x86_64