CRAN Package Check Results for Package LogrankA

Last updated on 2018-05-22 05:49:30 CEST.

Flavor Version Tinstall Tcheck Ttotal Status Flags
r-devel-linux-x86_64-debian-clang 1.0 0.87 16.56 17.43 NOTE
r-devel-linux-x86_64-debian-gcc 1.0 0.56 14.66 15.22 NOTE
r-devel-linux-x86_64-fedora-clang 1.0 23.35 NOTE
r-devel-linux-x86_64-fedora-gcc 1.0 24.29 NOTE
r-devel-windows-ix86+x86_64 1.0 4.00 31.00 35.00 NOTE
r-patched-linux-x86_64 1.0 0.70 17.07 17.77 NOTE
r-patched-solaris-x86 1.0 34.50 NOTE
r-release-linux-x86_64 1.0 0.80 17.06 17.86 NOTE
r-release-windows-ix86+x86_64 1.0 3.00 41.00 44.00 NOTE
r-release-osx-x86_64 1.0 NOTE
r-oldrel-windows-ix86+x86_64 1.0 4.00 41.00 45.00 NOTE
r-oldrel-osx-x86_64 1.0 NOTE

Check Details

Version: 1.0
Check: R code for possible problems
Result: NOTE
    LogrankA: no visible global function definition for ‘is.Surv’
    LogrankA: no visible global function definition for ‘na.omit’
    LogrankA: no visible global function definition for ‘pchisq’
    Undefined global functions or variables:
     is.Surv na.omit pchisq
    Consider adding
     importFrom("stats", "na.omit", "pchisq")
    to your NAMESPACE file.
Flavors: r-devel-linux-x86_64-debian-clang, r-devel-linux-x86_64-debian-gcc, r-devel-linux-x86_64-fedora-clang, r-devel-linux-x86_64-fedora-gcc, r-devel-windows-ix86+x86_64, r-patched-linux-x86_64, r-patched-solaris-x86, r-release-linux-x86_64, r-release-windows-ix86+x86_64, r-release-osx-x86_64, r-oldrel-windows-ix86+x86_64, r-oldrel-osx-x86_64