CRAN Package Check Results for Package LogrankA

Last updated on 2014-11-27 21:46:35.

Flavor Version Tinstall Tcheck Ttotal Status Flags
r-devel-linux-x86_64-debian-clang 1.0 0.53 8.76 9.29 NOTE
r-devel-linux-x86_64-debian-gcc 1.0 0.51 8.68 9.19 NOTE
r-devel-linux-x86_64-fedora-clang 1.0 21.42 NOTE
r-devel-linux-x86_64-fedora-gcc 1.0 18.59 NOTE
r-devel-osx-x86_64-clang 1.0 22.59 NOTE
r-devel-windows-ix86+x86_64 1.0 2.00 16.00 18.00 NOTE
r-patched-linux-x86_64 1.0 0.58 8.56 9.14 NOTE
r-patched-solaris-sparc 1.0 100.50 NOTE
r-patched-solaris-x86 1.0 27.80 NOTE
r-release-linux-ix86 1.0 0.76 13.45 14.21 NOTE
r-release-linux-x86_64 1.0 0.66 8.58 9.24 NOTE
r-release-osx-x86_64-mavericks 1.0 OK
r-release-windows-ix86+x86_64 1.0 2.00 16.00 18.00 NOTE
r-oldrel-windows-ix86+x86_64 1.0 2.00 16.00 18.00 OK

Check Details

Version: 1.0
Check: R code for possible problems
Result: NOTE
    LogrankA: no visible global function definition for ‘is.Surv’
Flavors: r-devel-linux-x86_64-debian-clang, r-devel-linux-x86_64-debian-gcc, r-devel-linux-x86_64-fedora-clang, r-devel-linux-x86_64-fedora-gcc, r-devel-osx-x86_64-clang, r-devel-windows-ix86+x86_64, r-patched-linux-x86_64, r-patched-solaris-sparc, r-patched-solaris-x86, r-release-linux-ix86, r-release-linux-x86_64, r-release-windows-ix86+x86_64