CRAN Package Check Results for Package LoopAnalyst

Last updated on 2015-03-29 08:49:12.

Flavor Version Tinstall Tcheck Ttotal Status Flags
r-devel-linux-x86_64-debian-clang 1.2-3 0.84 21.35 22.19 NOTE
r-devel-linux-x86_64-debian-gcc 1.2-3 0.88 20.28 21.16 NOTE
r-devel-linux-x86_64-fedora-clang 1.2-3 41.08 NOTE
r-devel-linux-x86_64-fedora-gcc 1.2-3 38.63 NOTE
r-devel-osx-x86_64-clang 1.2-3 44.86 OK
r-prerel-windows-ix86+x86_64 1.2-3 5.00 34.00 39.00 OK
r-prerel-linux-x86_64 1.2-3 1.10 20.00 21.10 NOTE
r-prerel-solaris-sparc 1.2-3 272.10 OK
r-prerel-solaris-x86 1.2-3 51.40 OK
r-release-linux-x86_64 1.2-3 1.03 22.36 23.39 NOTE
r-release-osx-x86_64-mavericks 1.2-3 OK
r-release-osx-x86_64-snowleopard 1.2-3 WARN
r-release-windows-ix86+x86_64 1.2-3 4.00 33.00 37.00 OK
r-oldrel-windows-ix86+x86_64 1.2-3 4.00 37.00 41.00 OK

Check Details

Version: 1.2-3
Check: top-level files
Result: NOTE
    Non-standard file/directory found at top level:
     ‘LoopAnalyst-Ex.R’
Flavors: r-devel-linux-x86_64-debian-clang, r-devel-linux-x86_64-debian-gcc, r-devel-linux-x86_64-fedora-clang, r-devel-linux-x86_64-fedora-gcc, r-prerel-linux-x86_64, r-release-linux-x86_64

Version: 1.2-3
Check: examples
Result: WARN
    checking a package with encoding 'latin1' in an ASCII locale
    
     OK
Flavor: r-release-osx-x86_64-snowleopard