CRAN Package Check Results for Package LoopAnalyst

Last updated on 2015-05-28 17:47:51.

Flavor Version Tinstall Tcheck Ttotal Status Flags
r-devel-linux-x86_64-debian-clang 1.2-3 0.84 20.52 21.36 NOTE
r-devel-linux-x86_64-debian-gcc 1.2-3 0.83 20.01 20.84 NOTE
r-devel-linux-x86_64-fedora-clang 1.2-3 41.62 NOTE
r-devel-linux-x86_64-fedora-gcc 1.2-3 38.44 NOTE
r-devel-osx-x86_64-clang 1.2-3 40.16 OK
r-devel-windows-ix86+x86_64 1.2-3 3.00 32.00 35.00 OK
r-patched-linux-x86_64 1.2-3 0.83 20.25 21.08 NOTE
r-patched-solaris-sparc 1.2-3 268.20 OK
r-patched-solaris-x86 1.2-3 52.50 OK
r-release-linux-x86_64 1.2-3 0.83 19.95 20.78 NOTE
r-release-osx-x86_64-mavericks 1.2-3 OK
r-release-osx-x86_64-snowleopard 1.2-3 OK
r-release-windows-ix86+x86_64 1.2-3 3.00 32.00 35.00 OK
r-oldrel-windows-ix86+x86_64 1.2-3 4.00 33.00 37.00 OK

Check Details

Version: 1.2-3
Check: top-level files
Result: NOTE
    Non-standard file/directory found at top level:
     ‘LoopAnalyst-Ex.R’
Flavors: r-devel-linux-x86_64-debian-clang, r-devel-linux-x86_64-debian-gcc, r-devel-linux-x86_64-fedora-clang, r-devel-linux-x86_64-fedora-gcc, r-patched-linux-x86_64, r-release-linux-x86_64