CRAN Package Check Results for Package LoopAnalyst

Last updated on 2015-07-03 09:47:02.

Flavor Version Tinstall Tcheck Ttotal Status Flags
r-devel-linux-x86_64-debian-clang 1.2-3 0.80 20.02 20.82 NOTE
r-devel-linux-x86_64-debian-gcc 1.2-3 0.80 20.11 20.91 NOTE
r-devel-linux-x86_64-fedora-clang 1.2-3 39.14 NOTE
r-devel-linux-x86_64-fedora-gcc 1.2-3 37.52 NOTE
r-devel-osx-x86_64-clang 1.2-3 39.28 OK
r-devel-windows-ix86+x86_64 1.2-3 4.00 31.00 35.00 OK
r-patched-linux-x86_64 1.2-3 0.82 20.06 20.88 NOTE
r-patched-solaris-sparc 1.2-3 268.20 OK
r-patched-solaris-x86 1.2-3 53.00 OK
r-release-linux-x86_64 1.2-3 1.02 21.13 22.15 NOTE
r-release-osx-x86_64-mavericks 1.2-3 OK
r-release-windows-ix86+x86_64 1.2-3 3.00 35.00 38.00 OK
r-oldrel-windows-ix86+x86_64 1.2-3 4.00 37.00 41.00 OK

Check Details

Version: 1.2-3
Check: top-level files
Result: NOTE
    Non-standard file/directory found at top level:
     ‘LoopAnalyst-Ex.R’
Flavors: r-devel-linux-x86_64-debian-clang, r-devel-linux-x86_64-debian-gcc, r-devel-linux-x86_64-fedora-clang, r-devel-linux-x86_64-fedora-gcc, r-patched-linux-x86_64, r-release-linux-x86_64