CRAN Package Check Results for Package LoopAnalyst

Last updated on 2014-09-17 21:46:37.

Flavor Version Tinstall Tcheck Ttotal Status Flags
r-devel-linux-x86_64-debian-clang 1.2-3 0.92 21.80 22.72 NOTE
r-devel-linux-x86_64-debian-gcc 1.2-3 0.91 21.13 22.04 NOTE
r-devel-linux-x86_64-fedora-clang 1.2-3 44.86 NOTE
r-devel-linux-x86_64-fedora-gcc 1.2-3 53.77 NOTE
r-devel-osx-x86_64-clang 1.2-3 39.98 OK
r-devel-windows-ix86+x86_64 1.2-3 3.00 32.00 35.00 OK
r-patched-linux-x86_64 1.2-3 0.95 21.92 22.87 OK
r-patched-solaris-sparc 1.2-3 270.50 OK
r-patched-solaris-x86 1.2-3 56.50 OK
r-release-linux-ix86 1.2-3 1.30 31.52 32.82 OK
r-release-linux-x86_64 1.2-3 0.97 22.70 23.67 NOTE
r-release-osx-x86_64-mavericks 1.2-3 OK
r-release-osx-x86_64-snowleopard 1.2-3 WARN
r-release-windows-ix86+x86_64 1.2-3 3.00 37.00 40.00 OK
r-oldrel-windows-ix86+x86_64 1.2-3 4.00 33.00 37.00 OK

Check Details

Version: 1.2-3
Check: top-level files
Result: NOTE
    Non-standard file/directory found at top level:
     ‘LoopAnalyst-Ex.R’
Flavors: r-devel-linux-x86_64-debian-clang, r-devel-linux-x86_64-debian-gcc, r-devel-linux-x86_64-fedora-clang, r-devel-linux-x86_64-fedora-gcc, r-release-linux-x86_64

Version: 1.2-3
Check: examples
Result: WARN
    checking a package with encoding 'latin1' in an ASCII locale
    
     OK
Flavor: r-release-osx-x86_64-snowleopard