CRAN Package Check Results for Package LoopAnalyst

Last updated on 2014-10-01 07:47:41.

Flavor Version Tinstall Tcheck Ttotal Status Flags
r-devel-linux-x86_64-debian-clang 1.2-3 1.00 21.88 22.88 NOTE
r-devel-linux-x86_64-debian-gcc 1.2-3 1.08 21.16 22.24 NOTE
r-devel-linux-x86_64-fedora-clang 1.2-3 44.91 NOTE
r-devel-linux-x86_64-fedora-gcc 1.2-3 46.02 NOTE
r-devel-osx-x86_64-clang 1.2-3 40.64 OK
r-devel-windows-ix86+x86_64 1.2-3 3.00 30.00 33.00 OK
r-patched-linux-x86_64 1.2-3 0.98 22.56 23.55 NOTE
r-patched-solaris-sparc 1.2-3 270.50 OK
r-patched-solaris-x86 1.2-3 57.90 OK
r-release-linux-ix86 1.2-3 1.27 28.71 29.98 OK
r-release-linux-x86_64 1.2-3 0.98 22.70 23.68 NOTE
r-release-osx-x86_64-mavericks 1.2-3 OK
r-release-osx-x86_64-snowleopard 1.2-3 WARN
r-release-windows-ix86+x86_64 1.2-3 4.00 38.00 42.00 OK
r-oldrel-windows-ix86+x86_64 1.2-3 4.00 38.00 42.00 OK

Check Details

Version: 1.2-3
Check: top-level files
Result: NOTE
    Non-standard file/directory found at top level:
     ‘LoopAnalyst-Ex.R’
Flavors: r-devel-linux-x86_64-debian-clang, r-devel-linux-x86_64-debian-gcc, r-devel-linux-x86_64-fedora-clang, r-devel-linux-x86_64-fedora-gcc, r-patched-linux-x86_64, r-release-linux-x86_64

Version: 1.2-3
Check: examples
Result: WARN
    checking a package with encoding 'latin1' in an ASCII locale
    
     OK
Flavor: r-release-osx-x86_64-snowleopard