CRAN Package Check Results for Package LoopAnalyst

Last updated on 2014-07-25 03:49:48.

Flavor Version Tinstall Tcheck Ttotal Status Flags
r-devel-linux-x86_64-debian-clang 1.2-3 0.95 23.16 24.11 OK
r-devel-linux-x86_64-debian-gcc 1.2-3 0.94 22.04 22.99 OK
r-devel-linux-x86_64-fedora-clang 1.2-3 46.06 NOTE
r-devel-linux-x86_64-fedora-gcc 1.2-3 44.64 NOTE
r-devel-osx-x86_64-clang 1.2-3 43.12 OK
r-devel-windows-ix86+x86_64 1.2-3 4.00 33.00 37.00 OK
r-patched-linux-x86_64 1.2-3 0.94 21.96 22.90 OK
r-patched-solaris-sparc 1.2-3 261.80 OK
r-patched-solaris-x86 1.2-3 56.90 OK
r-release-linux-ix86 1.2-3 1.31 28.31 29.62 OK
r-release-linux-x86_64 1.2-3 0.98 22.26 23.24 OK
r-release-osx-x86_64-mavericks 1.2-3 OK
r-release-osx-x86_64-snowleopard 1.2-3 WARN
r-release-windows-ix86+x86_64 1.2-3 4.00 35.00 39.00 OK
r-oldrel-windows-ix86+x86_64 1.2-3 4.00 35.00 39.00 OK

Check Details

Version: 1.2-3
Check: top-level files
Result: NOTE
    Non-standard file/directory found at top level:
     ‘LoopAnalyst-Ex.R’
Flavors: r-devel-linux-x86_64-fedora-clang, r-devel-linux-x86_64-fedora-gcc

Version: 1.2-3
Check: examples
Result: WARNING
    checking a package with encoding 'latin1' in an ASCII locale
    
     OK
Flavor: r-release-osx-x86_64-snowleopard