CRAN Package Check Results for Package LoopAnalyst

Last updated on 2014-11-27 19:49:50.

Flavor Version Tinstall Tcheck Ttotal Status Flags
r-devel-linux-x86_64-debian-clang 1.2-3 0.96 21.94 22.90 NOTE
r-devel-linux-x86_64-debian-gcc 1.2-3 0.93 21.57 22.50 NOTE
r-devel-linux-x86_64-fedora-clang 1.2-3 48.65 NOTE
r-devel-linux-x86_64-fedora-gcc 1.2-3 45.03 NOTE
r-devel-osx-x86_64-clang 1.2-3 44.14 OK
r-devel-windows-ix86+x86_64 1.2-3 4.00 34.00 38.00 OK
r-patched-linux-x86_64 1.2-3 0.99 22.36 23.34 NOTE
r-patched-solaris-sparc 1.2-3 270.50 OK
r-patched-solaris-x86 1.2-3 57.70 OK
r-release-linux-ix86 1.2-3 1.24 27.94 29.18 OK
r-release-linux-x86_64 1.2-3 1.00 22.41 23.41 NOTE
r-release-osx-x86_64-mavericks 1.2-3 OK
r-release-osx-x86_64-snowleopard 1.2-3 WARN
r-release-windows-ix86+x86_64 1.2-3 4.00 33.00 37.00 OK
r-oldrel-windows-ix86+x86_64 1.2-3 3.00 36.00 39.00 OK

Check Details

Version: 1.2-3
Check: top-level files
Result: NOTE
    Non-standard file/directory found at top level:
     ‘LoopAnalyst-Ex.R’
Flavors: r-devel-linux-x86_64-debian-clang, r-devel-linux-x86_64-debian-gcc, r-devel-linux-x86_64-fedora-clang, r-devel-linux-x86_64-fedora-gcc, r-patched-linux-x86_64, r-release-linux-x86_64

Version: 1.2-3
Check: examples
Result: WARN
    checking a package with encoding 'latin1' in an ASCII locale
    
     OK
Flavor: r-release-osx-x86_64-snowleopard