CRAN Package Check Results for Package LoopAnalyst

Last updated on 2015-02-28 19:51:10.

Flavor Version Tinstall Tcheck Ttotal Status Flags
r-devel-linux-x86_64-debian-clang 1.2-3 0.86 21.05 21.90 NOTE
r-devel-linux-x86_64-debian-gcc 1.2-3 0.82 20.31 21.12 NOTE
r-devel-linux-x86_64-fedora-clang 1.2-3 41.65 NOTE
r-devel-linux-x86_64-fedora-gcc 1.2-3 35.51 NOTE
r-devel-osx-x86_64-clang 1.2-3 43.34 OK
r-devel-windows-ix86+x86_64 1.2-3 5.00 34.00 39.00 OK
r-patched-linux-x86_64 1.2-3 1.03 22.49 23.52 NOTE
r-patched-solaris-sparc 1.2-3 284.60 OK
r-patched-solaris-x86 1.2-3 58.20 OK
r-release-linux-ix86 1.2-3 1.30 28.76 30.06 NOTE
r-release-linux-x86_64 1.2-3 1.05 22.58 23.63 NOTE
r-release-osx-x86_64-mavericks 1.2-3 OK
r-release-osx-x86_64-snowleopard 1.2-3 WARN
r-release-windows-ix86+x86_64 1.2-3 4.00 36.00 40.00 OK
r-oldrel-windows-ix86+x86_64 1.2-3 4.00 38.00 42.00 OK

Check Details

Version: 1.2-3
Check: top-level files
Result: NOTE
    Non-standard file/directory found at top level:
     ‘LoopAnalyst-Ex.R’
Flavors: r-devel-linux-x86_64-debian-clang, r-devel-linux-x86_64-debian-gcc, r-devel-linux-x86_64-fedora-clang, r-devel-linux-x86_64-fedora-gcc, r-patched-linux-x86_64, r-release-linux-ix86, r-release-linux-x86_64

Version: 1.2-3
Check: examples
Result: WARN
    checking a package with encoding 'latin1' in an ASCII locale
    
     OK
Flavor: r-release-osx-x86_64-snowleopard