CRAN Package Check Results for Package LoopAnalyst

Last updated on 2014-12-18 00:48:52.

Flavor Version Tinstall Tcheck Ttotal Status Flags
r-devel-linux-x86_64-debian-clang 1.2-3 0.98 21.96 22.94 NOTE
r-devel-linux-x86_64-debian-gcc 1.2-3 0.94 21.26 22.20 NOTE
r-devel-linux-x86_64-fedora-clang 1.2-3 45.94 NOTE
r-devel-linux-x86_64-fedora-gcc 1.2-3 43.46 NOTE
r-devel-osx-x86_64-clang 1.2-3 43.39 OK
r-devel-windows-ix86+x86_64 1.2-3 6.00 34.00 40.00 OK
r-patched-linux-x86_64 1.2-3 0.99 22.72 23.71 NOTE
r-patched-solaris-sparc 1.2-3 270.50 OK
r-patched-solaris-x86 1.2-3 58.10 OK
r-release-linux-ix86 1.2-3 1.26 28.05 29.32 OK
r-release-linux-x86_64 1.2-3 0.98 23.49 24.47 NOTE
r-release-osx-x86_64-mavericks 1.2-3 OK
r-release-osx-x86_64-snowleopard 1.2-3 WARN
r-release-windows-ix86+x86_64 1.2-3 4.00 35.00 39.00 OK
r-oldrel-windows-ix86+x86_64 1.2-3 4.00 38.00 42.00 OK

Check Details

Version: 1.2-3
Check: top-level files
Result: NOTE
    Non-standard file/directory found at top level:
     ‘LoopAnalyst-Ex.R’
Flavors: r-devel-linux-x86_64-debian-clang, r-devel-linux-x86_64-debian-gcc, r-devel-linux-x86_64-fedora-clang, r-devel-linux-x86_64-fedora-gcc, r-patched-linux-x86_64, r-release-linux-x86_64

Version: 1.2-3
Check: examples
Result: WARN
    checking a package with encoding 'latin1' in an ASCII locale
    
     OK
Flavor: r-release-osx-x86_64-snowleopard