CRAN Package Check Results for Package LoopAnalyst

Last updated on 2014-04-25 05:47:18.

Flavor Version Tinstall Tcheck Ttotal Status Flags
r-devel-linux-x86_64-debian-clang 1.2-3 1.01 23.12 24.13 OK
r-devel-linux-x86_64-debian-gcc 1.2-3 1.07 22.94 24.01 OK
r-devel-linux-x86_64-fedora-clang 1.2-3 47.16 NOTE
r-devel-linux-x86_64-fedora-gcc 1.2-3 44.02 NOTE
r-devel-osx-x86_64-clang 1.2-3 43.29 OK
r-devel-osx-x86_64-gcc 1.2-3 OK
r-devel-windows-ix86+x86_64 1.2-3 3.00 31.00 34.00 OK
r-patched-linux-x86_64 1.2-3 1.00 23.15 24.15 OK
r-patched-solaris-sparc 1.2-3 261.80 OK
r-patched-solaris-x86 1.2-3 57.30 OK
r-release-linux-ix86 1.2-3 2.00 39.00 41.00 OK
r-release-linux-x86_64 1.2-3 1.00 25.14 26.14 OK
r-release-osx-x86_64-mavericks 1.2-3 WARN
r-release-osx-x86_64-snowleopard 1.2-3 WARN
r-release-windows-ix86+x86_64 1.2-3 3.00 38.00 41.00 OK
r-oldrel-windows-ix86+x86_64 1.2-3 3.00 34.00 37.00 OK

Check Details

Version: 1.2-3
Check: top-level files
Result: NOTE
    Non-standard file/directory found at top level:
     ‘LoopAnalyst-Ex.R’
Flavors: r-devel-linux-x86_64-fedora-clang, r-devel-linux-x86_64-fedora-gcc

Version: 1.2-3
Check: PDF version of manual
Result: WARNING
    LaTeX errors when creating PDF version.
    This typically indicates Rd problems.
    LaTeX errors found:
    ! LaTeX Error: File `upquote.sty' not found.
    
    Type X to quit or <RETURN> to proceed,
    or enter new name. (Default extension: sty)
    
    4492836f/Rd2.tex:8: ==> Fatal error occurred, no output PDF file produced!
Flavor: r-release-osx-x86_64-mavericks

Version: 1.2-3
Check: examples
Result: WARNING
    checking a package with encoding 'latin1' in an ASCII locale
    
     OK
Flavor: r-release-osx-x86_64-snowleopard