CRAN Package Check Results for Package LoopAnalyst

Last updated on 2015-01-31 23:47:59.

Flavor Version Tinstall Tcheck Ttotal Status Flags
r-devel-linux-x86_64-debian-clang 1.2-3 0.89 20.01 20.90 NOTE
r-devel-linux-x86_64-debian-gcc 1.2-3 0.91 20.30 21.21 NOTE
r-devel-linux-x86_64-fedora-clang 1.2-3 44.64 NOTE
r-devel-linux-x86_64-fedora-gcc 1.2-3 38.62 NOTE
r-devel-osx-x86_64-clang 1.2-3 43.44 OK
r-devel-windows-ix86+x86_64 1.2-3 5.00 30.00 35.00 OK
r-patched-linux-x86_64 1.2-3 0.99 22.49 23.48 NOTE
r-patched-solaris-sparc 1.2-3 284.60 OK
r-patched-solaris-x86 1.2-3 57.70 OK
r-release-linux-ix86 1.2-3 1.26 28.86 30.11 NOTE
r-release-linux-x86_64 1.2-3 0.97 23.60 24.57 NOTE
r-release-osx-x86_64-mavericks 1.2-3 OK
r-release-osx-x86_64-snowleopard 1.2-3 WARN
r-release-windows-ix86+x86_64 1.2-3 3.00 40.00 43.00 OK
r-oldrel-windows-ix86+x86_64 1.2-3 5.00 34.00 39.00 OK

Check Details

Version: 1.2-3
Check: top-level files
Result: NOTE
    Non-standard file/directory found at top level:
     ‘LoopAnalyst-Ex.R’
Flavors: r-devel-linux-x86_64-debian-clang, r-devel-linux-x86_64-debian-gcc, r-devel-linux-x86_64-fedora-clang, r-devel-linux-x86_64-fedora-gcc, r-patched-linux-x86_64, r-release-linux-ix86, r-release-linux-x86_64

Version: 1.2-3
Check: examples
Result: WARN
    checking a package with encoding 'latin1' in an ASCII locale
    
     OK
Flavor: r-release-osx-x86_64-snowleopard