CRAN Package Check Results for Package LoopAnalyst

Last updated on 2024-03-03 01:00:48 CET.

Flavor Version Tinstall Tcheck Ttotal Status Flags
r-devel-linux-x86_64-debian-clang 1.2-6 7.57 44.65 52.22 NOTE
r-devel-linux-x86_64-debian-gcc 1.2-6 4.35 33.14 37.49 NOTE
r-devel-linux-x86_64-fedora-clang 1.2-6 65.73 NOTE
r-devel-linux-x86_64-fedora-gcc 1.2-6 60.71 NOTE
r-devel-windows-x86_64 1.2-6 6.00 55.00 61.00 NOTE
r-patched-linux-x86_64 1.2-6 7.84 43.26 51.10 NOTE
r-release-linux-x86_64 1.2-6 6.00 44.15 50.15 NOTE
r-release-macos-arm64 1.2-6 27.00 OK
r-release-macos-x86_64 1.2-6 33.00 OK
r-release-windows-x86_64 1.2-6 8.00 56.00 64.00 OK
r-oldrel-macos-arm64 1.2-6 27.00 OK
r-oldrel-windows-x86_64 1.2-6 7.00 63.00 70.00 OK

Check Details

Version: 1.2-6
Check: Rd contents
Result: NOTE Auto-generated content requiring editing in Rd file 'LoopAnalyst-package.Rd': \details: ‘...the package, including the most important ~~ ~~ functions ~~’ Flavors: r-devel-linux-x86_64-debian-clang, r-devel-linux-x86_64-debian-gcc, r-devel-linux-x86_64-fedora-clang, r-devel-linux-x86_64-fedora-gcc, r-devel-windows-x86_64

Version: 1.2-6
Check: for non-standard things in the check directory
Result: NOTE Found the following files/directories: ‘Model_1.cm’ ‘dambacher.dot’ ‘levins.dot’ Flavors: r-devel-linux-x86_64-debian-clang, r-devel-linux-x86_64-debian-gcc, r-devel-linux-x86_64-fedora-clang, r-devel-linux-x86_64-fedora-gcc, r-patched-linux-x86_64, r-release-linux-x86_64