CRAN Package Check Results for Package LoopDetectR

Last updated on 2020-10-01 23:48:38 CEST.

Flavor Version Tinstall Tcheck Ttotal Status Flags
r-devel-linux-x86_64-debian-clang 0.1.2 2.31 29.08 31.39 OK
r-devel-linux-x86_64-debian-gcc 0.1.2 2.07 23.21 25.28 OK
r-devel-linux-x86_64-fedora-clang 0.1.2 47.87 OK
r-devel-linux-x86_64-fedora-gcc 0.1.2 39.07 OK
r-devel-windows-ix86+x86_64 0.1.2 5.00 52.00 57.00 OK
r-patched-linux-x86_64 0.1.2 2.62 28.12 30.74 OK
r-patched-solaris-x86 0.1.2 56.00 OK
r-release-linux-x86_64 0.1.2 2.47 27.92 30.39 OK
r-release-macos-x86_64 0.1.2 OK
r-release-windows-ix86+x86_64 0.1.2 7.00 46.00 53.00 OK
r-oldrel-macos-x86_64 0.1.2 ERROR

Check Details

Version: 0.1.2
Check: whether package can be installed
Result: ERROR
    Installation failed.
Flavor: r-oldrel-macos-x86_64