CRAN Package Check Results for Package LowRankQP

Last updated on 2018-01-18 06:47:02 CET.

Flavor Version Tinstall Tcheck Ttotal Status Flags
r-devel-linux-x86_64-debian-clang 1.0.2 1.95 14.96 16.91 NOTE
r-devel-linux-x86_64-debian-gcc 1.0.2 1.37 12.48 13.85 NOTE
r-devel-linux-x86_64-fedora-clang 1.0.2 20.30 NOTE
r-devel-linux-x86_64-fedora-gcc 1.0.2 18.84 NOTE
r-devel-windows-ix86+x86_64 1.0.2 6.00 32.00 38.00 OK
r-patched-linux-x86_64 1.0.2 1.74 14.02 15.76 NOTE
r-patched-solaris-x86 1.0.2 30.20 OK
r-release-linux-x86_64 1.0.2 1.68 14.00 15.68 NOTE
r-release-windows-ix86+x86_64 1.0.2 6.00 27.00 33.00 OK
r-release-osx-x86_64 1.0.2 OK
r-oldrel-windows-ix86+x86_64 1.0.2 5.00 26.00 31.00 OK
r-oldrel-osx-x86_64 1.0.2 OK

Check Details

Version: 1.0.2
Check: compiled code
Result: NOTE
    File ‘LowRankQP/libs/LowRankQP.so’:
     Found no calls to: ‘R_registerRoutines’, ‘R_useDynamicSymbols’
    
    It is good practice to register native routines and to disable symbol
    search.
    
    See ‘Writing portable packages’ in the ‘Writing R Extensions’ manual.
Flavors: r-devel-linux-x86_64-debian-clang, r-devel-linux-x86_64-debian-gcc, r-devel-linux-x86_64-fedora-clang, r-devel-linux-x86_64-fedora-gcc, r-patched-linux-x86_64, r-release-linux-x86_64