CRAN Package Check Results for Package LowRankQP

Last updated on 2014-04-23 07:55:02.

Flavor Version Tinstall Tcheck Ttotal Status Flags
r-devel-linux-x86_64-debian-clang 1.0.2 0.96 8.60 9.56 OK
r-devel-linux-x86_64-debian-gcc 1.0.2 1.11 8.33 9.44 OK
r-devel-linux-x86_64-fedora-clang 1.0.2 18.35 NOTE
r-devel-linux-x86_64-fedora-gcc 1.0.2 17.59 NOTE
r-devel-osx-x86_64-clang 1.0.2 21.80 OK
r-devel-osx-x86_64-gcc 1.0.2 OK
r-devel-windows-ix86+x86_64 1.0.2 5.00 20.00 25.00 OK
r-patched-linux-x86_64 1.0.2 1.14 8.36 9.50 OK
r-patched-solaris-sparc 1.0.2 105.30 OK
r-patched-solaris-x86 1.0.2 28.60 OK
r-release-linux-ix86 1.0.2 2.00 20.00 22.00 OK
r-release-linux-x86_64 1.0.2 1.11 8.54 9.65 OK
r-release-osx-x86_64-mavericks 1.0.2 OK
r-release-windows-ix86+x86_64 1.0.2 12.00 27.00 39.00 OK
r-oldrel-windows-ix86+x86_64 1.0.2 5.00 21.00 26.00 OK

Check Details

Version: 1.0.2
Check: top-level files
Result: NOTE
    Non-standard file/directory found at top level:
     ‘CONTENTS’
Flavors: r-devel-linux-x86_64-fedora-clang, r-devel-linux-x86_64-fedora-gcc