CRAN Package Check Results for Package LowRankQP

Last updated on 2014-07-24 22:48:38.

Flavor Version Tinstall Tcheck Ttotal Status Flags
r-devel-linux-x86_64-debian-clang 1.0.2 0.92 8.07 8.99 OK
r-devel-linux-x86_64-debian-gcc 1.0.2 1.12 7.95 9.07 OK
r-devel-linux-x86_64-fedora-clang 1.0.2 18.61 NOTE
r-devel-linux-x86_64-fedora-gcc 1.0.2 17.64 NOTE
r-devel-osx-x86_64-clang 1.0.2 21.80 OK
r-devel-windows-ix86+x86_64 1.0.2 5.00 20.00 25.00 OK
r-patched-linux-x86_64 1.0.2 1.12 7.93 9.05 OK
r-patched-solaris-sparc 1.0.2 105.30 OK
r-patched-solaris-x86 1.0.2 28.10 OK
r-release-linux-ix86 1.0.2 1.56 13.48 15.04 OK
r-release-linux-x86_64 1.0.2 1.27 8.42 9.69 OK
r-release-osx-x86_64-mavericks 1.0.2 OK
r-release-windows-ix86+x86_64 1.0.2 8.00 20.00 28.00 OK
r-oldrel-windows-ix86+x86_64 1.0.2 5.00 21.00 26.00 OK

Check Details

Version: 1.0.2
Check: top-level files
Result: NOTE
    Non-standard file/directory found at top level:
     ‘CONTENTS’
Flavors: r-devel-linux-x86_64-fedora-clang, r-devel-linux-x86_64-fedora-gcc