CRAN Package Check Results for Package LowRankQP

Last updated on 2017-02-23 07:47:44.

Flavor Version Tinstall Tcheck Ttotal Status Flags
r-devel-linux-x86_64-debian-clang 1.0.2 1.46 9.98 11.44 NOTE
r-devel-linux-x86_64-debian-gcc 1.0.2 1.38 9.95 11.33 NOTE
r-devel-linux-x86_64-fedora-clang 1.0.2 18.61 NOTE --no-stop-on-test-error
r-devel-linux-x86_64-fedora-gcc 1.0.2 17.30 NOTE --no-stop-on-test-error
r-devel-macos-x86_64-clang 1.0.2 17.40 NOTE --no-stop-on-test-error
r-devel-windows-ix86+x86_64 1.0.2 6.00 38.00 44.00 OK
r-patched-linux-x86_64 1.0.2 1.22 8.55 9.77 OK
r-patched-solaris-sparc 1.0.2 92.30 OK
r-patched-solaris-x86 1.0.2 22.40 OK
r-release-linux-x86_64 1.0.2 1.16 8.70 9.86 OK
r-release-osx-x86_64-mavericks 1.0.2 OK
r-release-windows-ix86+x86_64 1.0.2 5.00 26.00 31.00 OK
r-oldrel-windows-ix86+x86_64 1.0.2 6.00 24.00 30.00 OK

Check Details

Version: 1.0.2
Check: compiled code
Result: NOTE
    File ‘LowRankQP/libs/LowRankQP.so’:
     Found no calls to: ‘R_registerRoutines’, ‘R_useDynamicSymbols’
    
    It is good practice to register native routines and to disable symbol
    search.
    
    See ‘Writing portable packages’ in the ‘Writing R Extensions’ manual.
Flavors: r-devel-linux-x86_64-debian-clang, r-devel-linux-x86_64-debian-gcc

Version: 1.0.2
Flags: --no-stop-on-test-error
Check: compiled code
Result: NOTE
    File ‘LowRankQP/libs/LowRankQP.so’:
     Found no calls to: ‘R_registerRoutines’, ‘R_useDynamicSymbols’
    
    It is good practice to register native routines and to disable symbol
    search.
    
    See ‘Writing portable packages’ in the ‘Writing R Extensions’ manual.
Flavors: r-devel-linux-x86_64-fedora-clang, r-devel-linux-x86_64-fedora-gcc, r-devel-macos-x86_64-clang