CRAN Package Check Results for Package LowRankQP

Last updated on 2017-06-27 23:48:04.

Flavor Version Tinstall Tcheck Ttotal Status Flags
r-devel-linux-x86_64-debian-clang 1.0.2 1.47 10.29 11.76 NOTE
r-devel-linux-x86_64-debian-gcc 1.0.2 1.48 9.85 11.32 NOTE
r-devel-linux-x86_64-fedora-clang 1.0.2 18.59 NOTE
r-devel-linux-x86_64-fedora-gcc 1.0.2 17.04 NOTE
r-devel-windows-ix86+x86_64 1.0.2 10.00 36.00 46.00 OK
r-patched-linux-x86_64 1.0.2 1.48 9.77 11.25 NOTE
r-patched-solaris-sparc 1.0.2 112.30 OK
r-patched-solaris-x86 1.0.2 26.10 OK
r-release-linux-x86_64 1.0.2 1.37 9.78 11.15 NOTE
r-release-windows-ix86+x86_64 1.0.2 6.00 25.00 31.00 OK
r-release-osx-x86_64 1.0.2 OK
r-oldrel-windows-ix86+x86_64 1.0.2 5.00 26.00 31.00 OK
r-oldrel-osx-x86_64 1.0.2 OK

Check Details

Version: 1.0.2
Check: compiled code
Result: NOTE
    File ‘LowRankQP/libs/LowRankQP.so’:
     Found no calls to: ‘R_registerRoutines’, ‘R_useDynamicSymbols’
    
    It is good practice to register native routines and to disable symbol
    search.
    
    See ‘Writing portable packages’ in the ‘Writing R Extensions’ manual.
Flavors: r-devel-linux-x86_64-debian-clang, r-devel-linux-x86_64-debian-gcc, r-devel-linux-x86_64-fedora-clang, r-devel-linux-x86_64-fedora-gcc, r-patched-linux-x86_64, r-release-linux-x86_64