CRAN Package Check Results for Package Luminescence

Last updated on 2014-08-20 06:48:15.

Flavor Version Tinstall Tcheck Ttotal Status Flags
r-devel-linux-x86_64-debian-clang 0.3.4 2.79 63.59 66.38 OK
r-devel-linux-x86_64-debian-gcc 0.3.4 2.76 62.64 65.40 OK
r-devel-linux-x86_64-fedora-clang 0.3.4 141.99 OK
r-devel-linux-x86_64-fedora-gcc 0.3.4 132.79 OK
r-devel-osx-x86_64-clang 0.3.4 107.20 OK
r-devel-windows-ix86+x86_64 0.3.4 9.00 92.00 101.00 OK
r-patched-linux-x86_64 0.3.4 2.75 64.49 67.24 OK
r-patched-solaris-sparc 0.3.4 21.90 ERROR
r-patched-solaris-x86 0.3.4 6.90 ERROR
r-release-linux-ix86 0.3.4 3.74 81.47 85.21 OK
r-release-linux-x86_64 0.3.4 2.82 65.13 67.96 OK
r-release-osx-x86_64-mavericks 0.3.4 OK
r-release-osx-x86_64-snowleopard 0.3.4 OK
r-release-windows-ix86+x86_64 0.3.4 9.00 96.00 105.00 OK
r-oldrel-windows-ix86+x86_64 0.3.3 9.00 102.00 111.00 OK

Check Details

Version: 0.3.4
Check: package dependencies
Result: ERROR
    Package required but not available: ‘Rserve’
    
    See the information on DESCRIPTION files in the chapter ‘Creating R
    packages’ of the ‘Writing R Extensions’ manual.
Flavors: r-patched-solaris-sparc, r-patched-solaris-x86