CRAN Package Check Results for Package Luminescence

Last updated on 2014-07-24 17:49:03.

Flavor Version Tinstall Tcheck Ttotal Status Flags
r-devel-linux-x86_64-debian-clang 0.3.4 2.87 64.66 67.54 OK
r-devel-linux-x86_64-debian-gcc 0.3.4 2.77 64.60 67.37 OK
r-devel-linux-x86_64-fedora-clang 0.3.4 145.53 OK
r-devel-linux-x86_64-fedora-gcc 0.3.4 134.92 OK
r-devel-osx-x86_64-clang 0.3.4 113.17 OK
r-devel-windows-ix86+x86_64 0.3.4 9.00 94.00 103.00 OK
r-patched-linux-x86_64 0.3.4 2.75 67.81 70.56 OK
r-patched-solaris-sparc 0.3.4 20.10 ERROR
r-patched-solaris-x86 0.3.4 6.70 ERROR
r-release-linux-ix86 0.3.4 3.67 80.36 84.03 OK
r-release-linux-x86_64 0.3.4 2.80 64.44 67.23 OK
r-release-osx-x86_64-mavericks 0.3.4 OK
r-release-osx-x86_64-snowleopard 0.3.4 OK
r-release-windows-ix86+x86_64 0.3.4 8.00 92.00 100.00 OK
r-oldrel-windows-ix86+x86_64 0.3.3 9.00 102.00 111.00 OK

Check Details

Version: 0.3.4
Check: package dependencies
Result: ERROR
    Package required but not available: ‘Rserve’
    
    See the information on DESCRIPTION files in the chapter ‘Creating R
    packages’ of the ‘Writing R Extensions’ manual.
Flavors: r-patched-solaris-sparc, r-patched-solaris-x86