CRAN Package Check Results for Package Luminescence

Last updated on 2016-06-30 03:47:03.

Flavor Version Tinstall Tcheck Ttotal Status Flags
r-devel-linux-x86_64-debian-gcc 0.6.0 23.78 125.36 149.13 OK
r-devel-linux-x86_64-fedora-clang 0.6.0 267.13 OK
r-devel-linux-x86_64-fedora-gcc 0.6.0 250.48 OK
r-devel-osx-x86_64-clang 0.6.0 204.74 OK
r-devel-windows-ix86+x86_64 0.6.0 57.00 226.00 283.00 OK
r-patched-linux-x86_64 0.6.0 17.49 125.73 143.22 OK
r-patched-solaris-sparc 0.6.0 1585.90 NOTE
r-patched-solaris-x86 0.6.0 293.70 NOTE
r-release-linux-x86_64 0.6.0 16.88 118.88 135.76 OK
r-release-osx-x86_64-mavericks 0.6.0 OK
r-release-windows-ix86+x86_64 0.6.0 77.00 281.00 358.00 OK
r-oldrel-windows-ix86+x86_64 0.5.1 45.00 230.00 275.00 OK

Check Details

Version: 0.6.0
Check: installed package size
Result: NOTE
     installed size is 7.8Mb
     sub-directories of 1Mb or more:
     data 1.3Mb
     libs 5.0Mb
Flavors: r-patched-solaris-sparc, r-patched-solaris-x86