CRAN Package Check Results for Package Luminescence

Last updated on 2014-04-23 20:47:15.

Flavor Version Tinstall Tcheck Ttotal Status Flags
r-devel-linux-x86_64-debian-clang 0.3.3 3.00 69.23 72.23 OK
r-devel-linux-x86_64-debian-gcc 0.3.3 2.92 70.65 73.56 OK
r-devel-linux-x86_64-fedora-clang 0.3.3 141.59 OK
r-devel-linux-x86_64-fedora-gcc 0.3.3 137.18 OK
r-devel-osx-x86_64-clang 0.3.3 113.79 OK
r-devel-osx-x86_64-gcc 0.3.3 ERROR
r-devel-windows-ix86+x86_64 0.3.3 8.00 87.00 95.00 OK
r-patched-linux-x86_64 0.3.3 2.88 68.38 71.25 OK
r-patched-solaris-sparc 0.3.3 20.10 ERROR
r-patched-solaris-x86 0.3.3 6.70 ERROR
r-release-linux-ix86 0.3.3 6.00 105.00 111.00 OK
r-release-linux-x86_64 0.3.3 2.97 73.36 76.33 OK
r-release-osx-x86_64-mavericks 0.3.3 OK
r-release-osx-x86_64-snowleopard 0.3.3 OK
r-release-windows-ix86+x86_64 0.3.3 7.00 91.00 98.00 OK
r-oldrel-windows-ix86+x86_64 0.3.3 10.00 93.00 103.00 OK

Check Details

Version: 0.3.3
Check: package dependencies
Result: ERROR
    Package required but not available: ‘XML’
    
    See the information on DESCRIPTION files in the chapter ‘Creating R
    packages’ of the ‘Writing R Extensions’ manual.
Flavor: r-devel-osx-x86_64-gcc

Version: 0.3.3
Check: package dependencies
Result: ERROR
    Package required but not available: ‘Rserve’
    
    See the information on DESCRIPTION files in the chapter ‘Creating R
    packages’ of the ‘Writing R Extensions’ manual.
Flavors: r-patched-solaris-sparc, r-patched-solaris-x86