CRAN Package Check Results for Package Luminescence

Last updated on 2018-09-24 21:49:15 CEST.

Flavor Version Tinstall Tcheck Ttotal Status Flags
r-devel-linux-x86_64-debian-clang 0.8.5 70.66 274.84 345.50 OK
r-devel-linux-x86_64-debian-gcc 0.8.5 65.57 210.83 276.40 OK
r-devel-linux-x86_64-fedora-clang 0.8.5 436.62 OK
r-devel-linux-x86_64-fedora-gcc 0.8.5 420.01 OK
r-devel-windows-ix86+x86_64 0.8.5 165.00 481.00 646.00 NOTE
r-patched-linux-x86_64 0.8.5 77.03 253.25 330.28 OK
r-patched-solaris-x86 0.8.5 472.70 OK
r-release-linux-x86_64 0.8.5 79.35 259.97 339.32 OK
r-release-windows-ix86+x86_64 0.8.5 176.00 471.00 647.00 NOTE
r-release-osx-x86_64 0.8.5 OK
r-oldrel-windows-ix86+x86_64 0.8.5 81.00 588.00 669.00 OK
r-oldrel-osx-x86_64 0.8.5 OK

Check Details

Version: 0.8.5
Check: installed package size
Result: NOTE
     installed size is 5.3Mb
     sub-directories of 1Mb or more:
     R 1.4Mb
     libs 1.6Mb
Flavors: r-devel-windows-ix86+x86_64, r-release-windows-ix86+x86_64