CRAN Package Check Results for Package Luminescence

Last updated on 2018-11-17 22:56:34 CET.

Flavor Version Tinstall Tcheck Ttotal Status Flags
r-devel-linux-x86_64-debian-clang 0.8.6 84.75 277.52 362.27 OK
r-devel-linux-x86_64-debian-gcc 0.8.6 70.40 212.91 283.31 OK
r-devel-linux-x86_64-fedora-clang 0.8.6 450.59 OK
r-devel-linux-x86_64-fedora-gcc 0.8.6 422.36 OK
r-devel-windows-ix86+x86_64 0.8.6 161.00 479.00 640.00 NOTE
r-patched-linux-x86_64 0.8.6 79.10 272.76 351.86 OK
r-patched-solaris-x86 0.8.6 506.30 OK
r-release-linux-x86_64 0.8.6 84.59 271.63 356.22 OK
r-release-windows-ix86+x86_64 0.8.6 169.00 480.00 649.00 NOTE
r-release-osx-x86_64 0.8.6 OK
r-oldrel-windows-ix86+x86_64 0.8.6 132.00 595.00 727.00 OK
r-oldrel-osx-x86_64 0.8.6 OK

Check Details

Version: 0.8.6
Check: installed package size
Result: NOTE
     installed size is 5.4Mb
     sub-directories of 1Mb or more:
     R 1.4Mb
     libs 1.6Mb
Flavors: r-devel-windows-ix86+x86_64, r-release-windows-ix86+x86_64