CRAN Package Check Results for Package Luminescence

Last updated on 2018-01-18 02:52:03 CET.

Flavor Version Tinstall Tcheck Ttotal Status Flags
r-devel-linux-x86_64-debian-clang 0.7.5 34.02 252.32 286.34 NOTE
r-devel-linux-x86_64-debian-gcc 0.7.5 31.12 208.51 239.63 NOTE
r-devel-linux-x86_64-fedora-clang 0.7.5 352.62 NOTE
r-devel-linux-x86_64-fedora-gcc 0.7.5 346.65 NOTE
r-devel-windows-ix86+x86_64 0.7.5 82.00 354.00 436.00 OK
r-patched-linux-x86_64 0.7.5 40.96 275.17 316.13 OK
r-patched-solaris-x86 0.7.5 424.40 OK
r-release-linux-x86_64 0.7.5 36.62 278.18 314.80 OK
r-release-windows-ix86+x86_64 0.7.5 74.00 332.00 406.00 OK
r-release-osx-x86_64 0.7.5 OK
r-oldrel-windows-ix86+x86_64 0.7.5 107.00 292.00 399.00 OK
r-oldrel-osx-x86_64 0.7.5 OK

Check Details

Version: 0.7.5
Check: DESCRIPTION meta-information
Result: NOTE
    Dependence on R version ‘3.3.2’ not with patchlevel 0
Flavors: r-devel-linux-x86_64-debian-clang, r-devel-linux-x86_64-debian-gcc, r-devel-linux-x86_64-fedora-clang, r-devel-linux-x86_64-fedora-gcc