CRAN Package Check Results for Package Luminescence

Last updated on 2015-05-25 11:48:26.

Flavor Version Tinstall Tcheck Ttotal Status Flags
r-devel-linux-x86_64-debian-clang 0.4.4 11.66 106.77 118.43 OK
r-devel-linux-x86_64-debian-gcc 0.4.4 11.07 105.04 116.10 OK
r-devel-linux-x86_64-fedora-clang 0.4.4 241.08 WARN
r-devel-linux-x86_64-fedora-gcc 0.4.4 218.38 WARN
r-devel-osx-x86_64-clang 0.4.4 185.59 WARN
r-devel-windows-ix86+x86_64 0.4.4 35.00 196.00 231.00 OK
r-patched-linux-x86_64 0.4.4 10.56 102.09 112.66 OK
r-patched-solaris-sparc 0.4.4 1323.50 OK
r-patched-solaris-x86 0.4.4 274.80 OK
r-release-linux-x86_64 0.4.4 10.74 102.49 113.23 OK
r-release-osx-x86_64-mavericks 0.4.4 OK
r-release-osx-x86_64-snowleopard 0.4.4 OK
r-release-windows-ix86+x86_64 0.4.4 32.00 217.00 249.00 OK
r-oldrel-windows-ix86+x86_64 0.4.4 38.00 233.00 271.00 OK

Check Details

Version: 0.4.4
Check: whether package can be installed
Result: WARN
    Found the following significant warnings:
     Warning: namespace ‘rgdal’ is not available and has been replaced
Flavors: r-devel-linux-x86_64-fedora-clang, r-devel-linux-x86_64-fedora-gcc, r-devel-osx-x86_64-clang