CRAN Package Check Results for Package Luminescence

Last updated on 2015-07-07 14:48:16.

Flavor Version Tinstall Tcheck Ttotal Status Flags
r-devel-linux-x86_64-debian-clang 0.4.4 10.76 104.66 115.42 NOTE
r-devel-linux-x86_64-debian-gcc 0.4.4 10.60 103.22 113.82 NOTE
r-devel-linux-x86_64-fedora-clang 0.4.4 230.75 WARN
r-devel-linux-x86_64-fedora-gcc 0.4.4 210.45 WARN
r-devel-osx-x86_64-clang 0.4.4 192.17 WARN
r-devel-windows-ix86+x86_64 0.4.4 32.00 206.00 238.00 NOTE
r-patched-linux-x86_64 0.4.4 10.52 102.24 112.76 OK
r-patched-solaris-sparc 0.4.4 1323.50 OK
r-patched-solaris-x86 0.4.4 278.40 OK
r-release-linux-x86_64 0.4.4 10.48 102.74 113.22 OK
r-release-osx-x86_64-mavericks 0.4.4 OK
r-release-windows-ix86+x86_64 0.4.4 47.00 214.00 261.00 OK
r-oldrel-windows-ix86+x86_64 0.4.4 37.00 250.00 287.00 OK

Check Details

Version: 0.4.4
Check: R code for possible problems
Result: NOTE
    .onAttach: no visible global function definition for
     ‘packageDescription’
    Analyse_SAR.OSLdata: no visible global function definition for ‘layout’
    Analyse_SAR.OSLdata : <anonymous>: no visible global function
     definition for ‘lines’
    Analyse_SAR.OSLdata: no visible global function definition for ‘abline’
    Analyse_SAR.OSLdata: no visible global function definition for ‘legend’
    Analyse_SAR.OSLdata: no visible global function definition for ‘mtext’
    Analyse_SAR.OSLdata: no visible global function definition for ‘text’
    Analyse_SAR.OSLdata: no visible global function definition for ‘lines’
    Analyse_SAR.OSLdata: no visible global function definition for ‘par’
    CW2pHMi: no visible global function definition for ‘approx’
    CW2pHMi: no visible global function definition for ‘lm’
    CW2pHMi: no visible global function definition for ‘na.exclude’
    CW2pLMi: no visible global function definition for ‘approx’
    CW2pLMi: no visible global function definition for ‘lm’
    CW2pLMi: no visible global function definition for ‘na.exclude’
    CW2pPMi: no visible global function definition for ‘approx’
    CW2pPMi: no visible global function definition for ‘lm’
    CW2pPMi: no visible global function definition for ‘na.exclude’
    analyse_IRSAR.RF: no visible global function definition for ‘sd’
    analyse_IRSAR.RF: no visible global function definition for
     ‘as.formula’
    analyse_IRSAR.RF: no visible global function definition for ‘nls’
    analyse_IRSAR.RF: no visible global function definition for
     ‘nls.control’
    analyse_IRSAR.RF: no visible global function definition for ‘na.omit’
    analyse_IRSAR.RF: no visible binding for global variable ‘median’
    analyse_IRSAR.RF: no visible global function definition for ‘approx’
    analyse_IRSAR.RF: no visible global function definition for ‘hist’
    analyse_IRSAR.RF : sliding: no visible global function definition for
     ‘lm’
    analyse_IRSAR.RF: no visible global function definition for
     ‘txtProgressBar’
    analyse_IRSAR.RF: no visible global function definition for
     ‘setTxtProgressBar’
    analyse_IRSAR.RF: no visible global function definition for ‘par’
    analyse_IRSAR.RF: no visible global function definition for ‘layout’
    analyse_IRSAR.RF: no visible global function definition for ‘points’
    analyse_IRSAR.RF: no visible global function definition for ‘legend’
    analyse_IRSAR.RF: no visible global function definition for ‘curve’
    analyse_IRSAR.RF: no visible global function definition for ‘abline’
    analyse_IRSAR.RF: no visible global function definition for ‘lines’
    analyse_IRSAR.RF: no visible global function definition for ‘mtext’
    analyse_IRSAR.RF: no visible global function definition for ‘text’
    analyse_IRSAR.RF: no visible global function definition for ‘rgb’
    analyse_IRSAR.RF: no visible global function definition for ‘density’
    analyse_IRSAR.RF: no visible global function definition for ‘polygon’
    analyse_IRSAR.RF: no visible global function definition for ‘axis’
    analyse_SAR.CWOSL: no visible global function definition for ‘par’
    analyse_SAR.CWOSL: no visible global function definition for ‘layout’
    analyse_SAR.CWOSL: no visible global function definition for ‘mtext’
    analyse_SAR.CWOSL : <anonymous>: no visible global function definition
     for ‘lines’
    analyse_SAR.CWOSL: no visible global function definition for ‘text’
    analyse_SAR.CWOSL: no visible global function definition for ‘abline’
    analyse_SAR.CWOSL: no visible global function definition for ‘axis’
    analyse_SAR.CWOSL: no visible global function definition for ‘polygon’
    analyse_SAR.CWOSL: no visible global function definition for ‘points’
    analyse_SAR.TL: no visible global function definition for ‘par’
    analyse_SAR.TL: no visible global function definition for ‘layout’
    analyse_SAR.TL : <anonymous>: no visible global function definition for
     ‘lines’
    analyse_SAR.TL: no visible global function definition for ‘abline’
    analyse_SAR.TL: no visible global function definition for ‘lines’
    analyse_SAR.TL: no visible global function definition for ‘quantile’
    analyse_SAR.TL: no visible global function definition for ‘axis’
    analyse_SAR.TL: no visible global function definition for ‘text’
    analyse_SAR.TL: no visible global function definition for ‘mtext’
    analyse_pIRIRSequence: no visible global function definition for ‘par’
    analyse_pIRIRSequence: no visible global function definition for
     ‘layout’
    analyse_pIRIRSequence: no visible global function definition for ‘text’
    analyse_pIRIRSequence: no visible global function definition for
     ‘points’
    analyse_pIRIRSequence: no visible global function definition for
     ‘segments’
    analyse_pIRIRSequence: no visible global function definition for
     ‘lines’
    analyse_pIRIRSequence: no visible global function definition for
     ‘legend’
    analyse_pIRIRSequence: no visible global function definition for
     ‘abline’
    analyse_pIRIRSequence: no visible global function definition for ‘axis’
    analyse_pIRIRSequence: no visible global function definition for
     ‘polygon’
    apply_CosmicRayRemoval : <anonymous>: no visible global function
     definition for ‘smooth’
    apply_CosmicRayRemoval : <anonymous>: no visible global function
     definition for ‘smooth.spline’
    apply_CosmicRayRemoval : <anonymous>: no visible global function
     definition for ‘sd’
    apply_CosmicRayRemoval : <anonymous>: no visible global function
     definition for ‘hist’
    apply_CosmicRayRemoval : <anonymous> : <anonymous>: no visible global
     function definition for ‘median’
    apply_CosmicRayRemoval : <anonymous>: no visible global function
     definition for ‘abline’
    apply_CosmicRayRemoval : <anonymous>: no visible global function
     definition for ‘legend’
    apply_CosmicRayRemoval : <anonymous>: no visible global function
     definition for ‘mtext’
    apply_EfficiencyCorrection: no visible global function definition for
     ‘approx’
    calc_AliquotSize: no visible global function definition for ‘rnorm’
    calc_AliquotSize: no visible global function definition for ‘quantile’
    calc_AliquotSize: no visible global function definition for ‘density’
    calc_AliquotSize: no visible global function definition for ‘t.test’
    calc_AliquotSize: no visible global function definition for ‘sd’
    calc_FadingCorr: no visible global function definition for ‘uniroot’
    calc_FadingCorr: no visible global function definition for ‘rnorm’
    calc_FadingCorr : <anonymous>: no visible global function definition
     for ‘uniroot’
    calc_FadingCorr: no visible global function definition for ‘sd’
    calc_FadingCorr: no visible global function definition for ‘na.exclude’
    calc_FuchsLang2001: no visible global function definition for
     ‘weighted.mean’
    calc_HomogeneityTest: no visible global function definition for
     ‘pchisq’
    calc_IEU: no visible global function definition for ‘arrows’
    calc_IEU: no visible global function definition for ‘abline’
    calc_MinDose: no visible global function definition for ‘sd’
    calc_MinDose: no visible global function definition for ‘quantile’
    calc_MinDose : Neglik_f: no visible global function definition for
     ‘pnorm’
    calc_MinDose : get_KDE: no visible global function definition for
     ‘approx’
    calc_MinDose : get_KDE: no visible global function definition for
     ‘density’
    calc_MinDose : make_Pairs: no visible global function definition for
     ‘dnorm’
    calc_MinDose: no visible global function definition for ‘rnorm’
    calc_MinDose: no visible global function definition for ‘lm’
    calc_OSLLxTxRatio: no visible global function definition for
     ‘na.exclude’
    calc_OSLLxTxRatio: no visible global function definition for ‘var’
    calc_Statistics: no visible global function definition for ‘na.exclude’
    calc_Statistics: no visible global function definition for
     ‘weighted.mean’
    calc_Statistics: no visible global function definition for ‘median’
    calc_Statistics: no visible global function definition for ‘sd’
    calc_TLLxTxRatio: no visible global function definition for ‘sd’
    extract_IrradiationTimes: no visible global function definition for
     ‘tail’
    fit_CWCurve : fit.formula: no visible global function definition for
     ‘as.formula’
    fit_CWCurve : fit.formula.simple: no visible global function definition
     for ‘as.formula’
    fit_CWCurve: no visible global function definition for ‘lm’
    fit_CWCurve: no visible global function definition for ‘nls’
    fit_CWCurve: no visible global function definition for ‘nls.control’
    fit_CWCurve: no visible global function definition for ‘write.table’
    fit_CWCurve: no visible global function definition for ‘par’
    fit_CWCurve: no visible global function definition for ‘layout’
    fit_CWCurve: no visible global function definition for ‘points’
    fit_CWCurve: no visible global function definition for ‘mtext’
    fit_CWCurve: no visible global function definition for ‘lines’
    fit_CWCurve: no visible global function definition for ‘curve’
    fit_CWCurve: no visible global function definition for ‘legend’
    fit_CWCurve: no visible global function definition for ‘abline’
    fit_CWCurve: no visible global function definition for ‘polygon’
    fit_LMCurve: no visible global function definition for ‘par’
    fit_LMCurve: no visible global function definition for ‘glm’
    fit_LMCurve: no visible global function definition for ‘curve’
    fit_LMCurve: no visible global function definition for ‘text’
    fit_LMCurve: no visible global function definition for ‘mtext’
    fit_LMCurve : <anonymous>: no visible global function definition for
     ‘rnorm’
    fit_LMCurve: no visible global function definition for ‘nls’
    fit_LMCurve: no visible global function definition for ‘nls.control’
    fit_LMCurve: no visible global function definition for ‘write.table’
    fit_LMCurve: no visible global function definition for ‘layout’
    fit_LMCurve: no visible global function definition for ‘points’
    fit_LMCurve: no visible global function definition for ‘lines’
    fit_LMCurve: no visible global function definition for ‘axis’
    fit_LMCurve: no visible global function definition for ‘legend’
    fit_LMCurve: no visible global function definition for ‘abline’
    fit_LMCurve: no visible global function definition for ‘polygon’
    get_Layout: no visible global function definition for ‘adjustcolor’
    plot_AbanicoPlot: no visible global function definition for
     ‘complete.cases’
    plot_AbanicoPlot: no visible global function definition for
     ‘na.exclude’
    plot_AbanicoPlot: no visible global function definition for ‘par’
    plot_AbanicoPlot: no visible global function definition for ‘sd’
    plot_AbanicoPlot : <anonymous>: no visible global function definition
     for ‘median’
    plot_AbanicoPlot: no visible global function definition for ‘median’
    plot_AbanicoPlot: no visible global function definition for ‘quantile’
    plot_AbanicoPlot: no visible global function definition for ‘density’
    plot_AbanicoPlot: no visible global function definition for ‘axTicks’
    plot_AbanicoPlot: no visible global function definition for ‘polygon’
    plot_AbanicoPlot: no visible global function definition for ‘lines’
    plot_AbanicoPlot: no visible global function definition for ‘text’
    plot_AbanicoPlot: no visible global function definition for ‘title’
    plot_AbanicoPlot: no visible global function definition for ‘axis’
    plot_AbanicoPlot: no visible global function definition for ‘axisTicks’
    plot_AbanicoPlot: no visible global function definition for ‘arrows’
    plot_AbanicoPlot: no visible global function definition for ‘points’
    plot_DRTResults: no visible global function definition for ‘na.exclude’
    plot_DRTResults: no visible global function definition for
     ‘weighted.mean’
    plot_DRTResults: no visible global function definition for ‘median’
    plot_DRTResults: no visible global function definition for ‘sd’
    plot_DRTResults: no visible global function definition for ‘par’
    plot_DRTResults: no visible global function definition for ‘axis’
    plot_DRTResults: no visible global function definition for ‘title’
    plot_DRTResults: no visible global function definition for ‘abline’
    plot_DRTResults: no visible global function definition for ‘text’
    plot_DRTResults: no visible global function definition for ‘points’
    plot_DRTResults: no visible global function definition for ‘arrows’
    plot_GrowthCurve: no visible global function definition for
     ‘complete.cases’
    plot_GrowthCurve: no visible global function definition for
     ‘na.exclude’
    plot_GrowthCurve : <anonymous>: no visible global function definition
     for ‘rnorm’
    plot_GrowthCurve: no visible global function definition for ‘rnorm’
    plot_GrowthCurve: no visible global function definition for ‘lm’
    plot_GrowthCurve: no visible global function definition for ‘nls’
    plot_GrowthCurve: no visible global function definition for
     ‘nls.control’
    plot_GrowthCurve: no visible global function definition for ‘median’
    plot_GrowthCurve: no visible global function definition for ‘uniroot’
    plot_GrowthCurve: no visible global function definition for
     ‘txtProgressBar’
    plot_GrowthCurve: no visible global function definition for
     ‘setTxtProgressBar’
    plot_GrowthCurve: no visible global function definition for ‘sd’
    plot_GrowthCurve: no visible global function definition for ‘par’
    plot_GrowthCurve: no visible global function definition for ‘layout’
    plot_GrowthCurve: no visible global function definition for ‘title’
    plot_GrowthCurve: no visible global function definition for ‘curve’
    plot_GrowthCurve: no visible global function definition for ‘points’
    plot_GrowthCurve: no visible global function definition for ‘segments’
    plot_GrowthCurve: no visible global function definition for ‘lines’
    plot_GrowthCurve: no visible global function definition for ‘text’
    plot_GrowthCurve: no visible global function definition for ‘legend’
    plot_GrowthCurve: no visible global function definition for ‘hist’
    plot_GrowthCurve: no visible global function definition for ‘dnorm’
    plot_GrowthCurve: no visible global function definition for ‘axis’
    plot_GrowthCurve: no visible global function definition for ‘rug’
    plot_Histogram: no visible global function definition for ‘hist’
    plot_Histogram: no visible global function definition for ‘par’
    plot_Histogram: no visible global function definition for ‘title’
    plot_Histogram: no visible global function definition for ‘curve’
    plot_Histogram: no visible global function definition for ‘dnorm’
    plot_Histogram: no visible global function definition for ‘na.exclude’
    plot_Histogram: no visible global function definition for ‘sd’
    plot_Histogram: no visible global function definition for ‘quantile’
    plot_Histogram: no visible global function definition for ‘density’
    plot_Histogram: no visible global function definition for ‘text’
    plot_Histogram: no visible global function definition for ‘axis’
    plot_KDE: no visible global function definition for ‘na.exclude’
    plot_KDE: no visible global function definition for ‘quantile’
    plot_KDE: no visible global function definition for ‘density’
    plot_KDE: no visible global function definition for ‘par’
    plot_KDE: no visible global function definition for ‘polygon’
    plot_KDE: no visible global function definition for ‘abline’
    plot_KDE: no visible global function definition for ‘text’
    plot_KDE: no visible global function definition for ‘lines’
    plot_KDE: no visible global function definition for ‘title’
    plot_KDE: no visible global function definition for ‘axis’
    plot_KDE: no visible global function definition for ‘arrows’
    plot_KDE: no visible global function definition for ‘points’
    plot_RLum.Analysis: no visible global function definition for ‘par’
    plot_RLum.Analysis: no visible global function definition for ‘lines’
    plot_RLum.Analysis: no visible global function definition for ‘legend’
    plot_RLum.Data.Curve: no visible global function definition for ‘par’
    plot_RLum.Data.Image: no visible global function definition for
     ‘topo.colors’
    plot_RLum.Data.Image: no visible global function definition for ‘par’
    plot_RLum.Data.Spectrum: no visible global function definition for
     ‘colorRampPalette’
    plot_RLum.Data.Spectrum: no visible global function definition for
     ‘par’
    plot_RLum.Data.Spectrum: no visible global function definition for
     ‘persp’
    plot_RLum.Data.Spectrum: no visible global function definition for
     ‘polygon’
    plot_RLum.Data.Spectrum: no visible global function definition for
     ‘lines’
    plot_RLum.Data.Spectrum: no visible global function definition for
     ‘legend’
    plot_RLum.Results : <anonymous>: no visible global function definition
     for ‘par’
    plot_RLum.Results: no visible global function definition for ‘par’
    plot_RLum.Results: no visible global function definition for ‘layout’
    plot_RLum.Results: no visible global function definition for ‘na.omit’
    plot_RLum.Results: no visible global function definition for ‘quantile’
    plot_RLum.Results: no visible global function definition for ‘axis’
    plot_RLum.Results: no visible global function definition for ‘points’
    plot_RLum.Results: no visible global function definition for ‘curve’
    plot_RLum.Results: no visible global function definition for ‘abline’
    plot_RLum.Results: no visible global function definition for ‘lines’
    plot_RLum.Results: no visible global function definition for ‘polygon’
    plot_RLum.Results: no visible global function definition for ‘dnorm’
    plot_RLum.Results: no visible global function definition for ‘spline’
    plot_RLum.Results: no visible global function definition for ‘arrows’
    plot_RLum.Results: no visible global function definition for ‘title’
    plot_RLum.Results: no visible global function definition for ‘text’
    plot_RLum.Results: no visible global function definition for ‘segments’
    plot_RLum.Results: no visible global function definition for
     ‘gray.colors’
    plot_RLum.Results: no visible global function definition for ‘rnorm’
    plot_RLum.Results : fooX: no visible global function definition for
     ‘dnorm’
    plot_RLum.Results : fooY: no visible global function definition for
     ‘dnorm’
    plot_RLum.Results : fooY: no visible global function definition for
     ‘na.exclude’
    plot_RLum.Results : fooT: no visible global function definition for
     ‘dnorm’
    plot_RLum.Results: no visible global function definition for
     ‘adjustcolor’
    plot_RLum.Results: no visible global function definition for
     ‘grconvertX’
    plot_RLum.Results: no visible global function definition for
     ‘grconvertY’
    plot_RLum.Results: no visible global function definition for ‘barplot’
    plot_RLum.Results: no visible global function definition for ‘box’
    plot_RLum.Results: no visible global function definition for ‘hist’
    plot_RLum.Results: no visible global function definition for ‘rug’
    plot_RLum.Results: no visible global function definition for ‘boxplot’
    plot_RadialPlot: no visible global function definition for ‘na.exclude’
    plot_RadialPlot: no visible global function definition for ‘sd’
    plot_RadialPlot : <anonymous>: no visible global function definition
     for ‘median’
    plot_RadialPlot: no visible global function definition for ‘median’
    plot_RadialPlot: no visible global function definition for ‘quantile’
    plot_RadialPlot: no visible global function definition for ‘density’
    plot_RadialPlot: no visible global function definition for ‘par’
    plot_RadialPlot: no visible global function definition for ‘axTicks’
    plot_RadialPlot: no visible global function definition for ‘polygon’
    plot_RadialPlot: no visible global function definition for ‘lines’
    plot_RadialPlot: no visible global function definition for ‘text’
    plot_RadialPlot: no visible global function definition for ‘title’
    plot_RadialPlot: no visible global function definition for ‘axis’
    plot_RadialPlot: no visible global function definition for ‘points’
    plot_RadialPlot: no visible global function definition for ‘axisTicks’
    plot_Risoe.BINfileData: no visible global function definition for
     ‘mtext’
    readBIN2R: no visible global function definition for ‘tail’
    readBIN2R: no visible global function definition for
     ‘setTxtProgressBar’
    readSPE2R: no visible global function definition for
     ‘setTxtProgressBar’
    readXSYG2R: no visible global function definition for ‘tail’
    readXSYG2R : <anonymous> : <anonymous> : <anonymous>: no visible global
     function definition for ‘approx’
    readXSYG2R : <anonymous>: no visible global function definition for
     ‘setTxtProgressBar’
    sTeve: no visible global function definition for ‘par’
    sTeve: no visible global function definition for ‘text’
    sTeve: no visible global function definition for ‘points’
    sTeve: no visible global function definition for ‘polygon’
    sTeve: no visible global function definition for ‘rgb’
    sTeve: no visible global function definition for ‘runif’
    writeR2BIN: no visible global function definition for
     ‘setTxtProgressBar’
    get_RLum.Analysis,RLum.Analysis : <anonymous> : <anonymous>: no visible
     global function definition for ‘glob2rx’
    Undefined global functions or variables:
     abline adjustcolor approx arrows as.formula axTicks axis axisTicks
     barplot box boxplot colorRampPalette complete.cases curve density
     dnorm glm glob2rx gray.colors grconvertX grconvertY hist layout
     legend lines lm median mtext na.exclude na.omit nls nls.control
     packageDescription par pchisq persp pnorm points polygon quantile rgb
     rnorm rug runif sd segments setTxtProgressBar smooth smooth.spline
     spline t.test tail text title topo.colors txtProgressBar uniroot var
     weighted.mean write.table
Flavors: r-devel-linux-x86_64-debian-clang, r-devel-linux-x86_64-debian-gcc, r-devel-linux-x86_64-fedora-clang, r-devel-linux-x86_64-fedora-gcc, r-devel-windows-ix86+x86_64

Version: 0.4.4
Check: whether package can be installed
Result: WARN
    Found the following significant warnings:
     Warning: namespace ‘rgdal’ is not available and has been replaced
Flavors: r-devel-linux-x86_64-fedora-clang, r-devel-linux-x86_64-fedora-gcc, r-devel-osx-x86_64-clang