CRAN Package Check Results for Package Luminescence

Last updated on 2017-03-25 23:53:56.

Flavor Version Tinstall Tcheck Ttotal Status Flags
r-devel-linux-x86_64-debian-clang 0.7.3 23.91 162.16 186.07 NOTE
r-devel-linux-x86_64-debian-gcc 0.7.3 24.50 160.25 184.75 NOTE
r-devel-linux-x86_64-fedora-clang 0.7.3 354.55 NOTE --no-stop-on-test-error
r-devel-linux-x86_64-fedora-gcc 0.7.3 341.96 NOTE --no-stop-on-test-error
r-devel-macos-x86_64-clang 0.7.3 262.52 NOTE --no-stop-on-test-error
r-patched-linux-x86_64 0.7.3 20.77 162.35 183.11 NOTE
r-patched-solaris-sparc 0.7.3 2034.60 OK
r-patched-solaris-x86 0.7.3 381.60 OK
r-release-linux-x86_64 0.7.3 20.73 149.01 169.74 OK
r-release-osx-x86_64-mavericks 0.7.3 OK
r-release-windows-ix86+x86_64 0.7.3 99.00 376.00 475.00 OK
r-oldrel-windows-ix86+x86_64 0.5.1 45.00 230.00 275.00 OK

Check Details

Version: 0.7.3
Check: compiled code
Result: NOTE
    File ‘Luminescence/libs/Luminescence.so’:
     Found no calls to: ‘R_registerRoutines’, ‘R_useDynamicSymbols’
    
    It is good practice to register native routines and to disable symbol
    search.
    
    See ‘Writing portable packages’ in the ‘Writing R Extensions’ manual.
Flavors: r-devel-linux-x86_64-debian-clang, r-devel-linux-x86_64-debian-gcc, r-patched-linux-x86_64

Version: 0.7.3
Flags: --no-stop-on-test-error
Check: compiled code
Result: NOTE
    File ‘Luminescence/libs/Luminescence.so’:
     Found no calls to: ‘R_registerRoutines’, ‘R_useDynamicSymbols’
    
    It is good practice to register native routines and to disable symbol
    search.
    
    See ‘Writing portable packages’ in the ‘Writing R Extensions’ manual.
Flavors: r-devel-linux-x86_64-fedora-clang, r-devel-linux-x86_64-fedora-gcc, r-devel-macos-x86_64-clang