CRAN Package Check Results for Package Luminescence

Last updated on 2014-12-17 23:47:19.

Flavor Version Tinstall Tcheck Ttotal Status Flags
r-devel-linux-x86_64-debian-clang 0.3.4 2.78 63.88 66.67 OK
r-devel-linux-x86_64-debian-gcc 0.3.4 2.66 62.30 64.95 OK
r-devel-linux-x86_64-fedora-clang 0.3.4 138.30 OK
r-devel-linux-x86_64-fedora-gcc 0.3.4 130.87 OK
r-devel-osx-x86_64-clang 0.3.4 119.57 OK
r-devel-windows-ix86+x86_64 0.3.4 12.00 98.00 110.00 OK
r-patched-linux-x86_64 0.3.4 2.70 67.38 70.08 OK
r-patched-solaris-sparc 0.3.4 21.90 ERROR
r-patched-solaris-x86 0.3.4 7.50 ERROR
r-release-linux-ix86 0.3.4 3.66 79.20 82.86 OK
r-release-linux-x86_64 0.3.4 4.08 69.10 73.19 OK
r-release-osx-x86_64-mavericks 0.3.4 OK
r-release-osx-x86_64-snowleopard 0.3.4 OK
r-release-windows-ix86+x86_64 0.3.4 11.00 99.00 110.00 OK
r-oldrel-windows-ix86+x86_64 0.3.3 9.00 102.00 111.00 OK

Check Details

Version: 0.3.4
Check: package dependencies
Result: ERROR
    Package required but not available: ‘Rserve’
    
    See the information on DESCRIPTION files in the chapter ‘Creating R
    packages’ of the ‘Writing R Extensions’ manual.
Flavors: r-patched-solaris-sparc, r-patched-solaris-x86