CRAN Package Check Results for Package Luminescence

Last updated on 2017-06-23 18:46:37.

Flavor Version Tinstall Tcheck Ttotal Status Flags
r-devel-linux-x86_64-debian-clang 0.7.4 26.78 172.87 199.66 OK
r-devel-linux-x86_64-debian-gcc 0.7.4 28.05 167.42 195.47 OK
r-devel-linux-x86_64-fedora-clang 0.7.4 375.28 OK
r-devel-linux-x86_64-fedora-gcc 0.7.4 360.49 OK
r-devel-windows-ix86+x86_64 0.7.4 110.00 473.00 583.00 OK
r-patched-linux-x86_64 0.7.4 23.39 164.63 188.02 OK
r-patched-solaris-sparc 0.7.4 1996.40 OK
r-patched-solaris-x86 0.7.4 391.00 OK
r-release-linux-x86_64 0.7.4 23.76 165.02 188.78 OK
r-release-windows-ix86+x86_64 0.7.4 75.00 347.00 422.00 OK
r-release-osx-x86_64 0.7.4 NOTE
r-oldrel-windows-ix86+x86_64 0.7.4 112.00 407.00 519.00 OK
r-oldrel-osx-x86_64 0.7.4 OK

Check Details

Version: 0.7.4
Check: package dependencies
Result: NOTE
    Packages suggested but not available for checking: ‘rjags’ ‘devtools’
Flavor: r-release-osx-x86_64

Version: 0.7.4
Check: Rd cross-references
Result: NOTE
    Packages unavailable to check Rd xrefs: ‘rjags’, ‘devtools’
Flavor: r-release-osx-x86_64