CRAN Package Check Results for Package Luminescence

Last updated on 2019-02-16 00:52:58 CET.

Flavor Version Tinstall Tcheck Ttotal Status Flags
r-devel-linux-x86_64-debian-clang 0.8.6 76.47 291.46 367.93 OK
r-devel-linux-x86_64-debian-gcc 0.8.6 66.84 221.50 288.34 OK
r-devel-linux-x86_64-fedora-clang 0.8.6 479.22 OK
r-devel-linux-x86_64-fedora-gcc 0.8.6 447.09 OK
r-devel-windows-ix86+x86_64 0.8.6 170.00 536.00 706.00 NOTE
r-patched-linux-x86_64 0.8.6 73.59 275.39 348.98 OK
r-patched-solaris-x86 0.8.6 517.80 OK
r-release-linux-x86_64 0.8.6 77.76 275.60 353.36 OK
r-release-windows-ix86+x86_64 0.8.6 124.00 362.00 486.00 NOTE
r-release-osx-x86_64 0.8.6 OK
r-oldrel-windows-ix86+x86_64 0.8.6 147.00 732.00 879.00 OK
r-oldrel-osx-x86_64 0.8.6 OK

Check Details

Version: 0.8.6
Check: installed package size
Result: NOTE
     installed size is 5.4Mb
     sub-directories of 1Mb or more:
     R 1.4Mb
     libs 1.6Mb
Flavors: r-devel-windows-ix86+x86_64, r-release-windows-ix86+x86_64