CRAN Package Check Results for Package Luminescence

Last updated on 2017-04-30 23:51:37.

Flavor Version Tinstall Tcheck Ttotal Status Flags
r-devel-linux-x86_64-debian-clang 0.7.4 24.82 178.57 203.39 OK
r-devel-linux-x86_64-debian-gcc 0.7.4 25.27 169.96 195.24 OK
r-devel-linux-x86_64-fedora-clang 0.7.4 367.82 OK --no-stop-on-test-error
r-devel-linux-x86_64-fedora-gcc 0.7.4 354.16 OK --no-stop-on-test-error
r-devel-windows-ix86+x86_64 0.7.4 74.00 488.00 562.00 OK
r-patched-linux-x86_64 0.7.4 21.16 166.87 188.03 OK
r-patched-solaris-sparc 0.7.4 1996.40 OK
r-patched-solaris-x86 0.7.4 384.40 OK
r-release-linux-x86_64 0.7.4 21.42 165.12 186.54 OK
r-release-windows-ix86+x86_64 0.7.4 99.00 484.00 583.00 OK
r-release-osx-x86_64 0.7.4 NOTE
r-oldrel-windows-ix86+x86_64 0.7.4 109.00 410.00 519.00 OK
r-oldrel-osx-x86_64 0.7.4 OK

Check Details

Version: 0.7.4
Check: package dependencies
Result: NOTE
    Packages suggested but not available for checking: ‘rjags’ ‘devtools’
Flavor: r-release-osx-x86_64

Version: 0.7.4
Check: Rd cross-references
Result: NOTE
    Packages unavailable to check Rd xrefs: ‘rjags’, ‘devtools’
Flavor: r-release-osx-x86_64