CRAN Package Check Results for Package Luminescence

Last updated on 2015-09-02 06:48:02.

Flavor Version Tinstall Tcheck Ttotal Status Flags
r-devel-linux-x86_64-debian-clang 0.4.5 11.40 102.42 113.82 OK
r-devel-linux-x86_64-debian-gcc 0.4.5 10.66 99.31 109.97 OK
r-devel-linux-x86_64-fedora-clang 0.4.5 211.83 WARN
r-devel-linux-x86_64-fedora-gcc 0.4.5 207.38 WARN
r-devel-osx-x86_64-clang 0.4.5 181.33 WARN
r-devel-windows-ix86+x86_64 0.4.5 46.00 222.00 268.00 OK
r-patched-linux-x86_64 0.4.5 10.59 102.99 113.58 OK
r-patched-solaris-sparc 0.4.5 1194.60 OK
r-patched-solaris-x86 0.4.5 266.30 OK
r-release-linux-x86_64 0.4.5 10.56 104.80 115.36 OK
r-release-osx-x86_64-mavericks 0.4.5 OK
r-release-windows-ix86+x86_64 0.4.5 44.00 218.00 262.00 OK
r-oldrel-windows-ix86+x86_64 0.4.4 58.00 277.00 335.00 OK

Check Details

Version: 0.4.5
Check: whether package can be installed
Result: WARN
    Found the following significant warnings:
     Warning: namespace ‘rgdal’ is not available and has been replaced
Flavors: r-devel-linux-x86_64-fedora-clang, r-devel-linux-x86_64-fedora-gcc, r-devel-osx-x86_64-clang