CRAN Package Check Results for Package Luminescence

Last updated on 2014-09-03 05:47:45.

Flavor Version Tinstall Tcheck Ttotal Status Flags
r-devel-linux-x86_64-debian-clang 0.3.4 2.80 62.83 65.63 OK
r-devel-linux-x86_64-debian-gcc 0.3.4 2.69 62.48 65.18 OK
r-devel-linux-x86_64-fedora-clang 0.3.4 138.70 OK
r-devel-linux-x86_64-fedora-gcc 0.3.4 128.78 OK
r-devel-osx-x86_64-clang 0.3.4 106.26 OK
r-devel-windows-ix86+x86_64 0.3.4 8.00 88.00 96.00 OK
r-patched-linux-x86_64 0.3.4 2.75 65.08 67.83 OK
r-patched-solaris-sparc 0.3.4 21.90 ERROR
r-patched-solaris-x86 0.3.4 7.10 ERROR
r-release-linux-ix86 0.3.4 3.75 81.30 85.05 OK
r-release-linux-x86_64 0.3.4 2.82 65.26 68.08 OK
r-release-osx-x86_64-mavericks 0.3.4 OK
r-release-osx-x86_64-snowleopard 0.3.4 OK
r-release-windows-ix86+x86_64 0.3.4 7.00 99.00 106.00 OK
r-oldrel-windows-ix86+x86_64 0.3.3 9.00 102.00 111.00 OK

Check Details

Version: 0.3.4
Check: package dependencies
Result: ERROR
    Package required but not available: ‘Rserve’
    
    See the information on DESCRIPTION files in the chapter ‘Creating R
    packages’ of the ‘Writing R Extensions’ manual.
Flavors: r-patched-solaris-sparc, r-patched-solaris-x86