CRAN Package Check Results for Package Luminescence

Last updated on 2016-07-25 08:48:34.

Flavor Version Tinstall Tcheck Ttotal Status Flags
r-devel-linux-x86_64-debian-clang 0.6.1 25.74 136.76 162.50 OK
r-devel-linux-x86_64-debian-gcc 0.6.1 27.19 139.69 166.88 OK
r-devel-linux-x86_64-fedora-clang 0.6.1 263.70 OK
r-devel-linux-x86_64-fedora-gcc 0.6.1 250.08 OK
r-devel-osx-x86_64-clang 0.6.1 206.05 OK
r-devel-windows-ix86+x86_64 0.6.1 86.00 295.00 381.00 OK
r-patched-linux-x86_64 0.6.1 20.41 137.62 158.03 OK
r-patched-solaris-sparc 0.6.1 1472.20 NOTE
r-patched-solaris-x86 0.6.1 284.80 OK
r-release-linux-x86_64 0.6.1 20.25 138.02 158.27 OK
r-release-osx-x86_64-mavericks 0.6.1 OK
r-release-windows-ix86+x86_64 0.6.1 66.00 245.00 311.00 OK
r-oldrel-windows-ix86+x86_64 0.5.1 45.00 230.00 275.00 OK

Check Details

Version: 0.6.1
Check: installed package size
Result: NOTE
     installed size is 7.3Mb
     sub-directories of 1Mb or more:
     libs 5.0Mb
Flavor: r-patched-solaris-sparc