CRAN Package Check Results for Package Luminescence

Last updated on 2016-05-06 23:47:01.

Flavor Version Tinstall Tcheck Ttotal Status Flags
r-devel-linux-x86_64-debian-gcc 0.5.1 13.92 110.61 124.53 OK
r-devel-linux-x86_64-fedora-clang 0.5.1 249.45 OK
r-devel-linux-x86_64-fedora-gcc 0.5.1 222.02 OK
r-devel-osx-x86_64-clang 0.5.1 255.43 OK
r-devel-windows-ix86+x86_64 0.5.1 65.00 291.00 356.00 OK
r-patched-linux-x86_64 0.5.1 13.93 107.91 121.84 OK
r-patched-solaris-sparc 0.5.1 1525.80 OK
r-patched-solaris-x86 0.5.1 270.50 OK
r-release-linux-x86_64 0.5.1 13.86 108.16 122.01 OK
r-release-osx-x86_64-mavericks 0.5.1 NOTE
r-release-windows-ix86+x86_64 0.5.1 65.00 291.00 356.00 OK
r-oldrel-windows-ix86+x86_64 0.5.1 64.00 295.00 359.00 OK

Check Details

Version: 0.5.1
Check: dependencies in R code
Result: NOTE
    Invalid MIT-MAGIC-COOKIE-1 key
Flavor: r-release-osx-x86_64-mavericks