CRAN Package Check Results for Package Luminescence

Last updated on 2018-05-22 01:46:42 CEST.

Flavor Version Tinstall Tcheck Ttotal Status Flags
r-devel-linux-x86_64-debian-clang 0.8.4 71.22 249.73 320.95 OK
r-devel-linux-x86_64-debian-gcc 0.8.4 69.51 206.69 276.20 OK
r-devel-linux-x86_64-fedora-clang 0.8.4 430.09 OK
r-devel-linux-x86_64-fedora-gcc 0.8.4 430.64 OK
r-devel-windows-ix86+x86_64 0.8.4 125.00 350.00 475.00 NOTE
r-patched-linux-x86_64 0.8.4 77.09 261.04 338.13 OK
r-patched-solaris-x86 0.8.4 479.40 OK
r-release-linux-x86_64 0.8.4 73.31 259.18 332.49 OK
r-release-windows-ix86+x86_64 0.8.4 168.00 349.00 517.00 NOTE
r-release-osx-x86_64 0.8.4 OK
r-oldrel-windows-ix86+x86_64 0.8.4 120.00 556.00 676.00 OK
r-oldrel-osx-x86_64 0.8.4 OK

Check Details

Version: 0.8.4
Check: installed package size
Result: NOTE
     installed size is 5.3Mb
     sub-directories of 1Mb or more:
     R 1.4Mb
     libs 1.6Mb
Flavors: r-devel-windows-ix86+x86_64, r-release-windows-ix86+x86_64