CRAN Package Check Results for Package Luminescence

Last updated on 2014-11-28 19:51:21.

Flavor Version Tinstall Tcheck Ttotal Status Flags
r-devel-linux-x86_64-debian-clang 0.3.4 2.72 64.19 66.91 OK
r-devel-linux-x86_64-debian-gcc 0.3.4 2.66 62.44 65.11 OK
r-devel-linux-x86_64-fedora-clang 0.3.4 140.06 OK
r-devel-linux-x86_64-fedora-gcc 0.3.4 126.74 OK
r-devel-osx-x86_64-clang 0.3.4 118.68 OK
r-devel-windows-ix86+x86_64 0.3.4 8.00 93.00 101.00 OK
r-patched-linux-x86_64 0.3.4 2.92 66.13 69.04 OK
r-patched-solaris-sparc 0.3.4 21.90 ERROR
r-patched-solaris-x86 0.3.4 7.40 ERROR
r-release-linux-ix86 0.3.4 3.53 78.54 82.07 OK
r-release-linux-x86_64 0.3.4 2.75 67.04 69.79 OK
r-release-osx-x86_64-mavericks 0.3.4 OK
r-release-osx-x86_64-snowleopard 0.3.4 OK
r-release-windows-ix86+x86_64 0.3.4 9.00 97.00 106.00 OK
r-oldrel-windows-ix86+x86_64 0.3.3 9.00 102.00 111.00 OK

Check Details

Version: 0.3.4
Check: package dependencies
Result: ERROR
    Package required but not available: ‘Rserve’
    
    See the information on DESCRIPTION files in the chapter ‘Creating R
    packages’ of the ‘Writing R Extensions’ manual.
Flavors: r-patched-solaris-sparc, r-patched-solaris-x86