CRAN Package Check Results for Package Luminescence

Last updated on 2019-06-25 09:50:50 CEST.

Flavor Version Tinstall Tcheck Ttotal Status Flags
r-devel-linux-x86_64-debian-clang 0.9.0.110 80.48 303.05 383.53 OK
r-devel-linux-x86_64-debian-gcc 0.9.0.110 70.56 230.01 300.57 OK
r-devel-linux-x86_64-fedora-clang 0.9.0.110 470.49 NOTE
r-devel-linux-x86_64-fedora-gcc 0.9.0.110 442.32 OK
r-devel-windows-ix86+x86_64 0.9.0.110 185.00 569.00 754.00 NOTE
r-patched-linux-x86_64 0.9.0.110 76.53 301.13 377.66 OK
r-patched-solaris-x86 0.9.0.110 575.50 OK
r-release-linux-x86_64 0.9.0.110 78.29 300.38 378.67 OK
r-release-windows-ix86+x86_64 0.9.0.110 147.00 584.00 731.00 NOTE
r-release-osx-x86_64 0.9.0.110 NOTE
r-oldrel-windows-ix86+x86_64 0.9.0.110 127.00 367.00 494.00 NOTE
r-oldrel-osx-x86_64 0.9.0.110 NOTE

Check Details

Version: 0.9.0.110
Check: installed package size
Result: NOTE
     installed size is 5.8Mb
     sub-directories of 1Mb or more:
     R 1.5Mb
     help 1.1Mb
     libs 1.5Mb
Flavors: r-devel-linux-x86_64-fedora-clang, r-devel-windows-ix86+x86_64, r-release-windows-ix86+x86_64, r-release-osx-x86_64, r-oldrel-windows-ix86+x86_64, r-oldrel-osx-x86_64