CRAN Package Check Results for Package Luminescence

Last updated on 2017-02-22 13:50:52.

Flavor Version Tinstall Tcheck Ttotal Status Flags
r-devel-linux-x86_64-debian-clang 0.7.3 23.38 159.55 182.94 NOTE
r-devel-linux-x86_64-debian-gcc 0.7.3 24.71 158.57 183.28 NOTE
r-devel-linux-x86_64-fedora-clang 0.7.3 349.98 NOTE --no-stop-on-test-error
r-devel-linux-x86_64-fedora-gcc 0.7.3 357.17 NOTE --no-stop-on-test-error
r-devel-macos-x86_64-clang 0.7.3 264.65 NOTE --no-stop-on-test-error
r-devel-windows-ix86+x86_64 0.7.3 109.00 448.00 557.00 OK
r-patched-linux-x86_64 0.7.3 20.41 154.43 174.84 OK
r-patched-solaris-sparc 0.7.3 1741.20 OK
r-patched-solaris-x86 0.7.3 306.70 OK
r-release-linux-x86_64 0.7.3 20.52 151.66 172.18 OK
r-release-osx-x86_64-mavericks 0.7.3 OK
r-release-windows-ix86+x86_64 0.7.3 141.00 389.00 530.00 OK
r-oldrel-windows-ix86+x86_64 0.5.1 45.00 230.00 275.00 OK

Check Details

Version: 0.7.3
Check: compiled code
Result: NOTE
    File ‘Luminescence/libs/Luminescence.so’:
     Found no calls to: ‘R_registerRoutines’, ‘R_useDynamicSymbols’
    
    It is good practice to register native routines and to disable symbol
    search.
    
    See ‘Writing portable packages’ in the ‘Writing R Extensions’ manual.
Flavors: r-devel-linux-x86_64-debian-clang, r-devel-linux-x86_64-debian-gcc

Version: 0.7.3
Flags: --no-stop-on-test-error
Check: compiled code
Result: NOTE
    File ‘Luminescence/libs/Luminescence.so’:
     Found no calls to: ‘R_registerRoutines’, ‘R_useDynamicSymbols’
    
    It is good practice to register native routines and to disable symbol
    search.
    
    See ‘Writing portable packages’ in the ‘Writing R Extensions’ manual.
Flavors: r-devel-linux-x86_64-fedora-clang, r-devel-linux-x86_64-fedora-gcc, r-devel-macos-x86_64-clang