CRAN Package Check Results for Package Luminescence

Last updated on 2014-10-21 14:48:21.

Flavor Version Tinstall Tcheck Ttotal Status Flags
r-devel-linux-x86_64-debian-clang 0.3.4 2.72 64.63 67.35 OK
r-devel-linux-x86_64-debian-gcc 0.3.4 2.70 64.19 66.90 OK
r-devel-linux-x86_64-fedora-clang 0.3.4 135.41 OK
r-devel-linux-x86_64-fedora-gcc 0.3.4 126.27 OK
r-devel-osx-x86_64-clang 0.3.4 118.04 OK
r-devel-windows-ix86+x86_64 0.3.4 8.00 88.00 96.00 OK
r-patched-linux-x86_64 0.3.4 2.77 67.37 70.14 OK
r-patched-solaris-sparc 0.3.4 21.90 ERROR
r-patched-solaris-x86 0.3.4 6.80 ERROR
r-release-linux-ix86 0.3.4 3.76 81.29 85.06 OK
r-release-linux-x86_64 0.3.4 2.79 65.96 68.75 OK
r-release-osx-x86_64-mavericks 0.3.4 OK
r-release-osx-x86_64-snowleopard 0.3.4 OK
r-release-windows-ix86+x86_64 0.3.4 9.00 96.00 105.00 OK
r-oldrel-windows-ix86+x86_64 0.3.3 9.00 102.00 111.00 OK

Check Details

Version: 0.3.4
Check: package dependencies
Result: ERROR
    Package required but not available: ‘Rserve’
    
    See the information on DESCRIPTION files in the chapter ‘Creating R
    packages’ of the ‘Writing R Extensions’ manual.
Flavors: r-patched-solaris-sparc, r-patched-solaris-x86