CRAN Package Check Results for Package Luminescence

Last updated on 2015-04-27 08:48:13.

Flavor Version Tinstall Tcheck Ttotal Status Flags
r-devel-linux-x86_64-debian-clang 0.4.3 11.39 106.21 117.60 OK
r-devel-linux-x86_64-debian-gcc 0.4.3 11.36 101.86 113.22 OK
r-devel-linux-x86_64-fedora-clang 0.4.3 234.55 WARN
r-devel-linux-x86_64-fedora-gcc 0.4.3 217.50 WARN
r-devel-osx-x86_64-clang 0.4.3 187.11 WARN
r-devel-windows-ix86+x86_64 0.4.3 34.00 202.00 236.00 OK
r-patched-linux-x86_64 0.4.3 10.32 101.74 112.06 OK
r-patched-solaris-sparc 0.4.3 1200.60 OK
r-patched-solaris-x86 0.4.3 269.30 OK
r-release-linux-x86_64 0.4.3 10.41 101.22 111.63 OK
r-release-osx-x86_64-mavericks 0.4.3 OK
r-release-osx-x86_64-snowleopard 0.4.3 ERROR
r-release-windows-ix86+x86_64 0.4.3 33.00 196.00 229.00 OK
r-oldrel-windows-ix86+x86_64 0.4.3 30.00 219.00 249.00 OK

Check Details

Version: 0.4.3
Check: whether package can be installed
Result: WARN
    Found the following significant warnings:
     Warning: namespace ‘rgdal’ is not available and has been replaced
Flavors: r-devel-linux-x86_64-fedora-clang, r-devel-linux-x86_64-fedora-gcc, r-devel-osx-x86_64-clang

Version: 0.4.3
Check: package dependencies
Result: ERROR
    Packages required but not available: ‘XML’ ‘raster’ ‘zoo’
    
    See section ‘The DESCRIPTION file’ in the ‘Writing R Extensions’
    manual.
Flavor: r-release-osx-x86_64-snowleopard