CRAN Package Check Results for Package M2SMJF

Last updated on 2021-04-21 19:47:00 CEST.

Flavor Version Tinstall Tcheck Ttotal Status Flags
r-devel-linux-x86_64-debian-clang 1.0 4.11 47.77 51.88 NOTE
r-devel-linux-x86_64-debian-gcc 1.0 3.39 35.44 38.83 NOTE
r-devel-linux-x86_64-fedora-clang 1.0 70.14 NOTE
r-devel-linux-x86_64-fedora-gcc 1.0 62.31 NOTE
r-devel-windows-ix86+x86_64 1.0 11.00 64.00 75.00 NOTE
r-devel-windows-x86_64-gcc10-UCRT 1.0 NOTE
r-patched-linux-x86_64 1.0 4.66 44.17 48.83 OK
r-patched-solaris-x86 1.0 93.90 OK
r-release-linux-x86_64 1.0 3.64 44.11 47.75 OK
r-release-macos-x86_64 1.0 OK
r-release-windows-ix86+x86_64 1.0 11.00 65.00 76.00 OK
r-oldrel-macos-x86_64 1.0 OK
r-oldrel-windows-ix86+x86_64 1.0 22.00 66.00 88.00 OK

Check Details

Version: 1.0
Check: LazyData
Result: NOTE
     'LazyData' is specified without a 'data' directory
Flavors: r-devel-linux-x86_64-debian-clang, r-devel-linux-x86_64-debian-gcc, r-devel-linux-x86_64-fedora-clang, r-devel-linux-x86_64-fedora-gcc, r-devel-windows-ix86+x86_64, r-devel-windows-x86_64-gcc10-UCRT