CRAN Package Check Results for Package M3

Last updated on 2017-09-20 06:49:24.

Flavor Version Tinstall Tcheck Ttotal Status Flags
r-devel-linux-x86_64-debian-clang 0.3 1.47 24.85 26.32 NOTE
r-devel-linux-x86_64-debian-gcc 0.3 1.63 25.12 26.75 NOTE
r-devel-linux-x86_64-fedora-clang 0.3 46.43 NOTE
r-devel-linux-x86_64-fedora-gcc 0.3 45.51 NOTE
r-devel-windows-ix86+x86_64 0.3 5.00 42.00 47.00 NOTE
r-patched-linux-x86_64 0.3 1.44 24.42 25.87 NOTE
r-patched-solaris-x86 0.3 68.40 NOTE
r-release-linux-x86_64 0.3 1.45 24.72 26.17 NOTE
r-release-windows-ix86+x86_64 0.3 5.00 50.00 55.00 NOTE
r-release-osx-x86_64 0.3 NOTE
r-oldrel-windows-ix86+x86_64 0.3 5.00 42.00 47.00 NOTE
r-oldrel-osx-x86_64 0.3 NOTE

Check Details

Version: 0.3
Check: R code for possible problems
Result: NOTE
    project.M3.1.to.M3.2: no visible global function definition for
     ‘coordinates<-’
    project.M3.1.to.M3.2: no visible global function definition for
     ‘proj4string<-’
    project.M3.1.to.M3.2: no visible global function definition for ‘CRS’
    project.M3.1.to.M3.2: no visible global function definition for
     ‘spTransform’
    project.M3.1.to.M3.2: no visible global function definition for
     ‘coordinates’
    Undefined global functions or variables:
     CRS coordinates coordinates<- proj4string<- spTransform
Flavors: r-devel-linux-x86_64-debian-clang, r-devel-linux-x86_64-debian-gcc, r-devel-linux-x86_64-fedora-clang, r-devel-linux-x86_64-fedora-gcc, r-devel-windows-ix86+x86_64, r-patched-linux-x86_64, r-patched-solaris-x86, r-release-linux-x86_64, r-release-windows-ix86+x86_64, r-release-osx-x86_64, r-oldrel-windows-ix86+x86_64, r-oldrel-osx-x86_64