CRAN Package Check Results for Package M3

Last updated on 2015-05-29 21:46:42.

Flavor Version Tinstall Tcheck Ttotal Status Flags
r-devel-linux-x86_64-debian-clang 0.3 1.33 19.86 21.19 NOTE
r-devel-linux-x86_64-debian-gcc 0.3 1.28 19.33 20.61 NOTE
r-devel-linux-x86_64-fedora-clang 0.3 43.45 NOTE
r-devel-linux-x86_64-fedora-gcc 0.3 39.06 NOTE
r-devel-osx-x86_64-clang 0.3 40.75 NOTE
r-patched-linux-x86_64 0.3 1.30 20.11 21.41 NOTE
r-patched-solaris-sparc 0.3 271.70 NOTE
r-patched-solaris-x86 0.3 78.20 NOTE
r-release-linux-x86_64 0.3 1.30 19.91 21.21 NOTE
r-release-osx-x86_64-mavericks 0.3 NOTE
r-release-osx-x86_64-snowleopard 0.3 NOTE

Check Details

Version: 0.3
Check: R code for possible problems
Result: NOTE
    project.M3.1.to.M3.2: no visible global function definition for
     ‘coordinates<-’
    project.M3.1.to.M3.2: no visible global function definition for
     ‘proj4string<-’
    project.M3.1.to.M3.2: no visible global function definition for ‘CRS’
    project.M3.1.to.M3.2: no visible global function definition for
     ‘spTransform’
    project.M3.1.to.M3.2: no visible global function definition for
     ‘coordinates’
Flavors: r-devel-linux-x86_64-debian-clang, r-devel-linux-x86_64-debian-gcc, r-devel-linux-x86_64-fedora-clang, r-devel-linux-x86_64-fedora-gcc, r-devel-osx-x86_64-clang, r-patched-linux-x86_64, r-patched-solaris-sparc, r-patched-solaris-x86, r-release-linux-x86_64, r-release-osx-x86_64-mavericks, r-release-osx-x86_64-snowleopard