CRAN Package Check Results for Package M3

Last updated on 2015-07-28 19:47:59.

Flavor Version Tinstall Tcheck Ttotal Status Flags
r-devel-linux-x86_64-debian-clang 0.3 1.33 19.90 21.23 NOTE
r-devel-linux-x86_64-debian-gcc 0.3 1.35 19.28 20.63 NOTE
r-devel-linux-x86_64-fedora-clang 0.3 40.55 NOTE
r-devel-linux-x86_64-fedora-gcc 0.3 39.23 NOTE
r-devel-osx-x86_64-clang 0.3 37.30 NOTE
r-patched-linux-x86_64 0.3 1.31 19.93 21.24 NOTE
r-patched-solaris-sparc 0.3 273.40 NOTE
r-patched-solaris-x86 0.3 75.00 NOTE
r-release-linux-x86_64 0.3 1.66 19.66 21.31 NOTE
r-release-osx-x86_64-mavericks 0.3 NOTE

Check Details

Version: 0.3
Check: R code for possible problems
Result: NOTE
    project.M3.1.to.M3.2: no visible global function definition for
     ‘coordinates<-’
    project.M3.1.to.M3.2: no visible global function definition for
     ‘proj4string<-’
    project.M3.1.to.M3.2: no visible global function definition for ‘CRS’
    project.M3.1.to.M3.2: no visible global function definition for
     ‘spTransform’
    project.M3.1.to.M3.2: no visible global function definition for
     ‘coordinates’
    Undefined global functions or variables:
     CRS coordinates coordinates<- proj4string<- spTransform
Flavors: r-devel-linux-x86_64-debian-clang, r-devel-linux-x86_64-debian-gcc, r-devel-linux-x86_64-fedora-clang, r-devel-linux-x86_64-fedora-gcc, r-devel-osx-x86_64-clang

Version: 0.3
Check: R code for possible problems
Result: NOTE
    project.M3.1.to.M3.2: no visible global function definition for
     ‘coordinates<-’
    project.M3.1.to.M3.2: no visible global function definition for
     ‘proj4string<-’
    project.M3.1.to.M3.2: no visible global function definition for ‘CRS’
    project.M3.1.to.M3.2: no visible global function definition for
     ‘spTransform’
    project.M3.1.to.M3.2: no visible global function definition for
     ‘coordinates’
Flavors: r-patched-linux-x86_64, r-patched-solaris-sparc, r-patched-solaris-x86, r-release-linux-x86_64, r-release-osx-x86_64-mavericks