CRAN Package Check Results for Package M3

Last updated on 2016-02-08 11:49:34.

Flavor Version Tinstall Tcheck Ttotal Status Flags
r-devel-linux-x86_64-debian-gcc 0.3 1.48 20.81 22.29 NOTE
r-devel-linux-x86_64-fedora-clang 0.3 37.84 NOTE
r-devel-linux-x86_64-fedora-gcc 0.3 36.37 NOTE
r-devel-osx-x86_64-clang 0.3 39.62 NOTE
r-devel-windows-ix86+x86_64 0.3 9.00 39.00 48.00 NOTE
r-patched-linux-x86_64 0.3 1.72 22.17 23.89 NOTE
r-patched-solaris-sparc 0.3 253.50 NOTE
r-patched-solaris-x86 0.3 58.60 NOTE
r-release-linux-x86_64 0.3 1.69 22.14 23.83 NOTE
r-release-osx-x86_64-mavericks 0.3 NOTE
r-release-windows-ix86+x86_64 0.3 6.00 38.00 44.00 NOTE
r-oldrel-windows-ix86+x86_64 0.3 9.00 43.00 52.00 NOTE

Check Details

Version: 0.3
Check: R code for possible problems
Result: NOTE
    project.M3.1.to.M3.2: no visible global function definition for
     ‘coordinates<-’
    project.M3.1.to.M3.2: no visible global function definition for
     ‘proj4string<-’
    project.M3.1.to.M3.2: no visible global function definition for ‘CRS’
    project.M3.1.to.M3.2: no visible global function definition for
     ‘spTransform’
    project.M3.1.to.M3.2: no visible global function definition for
     ‘coordinates’
    Undefined global functions or variables:
     CRS coordinates coordinates<- proj4string<- spTransform
Flavors: r-devel-linux-x86_64-debian-gcc, r-devel-linux-x86_64-fedora-clang, r-devel-linux-x86_64-fedora-gcc, r-devel-osx-x86_64-clang, r-devel-windows-ix86+x86_64

Version: 0.3
Check: R code for possible problems
Result: NOTE
    project.M3.1.to.M3.2: no visible global function definition for
     ‘coordinates<-’
    project.M3.1.to.M3.2: no visible global function definition for
     ‘proj4string<-’
    project.M3.1.to.M3.2: no visible global function definition for ‘CRS’
    project.M3.1.to.M3.2: no visible global function definition for
     ‘spTransform’
    project.M3.1.to.M3.2: no visible global function definition for
     ‘coordinates’
Flavors: r-patched-linux-x86_64, r-patched-solaris-sparc, r-patched-solaris-x86, r-release-linux-x86_64, r-release-osx-x86_64-mavericks, r-release-windows-ix86+x86_64, r-oldrel-windows-ix86+x86_64