CRAN Package Check Results for Package M3

Last updated on 2015-06-30 11:48:23.

Flavor Version Tinstall Tcheck Ttotal Status Flags
r-devel-linux-x86_64-debian-clang 0.3 1.59 20.72 22.31 NOTE
r-devel-linux-x86_64-debian-gcc 0.3 1.33 19.62 20.95 NOTE
r-devel-linux-x86_64-fedora-clang 0.3 40.98 NOTE
r-devel-linux-x86_64-fedora-gcc 0.3 38.62 NOTE
r-devel-osx-x86_64-clang 0.3 37.32 NOTE
r-patched-linux-x86_64 0.3 1.28 19.29 20.57 NOTE
r-patched-solaris-sparc 0.3 271.70 NOTE
r-patched-solaris-x86 0.3 80.00 NOTE
r-release-linux-x86_64 0.3 1.33 19.70 21.02 NOTE
r-release-osx-x86_64-mavericks 0.3 NOTE

Check Details

Version: 0.3
Check: R code for possible problems
Result: NOTE
    project.M3.1.to.M3.2: no visible global function definition for
     ‘coordinates<-’
    project.M3.1.to.M3.2: no visible global function definition for
     ‘proj4string<-’
    project.M3.1.to.M3.2: no visible global function definition for ‘CRS’
    project.M3.1.to.M3.2: no visible global function definition for
     ‘spTransform’
    project.M3.1.to.M3.2: no visible global function definition for
     ‘coordinates’
Flavors: r-devel-linux-x86_64-debian-clang, r-devel-linux-x86_64-debian-gcc, r-devel-linux-x86_64-fedora-clang, r-devel-linux-x86_64-fedora-gcc, r-devel-osx-x86_64-clang, r-patched-linux-x86_64, r-patched-solaris-sparc, r-patched-solaris-x86, r-release-linux-x86_64, r-release-osx-x86_64-mavericks