CRAN Package Check Results for Package M3

Last updated on 2014-10-24 11:47:18.

Flavor Version Tinstall Tcheck Ttotal Status Flags
r-devel-linux-x86_64-debian-clang 0.3 1.54 22.93 24.47 NOTE
r-devel-linux-x86_64-debian-gcc 0.3 1.50 22.82 24.32 NOTE
r-devel-linux-x86_64-fedora-clang 0.3 52.07 NOTE
r-devel-linux-x86_64-fedora-gcc 0.3 49.08 NOTE
r-devel-osx-x86_64-clang 0.3 46.58 NOTE
r-patched-linux-x86_64 0.3 1.64 23.56 25.20 NOTE
r-patched-solaris-sparc 0.3 302.10 NOTE
r-patched-solaris-x86 0.3 89.30 NOTE
r-release-linux-ix86 0.3 2.24 32.67 34.90 OK
r-release-linux-x86_64 0.3 1.59 24.12 25.71 OK
r-release-osx-x86_64-mavericks 0.3 ERROR
r-release-osx-x86_64-snowleopard 0.3 OK

Check Details

Version: 0.3
Check: R code for possible problems
Result: NOTE
    project.M3.1.to.M3.2: no visible global function definition for
     ‘coordinates<-’
    project.M3.1.to.M3.2: no visible global function definition for
     ‘proj4string<-’
    project.M3.1.to.M3.2: no visible global function definition for ‘CRS’
    project.M3.1.to.M3.2: no visible global function definition for
     ‘spTransform’
    project.M3.1.to.M3.2: no visible global function definition for
     ‘coordinates’
Flavors: r-devel-linux-x86_64-debian-clang, r-devel-linux-x86_64-debian-gcc, r-devel-linux-x86_64-fedora-clang, r-devel-linux-x86_64-fedora-gcc, r-devel-osx-x86_64-clang, r-patched-linux-x86_64, r-patched-solaris-sparc, r-patched-solaris-x86

Version: 0.3
Check: package dependencies
Result: ERROR
    Package required but not available: ‘rgdal’
    
    See the information on DESCRIPTION files in the chapter ‘Creating R
    packages’ of the ‘Writing R Extensions’ manual.
Flavor: r-release-osx-x86_64-mavericks