CRAN Package Check Results for Package M3

Last updated on 2017-07-22 14:46:33.

Flavor Version Tinstall Tcheck Ttotal Status Flags
r-devel-linux-x86_64-debian-clang 0.3 1.58 32.80 34.38 NOTE
r-devel-linux-x86_64-debian-gcc 0.3 1.43 32.30 33.73 NOTE
r-devel-linux-x86_64-fedora-clang 0.3 46.54 NOTE
r-devel-linux-x86_64-fedora-gcc 0.3 46.23 NOTE
r-devel-windows-ix86+x86_64 0.3 8.00 48.00 56.00 NOTE
r-patched-linux-x86_64 0.3 1.56 31.18 32.74 NOTE
r-patched-solaris-x86 0.3 67.90 NOTE
r-release-linux-x86_64 0.3 1.48 30.92 32.41 NOTE
r-release-windows-ix86+x86_64 0.3 4.00 66.00 70.00 NOTE
r-release-osx-x86_64 0.3 NOTE
r-oldrel-windows-ix86+x86_64 0.3 4.00 51.00 55.00 NOTE
r-oldrel-osx-x86_64 0.3 NOTE

Check Details

Version: 0.3
Check: R code for possible problems
Result: NOTE
    project.M3.1.to.M3.2: no visible global function definition for
     ‘coordinates<-’
    project.M3.1.to.M3.2: no visible global function definition for
     ‘proj4string<-’
    project.M3.1.to.M3.2: no visible global function definition for ‘CRS’
    project.M3.1.to.M3.2: no visible global function definition for
     ‘spTransform’
    project.M3.1.to.M3.2: no visible global function definition for
     ‘coordinates’
    Undefined global functions or variables:
     CRS coordinates coordinates<- proj4string<- spTransform
Flavors: r-devel-linux-x86_64-debian-clang, r-devel-linux-x86_64-debian-gcc, r-devel-linux-x86_64-fedora-clang, r-devel-linux-x86_64-fedora-gcc, r-devel-windows-ix86+x86_64, r-patched-linux-x86_64, r-patched-solaris-x86, r-release-linux-x86_64, r-release-windows-ix86+x86_64, r-release-osx-x86_64, r-oldrel-windows-ix86+x86_64, r-oldrel-osx-x86_64