CRAN Package Check Results for Package M3

Last updated on 2016-05-30 06:46:51.

Flavor Version Tinstall Tcheck Ttotal Status Flags
r-devel-linux-x86_64-debian-gcc 0.3 1.33 20.71 22.03 NOTE
r-devel-linux-x86_64-fedora-clang 0.3 38.21 NOTE
r-devel-linux-x86_64-fedora-gcc 0.3 38.32 NOTE
r-devel-osx-x86_64-clang 0.3 40.83 NOTE
r-devel-windows-ix86+x86_64 0.3 4.00 39.00 43.00 NOTE
r-patched-linux-x86_64 0.3 1.33 20.31 21.64 NOTE
r-patched-solaris-sparc 0.3 246.00 NOTE
r-patched-solaris-x86 0.3 59.30 NOTE
r-release-linux-x86_64 0.3 1.22 19.97 21.19 NOTE
r-release-osx-x86_64-mavericks 0.3 NOTE
r-release-windows-ix86+x86_64 0.3 7.00 43.00 50.00 NOTE
r-oldrel-windows-ix86+x86_64 0.3 4.00 63.00 67.00 NOTE

Check Details

Version: 0.3
Check: R code for possible problems
Result: NOTE
    project.M3.1.to.M3.2: no visible global function definition for
     ‘coordinates<-’
    project.M3.1.to.M3.2: no visible global function definition for
     ‘proj4string<-’
    project.M3.1.to.M3.2: no visible global function definition for ‘CRS’
    project.M3.1.to.M3.2: no visible global function definition for
     ‘spTransform’
    project.M3.1.to.M3.2: no visible global function definition for
     ‘coordinates’
    Undefined global functions or variables:
     CRS coordinates coordinates<- proj4string<- spTransform
Flavors: r-devel-linux-x86_64-debian-gcc, r-devel-linux-x86_64-fedora-clang, r-devel-linux-x86_64-fedora-gcc, r-devel-osx-x86_64-clang, r-devel-windows-ix86+x86_64, r-patched-linux-x86_64, r-patched-solaris-sparc, r-patched-solaris-x86, r-release-linux-x86_64, r-release-osx-x86_64-mavericks, r-release-windows-ix86+x86_64

Version: 0.3
Check: R code for possible problems
Result: NOTE
    project.M3.1.to.M3.2: no visible global function definition for
     'coordinates<-'
    project.M3.1.to.M3.2: no visible global function definition for
     'proj4string<-'
    project.M3.1.to.M3.2: no visible global function definition for 'CRS'
    project.M3.1.to.M3.2: no visible global function definition for
     'spTransform'
    project.M3.1.to.M3.2: no visible global function definition for
     'coordinates'
Flavor: r-oldrel-windows-ix86+x86_64