CRAN Package Check Results for Package M3

Last updated on 2017-05-28 23:50:04.

Flavor Version Tinstall Tcheck Ttotal Status Flags
r-devel-linux-x86_64-debian-clang 0.3 1.80 25.36 27.16 NOTE
r-devel-linux-x86_64-debian-gcc 0.3 1.47 24.41 25.88 NOTE
r-devel-linux-x86_64-fedora-clang 0.3 48.32 NOTE
r-devel-linux-x86_64-fedora-gcc 0.3 47.25 NOTE
r-devel-windows-ix86+x86_64 0.3 5.00 60.00 65.00 NOTE
r-patched-linux-x86_64 0.3 1.70 25.82 27.52 NOTE
r-patched-solaris-sparc 0.3 293.40 NOTE
r-patched-solaris-x86 0.3 66.50 NOTE
r-release-linux-x86_64 0.3 1.57 24.72 26.29 NOTE
r-release-windows-ix86+x86_64 0.3 7.00 48.00 55.00 NOTE
r-release-osx-x86_64 0.3 NOTE
r-oldrel-windows-ix86+x86_64 0.3 8.00 39.00 47.00 NOTE
r-oldrel-osx-x86_64 0.3 NOTE

Check Details

Version: 0.3
Check: R code for possible problems
Result: NOTE
    project.M3.1.to.M3.2: no visible global function definition for
     ‘coordinates<-’
    project.M3.1.to.M3.2: no visible global function definition for
     ‘proj4string<-’
    project.M3.1.to.M3.2: no visible global function definition for ‘CRS’
    project.M3.1.to.M3.2: no visible global function definition for
     ‘spTransform’
    project.M3.1.to.M3.2: no visible global function definition for
     ‘coordinates’
    Undefined global functions or variables:
     CRS coordinates coordinates<- proj4string<- spTransform
Flavors: r-devel-linux-x86_64-debian-clang, r-devel-linux-x86_64-debian-gcc, r-devel-linux-x86_64-fedora-clang, r-devel-linux-x86_64-fedora-gcc, r-devel-windows-ix86+x86_64, r-patched-linux-x86_64, r-patched-solaris-sparc, r-patched-solaris-x86, r-release-linux-x86_64, r-release-windows-ix86+x86_64, r-release-osx-x86_64, r-oldrel-windows-ix86+x86_64, r-oldrel-osx-x86_64