CRAN Package Check Results for Package M3

Last updated on 2015-02-28 19:51:10.

Flavor Version Tinstall Tcheck Ttotal Status Flags
r-devel-linux-x86_64-debian-clang 0.3 1.32 20.10 21.42 NOTE
r-devel-linux-x86_64-debian-gcc 0.3 1.26 20.62 21.88 NOTE
r-devel-linux-x86_64-fedora-clang 0.3 43.31 NOTE
r-devel-linux-x86_64-fedora-gcc 0.3 38.97 NOTE
r-devel-osx-x86_64-clang 0.3 41.09 NOTE
r-patched-linux-x86_64 0.3 1.76 24.32 26.07 NOTE
r-patched-solaris-sparc 0.3 329.30 NOTE
r-patched-solaris-x86 0.3 90.90 NOTE
r-release-linux-ix86 0.3 1.98 31.76 33.74 NOTE
r-release-linux-x86_64 0.3 1.75 23.30 25.06 NOTE
r-release-osx-x86_64-mavericks 0.3 ERROR
r-release-osx-x86_64-snowleopard 0.3 OK

Check Details

Version: 0.3
Check: R code for possible problems
Result: NOTE
    project.M3.1.to.M3.2: no visible global function definition for
     ‘coordinates<-’
    project.M3.1.to.M3.2: no visible global function definition for
     ‘proj4string<-’
    project.M3.1.to.M3.2: no visible global function definition for ‘CRS’
    project.M3.1.to.M3.2: no visible global function definition for
     ‘spTransform’
    project.M3.1.to.M3.2: no visible global function definition for
     ‘coordinates’
Flavors: r-devel-linux-x86_64-debian-clang, r-devel-linux-x86_64-debian-gcc, r-devel-linux-x86_64-fedora-clang, r-devel-linux-x86_64-fedora-gcc, r-devel-osx-x86_64-clang, r-patched-linux-x86_64, r-patched-solaris-sparc, r-patched-solaris-x86, r-release-linux-ix86, r-release-linux-x86_64

Version: 0.3
Check: package dependencies
Result: ERROR
    Package required but not available: ‘rgdal’
    
    See section ‘The DESCRIPTION file’ in the ‘Writing R Extensions’
    manual.
Flavor: r-release-osx-x86_64-mavericks