CRAN Package Check Results for Package M3

Last updated on 2017-11-25 09:49:39 CET.

Flavor Version Tinstall Tcheck Ttotal Status Flags
r-devel-linux-x86_64-debian-clang 0.3 1.78 60.79 62.57 NOTE
r-devel-linux-x86_64-debian-gcc 0.3 1.68 53.86 55.54 NOTE
r-devel-linux-x86_64-fedora-clang 0.3 42.14 NOTE
r-devel-linux-x86_64-fedora-gcc 0.3 40.82 NOTE
r-devel-windows-ix86+x86_64 0.3 4.00 54.00 58.00 NOTE
r-patched-linux-x86_64 0.3 1.98 65.17 67.15 NOTE
r-patched-solaris-x86 0.3 68.90 NOTE
r-release-linux-x86_64 0.3 2.13 62.38 64.51 NOTE
r-release-windows-ix86+x86_64 0.3 5.00 66.00 71.00 NOTE
r-release-osx-x86_64 0.3 NOTE
r-oldrel-windows-ix86+x86_64 0.3 5.00 58.00 63.00 NOTE
r-oldrel-osx-x86_64 0.3 NOTE

Check Details

Version: 0.3
Check: R code for possible problems
Result: NOTE
    project.M3.1.to.M3.2: no visible global function definition for
     ‘coordinates<-’
    project.M3.1.to.M3.2: no visible global function definition for
     ‘proj4string<-’
    project.M3.1.to.M3.2: no visible global function definition for ‘CRS’
    project.M3.1.to.M3.2: no visible global function definition for
     ‘spTransform’
    project.M3.1.to.M3.2: no visible global function definition for
     ‘coordinates’
    Undefined global functions or variables:
     CRS coordinates coordinates<- proj4string<- spTransform
Flavors: r-devel-linux-x86_64-debian-clang, r-devel-linux-x86_64-debian-gcc, r-devel-linux-x86_64-fedora-clang, r-devel-linux-x86_64-fedora-gcc, r-devel-windows-ix86+x86_64, r-patched-linux-x86_64, r-patched-solaris-x86, r-release-linux-x86_64, r-release-windows-ix86+x86_64, r-release-osx-x86_64, r-oldrel-windows-ix86+x86_64, r-oldrel-osx-x86_64