CRAN Package Check Results for Package M3

Last updated on 2016-07-28 06:47:24.

Flavor Version Tinstall Tcheck Ttotal Status Flags
r-devel-linux-x86_64-debian-clang 0.3 1.60 24.41 26.01 NOTE
r-devel-linux-x86_64-debian-gcc 0.3 1.45 25.25 26.70 NOTE
r-devel-linux-x86_64-fedora-clang 0.3 38.55 NOTE
r-devel-linux-x86_64-fedora-gcc 0.3 35.64 NOTE
r-devel-osx-x86_64-clang 0.3 30.33 NOTE
r-devel-windows-ix86+x86_64 0.3 5.00 51.00 56.00 NOTE
r-patched-linux-x86_64 0.3 1.48 25.26 26.73 NOTE
r-patched-solaris-sparc 0.3 251.80 NOTE
r-patched-solaris-x86 0.3 57.90 NOTE
r-release-linux-x86_64 0.3 1.56 24.52 26.08 NOTE
r-release-osx-x86_64-mavericks 0.3 NOTE
r-release-windows-ix86+x86_64 0.3 6.00 50.00 56.00 NOTE
r-oldrel-windows-ix86+x86_64 0.3 6.00 53.00 59.00 NOTE

Check Details

Version: 0.3
Check: R code for possible problems
Result: NOTE
    project.M3.1.to.M3.2: no visible global function definition for
     ‘coordinates<-’
    project.M3.1.to.M3.2: no visible global function definition for
     ‘proj4string<-’
    project.M3.1.to.M3.2: no visible global function definition for ‘CRS’
    project.M3.1.to.M3.2: no visible global function definition for
     ‘spTransform’
    project.M3.1.to.M3.2: no visible global function definition for
     ‘coordinates’
    Undefined global functions or variables:
     CRS coordinates coordinates<- proj4string<- spTransform
Flavors: r-devel-linux-x86_64-debian-clang, r-devel-linux-x86_64-debian-gcc, r-devel-linux-x86_64-fedora-clang, r-devel-linux-x86_64-fedora-gcc, r-devel-osx-x86_64-clang, r-devel-windows-ix86+x86_64, r-patched-linux-x86_64, r-patched-solaris-sparc, r-patched-solaris-x86, r-release-linux-x86_64, r-release-osx-x86_64-mavericks, r-release-windows-ix86+x86_64

Version: 0.3
Check: R code for possible problems
Result: NOTE
    project.M3.1.to.M3.2: no visible global function definition for
     'coordinates<-'
    project.M3.1.to.M3.2: no visible global function definition for
     'proj4string<-'
    project.M3.1.to.M3.2: no visible global function definition for 'CRS'
    project.M3.1.to.M3.2: no visible global function definition for
     'spTransform'
    project.M3.1.to.M3.2: no visible global function definition for
     'coordinates'
Flavor: r-oldrel-windows-ix86+x86_64