CRAN Package Check Results for Package M3

Last updated on 2014-04-24 15:50:41.

Flavor Version Tinstall Tcheck Ttotal Status Flags
r-devel-linux-x86_64-debian-clang 0.3 1.66 24.05 25.72 OK
r-devel-linux-x86_64-debian-gcc 0.3 1.69 24.31 26.00 OK
r-devel-linux-x86_64-fedora-clang 0.3 52.43 OK
r-devel-linux-x86_64-fedora-gcc 0.3 50.62 OK
r-devel-osx-x86_64-clang 0.3 49.74 OK
r-devel-osx-x86_64-gcc 0.3 OK
r-patched-linux-x86_64 0.3 1.82 23.38 25.20 OK
r-patched-solaris-sparc 0.3 303.10 OK
r-patched-solaris-x86 0.3 86.50 OK
r-release-linux-ix86 0.3 3.00 45.00 48.00 OK
r-release-linux-x86_64 0.3 1.64 26.64 28.28 OK
r-release-osx-x86_64-mavericks 0.3 ERROR
r-release-osx-x86_64-snowleopard 0.3 OK

Check Details

Version: 0.3
Check: package dependencies
Result: ERROR
    Packages required but not available: ‘ncdf4’ ‘rgdal’
    
    See the information on DESCRIPTION files in the chapter ‘Creating R
    packages’ of the ‘Writing R Extensions’ manual.
Flavor: r-release-osx-x86_64-mavericks