CRAN Package Check Results for Package M3

Last updated on 2019-01-17 20:47:09 CET.

Flavor Version Tinstall Tcheck Ttotal Status Flags
r-devel-linux-x86_64-debian-clang 0.3 3.07 36.46 39.53 NOTE
r-devel-linux-x86_64-debian-gcc 0.3 2.61 32.16 34.77 NOTE
r-devel-linux-x86_64-fedora-clang 0.3 48.43 NOTE
r-devel-linux-x86_64-fedora-gcc 0.3 46.17 NOTE
r-devel-windows-ix86+x86_64 0.3 11.00 64.00 75.00 NOTE
r-patched-linux-x86_64 0.3 2.49 33.99 36.48 NOTE
r-patched-solaris-x86 0.3 79.80 NOTE
r-release-linux-x86_64 0.3 2.20 34.06 36.26 NOTE
r-release-windows-ix86+x86_64 0.3 7.00 65.00 72.00 NOTE
r-release-osx-x86_64 0.3 NOTE
r-oldrel-windows-ix86+x86_64 0.3 9.00 71.00 80.00 NOTE
r-oldrel-osx-x86_64 0.3 NOTE

Check Details

Version: 0.3
Check: R code for possible problems
Result: NOTE
    project.M3.1.to.M3.2: no visible global function definition for
     ‘coordinates<-’
    project.M3.1.to.M3.2: no visible global function definition for
     ‘proj4string<-’
    project.M3.1.to.M3.2: no visible global function definition for ‘CRS’
    project.M3.1.to.M3.2: no visible global function definition for
     ‘spTransform’
    project.M3.1.to.M3.2: no visible global function definition for
     ‘coordinates’
    Undefined global functions or variables:
     CRS coordinates coordinates<- proj4string<- spTransform
Flavors: r-devel-linux-x86_64-debian-clang, r-devel-linux-x86_64-debian-gcc, r-devel-linux-x86_64-fedora-clang, r-devel-linux-x86_64-fedora-gcc, r-devel-windows-ix86+x86_64, r-patched-linux-x86_64, r-patched-solaris-x86, r-release-linux-x86_64, r-release-windows-ix86+x86_64, r-release-osx-x86_64, r-oldrel-windows-ix86+x86_64, r-oldrel-osx-x86_64