CRAN Package Check Results for Package M3

Last updated on 2016-04-29 19:49:51.

Flavor Version Tinstall Tcheck Ttotal Status Flags
r-devel-linux-x86_64-debian-gcc 0.3 1.30 20.23 21.54 NOTE
r-devel-linux-x86_64-fedora-clang 0.3 38.73 NOTE
r-devel-linux-x86_64-fedora-gcc 0.3 36.86 NOTE
r-devel-osx-x86_64-clang 0.3 40.63 NOTE
r-devel-windows-ix86+x86_64 0.3 4.00 42.00 46.00 NOTE
r-patched-linux-x86_64 0.3 1.37 20.18 21.55 NOTE
r-patched-solaris-sparc 0.3 244.90 NOTE
r-patched-solaris-x86 0.3 58.70 NOTE
r-release-linux-x86_64 0.3 1.51 21.67 23.18 NOTE
r-release-osx-x86_64-mavericks 0.3 NOTE
r-release-windows-ix86+x86_64 0.3 4.00 40.00 44.00 NOTE
r-oldrel-windows-ix86+x86_64 0.3 11.00 45.00 56.00 NOTE

Check Details

Version: 0.3
Check: R code for possible problems
Result: NOTE
    project.M3.1.to.M3.2: no visible global function definition for
     ‘coordinates<-’
    project.M3.1.to.M3.2: no visible global function definition for
     ‘proj4string<-’
    project.M3.1.to.M3.2: no visible global function definition for ‘CRS’
    project.M3.1.to.M3.2: no visible global function definition for
     ‘spTransform’
    project.M3.1.to.M3.2: no visible global function definition for
     ‘coordinates’
    Undefined global functions or variables:
     CRS coordinates coordinates<- proj4string<- spTransform
Flavors: r-devel-linux-x86_64-debian-gcc, r-devel-linux-x86_64-fedora-clang, r-devel-linux-x86_64-fedora-gcc, r-devel-osx-x86_64-clang, r-devel-windows-ix86+x86_64, r-patched-linux-x86_64, r-patched-solaris-sparc, r-patched-solaris-x86

Version: 0.3
Check: R code for possible problems
Result: NOTE
    project.M3.1.to.M3.2: no visible global function definition for
     ‘coordinates<-’
    project.M3.1.to.M3.2: no visible global function definition for
     ‘proj4string<-’
    project.M3.1.to.M3.2: no visible global function definition for ‘CRS’
    project.M3.1.to.M3.2: no visible global function definition for
     ‘spTransform’
    project.M3.1.to.M3.2: no visible global function definition for
     ‘coordinates’
Flavors: r-release-linux-x86_64, r-release-osx-x86_64-mavericks, r-release-windows-ix86+x86_64, r-oldrel-windows-ix86+x86_64