CRAN Package Check Results for Package M3

Last updated on 2015-04-27 21:46:36.

Flavor Version Tinstall Tcheck Ttotal Status Flags
r-devel-linux-x86_64-debian-clang 0.3 1.28 19.89 21.17 NOTE
r-devel-linux-x86_64-debian-gcc 0.3 1.26 19.42 20.68 NOTE
r-devel-linux-x86_64-fedora-clang 0.3 42.22 NOTE
r-devel-linux-x86_64-fedora-gcc 0.3 39.71 NOTE
r-devel-osx-x86_64-clang 0.3 39.07 NOTE
r-patched-linux-x86_64 0.3 1.32 19.85 21.17 NOTE
r-patched-solaris-sparc 0.3 288.90 NOTE
r-patched-solaris-x86 0.3 77.30 NOTE
r-release-linux-x86_64 0.3 1.28 19.58 20.86 NOTE
r-release-osx-x86_64-mavericks 0.3 ERROR
r-release-osx-x86_64-snowleopard 0.3 NOTE

Check Details

Version: 0.3
Check: R code for possible problems
Result: NOTE
    project.M3.1.to.M3.2: no visible global function definition for
     ‘coordinates<-’
    project.M3.1.to.M3.2: no visible global function definition for
     ‘proj4string<-’
    project.M3.1.to.M3.2: no visible global function definition for ‘CRS’
    project.M3.1.to.M3.2: no visible global function definition for
     ‘spTransform’
    project.M3.1.to.M3.2: no visible global function definition for
     ‘coordinates’
Flavors: r-devel-linux-x86_64-debian-clang, r-devel-linux-x86_64-debian-gcc, r-devel-linux-x86_64-fedora-clang, r-devel-linux-x86_64-fedora-gcc, r-devel-osx-x86_64-clang, r-patched-solaris-sparc, r-patched-solaris-x86, r-release-linux-x86_64, r-release-osx-x86_64-snowleopard

Version: 0.3
Check: package dependencies
Result: ERROR
    Package required but not available: ‘rgdal’
    
    See section ‘The DESCRIPTION file’ in the ‘Writing R Extensions’
    manual.
Flavor: r-release-osx-x86_64-mavericks