CRAN Package Check Results for Package M3

Last updated on 2014-09-01 19:46:27.

Flavor Version Tinstall Tcheck Ttotal Status Flags
r-devel-linux-x86_64-debian-clang 0.3 1.56 22.20 23.76 NOTE
r-devel-linux-x86_64-debian-gcc 0.3 1.50 22.12 23.62 NOTE
r-devel-linux-x86_64-fedora-clang 0.3 50.98 NOTE
r-devel-linux-x86_64-fedora-gcc 0.3 48.48 NOTE
r-devel-osx-x86_64-clang 0.3 44.21 NOTE
r-patched-linux-x86_64 0.3 1.58 23.36 24.94 OK
r-patched-solaris-sparc 0.3 311.70 OK
r-patched-solaris-x86 0.3 85.40 OK
r-release-linux-ix86 0.3 2.28 32.34 34.62 OK
r-release-linux-x86_64 0.3 1.65 23.35 25.00 OK
r-release-osx-x86_64-mavericks 0.3 ERROR
r-release-osx-x86_64-snowleopard 0.3 OK

Check Details

Version: 0.3
Check: R code for possible problems
Result: NOTE
    project.M3.1.to.M3.2: no visible global function definition for
     ‘coordinates<-’
    project.M3.1.to.M3.2: no visible global function definition for
     ‘proj4string<-’
    project.M3.1.to.M3.2: no visible global function definition for ‘CRS’
    project.M3.1.to.M3.2: no visible global function definition for
     ‘spTransform’
    project.M3.1.to.M3.2: no visible global function definition for
     ‘coordinates’
Flavors: r-devel-linux-x86_64-debian-clang, r-devel-linux-x86_64-debian-gcc, r-devel-linux-x86_64-fedora-clang, r-devel-linux-x86_64-fedora-gcc, r-devel-osx-x86_64-clang

Version: 0.3
Check: package dependencies
Result: ERROR
    Package required but not available: ‘rgdal’
    
    See the information on DESCRIPTION files in the chapter ‘Creating R
    packages’ of the ‘Writing R Extensions’ manual.
Flavor: r-release-osx-x86_64-mavericks