CRAN Package Check Results for Package M3

Last updated on 2016-09-27 16:47:47.

Flavor Version Tinstall Tcheck Ttotal Status Flags
r-devel-linux-x86_64-debian-clang 0.3 1.38 20.82 22.20 NOTE
r-devel-linux-x86_64-debian-gcc 0.3 1.42 21.26 22.68 NOTE
r-devel-linux-x86_64-fedora-clang 0.3 40.92 NOTE
r-devel-linux-x86_64-fedora-gcc 0.3 41.85 NOTE
r-devel-macos-x86_64-clang 0.3 29.73 NOTE
r-devel-windows-ix86+x86_64 0.3 8.00 51.00 59.00 NOTE
r-patched-linux-x86_64 0.3 1.28 20.88 22.16 NOTE
r-patched-solaris-sparc 0.3 253.50 NOTE
r-patched-solaris-x86 0.3 57.80 NOTE
r-release-linux-x86_64 0.3 1.39 21.43 22.82 NOTE
r-release-osx-x86_64-mavericks 0.3 NOTE
r-release-windows-ix86+x86_64 0.3 7.00 53.00 60.00 NOTE
r-oldrel-windows-ix86+x86_64 0.3 7.00 53.00 60.00 NOTE

Check Details

Version: 0.3
Check: R code for possible problems
Result: NOTE
    project.M3.1.to.M3.2: no visible global function definition for
     ‘coordinates<-’
    project.M3.1.to.M3.2: no visible global function definition for
     ‘proj4string<-’
    project.M3.1.to.M3.2: no visible global function definition for ‘CRS’
    project.M3.1.to.M3.2: no visible global function definition for
     ‘spTransform’
    project.M3.1.to.M3.2: no visible global function definition for
     ‘coordinates’
    Undefined global functions or variables:
     CRS coordinates coordinates<- proj4string<- spTransform
Flavors: r-devel-linux-x86_64-debian-clang, r-devel-linux-x86_64-debian-gcc, r-devel-linux-x86_64-fedora-clang, r-devel-linux-x86_64-fedora-gcc, r-devel-macos-x86_64-clang, r-devel-windows-ix86+x86_64, r-patched-linux-x86_64, r-patched-solaris-sparc, r-patched-solaris-x86, r-release-linux-x86_64, r-release-osx-x86_64-mavericks, r-release-windows-ix86+x86_64

Version: 0.3
Check: R code for possible problems
Result: NOTE
    project.M3.1.to.M3.2: no visible global function definition for
     'coordinates<-'
    project.M3.1.to.M3.2: no visible global function definition for
     'proj4string<-'
    project.M3.1.to.M3.2: no visible global function definition for 'CRS'
    project.M3.1.to.M3.2: no visible global function definition for
     'spTransform'
    project.M3.1.to.M3.2: no visible global function definition for
     'coordinates'
Flavor: r-oldrel-windows-ix86+x86_64