CRAN Package Check Results for Package M3

Last updated on 2016-12-03 20:47:10.

Flavor Version Tinstall Tcheck Ttotal Status Flags
r-devel-linux-x86_64-debian-clang 0.3 1.58 25.12 26.70 NOTE
r-devel-linux-x86_64-debian-gcc 0.3 1.54 24.49 26.03 NOTE
r-devel-linux-x86_64-fedora-clang 0.3 47.91 NOTE
r-devel-linux-x86_64-fedora-gcc 0.3 46.66 NOTE
r-devel-macos-x86_64-clang 0.3 36.28 NOTE
r-devel-windows-ix86+x86_64 0.3 5.00 63.00 68.00 NOTE
r-patched-linux-x86_64 0.3 1.27 20.67 21.94 NOTE
r-patched-solaris-sparc 0.3 253.50 NOTE
r-patched-solaris-x86 0.3 59.00 NOTE
r-release-linux-x86_64 0.3 1.48 20.63 22.10 NOTE
r-release-osx-x86_64-mavericks 0.3 NOTE
r-release-windows-ix86+x86_64 0.3 9.00 57.00 66.00 NOTE
r-oldrel-windows-ix86+x86_64 0.3 14.00 38.00 52.00 NOTE

Check Details

Version: 0.3
Check: R code for possible problems
Result: NOTE
    project.M3.1.to.M3.2: no visible global function definition for
     ‘coordinates<-’
    project.M3.1.to.M3.2: no visible global function definition for
     ‘proj4string<-’
    project.M3.1.to.M3.2: no visible global function definition for ‘CRS’
    project.M3.1.to.M3.2: no visible global function definition for
     ‘spTransform’
    project.M3.1.to.M3.2: no visible global function definition for
     ‘coordinates’
    Undefined global functions or variables:
     CRS coordinates coordinates<- proj4string<- spTransform
Flavors: r-devel-linux-x86_64-debian-clang, r-devel-linux-x86_64-debian-gcc, r-devel-linux-x86_64-fedora-clang, r-devel-linux-x86_64-fedora-gcc, r-devel-macos-x86_64-clang, r-devel-windows-ix86+x86_64, r-patched-linux-x86_64, r-patched-solaris-sparc, r-patched-solaris-x86, r-release-linux-x86_64, r-release-osx-x86_64-mavericks, r-release-windows-ix86+x86_64

Version: 0.3
Check: R code for possible problems
Result: NOTE
    project.M3.1.to.M3.2: no visible global function definition for
     'coordinates<-'
    project.M3.1.to.M3.2: no visible global function definition for
     'proj4string<-'
    project.M3.1.to.M3.2: no visible global function definition for 'CRS'
    project.M3.1.to.M3.2: no visible global function definition for
     'spTransform'
    project.M3.1.to.M3.2: no visible global function definition for
     'coordinates'
Flavor: r-oldrel-windows-ix86+x86_64