CRAN Package Check Results for Package M3

Last updated on 2018-02-17 21:49:27 CET.

Flavor Version Tinstall Tcheck Ttotal Status Flags
r-devel-linux-x86_64-debian-clang 0.3 2.32 33.23 35.55 NOTE
r-devel-linux-x86_64-debian-gcc 0.3 2.64 29.98 32.62 NOTE
r-devel-linux-x86_64-fedora-clang 0.3 44.56 NOTE
r-devel-linux-x86_64-fedora-gcc 0.3 43.20 NOTE
r-devel-windows-ix86+x86_64 0.3 5.00 43.00 48.00 NOTE
r-patched-linux-x86_64 0.3 1.91 36.73 38.64 NOTE
r-patched-solaris-x86 0.3 69.80 NOTE
r-release-linux-x86_64 0.3 1.72 36.53 38.25 NOTE
r-release-windows-ix86+x86_64 0.3 9.00 70.00 79.00 NOTE
r-release-osx-x86_64 0.3 NOTE
r-oldrel-windows-ix86+x86_64 0.3 5.00 54.00 59.00 NOTE
r-oldrel-osx-x86_64 0.3 NOTE

Check Details

Version: 0.3
Check: R code for possible problems
Result: NOTE
    project.M3.1.to.M3.2: no visible global function definition for
     ‘coordinates<-’
    project.M3.1.to.M3.2: no visible global function definition for
     ‘proj4string<-’
    project.M3.1.to.M3.2: no visible global function definition for ‘CRS’
    project.M3.1.to.M3.2: no visible global function definition for
     ‘spTransform’
    project.M3.1.to.M3.2: no visible global function definition for
     ‘coordinates’
    Undefined global functions or variables:
     CRS coordinates coordinates<- proj4string<- spTransform
Flavors: r-devel-linux-x86_64-debian-clang, r-devel-linux-x86_64-debian-gcc, r-devel-linux-x86_64-fedora-clang, r-devel-linux-x86_64-fedora-gcc, r-devel-windows-ix86+x86_64, r-patched-linux-x86_64, r-patched-solaris-x86, r-release-linux-x86_64, r-release-windows-ix86+x86_64, r-release-osx-x86_64, r-oldrel-windows-ix86+x86_64, r-oldrel-osx-x86_64