CRAN Package Check Results for Package M3

Last updated on 2014-07-22 10:47:20.

Flavor Version Tinstall Tcheck Ttotal Status Flags
r-devel-linux-x86_64-debian-clang 0.3 1.60 22.26 23.86 OK
r-devel-linux-x86_64-debian-gcc 0.3 1.59 22.60 24.19 OK
r-devel-linux-x86_64-fedora-clang 0.3 53.45 OK
r-devel-linux-x86_64-fedora-gcc 0.3 49.52 OK
r-devel-osx-x86_64-clang 0.3 47.34 OK
r-patched-linux-x86_64 0.3 1.54 22.74 24.28 OK
r-patched-solaris-sparc 0.3 303.10 OK
r-patched-solaris-x86 0.3 85.50 OK
r-release-linux-ix86 0.3 2.11 32.96 35.06 OK
r-release-linux-x86_64 0.3 1.58 23.74 25.32 OK
r-release-osx-x86_64-mavericks 0.3 ERROR
r-release-osx-x86_64-snowleopard 0.3 OK

Check Details

Version: 0.3
Check: package dependencies
Result: ERROR
    Package required but not available: ‘rgdal’
    
    See the information on DESCRIPTION files in the chapter ‘Creating R
    packages’ of the ‘Writing R Extensions’ manual.
Flavor: r-release-osx-x86_64-mavericks