CRAN Package Check Results for Package M3

Last updated on 2018-07-22 03:48:30 CEST.

Flavor Version Tinstall Tcheck Ttotal Status Flags
r-devel-linux-x86_64-debian-clang 0.3 2.83 36.07 38.90 NOTE
r-devel-linux-x86_64-debian-gcc 0.3 2.45 32.45 34.90 NOTE
r-devel-linux-x86_64-fedora-clang 0.3 47.17 NOTE
r-devel-linux-x86_64-fedora-gcc 0.3 45.91 NOTE
r-devel-windows-ix86+x86_64 0.3 10.00 69.00 79.00 NOTE
r-patched-linux-x86_64 0.3 NOTE
r-patched-solaris-x86 0.3 78.90 NOTE
r-release-linux-x86_64 0.3 2.19 33.94 36.13 NOTE
r-release-windows-ix86+x86_64 0.3 10.00 51.00 61.00 NOTE
r-release-osx-x86_64 0.3 NOTE
r-oldrel-windows-ix86+x86_64 0.3 5.00 64.00 69.00 NOTE
r-oldrel-osx-x86_64 0.3 NOTE

Check Details

Version: 0.3
Check: R code for possible problems
Result: NOTE
    project.M3.1.to.M3.2: no visible global function definition for
     ‘coordinates<-’
    project.M3.1.to.M3.2: no visible global function definition for
     ‘proj4string<-’
    project.M3.1.to.M3.2: no visible global function definition for ‘CRS’
    project.M3.1.to.M3.2: no visible global function definition for
     ‘spTransform’
    project.M3.1.to.M3.2: no visible global function definition for
     ‘coordinates’
    Undefined global functions or variables:
     CRS coordinates coordinates<- proj4string<- spTransform
Flavors: r-devel-linux-x86_64-debian-clang, r-devel-linux-x86_64-debian-gcc, r-devel-linux-x86_64-fedora-clang, r-devel-linux-x86_64-fedora-gcc, r-devel-windows-ix86+x86_64, r-patched-linux-x86_64, r-patched-solaris-x86, r-release-linux-x86_64, r-release-windows-ix86+x86_64, r-release-osx-x86_64, r-oldrel-windows-ix86+x86_64, r-oldrel-osx-x86_64