CRAN Package Check Results for Package M3

Last updated on 2017-02-21 23:50:51.

Flavor Version Tinstall Tcheck Ttotal Status Flags
r-devel-linux-x86_64-debian-clang 0.3 1.45 24.61 26.06 NOTE
r-devel-linux-x86_64-debian-gcc 0.3 1.47 24.96 26.42 NOTE
r-devel-linux-x86_64-fedora-clang 0.3 44.62 NOTE --no-stop-on-test-error
r-devel-linux-x86_64-fedora-gcc 0.3 46.56 NOTE --no-stop-on-test-error
r-devel-macos-x86_64-clang 0.3 35.13 NOTE --no-stop-on-test-error
r-devel-windows-ix86+x86_64 0.3 7.00 103.00 110.00 NOTE
r-patched-linux-x86_64 0.3 1.27 21.70 22.97 NOTE
r-patched-solaris-sparc 0.3 257.10 NOTE
r-patched-solaris-x86 0.3 60.20 NOTE
r-release-linux-x86_64 0.3 1.28 21.70 22.98 NOTE
r-release-osx-x86_64-mavericks 0.3 NOTE
r-release-windows-ix86+x86_64 0.3 13.00 42.00 55.00 NOTE
r-oldrel-windows-ix86+x86_64 0.3 11.00 56.00 67.00 NOTE

Check Details

Version: 0.3
Check: R code for possible problems
Result: NOTE
    project.M3.1.to.M3.2: no visible global function definition for
     ‘coordinates<-’
    project.M3.1.to.M3.2: no visible global function definition for
     ‘proj4string<-’
    project.M3.1.to.M3.2: no visible global function definition for ‘CRS’
    project.M3.1.to.M3.2: no visible global function definition for
     ‘spTransform’
    project.M3.1.to.M3.2: no visible global function definition for
     ‘coordinates’
    Undefined global functions or variables:
     CRS coordinates coordinates<- proj4string<- spTransform
Flavors: r-devel-linux-x86_64-debian-clang, r-devel-linux-x86_64-debian-gcc, r-devel-windows-ix86+x86_64, r-patched-linux-x86_64, r-patched-solaris-sparc, r-patched-solaris-x86, r-release-linux-x86_64, r-release-osx-x86_64-mavericks, r-release-windows-ix86+x86_64

Version: 0.3
Flags: --no-stop-on-test-error
Check: R code for possible problems
Result: NOTE
    project.M3.1.to.M3.2: no visible global function definition for
     ‘coordinates<-’
    project.M3.1.to.M3.2: no visible global function definition for
     ‘proj4string<-’
    project.M3.1.to.M3.2: no visible global function definition for ‘CRS’
    project.M3.1.to.M3.2: no visible global function definition for
     ‘spTransform’
    project.M3.1.to.M3.2: no visible global function definition for
     ‘coordinates’
    Undefined global functions or variables:
     CRS coordinates coordinates<- proj4string<- spTransform
Flavors: r-devel-linux-x86_64-fedora-clang, r-devel-linux-x86_64-fedora-gcc, r-devel-macos-x86_64-clang

Version: 0.3
Check: R code for possible problems
Result: NOTE
    project.M3.1.to.M3.2: no visible global function definition for
     'coordinates<-'
    project.M3.1.to.M3.2: no visible global function definition for
     'proj4string<-'
    project.M3.1.to.M3.2: no visible global function definition for 'CRS'
    project.M3.1.to.M3.2: no visible global function definition for
     'spTransform'
    project.M3.1.to.M3.2: no visible global function definition for
     'coordinates'
Flavor: r-oldrel-windows-ix86+x86_64