CRAN Package Check Results for Package MADAM

Last updated on 2015-07-01 06:48:41.

Flavor Version Tinstall Tcheck Ttotal Status Flags
r-devel-linux-x86_64-debian-clang 1.2.2 0.50 8.28 8.78 NOTE
r-devel-linux-x86_64-debian-gcc 1.2.2 0.48 8.30 8.78 NOTE
r-devel-linux-x86_64-fedora-clang 1.2.2 16.90 NOTE
r-devel-linux-x86_64-fedora-gcc 1.2.2 15.19 NOTE
r-devel-osx-x86_64-clang 1.2.2 18.53 NOTE
r-devel-windows-ix86+x86_64 1.2.2 4.00 15.00 19.00 NOTE
r-patched-linux-x86_64 1.2.2 0.52 8.77 9.29 NOTE
r-patched-solaris-sparc 1.2.2 110.80 NOTE
r-patched-solaris-x86 1.2.2 26.80 NOTE
r-release-linux-x86_64 1.2.2 0.52 8.70 9.22 NOTE
r-release-osx-x86_64-mavericks 1.2.2 NOTE
r-release-windows-ix86+x86_64 1.2.2 2.00 16.00 18.00 NOTE
r-oldrel-windows-ix86+x86_64 1.2.2 4.00 19.00 23.00 NOTE

Check Details

Version: 1.2.2
Check: R code for possible problems
Result: NOTE
    fisher.method: no visible global function definition for ‘mclapply’
    fisher.method: no visible global function definition for ‘pchisq’
    fisher.method: no visible global function definition for ‘p.adjust’
    fisher.method.perm : <anonymous> : <anonymous> : <anonymous>: no
     visible global function definition for ‘na.exclude’
    fisher.method.perm : <anonymous>: no visible global function definition
     for ‘mclapply’
    fisher.method.perm: no visible global function definition for
     ‘p.adjust’
    plotPvsRank: no visible global function definition for ‘plot’
    plotPvsRank: no visible global function definition for ‘lines’
    plotPvsRank: no visible global function definition for ‘grid’
    plotPvsRank: no visible global function definition for ‘legend’
Flavors: r-devel-linux-x86_64-debian-clang, r-devel-linux-x86_64-debian-gcc, r-devel-linux-x86_64-fedora-clang, r-devel-linux-x86_64-fedora-gcc

Version: 1.2.2
Check: R code for possible problems
Result: NOTE
    fisher.method: no visible global function definition for ‘mclapply’
    fisher.method.perm : <anonymous>: no visible global function definition
     for ‘mclapply’
Flavors: r-devel-osx-x86_64-clang, r-devel-windows-ix86+x86_64, r-patched-linux-x86_64, r-patched-solaris-sparc, r-patched-solaris-x86, r-release-linux-x86_64, r-release-osx-x86_64-mavericks, r-release-windows-ix86+x86_64, r-oldrel-windows-ix86+x86_64