CRAN Package Check Results for Package MADAM

Last updated on 2015-03-02 19:52:18.

Flavor Version Tinstall Tcheck Ttotal Status Flags
r-devel-linux-x86_64-debian-clang 1.2.2 0.54 9.44 9.98 NOTE
r-devel-linux-x86_64-debian-gcc 1.2.2 0.50 8.53 9.03 NOTE
r-devel-linux-x86_64-fedora-clang 1.2.2 18.40 NOTE
r-devel-linux-x86_64-fedora-gcc 1.2.2 16.37 NOTE
r-devel-osx-x86_64-clang 1.2.2 21.71 NOTE
r-devel-windows-ix86+x86_64 1.2.2 4.00 16.00 20.00 NOTE
r-patched-linux-x86_64 1.2.2 0.57 9.16 9.73 NOTE
r-patched-solaris-sparc 1.2.2 123.50 NOTE
r-patched-solaris-x86 1.2.2 29.90 NOTE
r-release-linux-ix86 1.2.2 0.84 14.94 15.77 NOTE
r-release-linux-x86_64 1.2.2 0.55 9.17 9.72 NOTE
r-release-osx-x86_64-mavericks 1.2.2 NOTE
r-release-windows-ix86+x86_64 1.2.2 2.00 15.00 17.00 NOTE
r-oldrel-windows-ix86+x86_64 1.2.2 2.00 16.00 18.00 OK

Check Details

Version: 1.2.2
Check: R code for possible problems
Result: NOTE
    fisher.method: no visible global function definition for ‘mclapply’
    fisher.method.perm : <anonymous>: no visible global function definition
     for ‘mclapply’
Flavors: r-devel-linux-x86_64-debian-clang, r-devel-linux-x86_64-debian-gcc, r-devel-linux-x86_64-fedora-clang, r-devel-linux-x86_64-fedora-gcc, r-devel-osx-x86_64-clang, r-devel-windows-ix86+x86_64, r-patched-linux-x86_64, r-patched-solaris-sparc, r-patched-solaris-x86, r-release-linux-ix86, r-release-linux-x86_64, r-release-osx-x86_64-mavericks, r-release-windows-ix86+x86_64