CRAN Package Check Results for Package MADAM

Last updated on 2014-09-18 19:47:34.

Flavor Version Tinstall Tcheck Ttotal Status Flags
r-devel-linux-x86_64-debian-clang 1.2.2 0.48 8.80 9.28 NOTE
r-devel-linux-x86_64-debian-gcc 1.2.2 0.48 8.58 9.06 NOTE
r-devel-linux-x86_64-fedora-clang 1.2.2 18.06 NOTE
r-devel-linux-x86_64-fedora-gcc 1.2.2 23.44 NOTE
r-devel-osx-x86_64-clang 1.2.2 21.23 NOTE
r-devel-windows-ix86+x86_64 1.2.2 2.00 16.00 18.00 NOTE
r-patched-linux-x86_64 1.2.2 0.50 8.82 9.32 OK
r-patched-solaris-sparc 1.2.2 111.70 OK
r-patched-solaris-x86 1.2.2 27.50 OK
r-release-linux-ix86 1.2.2 0.82 15.25 16.07 OK
r-release-linux-x86_64 1.2.2 0.54 9.06 9.60 OK
r-release-osx-x86_64-mavericks 1.2.2 OK
r-release-windows-ix86+x86_64 1.2.2 3.00 17.00 20.00 OK
r-oldrel-windows-ix86+x86_64 1.2.2 2.00 18.00 20.00 OK

Check Details

Version: 1.2.2
Check: R code for possible problems
Result: NOTE
    fisher.method: no visible global function definition for ‘mclapply’
    fisher.method.perm : <anonymous>: no visible global function definition
     for ‘mclapply’
Flavors: r-devel-linux-x86_64-debian-clang, r-devel-linux-x86_64-debian-gcc, r-devel-linux-x86_64-fedora-clang, r-devel-linux-x86_64-fedora-gcc, r-devel-osx-x86_64-clang, r-devel-windows-ix86+x86_64