CRAN Package Check Results for Package MADAM

Last updated on 2014-11-29 08:53:21.

Flavor Version Tinstall Tcheck Ttotal Status Flags
r-devel-linux-x86_64-debian-clang 1.2.2 0.56 9.77 10.32 NOTE
r-devel-linux-x86_64-debian-gcc 1.2.2 0.55 9.44 9.99 NOTE
r-devel-linux-x86_64-fedora-clang 1.2.2 21.98 NOTE
r-devel-linux-x86_64-fedora-gcc 1.2.2 19.31 NOTE
r-devel-osx-x86_64-clang 1.2.2 22.75 NOTE
r-devel-windows-ix86+x86_64 1.2.2 2.00 17.00 19.00 NOTE
r-patched-linux-x86_64 1.2.2 0.56 8.97 9.53 NOTE
r-patched-solaris-sparc 1.2.2 116.00 NOTE
r-patched-solaris-x86 1.2.2 28.60 NOTE
r-release-linux-ix86 1.2.2 0.82 14.42 15.24 NOTE
r-release-linux-x86_64 1.2.2 0.58 8.96 9.53 NOTE
r-release-osx-x86_64-mavericks 1.2.2 OK
r-release-windows-ix86+x86_64 1.2.2 2.00 16.00 18.00 NOTE
r-oldrel-windows-ix86+x86_64 1.2.2 2.00 18.00 20.00 OK

Check Details

Version: 1.2.2
Check: R code for possible problems
Result: NOTE
    fisher.method: no visible global function definition for ‘mclapply’
    fisher.method.perm : <anonymous>: no visible global function definition
     for ‘mclapply’
Flavors: r-devel-linux-x86_64-debian-clang, r-devel-linux-x86_64-debian-gcc, r-devel-linux-x86_64-fedora-clang, r-devel-linux-x86_64-fedora-gcc, r-devel-osx-x86_64-clang, r-devel-windows-ix86+x86_64, r-patched-linux-x86_64, r-patched-solaris-sparc, r-patched-solaris-x86, r-release-linux-ix86, r-release-linux-x86_64, r-release-windows-ix86+x86_64