CRAN Package Check Results for Package MADAM

Last updated on 2015-05-27 06:46:49.

Flavor Version Tinstall Tcheck Ttotal Status Flags
r-devel-linux-x86_64-debian-clang 1.2.2 0.52 8.88 9.41 NOTE
r-devel-linux-x86_64-debian-gcc 1.2.2 0.52 8.71 9.24 NOTE
r-devel-linux-x86_64-fedora-clang 1.2.2 18.16 NOTE
r-devel-linux-x86_64-fedora-gcc 1.2.2 16.26 NOTE
r-devel-osx-x86_64-clang 1.2.2 21.19 NOTE
r-devel-windows-ix86+x86_64 1.2.2 3.00 17.00 20.00 NOTE
r-patched-linux-x86_64 1.2.2 0.52 8.50 9.02 NOTE
r-patched-solaris-sparc 1.2.2 110.80 NOTE
r-patched-solaris-x86 1.2.2 26.50 NOTE
r-release-linux-x86_64 1.2.2 0.52 8.52 9.05 NOTE
r-release-osx-x86_64-mavericks 1.2.2 NOTE
r-release-osx-x86_64-snowleopard 1.2.2 NOTE
r-release-windows-ix86+x86_64 1.2.2 2.00 17.00 19.00 NOTE
r-oldrel-windows-ix86+x86_64 1.2.2 4.00 19.00 23.00 NOTE

Check Details

Version: 1.2.2
Check: R code for possible problems
Result: NOTE
    fisher.method: no visible global function definition for ‘mclapply’
    fisher.method.perm : <anonymous>: no visible global function definition
     for ‘mclapply’
Flavors: r-devel-linux-x86_64-debian-clang, r-devel-linux-x86_64-debian-gcc, r-devel-linux-x86_64-fedora-clang, r-devel-linux-x86_64-fedora-gcc, r-devel-osx-x86_64-clang, r-devel-windows-ix86+x86_64, r-patched-linux-x86_64, r-patched-solaris-sparc, r-patched-solaris-x86, r-release-linux-x86_64, r-release-osx-x86_64-mavericks, r-release-osx-x86_64-snowleopard, r-release-windows-ix86+x86_64, r-oldrel-windows-ix86+x86_64