CRAN Package Check Results for Package MADAM

Last updated on 2014-12-21 11:46:37.

Flavor Version Tinstall Tcheck Ttotal Status Flags
r-devel-linux-x86_64-debian-clang 1.2.2 0.56 9.22 9.78 NOTE
r-devel-linux-x86_64-debian-gcc 1.2.2 0.55 9.00 9.55 NOTE
r-devel-linux-x86_64-fedora-clang 1.2.2 20.75 NOTE
r-devel-linux-x86_64-fedora-gcc 1.2.2 18.96 NOTE
r-devel-osx-x86_64-clang 1.2.2 22.21 NOTE
r-devel-windows-ix86+x86_64 1.2.2 5.00 22.00 27.00 NOTE
r-patched-linux-x86_64 1.2.2 0.58 9.15 9.73 NOTE
r-patched-solaris-sparc 1.2.2 116.00 NOTE
r-patched-solaris-x86 1.2.2 29.50 NOTE
r-release-linux-ix86 1.2.2 0.82 14.53 15.36 NOTE
r-release-linux-x86_64 1.2.2 0.58 9.00 9.58 NOTE
r-release-osx-x86_64-mavericks 1.2.2 OK
r-release-windows-ix86+x86_64 1.2.2 2.00 15.00 17.00 NOTE
r-oldrel-windows-ix86+x86_64 1.2.2 2.00 16.00 18.00 OK

Check Details

Version: 1.2.2
Check: R code for possible problems
Result: NOTE
    fisher.method: no visible global function definition for ‘mclapply’
    fisher.method.perm : <anonymous>: no visible global function definition
     for ‘mclapply’
Flavors: r-devel-linux-x86_64-debian-clang, r-devel-linux-x86_64-debian-gcc, r-devel-linux-x86_64-fedora-clang, r-devel-linux-x86_64-fedora-gcc, r-devel-osx-x86_64-clang, r-devel-windows-ix86+x86_64, r-patched-linux-x86_64, r-patched-solaris-sparc, r-patched-solaris-x86, r-release-linux-ix86, r-release-linux-x86_64, r-release-windows-ix86+x86_64