CRAN Package Check Results for Package MADAM

Last updated on 2014-08-23 13:47:59.

Flavor Version Tinstall Tcheck Ttotal Status Flags
r-devel-linux-x86_64-debian-clang 1.2.2 0.50 8.48 8.98 NOTE
r-devel-linux-x86_64-debian-gcc 1.2.2 0.48 8.48 8.96 NOTE
r-devel-linux-x86_64-fedora-clang 1.2.2 18.91 NOTE
r-devel-linux-x86_64-fedora-gcc 1.2.2 18.31 NOTE
r-devel-osx-x86_64-clang 1.2.2 21.64 NOTE
r-devel-windows-ix86+x86_64 1.2.2 2.00 16.00 18.00 OK
r-patched-linux-x86_64 1.2.2 0.60 8.61 9.21 OK
r-patched-solaris-sparc 1.2.2 111.70 OK
r-patched-solaris-x86 1.2.2 27.30 OK
r-release-linux-ix86 1.2.2 0.80 14.20 15.00 OK
r-release-linux-x86_64 1.2.2 0.54 8.76 9.31 OK
r-release-osx-x86_64-mavericks 1.2.2 OK
r-release-windows-ix86+x86_64 1.2.2 3.00 17.00 20.00 OK
r-oldrel-windows-ix86+x86_64 1.2.2 2.00 18.00 20.00 OK

Check Details

Version: 1.2.2
Check: R code for possible problems
Result: NOTE
    fisher.method: no visible global function definition for ‘mclapply’
    fisher.method.perm : <anonymous>: no visible global function definition
     for ‘mclapply’
Flavors: r-devel-linux-x86_64-debian-clang, r-devel-linux-x86_64-debian-gcc, r-devel-linux-x86_64-fedora-clang, r-devel-linux-x86_64-fedora-gcc, r-devel-osx-x86_64-clang