CRAN Package Check Results for Package MADAM

Last updated on 2014-10-01 01:47:54.

Flavor Version Tinstall Tcheck Ttotal Status Flags
r-devel-linux-x86_64-debian-clang 1.2.2 0.56 9.08 9.64 NOTE
r-devel-linux-x86_64-debian-gcc 1.2.2 0.54 9.34 9.88 NOTE
r-devel-linux-x86_64-fedora-clang 1.2.2 20.19 NOTE
r-devel-linux-x86_64-fedora-gcc 1.2.2 19.18 NOTE
r-devel-osx-x86_64-clang 1.2.2 21.53 NOTE
r-devel-windows-ix86+x86_64 1.2.2 2.00 16.00 18.00 NOTE
r-patched-linux-x86_64 1.2.2 0.59 9.24 9.82 OK
r-patched-solaris-sparc 1.2.2 111.70 OK
r-patched-solaris-x86 1.2.2 29.90 OK
r-release-linux-ix86 1.2.2 0.80 14.51 15.31 OK
r-release-linux-x86_64 1.2.2 0.54 8.96 9.50 OK
r-release-osx-x86_64-mavericks 1.2.2 OK
r-release-windows-ix86+x86_64 1.2.2 3.00 17.00 20.00 OK
r-oldrel-windows-ix86+x86_64 1.2.2 2.00 18.00 20.00 OK

Check Details

Version: 1.2.2
Check: R code for possible problems
Result: NOTE
    fisher.method: no visible global function definition for ‘mclapply’
    fisher.method.perm : <anonymous>: no visible global function definition
     for ‘mclapply’
Flavors: r-devel-linux-x86_64-debian-clang, r-devel-linux-x86_64-debian-gcc, r-devel-linux-x86_64-fedora-clang, r-devel-linux-x86_64-fedora-gcc, r-devel-osx-x86_64-clang, r-devel-windows-ix86+x86_64