CRAN Package Check Results for Package MALDIquant

Last updated on 2017-01-17 06:48:16.

Flavor Version Tinstall Tcheck Ttotal Status Flags
r-devel-linux-x86_64-debian-clang 1.16.1 2.83 42.49 45.32 OK
r-devel-linux-x86_64-debian-gcc 1.16.1 2.53 40.79 43.31 OK
r-devel-linux-x86_64-fedora-clang 1.16.1 80.29 OK --no-stop-on-test-error
r-devel-linux-x86_64-fedora-gcc 1.16.1 79.08 NOTE --no-stop-on-test-error
r-devel-macos-x86_64-clang 1.16.1 69.21 OK --no-stop-on-test-error
r-devel-windows-ix86+x86_64 1.16.1 20.00 96.00 116.00 OK
r-patched-linux-x86_64 1.16.1 2.41 35.60 38.01 OK
r-patched-solaris-sparc 1.16.1 441.50 OK
r-patched-solaris-x86 1.16.1 86.30 OK
r-release-linux-x86_64 1.16.1 2.41 35.60 38.01 OK
r-release-osx-x86_64-mavericks 1.16.1 OK
r-release-windows-ix86+x86_64 1.16.1 22.00 111.00 133.00 OK
r-oldrel-windows-ix86+x86_64 1.16.1 20.00 130.00 150.00 OK

Check Details

Version: 1.16.1
Flags: --no-stop-on-test-error
Check: compiled code
Result: NOTE
    File ‘MALDIquant/libs/MALDIquant.so’:
     Found no call to: ‘R_useDynamicSymbols’
    
    It is good practice to use registered native symbols and disable symbol
    search.
    
    See ‘Writing portable packages’ in the ‘Writing R Extensions’ manual.
Flavor: r-devel-linux-x86_64-fedora-gcc