CRAN Package Check Results for Package MALDIquant

Last updated on 2017-02-20 11:50:43.

Flavor Version Tinstall Tcheck Ttotal Status Flags
r-devel-linux-x86_64-debian-clang 1.16.1 2.86 42.44 45.30 NOTE
r-devel-linux-x86_64-debian-gcc 1.16.1 2.56 40.35 42.91 NOTE
r-devel-linux-x86_64-fedora-clang 1.16.1 82.09 NOTE --no-stop-on-test-error
r-devel-linux-x86_64-fedora-gcc 1.16.1 85.08 NOTE --no-stop-on-test-error
r-devel-macos-x86_64-clang 1.16.1 69.97 NOTE --no-stop-on-test-error
r-devel-windows-ix86+x86_64 1.16.1 12.00 127.00 139.00 OK
r-patched-linux-x86_64 1.16.1 2.39 37.98 40.37 OK
r-patched-solaris-sparc 1.16.1 441.50 OK
r-patched-solaris-x86 1.16.1 92.90 OK
r-release-linux-x86_64 1.16.1 2.52 35.93 38.45 OK
r-release-osx-x86_64-mavericks 1.16.1 OK
r-release-windows-ix86+x86_64 1.16.1 12.00 91.00 103.00 OK
r-oldrel-windows-ix86+x86_64 1.16.1 15.00 98.00 113.00 OK

Check Details

Version: 1.16.1
Check: compiled code
Result: NOTE
    File ‘MALDIquant/libs/MALDIquant.so’:
     Found no call to: ‘R_useDynamicSymbols’
    
    It is good practice to register native routines and to disable symbol
    search.
    
    See ‘Writing portable packages’ in the ‘Writing R Extensions’ manual.
Flavors: r-devel-linux-x86_64-debian-clang, r-devel-linux-x86_64-debian-gcc

Version: 1.16.1
Flags: --no-stop-on-test-error
Check: compiled code
Result: NOTE
    File ‘MALDIquant/libs/MALDIquant.so’:
     Found no call to: ‘R_useDynamicSymbols’
    
    It is good practice to register native routines and to disable symbol
    search.
    
    See ‘Writing portable packages’ in the ‘Writing R Extensions’ manual.
Flavors: r-devel-linux-x86_64-fedora-clang, r-devel-linux-x86_64-fedora-gcc, r-devel-macos-x86_64-clang