CRAN Package Check Results for Package MALDIquant

Last updated on 2015-07-01 19:47:50.

Flavor Version Tinstall Tcheck Ttotal Status Flags
r-devel-linux-x86_64-debian-clang 1.12 2.40 33.39 35.79 NOTE
r-devel-linux-x86_64-debian-gcc 1.12 2.38 32.59 34.97 NOTE
r-devel-linux-x86_64-fedora-clang 1.12 67.28 NOTE
r-devel-linux-x86_64-fedora-gcc 1.12 64.79 NOTE
r-devel-osx-x86_64-clang 1.12 64.49 OK
r-devel-windows-ix86+x86_64 1.12 17.00 71.00 88.00 NOTE
r-patched-linux-x86_64 1.12 2.34 33.48 35.82 OK
r-patched-solaris-sparc 1.12 459.30 OK
r-patched-solaris-x86 1.12 92.10 OK
r-release-linux-x86_64 1.12 2.35 32.97 35.32 OK
r-release-osx-x86_64-mavericks 1.12 OK
r-release-windows-ix86+x86_64 1.12 14.00 68.00 82.00 OK
r-oldrel-windows-ix86+x86_64 1.12 20.00 74.00 94.00 OK

Check Details

Version: 1.12
Check: R code for possible problems
Result: NOTE
    .calibrateProbabilisticQuotientNormalization : <anonymous>: no visible
     global function definition for ‘median’
    .estimateBaselineMedian: no visible global function definition for
     ‘runmed’
    .filter: no visible global function definition for ‘head’
    .filter: no visible global function definition for ‘tail’
    .irregularScore: no visible global function definition for ‘head’
    .memoryUsageStr: no visible global function definition for
     ‘object.size’
    .msiLegend: no visible global function definition for ‘colorRamp’
    .msiLegend: no visible global function definition for ‘rect’
    .msiLegend: no visible global function definition for ‘rasterImage’
    .msiLegend: no visible global function definition for ‘as.raster’
    .plotMsiSlice: no visible global function definition for ‘colorRamp’
    .plotMsiSlice: no visible global function definition for ‘strheight’
    .plotMsiSlice: no visible global function definition for ‘text’
    .rasterSlice: no visible global function definition for ‘rasterImage’
    .rasterSlice: no visible global function definition for ‘as.raster’
    .rgb: no visible global function definition for ‘rgb’
    .textLabelRects : <anonymous>: no visible global function definition
     for ‘strwidth’
    .textLabelRects : <anonymous>: no visible global function definition
     for ‘strheight’
    .warpingFunctionCubic: no visible global function definition for ‘lm’
    .warpingFunctionCubic: no visible global function definition for ‘coef’
    .warpingFunctionLinear: no visible global function definition for ‘lm’
    .warpingFunctionLinear: no visible global function definition for
     ‘coef’
    .warpingFunctionLowess: no visible global function definition for
     ‘lowess’
    .warpingFunctionQuadratic: no visible global function definition for
     ‘lm’
    .warpingFunctionQuadratic: no visible global function definition for
     ‘coef’
    determineWarpingFunctions: no visible global function definition for
     ‘modifyList’
    determineWarpingFunctions: no visible global function definition for
     ‘dev.cur’
    determineWarpingFunctions: no visible global function definition for
     ‘dev.interactive’
    determineWarpingFunctions: no visible global function definition for
     ‘pdf’
    determineWarpingFunctions: no visible global function definition for
     ‘dev.new’
    determineWarpingFunctions: no visible binding for global variable
     ‘plot.default’
    determineWarpingFunctions: no visible global function definition for
     ‘dev.off’
    labelPeaks: no visible global function definition for ‘par’
    plotImsSlice: no visible global function definition for ‘colorRamp’
    plotImsSlice: no visible global function definition for ‘rgb’
    plotImsSlice: no visible global function definition for ‘rasterImage’
    plotImsSlice: no visible global function definition for ‘as.raster’
    labelPeaks,MassPeaks: no visible global function definition for ‘par’
    labelPeaks,MassPeaks: no visible global function definition for
     ‘arrows’
    labelPeaks,MassPeaks: no visible global function definition for ‘rect’
    labelPeaks,MassPeaks: no visible global function definition for ‘text’
    totalIonCurrent,MassSpectrum: no visible global function definition for
     ‘head’
    totalIonCurrent,MassSpectrum: no visible global function definition for
     ‘tail’
Flavors: r-devel-linux-x86_64-debian-clang, r-devel-linux-x86_64-debian-gcc, r-devel-linux-x86_64-fedora-clang, r-devel-linux-x86_64-fedora-gcc, r-devel-windows-ix86+x86_64