CRAN Package Check Results for Package MALDIquant

Last updated on 2017-03-26 11:53:49.

Flavor Version Tinstall Tcheck Ttotal Status Flags
r-devel-linux-x86_64-debian-clang 1.16.1 3.00 42.67 45.67 NOTE
r-devel-linux-x86_64-debian-gcc 1.16.1 2.58 40.78 43.36 NOTE
r-devel-linux-x86_64-fedora-clang 1.16.1 81.56 NOTE --no-stop-on-test-error
r-devel-linux-x86_64-fedora-gcc 1.16.1 79.14 NOTE --no-stop-on-test-error
r-devel-macos-x86_64-clang 1.16.1 66.63 NOTE --no-stop-on-test-error
r-patched-linux-x86_64 1.16.1 2.52 41.47 43.99 NOTE
r-patched-solaris-sparc 1.16.1 505.30 OK
r-patched-solaris-x86 1.16.1 104.60 OK
r-release-linux-x86_64 1.16.1 2.36 36.96 39.32 OK
r-release-osx-x86_64-mavericks 1.16.1 OK
r-release-windows-ix86+x86_64 1.16.1 20.00 103.00 123.00 OK
r-oldrel-windows-ix86+x86_64 1.16.1 17.00 88.00 105.00 OK

Check Details

Version: 1.16.1
Check: compiled code
Result: NOTE
    File ‘MALDIquant/libs/MALDIquant.so’:
     Found no call to: ‘R_useDynamicSymbols’
    
    It is good practice to register native routines and to disable symbol
    search.
    
    See ‘Writing portable packages’ in the ‘Writing R Extensions’ manual.
Flavors: r-devel-linux-x86_64-debian-clang, r-devel-linux-x86_64-debian-gcc, r-patched-linux-x86_64

Version: 1.16.1
Flags: --no-stop-on-test-error
Check: compiled code
Result: NOTE
    File ‘MALDIquant/libs/MALDIquant.so’:
     Found no call to: ‘R_useDynamicSymbols’
    
    It is good practice to register native routines and to disable symbol
    search.
    
    See ‘Writing portable packages’ in the ‘Writing R Extensions’ manual.
Flavors: r-devel-linux-x86_64-fedora-clang, r-devel-linux-x86_64-fedora-gcc, r-devel-macos-x86_64-clang