CRAN Package Check Results for Package MALDIquant

Last updated on 2014-04-17 10:47:51.

Flavor Version Tinstall Tcheck Ttotal Status Flags
r-devel-linux-x86_64-debian-clang 1.10 2.68 38.36 41.05 OK
r-devel-linux-x86_64-debian-gcc 1.10 2.69 38.32 41.01 OK
r-devel-linux-x86_64-fedora-clang 1.10 51.96 OK
r-devel-linux-x86_64-fedora-gcc 1.10 51.38 OK
r-devel-macosx-x86_64-clang 1.10 78.29 OK
r-devel-macosx-x86_64-gcc 1.10 NOTE
r-devel-windows-ix86+x86_64 1.10 11.00 76.00 87.00 OK
r-patched-linux-x86_64 1.10 2.66 37.73 40.40 OK
r-patched-solaris-sparc 1.10 459.30 OK
r-patched-solaris-x86 1.10 92.40 OK
r-release-linux-ix86 1.10 6.00 69.00 75.00 OK
r-release-linux-x86_64 1.10 2.55 38.17 40.72 OK
r-release-macosx-x86_64 1.10 OK
r-release-windows-ix86+x86_64 1.10 11.00 83.00 94.00 OK
r-oldrel-windows-ix86+x86_64 1.10 11.00 72.00 83.00 OK

Check Details

Version: 1.10
Check: package dependencies
Result: NOTE
    Package suggested but not available for checking: ‘knitr’
    
    Files named as vignettes but with no recognized vignette engine:
     ‘inst/doc/MALDIquant.Rnw’
    (Is a VignetteBuilder field missing?)
Flavor: r-devel-macosx-x86_64-gcc