CRAN Package Check Results for Package MALDIquant

Last updated on 2015-05-29 13:48:50.

Flavor Version Tinstall Tcheck Ttotal Status Flags
r-devel-linux-x86_64-debian-clang 1.11 2.34 33.45 35.79 OK
r-devel-linux-x86_64-debian-gcc 1.11 2.26 32.17 34.42 OK
r-devel-linux-x86_64-fedora-clang 1.11 67.18 OK
r-devel-linux-x86_64-fedora-gcc 1.11 63.11 OK
r-devel-osx-x86_64-clang 1.11 68.53 OK
r-devel-windows-ix86+x86_64 1.11 16.00 65.00 81.00 OK
r-patched-linux-x86_64 1.11 2.16 32.42 34.58 OK
r-patched-solaris-sparc 1.11 399.00 OK
r-patched-solaris-x86 1.11 85.90 OK
r-release-linux-x86_64 1.11 2.43 32.45 34.88 OK
r-release-osx-x86_64-mavericks 1.11 OK
r-release-osx-x86_64-snowleopard 1.11 ERROR
r-release-windows-ix86+x86_64 1.11 14.00 68.00 82.00 OK
r-oldrel-windows-ix86+x86_64 1.11 13.00 69.00 82.00 OK

Check Details

Version: 1.11
Check: package dependencies
Result: ERROR
    Package suggested but not available for checking: ‘knitr’
    
    VignetteBuilder package required for checking but not installed: ‘knitr’
    
    Files named as vignettes but with no recognized vignette engine:
     ‘inst/doc/MALDIquant-intro.Rnw’
    (Is a VignetteBuilder field missing?)
    
    See section ‘The DESCRIPTION file’ in the ‘Writing R Extensions’
    manual.
Flavor: r-release-osx-x86_64-snowleopard