CRAN Package Check Results for Package MALDIquantForeign

Last updated on 2017-06-24 09:55:25.

Flavor Version Tinstall Tcheck Ttotal Status Flags
r-devel-linux-x86_64-debian-clang 0.10 1.46 33.27 34.73 OK
r-devel-linux-x86_64-debian-gcc 0.10 1.68 33.14 34.82 OK
r-devel-linux-x86_64-fedora-clang 0.10 62.69 OK
r-devel-linux-x86_64-fedora-gcc 0.10 62.26 OK
r-devel-windows-ix86+x86_64 0.10 7.00 85.00 92.00 OK
r-patched-linux-x86_64 0.10 1.48 31.70 33.19 OK
r-patched-solaris-sparc 0.10 358.00 OK
r-patched-solaris-x86 0.10 75.30 OK
r-release-linux-x86_64 0.10 1.51 31.67 33.18 OK
r-release-windows-ix86+x86_64 0.10 11.00 90.00 101.00 OK
r-release-osx-x86_64 0.10 NOTE
r-oldrel-windows-ix86+x86_64 0.10 10.00 72.00 82.00 OK
r-oldrel-osx-x86_64 0.10 OK

Check Details

Version: 0.10
Check: package dependencies
Result: NOTE
    Package suggested but not available for checking: ‘RNetCDF’
Flavor: r-release-osx-x86_64