CRAN Package Check Results for Package MALDIquantForeign

Last updated on 2015-01-31 17:49:41.

Flavor Version Tinstall Tcheck Ttotal Status Flags
r-devel-linux-x86_64-debian-clang 0.9 1.39 24.28 25.67 NOTE
r-devel-linux-x86_64-debian-gcc 0.9 1.35 24.70 26.05 NOTE
r-devel-linux-x86_64-fedora-clang 0.9 58.91 NOTE
r-devel-linux-x86_64-fedora-gcc 0.9 57.15 NOTE
r-devel-osx-x86_64-clang 0.9 67.78 NOTE
r-devel-windows-ix86+x86_64 0.9 7.00 42.00 49.00 NOTE
r-patched-linux-x86_64 0.9 1.83 30.59 32.42 OK
r-patched-solaris-sparc 0.9 403.30 OK
r-patched-solaris-x86 0.9 85.10 OK
r-release-linux-ix86 0.9 2.35 40.30 42.65 OK
r-release-linux-x86_64 0.9 2.08 31.05 33.13 OK
r-release-osx-x86_64-mavericks 0.9 OK
r-release-osx-x86_64-snowleopard 0.9 OK
r-release-windows-ix86+x86_64 0.9 8.00 53.00 61.00 OK
r-oldrel-windows-ix86+x86_64 0.9 8.00 54.00 62.00 OK

Check Details

Version: 0.9
Check: dependencies in R code
Result: NOTE
    'library' or 'require' call to ‘RNetCDF’ in package code.
     Please use :: or requireNamespace() instead.
     See section 'Suggested packages' in the 'Writing R Extensions' manual.
Flavors: r-devel-linux-x86_64-debian-clang, r-devel-linux-x86_64-debian-gcc, r-devel-linux-x86_64-fedora-clang, r-devel-linux-x86_64-fedora-gcc, r-devel-osx-x86_64-clang, r-devel-windows-ix86+x86_64