CRAN Package Check Results for Package MALDIquantForeign

Last updated on 2014-07-22 10:47:21.

Flavor Version Tinstall Tcheck Ttotal Status Flags
r-devel-linux-x86_64-debian-clang 0.8 1.81 29.23 31.04 OK
r-devel-linux-x86_64-debian-gcc 0.8 1.78 28.66 30.44 OK
r-devel-linux-x86_64-fedora-clang 0.8 66.20 OK
r-devel-linux-x86_64-fedora-gcc 0.8 63.02 OK
r-devel-osx-x86_64-clang 0.8 65.66 OK
r-devel-windows-ix86+x86_64 0.8 6.00 52.00 58.00 OK
r-patched-linux-x86_64 0.8 1.76 29.90 31.66 OK
r-patched-solaris-sparc 0.8 343.30 OK
r-patched-solaris-x86 0.8 87.50 OK
r-release-linux-ix86 0.8 2.58 40.16 42.74 OK
r-release-linux-x86_64 0.8 1.78 30.54 32.32 OK
r-release-osx-x86_64-mavericks 0.8 NOTE
r-release-osx-x86_64-snowleopard 0.8 OK
r-release-windows-ix86+x86_64 0.8 6.00 49.00 55.00 OK
r-oldrel-windows-ix86+x86_64 0.8 7.00 51.00 58.00 OK

Check Details

Version: 0.8
Check: package dependencies
Result: NOTE
    Package suggested but not available for checking: ‘RNetCDF’
Flavor: r-release-osx-x86_64-mavericks