CRAN Package Check Results for Package MALDIquantForeign

Last updated on 2016-02-07 22:46:50.

Flavor Version Tinstall Tcheck Ttotal Status Flags
r-devel-linux-x86_64-debian-gcc 0.10 1.32 24.19 25.50 OK
r-devel-linux-x86_64-fedora-clang 0.10 46.38 OK
r-devel-linux-x86_64-fedora-gcc 0.10 44.91 OK
r-devel-osx-x86_64-clang 0.10 55.19 OK
r-devel-windows-ix86+x86_64 0.10 6.00 45.00 51.00 OK
r-patched-linux-x86_64 0.10 1.46 25.89 27.34 OK
r-patched-solaris-sparc 0.10 305.90 OK
r-patched-solaris-x86 0.10 64.90 OK
r-release-linux-x86_64 0.10 1.40 26.03 27.43 OK
r-release-osx-x86_64-mavericks 0.10 OK
r-release-windows-ix86+x86_64 0.10 8.00 59.00 67.00 OK
r-oldrel-windows-ix86+x86_64 0.9 12.00 60.00 72.00 NOTE

Check Details

Version: 0.9
Check: dependencies in R code
Result: NOTE
    'library' or 'require' call to 'RNetCDF' in package code.
     Please use :: or requireNamespace() instead.
     See section 'Suggested packages' in the 'Writing R Extensions' manual.
Flavor: r-oldrel-windows-ix86+x86_64