CRAN Package Check Results for Package MALDIquantForeign

Last updated on 2017-08-22 02:47:42.

Flavor Version Tinstall Tcheck Ttotal Status Flags
r-devel-linux-x86_64-debian-clang 0.10 1.38 33.83 35.21 OK
r-devel-linux-x86_64-debian-gcc 0.10 1.44 32.79 34.23 OK
r-devel-linux-x86_64-fedora-clang 0.10 63.80 OK
r-devel-linux-x86_64-fedora-gcc 0.10 62.78 OK
r-devel-windows-ix86+x86_64 0.10 13.00 91.00 104.00 OK
r-patched-linux-x86_64 0.10 1.54 32.56 34.09 OK
r-patched-solaris-x86 0.10 74.90 OK
r-release-linux-x86_64 0.10 1.59 32.86 34.46 OK
r-release-windows-ix86+x86_64 0.10 5.00 94.00 99.00 OK
r-release-osx-x86_64 0.10 NOTE
r-oldrel-windows-ix86+x86_64 0.10 5.00 52.00 57.00 OK
r-oldrel-osx-x86_64 0.10 OK

Check Details

Version: 0.10
Check: package dependencies
Result: NOTE
    Package suggested but not available for checking: ‘RNetCDF’
Flavor: r-release-osx-x86_64