CRAN Package Check Results for Package MALDIquantForeign

Last updated on 2017-05-24 22:47:18.

Flavor Version Tinstall Tcheck Ttotal Status Flags
r-devel-linux-x86_64-debian-clang 0.10 1.48 32.54 34.02 OK
r-devel-linux-x86_64-debian-gcc 0.10 1.52 33.33 34.85 OK
r-devel-linux-x86_64-fedora-clang 0.10 65.46 OK --no-stop-on-test-error
r-devel-linux-x86_64-fedora-gcc 0.10 62.87 OK --no-stop-on-test-error
r-devel-windows-ix86+x86_64 0.10 6.00 76.00 82.00 OK
r-patched-linux-x86_64 0.10 1.56 32.39 33.95 OK
r-patched-solaris-sparc 0.10 358.00 OK
r-patched-solaris-x86 0.10 75.30 OK
r-release-linux-x86_64 0.10 1.41 31.57 32.98 OK
r-release-windows-ix86+x86_64 0.10 6.00 96.00 102.00 OK
r-release-osx-x86_64 0.10 NOTE
r-oldrel-windows-ix86+x86_64 0.10 7.00 78.00 85.00 OK
r-oldrel-osx-x86_64 0.10 OK

Check Details

Version: 0.10
Check: package dependencies
Result: NOTE
    Package suggested but not available for checking: ‘RNetCDF’
Flavor: r-release-osx-x86_64