CRAN Package Check Results for Package MALDIquantForeign

Last updated on 2015-07-01 03:47:35.

Flavor Version Tinstall Tcheck Ttotal Status Flags
r-devel-linux-x86_64-debian-clang 0.9 1.39 25.26 26.65 NOTE
r-devel-linux-x86_64-debian-gcc 0.9 1.36 23.58 24.94 NOTE
r-devel-linux-x86_64-fedora-clang 0.9 49.83 NOTE
r-devel-linux-x86_64-fedora-gcc 0.9 47.69 NOTE
r-devel-osx-x86_64-clang 0.9 50.50 NOTE
r-devel-windows-ix86+x86_64 0.9 6.00 42.00 48.00 NOTE
r-patched-linux-x86_64 0.9 1.34 24.31 25.64 NOTE
r-patched-solaris-sparc 0.9 320.50 NOTE
r-patched-solaris-x86 0.9 73.80 NOTE
r-release-linux-x86_64 0.9 1.31 24.44 25.74 NOTE
r-release-osx-x86_64-mavericks 0.9 NOTE
r-release-windows-ix86+x86_64 0.9 7.00 43.00 50.00 NOTE
r-oldrel-windows-ix86+x86_64 0.9 8.00 53.00 61.00 NOTE

Check Details

Version: 0.9
Check: dependencies in R code
Result: NOTE
    'library' or 'require' call to ‘RNetCDF’ in package code.
     Please use :: or requireNamespace() instead.
     See section 'Suggested packages' in the 'Writing R Extensions' manual.
Flavors: r-devel-linux-x86_64-debian-clang, r-devel-linux-x86_64-debian-gcc, r-devel-linux-x86_64-fedora-clang, r-devel-linux-x86_64-fedora-gcc, r-devel-osx-x86_64-clang, r-devel-windows-ix86+x86_64, r-patched-linux-x86_64, r-patched-solaris-sparc, r-patched-solaris-x86, r-release-linux-x86_64, r-release-osx-x86_64-mavericks, r-release-windows-ix86+x86_64, r-oldrel-windows-ix86+x86_64

Version: 0.9
Check: R code for possible problems
Result: NOTE
    .autoHeader: no visible global function definition for ‘tail’
    .autoHeader: no visible global function definition for ‘type.convert’
    .autoSep: no visible global function definition for ‘tail’
    .cutFilenames : <anonymous>: no visible global function definition for
     ‘na.omit’
    .exportToDir: no visible global function definition for ‘modifyList’
    .importImzMl: no visible global function definition for ‘modifyList’
    .importMzMl : <anonymous>: no visible global function definition for
     ‘modifyList’
    .importTab: no visible global function definition for ‘read.table’
    .mzMlHandlers : referenceableParamGroupRef: no visible global function
     definition for ‘modifyList’
    .uncompress : <anonymous>: no visible binding for global variable
     ‘untar’
    .uncompress : <anonymous>: no visible binding for global variable
     ‘unzip’
    .writeMzMlSoftwareList: no visible global function definition for
     ‘packageVersion’
Flavors: r-devel-linux-x86_64-debian-clang, r-devel-linux-x86_64-debian-gcc, r-devel-linux-x86_64-fedora-clang, r-devel-linux-x86_64-fedora-gcc, r-devel-windows-ix86+x86_64