CRAN Package Check Results for Package MALDIquantForeign

Last updated on 2015-08-30 05:47:56.

Flavor Version Tinstall Tcheck Ttotal Status Flags
r-devel-linux-x86_64-debian-clang 0.9 1.31 24.03 25.34 NOTE
r-devel-linux-x86_64-debian-gcc 0.9 1.25 23.97 25.22 NOTE
r-devel-linux-x86_64-fedora-clang 0.9 49.30 NOTE
r-devel-linux-x86_64-fedora-gcc 0.9 46.57 NOTE
r-devel-osx-x86_64-clang 0.9 46.97 NOTE
r-devel-windows-ix86+x86_64 0.9 7.00 45.00 52.00 NOTE
r-patched-linux-x86_64 0.9 1.42 24.43 25.85 NOTE
r-patched-solaris-sparc 0.9 324.50 NOTE
r-patched-solaris-x86 0.9 73.10 NOTE
r-release-linux-x86_64 0.9 1.45 25.14 26.58 NOTE
r-release-osx-x86_64-mavericks 0.9 NOTE
r-release-windows-ix86+x86_64 0.9 7.00 69.00 76.00 NOTE
r-oldrel-windows-ix86+x86_64 0.9 12.00 60.00 72.00 NOTE

Check Details

Version: 0.9
Check: dependencies in R code
Result: NOTE
    'library' or 'require' call to ‘RNetCDF’ in package code.
     Please use :: or requireNamespace() instead.
     See section 'Suggested packages' in the 'Writing R Extensions' manual.
Flavors: r-devel-linux-x86_64-debian-clang, r-devel-linux-x86_64-debian-gcc, r-devel-linux-x86_64-fedora-clang, r-devel-linux-x86_64-fedora-gcc, r-devel-osx-x86_64-clang, r-devel-windows-ix86+x86_64, r-patched-linux-x86_64, r-patched-solaris-sparc, r-patched-solaris-x86, r-release-linux-x86_64, r-release-osx-x86_64-mavericks, r-release-windows-ix86+x86_64, r-oldrel-windows-ix86+x86_64

Version: 0.9
Check: R code for possible problems
Result: NOTE
    .autoHeader: no visible global function definition for ‘tail’
    .autoHeader: no visible global function definition for ‘type.convert’
    .autoSep: no visible global function definition for ‘tail’
    .cutFilenames : <anonymous>: no visible global function definition for
     ‘na.omit’
    .exportToDir: no visible global function definition for ‘modifyList’
    .importImzMl: no visible global function definition for ‘modifyList’
    .importMzMl : <anonymous>: no visible global function definition for
     ‘modifyList’
    .importTab: no visible global function definition for ‘read.table’
    .mzMlHandlers : referenceableParamGroupRef: no visible global function
     definition for ‘modifyList’
    .uncompress : <anonymous>: no visible binding for global variable
     ‘untar’
    .uncompress : <anonymous>: no visible binding for global variable
     ‘unzip’
    .writeMzMlSoftwareList: no visible global function definition for
     ‘packageVersion’
    .exportTab,AbstractMassObject: no visible global function definition
     for ‘write.table’
    Undefined global functions or variables:
     modifyList na.omit packageVersion read.table tail type.convert untar
     unzip write.table
    Consider adding
     importFrom("stats", "na.omit")
     importFrom("utils", "modifyList", "packageVersion", "read.table",
     "tail", "type.convert", "untar", "unzip", "write.table")
    to your NAMESPACE.
Flavors: r-devel-linux-x86_64-debian-clang, r-devel-linux-x86_64-debian-gcc, r-devel-linux-x86_64-fedora-clang, r-devel-linux-x86_64-fedora-gcc, r-devel-windows-ix86+x86_64