CRAN Package Check Results for Package MALDIquantForeign

Last updated on 2015-04-27 06:46:40.

Flavor Version Tinstall Tcheck Ttotal Status Flags
r-devel-linux-x86_64-debian-clang 0.9 1.37 24.57 25.94 NOTE
r-devel-linux-x86_64-debian-gcc 0.9 1.31 24.00 25.31 NOTE
r-devel-linux-x86_64-fedora-clang 0.9 52.26 NOTE
r-devel-linux-x86_64-fedora-gcc 0.9 48.07 NOTE
r-devel-osx-x86_64-clang 0.9 55.45 NOTE
r-devel-windows-ix86+x86_64 0.9 6.00 41.00 47.00 NOTE
r-patched-linux-x86_64 0.9 1.37 23.96 25.33 NOTE
r-patched-solaris-sparc 0.9 328.60 NOTE
r-patched-solaris-x86 0.9 68.50 NOTE
r-release-linux-x86_64 0.9 1.34 23.80 25.14 NOTE
r-release-osx-x86_64-mavericks 0.9 NOTE
r-release-osx-x86_64-snowleopard 0.9 ERROR
r-release-windows-ix86+x86_64 0.9 5.00 42.00 47.00 NOTE
r-oldrel-windows-ix86+x86_64 0.9 6.00 47.00 53.00 NOTE

Check Details

Version: 0.9
Check: dependencies in R code
Result: NOTE
    'library' or 'require' call to ‘RNetCDF’ in package code.
     Please use :: or requireNamespace() instead.
     See section 'Suggested packages' in the 'Writing R Extensions' manual.
Flavors: r-devel-linux-x86_64-debian-clang, r-devel-linux-x86_64-debian-gcc, r-devel-linux-x86_64-fedora-clang, r-devel-linux-x86_64-fedora-gcc, r-devel-osx-x86_64-clang, r-devel-windows-ix86+x86_64, r-patched-solaris-sparc, r-patched-solaris-x86, r-release-osx-x86_64-mavericks, r-release-windows-ix86+x86_64, r-oldrel-windows-ix86+x86_64

Version: 0.9
Check: package dependencies
Result: ERROR
    Packages required but not available: ‘readMzXmlData’ ‘XML’
    
    Package suggested but not available for checking: ‘knitr’
    
    VignetteBuilder package required for checking but not installed: ‘knitr’
    
    Files named as vignettes but with no recognized vignette engine:
     ‘inst/doc/MALDIquantForeign-intro.Rnw’
    (Is a VignetteBuilder field missing?)
    
    See section ‘The DESCRIPTION file’ in the ‘Writing R Extensions’
    manual.
Flavor: r-release-osx-x86_64-snowleopard