CRAN Package Check Results for Package MALDIquantForeign

Last updated on 2015-05-23 02:46:51.

Flavor Version Tinstall Tcheck Ttotal Status Flags
r-devel-linux-x86_64-debian-clang 0.9 1.35 24.44 25.80 NOTE
r-devel-linux-x86_64-debian-gcc 0.9 1.35 24.18 25.53 NOTE
r-devel-linux-x86_64-fedora-clang 0.9 52.36 NOTE
r-devel-linux-x86_64-fedora-gcc 0.9 49.39 NOTE
r-devel-osx-x86_64-clang 0.9 55.89 NOTE
r-devel-windows-ix86+x86_64 0.9 5.00 42.00 47.00 NOTE
r-patched-linux-x86_64 0.9 1.32 23.96 25.27 NOTE
r-patched-solaris-sparc 0.9 320.50 NOTE
r-patched-solaris-x86 0.9 67.80 NOTE
r-release-linux-x86_64 0.9 1.34 23.83 25.18 NOTE
r-release-osx-x86_64-mavericks 0.9 NOTE
r-release-osx-x86_64-snowleopard 0.9 ERROR
r-release-windows-ix86+x86_64 0.9 6.00 41.00 47.00 NOTE
r-oldrel-windows-ix86+x86_64 0.9 8.00 51.00 59.00 NOTE

Check Details

Version: 0.9
Check: dependencies in R code
Result: NOTE
    'library' or 'require' call to ‘RNetCDF’ in package code.
     Please use :: or requireNamespace() instead.
     See section 'Suggested packages' in the 'Writing R Extensions' manual.
Flavors: r-devel-linux-x86_64-debian-clang, r-devel-linux-x86_64-debian-gcc, r-devel-linux-x86_64-fedora-clang, r-devel-linux-x86_64-fedora-gcc, r-devel-osx-x86_64-clang, r-devel-windows-ix86+x86_64, r-patched-linux-x86_64, r-patched-solaris-sparc, r-patched-solaris-x86, r-release-linux-x86_64, r-release-osx-x86_64-mavericks, r-release-windows-ix86+x86_64, r-oldrel-windows-ix86+x86_64

Version: 0.9
Check: package dependencies
Result: ERROR
    Packages required but not available: ‘readMzXmlData’ ‘XML’
    
    Package suggested but not available for checking: ‘knitr’
    
    VignetteBuilder package required for checking but not installed: ‘knitr’
    
    Files named as vignettes but with no recognized vignette engine:
     ‘inst/doc/MALDIquantForeign-intro.Rnw’
    (Is a VignetteBuilder field missing?)
    
    See section ‘The DESCRIPTION file’ in the ‘Writing R Extensions’
    manual.
Flavor: r-release-osx-x86_64-snowleopard