CRAN Package Check Results for Package MALDIquantForeign

Last updated on 2016-04-29 03:53:22.

Flavor Version Tinstall Tcheck Ttotal Status Flags
r-devel-linux-x86_64-debian-gcc 0.10 1.32 25.08 26.40 OK
r-devel-linux-x86_64-fedora-clang 0.10 47.85 OK
r-devel-linux-x86_64-fedora-gcc 0.10 45.91 OK
r-devel-osx-x86_64-clang 0.10 55.89 OK
r-devel-windows-ix86+x86_64 0.10 5.00 55.00 60.00 OK
r-patched-linux-x86_64 0.10 1.30 24.83 26.14 OK
r-patched-solaris-sparc 0.10 301.90 OK
r-patched-solaris-x86 0.10 65.00 OK
r-release-linux-x86_64 0.10 1.47 27.25 28.72 OK
r-release-osx-x86_64-mavericks 0.10 OK
r-release-windows-ix86+x86_64 0.10 5.00 57.00 62.00 OK
r-oldrel-windows-ix86+x86_64 0.9 12.00 60.00 72.00 NOTE

Check Details

Version: 0.9
Check: dependencies in R code
Result: NOTE
    'library' or 'require' call to 'RNetCDF' in package code.
     Please use :: or requireNamespace() instead.
     See section 'Suggested packages' in the 'Writing R Extensions' manual.
Flavor: r-oldrel-windows-ix86+x86_64