CRAN Package Check Results for Package MALDIquantForeign

Last updated on 2015-03-31 10:57:30.

Flavor Version Tinstall Tcheck Ttotal Status Flags
r-devel-linux-x86_64-debian-clang 0.9 1.79 24.67 26.46 NOTE
r-devel-linux-x86_64-debian-gcc 0.9 1.34 24.85 26.18 NOTE
r-devel-linux-x86_64-fedora-clang 0.9 51.90 NOTE
r-devel-linux-x86_64-fedora-gcc 0.9 48.73 NOTE
r-devel-osx-x86_64-clang 0.9 63.13 NOTE
r-prerel-windows-ix86+x86_64 0.9 5.00 42.00 47.00 NOTE
r-prerel-linux-x86_64 0.9 1.35 24.44 25.79 NOTE
r-prerel-solaris-sparc 0.9 328.60 NOTE
r-prerel-solaris-x86 0.9 69.60 NOTE
r-release-linux-x86_64 0.9 1.78 30.49 32.28 NOTE
r-release-osx-x86_64-mavericks 0.9 OK
r-release-osx-x86_64-snowleopard 0.9 OK
r-release-windows-ix86+x86_64 0.9 7.00 55.00 62.00 NOTE
r-oldrel-windows-ix86+x86_64 0.9 7.00 52.00 59.00 OK

Check Details

Version: 0.9
Check: dependencies in R code
Result: NOTE
    'library' or 'require' call to ‘RNetCDF’ in package code.
     Please use :: or requireNamespace() instead.
     See section 'Suggested packages' in the 'Writing R Extensions' manual.
Flavors: r-devel-linux-x86_64-debian-clang, r-devel-linux-x86_64-debian-gcc, r-devel-linux-x86_64-fedora-clang, r-devel-linux-x86_64-fedora-gcc, r-devel-osx-x86_64-clang, r-prerel-windows-ix86+x86_64, r-prerel-linux-x86_64, r-prerel-solaris-sparc, r-prerel-solaris-x86, r-release-linux-x86_64, r-release-windows-ix86+x86_64