CRAN Package Check Results for Package MAMS

Last updated on 2015-01-31 13:48:26.

Flavor Version Tinstall Tcheck Ttotal Status Flags
r-devel-linux-x86_64-debian-clang 0.3 0.69 32.22 32.91 NOTE
r-devel-linux-x86_64-debian-gcc 0.3 0.64 30.84 31.49 NOTE
r-devel-linux-x86_64-fedora-clang 0.3 64.20 NOTE
r-devel-linux-x86_64-fedora-gcc 0.3 58.00 NOTE
r-devel-osx-x86_64-clang 0.3 57.00 NOTE
r-devel-windows-ix86+x86_64 0.3 3.00 48.00 51.00 OK
r-patched-linux-x86_64 0.3 0.66 33.55 34.21 OK
r-patched-solaris-sparc 0.3 401.80 OK
r-patched-solaris-x86 0.3 75.00 OK
r-release-linux-ix86 0.3 0.95 43.52 44.47 OK
r-release-linux-x86_64 0.3 0.66 35.04 35.69 OK
r-release-osx-x86_64-mavericks 0.3 OK
r-release-osx-x86_64-snowleopard 0.3 OK
r-release-windows-ix86+x86_64 0.3 3.00 47.00 50.00 OK
r-oldrel-windows-ix86+x86_64 0.3 3.00 46.00 49.00 OK

Check Details

Version: 0.3
Check: S3 generic/method consistency
Result: NOTE
    Found the following apparent S3 methods exported but not registered:
     print.MAMS print.MAMS.sim print.MAMS.step_down summary.MAMS
     summary.MAMS.sim summary.MAMS.step_down plot.MAMS plot.MAMS.step_down
    See section ‘Registering S3 methods’ in the ‘Writing R Extensions’
    manual.
Flavors: r-devel-linux-x86_64-debian-clang, r-devel-linux-x86_64-debian-gcc, r-devel-linux-x86_64-fedora-clang, r-devel-linux-x86_64-fedora-gcc, r-devel-osx-x86_64-clang