CRAN Package Check Results for Package MAMS

Last updated on 2015-07-02 21:46:48.

Flavor Version Tinstall Tcheck Ttotal Status Flags
r-devel-linux-x86_64-debian-clang 0.5 0.62 25.20 25.82 NOTE
r-devel-linux-x86_64-debian-gcc 0.5 0.57 24.81 25.38 NOTE
r-devel-linux-x86_64-fedora-clang 0.5 50.14 NOTE
r-devel-linux-x86_64-fedora-gcc 0.5 46.89 NOTE
r-devel-osx-x86_64-clang 0.5 46.53 OK
r-devel-windows-ix86+x86_64 0.5 5.00 41.00 46.00 OK
r-patched-linux-x86_64 0.5 0.64 25.40 26.04 OK
r-patched-solaris-sparc 0.5 321.90 OK
r-patched-solaris-x86 0.5 59.50 OK
r-release-linux-x86_64 0.5 0.60 26.00 26.60 OK
r-release-osx-x86_64-mavericks 0.5 OK
r-release-windows-ix86+x86_64 0.5 3.00 40.00 43.00 OK
r-oldrel-windows-ix86+x86_64 0.5 5.00 69.00 74.00 OK

Check Details

Version: 0.5
Check: R code for possible problems
Result: NOTE
    mams : prodsum: no visible binding for global variable ‘dnorm’
    mams : prodsum: no visible global function definition for ‘pnorm’
    mams : prodsum2: no visible global function definition for ‘dnorm’
    mams : prodsum2: no visible global function definition for ‘pnorm’
    mams : prodsum3: no visible binding for global variable ‘dnorm’
    mams : prodsum3: no visible global function definition for ‘pnorm’
    mams: no visible global function definition for ‘qnorm’
    mams: no visible global function definition for ‘uniroot’
    mams.sim : sim: no visible global function definition for ‘rnorm’
    mams.sim: no visible global function definition for ‘qnorm’
    new.bounds : prodsum: no visible binding for global variable ‘dnorm’
    new.bounds : prodsum: no visible global function definition for ‘pnorm’
    new.bounds: no visible global function definition for ‘uniroot’
    new.bounds: no visible global function definition for ‘qnorm’
    plot.MAMS: no visible global function definition for ‘matplot’
    plot.MAMS: no visible global function definition for ‘mtext’
    plot.MAMS: no visible global function definition for ‘axis’
    plot.MAMS: no visible global function definition for ‘lines’
    plot.MAMS.step_down: no visible global function definition for
     ‘matplot’
    plot.MAMS.step_down: no visible global function definition for ‘mtext’
    plot.MAMS.step_down: no visible global function definition for ‘axis’
    plot.MAMS.step_down: no visible global function definition for ‘lines’
    plot.MAMS.step_down: no visible global function definition for ‘points’
    plot.MAMS.step_down: no visible global function definition for
     ‘matpoints’
    plot.MAMS.step_down: no visible global function definition for ‘legend’
    step_down_mams: no visible global function definition for ‘uniroot’
    update_mams: no visible global function definition for ‘uniroot’
    Undefined global functions or variables:
     axis dnorm legend lines matplot matpoints mtext pnorm points qnorm
     rnorm uniroot
Flavors: r-devel-linux-x86_64-debian-clang, r-devel-linux-x86_64-fedora-clang, r-devel-linux-x86_64-fedora-gcc

Version: 0.5
Check: R code for possible problems
Result: NOTE
    mams : prodsum: no visible binding for global variable ‘dnorm’
    mams : prodsum: no visible global function definition for ‘pnorm’
    mams : prodsum2: no visible global function definition for ‘dnorm’
    mams : prodsum2: no visible global function definition for ‘pnorm’
    mams : prodsum3: no visible binding for global variable ‘dnorm’
    mams : prodsum3: no visible global function definition for ‘pnorm’
    mams: no visible global function definition for ‘qnorm’
    mams: no visible global function definition for ‘uniroot’
    mams.sim : sim: no visible global function definition for ‘rnorm’
    mams.sim: no visible global function definition for ‘qnorm’
    new.bounds : prodsum: no visible binding for global variable ‘dnorm’
    new.bounds : prodsum: no visible global function definition for ‘pnorm’
    new.bounds: no visible global function definition for ‘uniroot’
    new.bounds: no visible global function definition for ‘qnorm’
    plot.MAMS: no visible global function definition for ‘matplot’
    plot.MAMS: no visible global function definition for ‘mtext’
    plot.MAMS: no visible global function definition for ‘axis’
    plot.MAMS: no visible global function definition for ‘lines’
    plot.MAMS.step_down: no visible global function definition for
     ‘matplot’
    plot.MAMS.step_down: no visible global function definition for ‘mtext’
    plot.MAMS.step_down: no visible global function definition for ‘axis’
    plot.MAMS.step_down: no visible global function definition for ‘lines’
    plot.MAMS.step_down: no visible global function definition for ‘points’
    plot.MAMS.step_down: no visible global function definition for
     ‘matpoints’
    plot.MAMS.step_down: no visible global function definition for ‘legend’
    step_down_mams: no visible global function definition for ‘uniroot’
    update_mams: no visible global function definition for ‘uniroot’
Flavor: r-devel-linux-x86_64-debian-gcc