CRAN Package Check Results for Package MAMS

Last updated on 2014-04-21 17:47:54.

Flavor Version Tinstall Tcheck Ttotal Status Flags
r-devel-linux-x86_64-debian-clang 0.2 0.62 41.32 41.95 NOTE
r-devel-linux-x86_64-debian-gcc 0.2 0.66 44.16 44.82 NOTE
r-devel-linux-x86_64-fedora-clang 0.2 86.54 NOTE
r-devel-linux-x86_64-fedora-gcc 0.2 81.30 NOTE
r-devel-osx-x86_64-clang 0.2 67.96 NOTE
r-devel-osx-x86_64-gcc 0.2 NOTE
r-devel-windows-ix86+x86_64 0.2 2.00 63.00 65.00 NOTE
r-patched-linux-x86_64 0.2 0.62 40.67 41.29 NOTE
r-patched-solaris-sparc 0.2 464.70 NOTE
r-patched-solaris-x86 0.2 86.30 NOTE
r-release-linux-x86_64 0.2 0.62 40.79 41.40 NOTE
r-release-osx-x86_64-mavericks 0.2 NOTE
r-release-osx-x86_64-snowleopard 0.2 NOTE
r-release-windows-ix86+x86_64 0.2 3.00 64.00 67.00 NOTE
r-oldrel-windows-ix86+x86_64 0.2 3.00 59.00 62.00 NOTE

Check Details

Version: 0.2
Check: dependencies in R code
Result: NOTE
    Package in Depends field not imported from: ‘mvtnorm’
     These packages need to be imported from (in the NAMESPACE file)
     for when this namespace is loaded but not attached.
    See the information on DESCRIPTION files in the chapter ‘Creating R
    packages’ of the ‘Writing R Extensions’ manual.
Flavors: r-devel-linux-x86_64-debian-clang, r-devel-linux-x86_64-debian-gcc, r-devel-linux-x86_64-fedora-clang, r-devel-linux-x86_64-fedora-gcc, r-devel-osx-x86_64-clang, r-devel-osx-x86_64-gcc, r-devel-windows-ix86+x86_64, r-patched-linux-x86_64, r-patched-solaris-sparc, r-patched-solaris-x86, r-release-linux-x86_64, r-release-osx-x86_64-mavericks, r-release-windows-ix86+x86_64, r-oldrel-windows-ix86+x86_64

Version: 0.2
Check: Rd line widths
Result: NOTE
    Rd file 'mams.Rd':
     \examples lines wider than 100 characters:
     mams(K=6, J=3, alpha=0.05, power=0.9, r=1:3, r0=1:3, p=0.7 , p0=0.5, u.shape=function(x)return(x:1),
    
    Rd file 'mams.sim.Rd':
     \examples lines wider than 100 characters:
     # mams(K=4, J=2, alpha=0.05, power=0.9, r=1:2, r0=1:2, u.shape="obf", l.shape="fixed", lfix=0, p=0.65, p0=0.55)
    
    Rd file 'new.bounds.Rd':
     \examples lines wider than 100 characters:
     # mams(K=4, J=2, alpha=0.05, power=0.9, r=1:2, r0=1:2, u.shape="obf", l.shape="fixed", lfix=0, sample.size=FALSE)
     new.bounds(K=4, J=2, alpha=0.05, nMat=matrix(c(10,20),nrow=2,ncol=5), u=NULL, l=NULL, u.shape="obf",
     # while the original upper bounds used are (3.068,2.169) for stage 1. The updated bounds are (3.068,2.167).
    
    These lines will be truncated in the PDF manual.
Flavors: r-devel-linux-x86_64-fedora-clang, r-devel-linux-x86_64-fedora-gcc

Version: 0.2
Check: dependencies in R code
Result: NOTE
    Package in Depends field not imported from: 'mvtnorm'
     These packages need to be imported from for the case when
     this namespace is loaded but not attached.
    See the information on DESCRIPTION files in the chapter 'Creating R
    packages' of the 'Writing R Extensions' manual.
Flavor: r-release-osx-x86_64-snowleopard