CRAN Package Check Results for Package MAMSE

Last updated on 2017-09-22 19:46:55.

Flavor Version Tinstall Tcheck Ttotal Status Flags
r-devel-linux-x86_64-debian-clang 0.2-1 1.02 14.55 15.58 NOTE
r-devel-linux-x86_64-debian-gcc 0.2-1 0.93 14.03 14.96 NOTE
r-devel-linux-x86_64-fedora-clang 0.2-1 26.70 NOTE
r-devel-linux-x86_64-fedora-gcc 0.2-1 24.05 NOTE
r-devel-windows-ix86+x86_64 0.2-1 5.00 34.00 39.00 OK
r-patched-linux-x86_64 0.2-1 0.87 13.49 14.36 NOTE
r-patched-solaris-x86 0.2-1 32.50 OK
r-release-linux-x86_64 0.2-1 0.90 13.66 14.55 NOTE
r-release-windows-ix86+x86_64 0.2-1 5.00 35.00 40.00 OK
r-release-osx-x86_64 0.2-1 OK
r-oldrel-windows-ix86+x86_64 0.2-1 13.00 53.00 66.00 OK
r-oldrel-osx-x86_64 0.2-1 OK

Check Details

Version: 0.2-1
Check: compiled code
Result: NOTE
    File ‘MAMSE/libs/MAMSE.so’:
     Found no calls to: ‘R_registerRoutines’, ‘R_useDynamicSymbols’
    
    It is good practice to register native routines and to disable symbol
    search.
    
    See ‘Writing portable packages’ in the ‘Writing R Extensions’ manual.
Flavors: r-devel-linux-x86_64-debian-clang, r-devel-linux-x86_64-debian-gcc, r-devel-linux-x86_64-fedora-clang, r-devel-linux-x86_64-fedora-gcc, r-patched-linux-x86_64, r-release-linux-x86_64