CRAN Package Check Results for Package MAMSE

Last updated on 2018-01-18 04:47:54 CET.

Flavor Version Tinstall Tcheck Ttotal Status Flags
r-devel-linux-x86_64-debian-clang 0.2-1 1.22 20.44 21.66 NOTE
r-devel-linux-x86_64-debian-gcc 0.2-1 0.94 17.25 18.19 NOTE
r-devel-linux-x86_64-fedora-clang 0.2-1 27.10 NOTE
r-devel-linux-x86_64-fedora-gcc 0.2-1 25.44 NOTE
r-devel-windows-ix86+x86_64 0.2-1 5.00 36.00 41.00 OK
r-patched-linux-x86_64 0.2-1 1.17 20.25 21.42 NOTE
r-patched-solaris-x86 0.2-1 37.50 OK
r-release-linux-x86_64 0.2-1 1.09 20.07 21.16 NOTE
r-release-windows-ix86+x86_64 0.2-1 5.00 35.00 40.00 OK
r-release-osx-x86_64 0.2-1 OK
r-oldrel-windows-ix86+x86_64 0.2-1 13.00 53.00 66.00 OK
r-oldrel-osx-x86_64 0.2-1 OK

Check Details

Version: 0.2-1
Check: compiled code
Result: NOTE
    File ‘MAMSE/libs/MAMSE.so’:
     Found no calls to: ‘R_registerRoutines’, ‘R_useDynamicSymbols’
    
    It is good practice to register native routines and to disable symbol
    search.
    
    See ‘Writing portable packages’ in the ‘Writing R Extensions’ manual.
Flavors: r-devel-linux-x86_64-debian-clang, r-devel-linux-x86_64-debian-gcc, r-devel-linux-x86_64-fedora-clang, r-devel-linux-x86_64-fedora-gcc, r-patched-linux-x86_64, r-release-linux-x86_64