CRAN Package Check Results for Package MAMSE

Last updated on 2016-12-04 08:47:00.

Flavor Version Tinstall Tcheck Ttotal Status Flags
r-devel-linux-x86_64-debian-clang 0.1-3 0.93 12.05 12.99 NOTE
r-devel-linux-x86_64-debian-gcc 0.1-3 0.84 11.66 12.50 NOTE
r-devel-linux-x86_64-fedora-clang 0.1-3 24.66 NOTE --no-stop-on-test-error
r-devel-linux-x86_64-fedora-gcc 0.1-3 21.82 NOTE
r-devel-macos-x86_64-clang 0.1-3 20.03 NOTE
r-devel-windows-ix86+x86_64 0.1-3 12.00 41.00 53.00 NOTE
r-patched-linux-x86_64 0.1-3 0.76 10.49 11.25 NOTE
r-patched-solaris-sparc 0.1-3 126.80 NOTE
r-patched-solaris-x86 0.1-3 26.70 NOTE
r-release-linux-x86_64 0.1-3 0.82 10.51 11.33 NOTE
r-release-osx-x86_64-mavericks 0.1-3 NOTE
r-release-windows-ix86+x86_64 0.1-3 5.00 30.00 35.00 NOTE
r-oldrel-windows-ix86+x86_64 0.1-3 5.00 30.00 35.00 NOTE

Check Details

Version: 0.1-3
Check: DESCRIPTION meta-information
Result: NOTE
    Malformed Title field: should not end in a period.
Flavors: r-devel-linux-x86_64-debian-clang, r-devel-linux-x86_64-debian-gcc, r-devel-linux-x86_64-fedora-gcc, r-devel-macos-x86_64-clang, r-devel-windows-ix86+x86_64, r-patched-linux-x86_64, r-patched-solaris-sparc, r-patched-solaris-x86, r-release-linux-x86_64, r-release-osx-x86_64-mavericks, r-release-windows-ix86+x86_64, r-oldrel-windows-ix86+x86_64

Version: 0.1-3
Check: R code for possible problems
Result: NOTE
    MAMSE: no visible global function definition for ‘var’
    bootx: no visible binding for global variable ‘quantile’
    Undefined global functions or variables:
     quantile var
    Consider adding
     importFrom("stats", "quantile", "var")
    to your NAMESPACE file.
Flavors: r-devel-linux-x86_64-debian-clang, r-devel-linux-x86_64-debian-gcc, r-devel-linux-x86_64-fedora-gcc, r-devel-macos-x86_64-clang, r-devel-windows-ix86+x86_64, r-patched-linux-x86_64, r-patched-solaris-sparc, r-patched-solaris-x86, r-release-linux-x86_64, r-release-osx-x86_64-mavericks, r-release-windows-ix86+x86_64

Version: 0.1-3
Flags: --no-stop-on-test-error
Check: DESCRIPTION meta-information
Result: NOTE
    Malformed Title field: should not end in a period.
Flavor: r-devel-linux-x86_64-fedora-clang

Version: 0.1-3
Flags: --no-stop-on-test-error
Check: R code for possible problems
Result: NOTE
    MAMSE: no visible global function definition for ‘var’
    bootx: no visible binding for global variable ‘quantile’
    Undefined global functions or variables:
     quantile var
    Consider adding
     importFrom("stats", "quantile", "var")
    to your NAMESPACE file.
Flavor: r-devel-linux-x86_64-fedora-clang