CRAN Package Check Results for Package MAMSE

Last updated on 2015-07-28 06:47:55.

Flavor Version Tinstall Tcheck Ttotal Status Flags
r-devel-linux-x86_64-debian-clang 0.1-3 0.78 9.92 10.69 NOTE
r-devel-linux-x86_64-debian-gcc 0.1-3 0.79 9.79 10.58 NOTE
r-devel-linux-x86_64-fedora-clang 0.1-3 20.79 NOTE
r-devel-linux-x86_64-fedora-gcc 0.1-3 19.36 NOTE
r-devel-osx-x86_64-clang 0.1-3 21.62 NOTE
r-devel-windows-ix86+x86_64 0.1-3 5.00 22.00 27.00 NOTE
r-patched-linux-x86_64 0.1-3 0.78 10.37 11.15 NOTE
r-patched-solaris-sparc 0.1-3 141.20 NOTE
r-patched-solaris-x86 0.1-3 30.70 NOTE
r-release-linux-x86_64 0.1-3 0.77 10.26 11.02 NOTE
r-release-osx-x86_64-mavericks 0.1-3 NOTE
r-release-windows-ix86+x86_64 0.1-3 5.00 23.00 28.00 NOTE
r-oldrel-windows-ix86+x86_64 0.1-3 7.00 25.00 32.00 OK

Check Details

Version: 0.1-3
Check: DESCRIPTION meta-information
Result: NOTE
    Malformed Title field: should not end in a period.
Flavors: r-devel-linux-x86_64-debian-clang, r-devel-linux-x86_64-debian-gcc, r-devel-linux-x86_64-fedora-clang, r-devel-linux-x86_64-fedora-gcc, r-devel-osx-x86_64-clang, r-devel-windows-ix86+x86_64, r-patched-linux-x86_64, r-patched-solaris-sparc, r-patched-solaris-x86, r-release-linux-x86_64, r-release-osx-x86_64-mavericks, r-release-windows-ix86+x86_64

Version: 0.1-3
Check: R code for possible problems
Result: NOTE
    MAMSE: no visible global function definition for ‘var’
    bootx: no visible binding for global variable ‘quantile’
    Undefined global functions or variables:
     quantile var
    Consider adding
     importFrom("stats", "quantile", "var")
    to your NAMESPACE.
Flavors: r-devel-linux-x86_64-debian-clang, r-devel-linux-x86_64-debian-gcc, r-devel-linux-x86_64-fedora-clang, r-devel-linux-x86_64-fedora-gcc, r-devel-windows-ix86+x86_64