CRAN Package Check Results for Package MAMSE

Last updated on 2015-08-28 17:49:26.

Flavor Version Tinstall Tcheck Ttotal Status Flags
r-devel-linux-x86_64-debian-clang 0.1-3 0.76 9.66 10.41 NOTE
r-devel-linux-x86_64-debian-gcc 0.1-3 0.70 9.47 10.17 NOTE
r-devel-linux-x86_64-fedora-clang 0.1-3 19.98 NOTE
r-devel-linux-x86_64-fedora-gcc 0.1-3 18.67 NOTE
r-devel-osx-x86_64-clang 0.1-3 20.09 NOTE
r-devel-windows-ix86+x86_64 0.1-3 9.00 25.00 34.00 NOTE
r-patched-linux-x86_64 0.1-3 0.77 10.43 11.20 NOTE
r-patched-solaris-sparc 0.1-3 141.20 NOTE
r-patched-solaris-x86 0.1-3 31.20 NOTE
r-release-linux-x86_64 0.1-3 0.80 10.25 11.05 NOTE
r-release-osx-x86_64-mavericks 0.1-3 NOTE
r-release-windows-ix86+x86_64 0.1-3 5.00 33.00 38.00 NOTE
r-oldrel-windows-ix86+x86_64 0.1-3 7.00 25.00 32.00 OK

Check Details

Version: 0.1-3
Check: DESCRIPTION meta-information
Result: NOTE
    Malformed Title field: should not end in a period.
Flavors: r-devel-linux-x86_64-debian-clang, r-devel-linux-x86_64-debian-gcc, r-devel-linux-x86_64-fedora-clang, r-devel-linux-x86_64-fedora-gcc, r-devel-osx-x86_64-clang, r-devel-windows-ix86+x86_64, r-patched-linux-x86_64, r-patched-solaris-sparc, r-patched-solaris-x86, r-release-linux-x86_64, r-release-osx-x86_64-mavericks, r-release-windows-ix86+x86_64

Version: 0.1-3
Check: R code for possible problems
Result: NOTE
    MAMSE: no visible global function definition for ‘var’
    bootx: no visible binding for global variable ‘quantile’
    Undefined global functions or variables:
     quantile var
    Consider adding
     importFrom("stats", "quantile", "var")
    to your NAMESPACE.
Flavors: r-devel-linux-x86_64-debian-clang, r-devel-linux-x86_64-debian-gcc, r-devel-linux-x86_64-fedora-clang, r-devel-linux-x86_64-fedora-gcc, r-devel-windows-ix86+x86_64