CRAN Package Check Results for Package MAMSE

Last updated on 2018-05-21 10:50:06 CEST.

Flavor Version Tinstall Tcheck Ttotal Status Flags
r-devel-linux-x86_64-debian-clang 0.2-1 2.04 18.34 20.38 NOTE
r-devel-linux-x86_64-debian-gcc 0.2-1 1.73 16.61 18.34 NOTE
r-devel-linux-x86_64-fedora-clang 0.2-1 27.88 NOTE
r-devel-linux-x86_64-fedora-gcc 0.2-1 29.33 NOTE
r-devel-windows-ix86+x86_64 0.2-1 9.00 35.00 44.00 OK
r-patched-linux-x86_64 0.2-1 1.90 20.52 22.42 NOTE
r-patched-solaris-x86 0.2-1 40.90 OK
r-release-linux-x86_64 0.2-1 2.05 20.19 22.24 NOTE
r-release-windows-ix86+x86_64 0.2-1 10.00 37.00 47.00 OK
r-release-osx-x86_64 0.2-1 OK
r-oldrel-windows-ix86+x86_64 0.2-1 5.00 35.00 40.00 OK
r-oldrel-osx-x86_64 0.2-1 OK

Check Details

Version: 0.2-1
Check: compiled code
Result: NOTE
    File ‘MAMSE/libs/MAMSE.so’:
     Found no calls to: ‘R_registerRoutines’, ‘R_useDynamicSymbols’
    
    It is good practice to register native routines and to disable symbol
    search.
    
    See ‘Writing portable packages’ in the ‘Writing R Extensions’ manual.
Flavors: r-devel-linux-x86_64-debian-clang, r-devel-linux-x86_64-debian-gcc, r-devel-linux-x86_64-fedora-clang, r-devel-linux-x86_64-fedora-gcc, r-patched-linux-x86_64, r-release-linux-x86_64