CRAN Package Check Results for Package MAMSE

Last updated on 2017-07-23 17:47:15.

Flavor Version Tinstall Tcheck Ttotal Status Flags
r-devel-linux-x86_64-debian-clang 0.2-1 1.04 21.85 22.88 NOTE
r-devel-linux-x86_64-debian-gcc 0.2-1 0.89 21.13 22.02 NOTE
r-devel-linux-x86_64-fedora-clang 0.2-1 24.84 NOTE
r-devel-linux-x86_64-fedora-gcc 0.2-1 25.07 NOTE
r-devel-windows-ix86+x86_64 0.2-1 5.00 33.00 38.00 OK
r-patched-linux-x86_64 0.2-1 0.91 20.17 21.08 NOTE
r-patched-solaris-x86 0.2-1 32.20 OK
r-release-linux-x86_64 0.2-1 0.94 20.05 20.98 NOTE
r-release-windows-ix86+x86_64 0.2-1 5.00 33.00 38.00 OK
r-release-osx-x86_64 0.2-1 OK
r-oldrel-windows-ix86+x86_64 0.2-1 13.00 53.00 66.00 OK
r-oldrel-osx-x86_64 0.2-1 OK

Check Details

Version: 0.2-1
Check: compiled code
Result: NOTE
    File ‘MAMSE/libs/MAMSE.so’:
     Found no calls to: ‘R_registerRoutines’, ‘R_useDynamicSymbols’
    
    It is good practice to register native routines and to disable symbol
    search.
    
    See ‘Writing portable packages’ in the ‘Writing R Extensions’ manual.
Flavors: r-devel-linux-x86_64-debian-clang, r-devel-linux-x86_64-debian-gcc, r-devel-linux-x86_64-fedora-clang, r-devel-linux-x86_64-fedora-gcc, r-patched-linux-x86_64, r-release-linux-x86_64