CRAN Package Check Results for Package MAMSE

Last updated on 2016-06-29 03:47:26.

Flavor Version Tinstall Tcheck Ttotal Status Flags
r-devel-linux-x86_64-debian-gcc 0.1-3 0.92 11.97 12.89 NOTE
r-devel-linux-x86_64-fedora-clang 0.1-3 18.83 NOTE
r-devel-linux-x86_64-fedora-gcc 0.1-3 17.83 NOTE
r-devel-osx-x86_64-clang 0.1-3 17.35 NOTE
r-devel-windows-ix86+x86_64 0.1-3 8.00 29.00 37.00 NOTE
r-patched-linux-x86_64 0.1-3 0.90 11.35 12.25 NOTE
r-patched-solaris-sparc 0.1-3 126.80 NOTE
r-patched-solaris-x86 0.1-3 27.30 NOTE
r-release-linux-x86_64 0.1-3 0.85 10.76 11.61 NOTE
r-release-osx-x86_64-mavericks 0.1-3 NOTE
r-release-windows-ix86+x86_64 0.1-3 5.00 41.00 46.00 NOTE
r-oldrel-windows-ix86+x86_64 0.1-3 5.00 23.00 28.00 NOTE

Check Details

Version: 0.1-3
Check: DESCRIPTION meta-information
Result: NOTE
    Malformed Title field: should not end in a period.
Flavors: r-devel-linux-x86_64-debian-gcc, r-devel-linux-x86_64-fedora-clang, r-devel-linux-x86_64-fedora-gcc, r-devel-osx-x86_64-clang, r-devel-windows-ix86+x86_64, r-patched-linux-x86_64, r-patched-solaris-sparc, r-patched-solaris-x86, r-release-linux-x86_64, r-release-osx-x86_64-mavericks, r-release-windows-ix86+x86_64, r-oldrel-windows-ix86+x86_64

Version: 0.1-3
Check: R code for possible problems
Result: NOTE
    MAMSE: no visible global function definition for ‘var’
    bootx: no visible binding for global variable ‘quantile’
    Undefined global functions or variables:
     quantile var
    Consider adding
     importFrom("stats", "quantile", "var")
    to your NAMESPACE file.
Flavors: r-devel-linux-x86_64-debian-gcc, r-devel-linux-x86_64-fedora-clang, r-devel-linux-x86_64-fedora-gcc, r-devel-osx-x86_64-clang, r-devel-windows-ix86+x86_64, r-patched-linux-x86_64, r-patched-solaris-sparc, r-patched-solaris-x86, r-release-linux-x86_64, r-release-osx-x86_64-mavericks, r-release-windows-ix86+x86_64