CRAN Package Check Results for Package MAMSE

Last updated on 2017-02-26 17:51:28.

Flavor Version Tinstall Tcheck Ttotal Status Flags
r-devel-linux-x86_64-debian-clang 0.2-1 0.95 13.77 14.71 NOTE
r-devel-linux-x86_64-debian-gcc 0.2-1 0.93 13.76 14.69 NOTE
r-devel-linux-x86_64-fedora-clang 0.2-1 24.38 NOTE --no-stop-on-test-error
r-devel-linux-x86_64-fedora-gcc 0.2-1 24.98 NOTE --no-stop-on-test-error
r-devel-macos-x86_64-clang 0.2-1 22.45 NOTE --no-stop-on-test-error
r-devel-windows-ix86+x86_64 0.2-1 5.00 44.00 49.00 OK
r-patched-linux-x86_64 0.2-1 0.80 11.34 12.13 OK
r-patched-solaris-sparc 0.2-1 130.60 OK
r-patched-solaris-x86 0.2-1 29.00 OK
r-release-linux-x86_64 0.2-1 0.88 12.12 13.00 OK
r-release-osx-x86_64-mavericks 0.2-1 OK
r-release-windows-ix86+x86_64 0.2-1 13.00 53.00 66.00 OK
r-oldrel-windows-ix86+x86_64 0.2-1 14.00 55.00 69.00 OK

Check Details

Version: 0.2-1
Check: compiled code
Result: NOTE
    File ‘MAMSE/libs/MAMSE.so’:
     Found no calls to: ‘R_registerRoutines’, ‘R_useDynamicSymbols’
    
    It is good practice to register native routines and to disable symbol
    search.
    
    See ‘Writing portable packages’ in the ‘Writing R Extensions’ manual.
Flavors: r-devel-linux-x86_64-debian-clang, r-devel-linux-x86_64-debian-gcc

Version: 0.2-1
Flags: --no-stop-on-test-error
Check: compiled code
Result: NOTE
    File ‘MAMSE/libs/MAMSE.so’:
     Found no calls to: ‘R_registerRoutines’, ‘R_useDynamicSymbols’
    
    It is good practice to register native routines and to disable symbol
    search.
    
    See ‘Writing portable packages’ in the ‘Writing R Extensions’ manual.
Flavors: r-devel-linux-x86_64-fedora-clang, r-devel-linux-x86_64-fedora-gcc, r-devel-macos-x86_64-clang