Last updated on 2023-03-23 17:52:20 CET.
Flavor | Version | Tinstall | Tcheck | Ttotal | Status | Flags |
---|---|---|---|---|---|---|
r-devel-linux-x86_64-debian-clang | 2.0.5 | 11.33 | 107.85 | 119.18 | OK | |
r-devel-linux-x86_64-debian-gcc | 2.0.5 | 8.06 | 79.68 | 87.74 | OK | |
r-devel-linux-x86_64-fedora-clang | 2.0.5 | 148.10 | OK | |||
r-devel-linux-x86_64-fedora-gcc | 2.0.5 | 154.00 | OK | |||
r-devel-windows-x86_64 | 2.0.5 | 19.00 | 136.00 | 155.00 | OK | |
r-patched-linux-x86_64 | 2.0.5 | 9.30 | 103.06 | 112.36 | OK | |
r-release-linux-x86_64 | 2.0.5 | 11.06 | 104.09 | 115.15 | OK | |
r-release-macos-arm64 | 2.0.5 | 44.00 | OK | |||
r-release-macos-x86_64 | 2.0.5 | 59.00 | OK | |||
r-release-windows-x86_64 | 2.0.5 | 20.00 | 161.00 | 181.00 | OK | |
r-oldrel-macos-arm64 | 2.0.5 | 43.00 | OK | |||
r-oldrel-macos-x86_64 | 2.0.5 | 60.00 | OK | |||
r-oldrel-windows-ix86+x86_64 | 2.0.5 | 26.00 | 133.00 | 159.00 | NOTE |
Version: 2.0.5
Check: R code for possible problems
Result: NOTE
Initiating curl with CURL_SSL_BACKEND: openssl
Flavor: r-oldrel-windows-ix86+x86_64