CRAN Package Check Results for Package MAPITR

Last updated on 2022-11-28 05:52:28 CET.

Flavor Version Tinstall Tcheck Ttotal Status Flags
r-devel-linux-x86_64-debian-clang 1.1.2 37.59 55.85 93.44 OK
r-devel-linux-x86_64-debian-gcc 1.1.2 35.48 42.88 78.36 OK
r-devel-linux-x86_64-fedora-clang 1.1.2 141.01 OK
r-devel-linux-x86_64-fedora-gcc 1.1.2 141.83 OK
r-devel-windows-x86_64 1.1.2 55.00 106.00 161.00 OK
r-patched-linux-x86_64 1.1.2 33.89 53.66 87.55 OK
r-release-linux-x86_64 1.1.2 35.49 53.32 88.81 OK
r-release-macos-arm64 1.1.2 43.00 OK
r-release-macos-x86_64 1.1.2 52.00 OK
r-release-windows-x86_64 1.1.2 49.00 107.00 156.00 OK
r-oldrel-macos-arm64 1.1.2 47.00 NOTE
r-oldrel-macos-x86_64 1.1.2 79.00 OK
r-oldrel-windows-ix86+x86_64 1.1.2 102.00 114.00 216.00 OK

Check Details

Version: 1.1.2
Check: installed package size
Result: NOTE
     installed size is 5.0Mb
     sub-directories of 1Mb or more:
     libs 4.5Mb
Flavor: r-oldrel-macos-arm64