CRAN Package Check Results for Package MAPLES

Last updated on 2014-08-30 11:51:28.

Flavor Version Tinstall Tcheck Ttotal Status Flags
r-devel-linux-x86_64-debian-clang 1.0 3.91 54.14 58.04 NOTE
r-devel-linux-x86_64-debian-gcc 1.0 3.30 52.57 55.87 NOTE
r-devel-linux-x86_64-fedora-clang 1.0 132.60 NOTE
r-devel-linux-x86_64-fedora-gcc 1.0 127.54 NOTE
r-devel-osx-x86_64-clang 1.0 100.52 NOTE
r-devel-windows-ix86+x86_64 1.0 13.00 79.00 92.00 NOTE
r-patched-linux-x86_64 1.0 3.42 59.67 63.08 NOTE
r-patched-solaris-sparc 1.0 762.10 NOTE
r-patched-solaris-x86 1.0 164.10 NOTE
r-release-linux-ix86 1.0 4.11 68.97 73.08 NOTE
r-release-linux-x86_64 1.0 3.64 57.69 61.32 NOTE
r-release-osx-x86_64-mavericks 1.0 NOTE
r-release-osx-x86_64-snowleopard 1.0 ERROR
r-release-windows-ix86+x86_64 1.0 1.00 1.00 2.00 ERROR
r-oldrel-windows-ix86+x86_64 1.0 8.00 79.00 87.00 NOTE

Check Details

Version: 1.0
Check: dependencies in R code
Result: NOTE
    'library' or 'require' call to ‘mgcv’ which was already attached by Depends.
     Please remove these calls from your code.
    See the information on DESCRIPTION files in the chapter ‘Creating R
    packages’ of the ‘Writing R Extensions’ manual.
Flavors: r-devel-linux-x86_64-debian-clang, r-devel-linux-x86_64-debian-gcc, r-devel-linux-x86_64-fedora-clang, r-devel-linux-x86_64-fedora-gcc, r-devel-osx-x86_64-clang, r-devel-windows-ix86+x86_64, r-patched-linux-x86_64, r-patched-solaris-sparc, r-patched-solaris-x86, r-release-linux-ix86, r-release-linux-x86_64, r-release-osx-x86_64-mavericks, r-oldrel-windows-ix86+x86_64

Version: 1.0
Check: R code for possible problems
Result: NOTE
    ageprofile: no visible global function definition for ‘predict.gam’
    ageprofile: no visible global function definition for ‘summary.gam’
    ageprofile: no visible global function definition for ‘anova.gam’
Flavors: r-devel-linux-x86_64-debian-clang, r-devel-linux-x86_64-debian-gcc, r-devel-linux-x86_64-fedora-clang, r-devel-linux-x86_64-fedora-gcc, r-devel-osx-x86_64-clang, r-devel-windows-ix86+x86_64

Version: 1.0
Check: whether package can be installed
Result: ERROR
    Installation failed.
Flavors: r-release-osx-x86_64-snowleopard, r-release-windows-ix86+x86_64