CRAN Package Check Results for Package MAPLES

Last updated on 2015-05-29 21:46:42.

Flavor Version Tinstall Tcheck Ttotal Status Flags
r-devel-linux-x86_64-debian-clang 1.0 2.70 47.30 49.99 NOTE
r-devel-linux-x86_64-debian-gcc 1.0 2.66 47.05 49.71 NOTE
r-devel-linux-x86_64-fedora-clang 1.0 108.40 NOTE
r-devel-linux-x86_64-fedora-gcc 1.0 98.17 NOTE
r-devel-osx-x86_64-clang 1.0 93.95 NOTE
r-devel-windows-ix86+x86_64 1.0 8.00 73.00 81.00 NOTE
r-patched-linux-x86_64 1.0 2.63 48.33 50.96 NOTE
r-patched-solaris-sparc 1.0 623.90 NOTE
r-patched-solaris-x86 1.0 132.10 NOTE
r-release-linux-x86_64 1.0 2.64 48.00 50.64 NOTE
r-release-osx-x86_64-mavericks 1.0 NOTE
r-release-osx-x86_64-snowleopard 1.0 NOTE
r-release-windows-ix86+x86_64 1.0 8.00 71.00 79.00 NOTE
r-oldrel-windows-ix86+x86_64 1.0 9.00 75.00 84.00 NOTE

Check Details

Version: 1.0
Check: dependencies in R code
Result: NOTE
    'library' or 'require' call to ‘mgcv’ which was already attached by Depends.
     Please remove these calls from your code.
Flavors: r-devel-linux-x86_64-debian-clang, r-devel-linux-x86_64-debian-gcc, r-devel-linux-x86_64-fedora-clang, r-devel-linux-x86_64-fedora-gcc, r-devel-osx-x86_64-clang, r-devel-windows-ix86+x86_64, r-patched-linux-x86_64, r-patched-solaris-sparc, r-patched-solaris-x86, r-release-linux-x86_64, r-release-osx-x86_64-mavericks, r-release-osx-x86_64-snowleopard, r-release-windows-ix86+x86_64, r-oldrel-windows-ix86+x86_64

Version: 1.0
Check: R code for possible problems
Result: NOTE
    ageprofile: no visible global function definition for ‘predict.gam’
    ageprofile: no visible global function definition for ‘summary.gam’
    ageprofile: no visible global function definition for ‘anova.gam’
Flavors: r-devel-linux-x86_64-debian-clang, r-devel-linux-x86_64-debian-gcc, r-devel-linux-x86_64-fedora-clang, r-devel-linux-x86_64-fedora-gcc, r-devel-osx-x86_64-clang, r-devel-windows-ix86+x86_64, r-patched-linux-x86_64, r-patched-solaris-sparc, r-patched-solaris-x86, r-release-linux-x86_64, r-release-osx-x86_64-mavericks, r-release-osx-x86_64-snowleopard, r-release-windows-ix86+x86_64, r-oldrel-windows-ix86+x86_64