CRAN Package Check Results for Package MAPLES

Last updated on 2015-04-28 11:48:28.

Flavor Version Tinstall Tcheck Ttotal Status Flags
r-devel-linux-x86_64-debian-clang 1.0 2.60 49.22 51.82 NOTE
r-devel-linux-x86_64-debian-gcc 1.0 2.82 46.31 49.13 NOTE
r-devel-linux-x86_64-fedora-clang 1.0 104.79 NOTE
r-devel-linux-x86_64-fedora-gcc 1.0 99.05 NOTE
r-devel-osx-x86_64-clang 1.0 86.41 NOTE
r-devel-windows-ix86+x86_64 1.0 8.00 68.00 76.00 NOTE
r-patched-linux-x86_64 1.0 2.56 46.93 49.48 NOTE
r-patched-solaris-sparc 1.0 620.70 NOTE
r-patched-solaris-x86 1.0 131.70 NOTE
r-release-linux-x86_64 1.0 2.62 45.82 48.44 NOTE
r-release-osx-x86_64-mavericks 1.0 NOTE
r-release-osx-x86_64-snowleopard 1.0 NOTE
r-release-windows-ix86+x86_64 1.0 7.00 77.00 84.00 NOTE
r-oldrel-windows-ix86+x86_64 1.0 9.00 83.00 92.00 NOTE

Check Details

Version: 1.0
Check: dependencies in R code
Result: NOTE
    'library' or 'require' call to ‘mgcv’ which was already attached by Depends.
     Please remove these calls from your code.
Flavors: r-devel-linux-x86_64-debian-clang, r-devel-linux-x86_64-debian-gcc, r-devel-linux-x86_64-fedora-clang, r-devel-linux-x86_64-fedora-gcc, r-devel-osx-x86_64-clang, r-devel-windows-ix86+x86_64, r-patched-linux-x86_64, r-patched-solaris-sparc, r-patched-solaris-x86, r-release-linux-x86_64, r-release-osx-x86_64-mavericks, r-release-osx-x86_64-snowleopard, r-release-windows-ix86+x86_64, r-oldrel-windows-ix86+x86_64

Version: 1.0
Check: R code for possible problems
Result: NOTE
    ageprofile: no visible global function definition for ‘predict.gam’
    ageprofile: no visible global function definition for ‘summary.gam’
    ageprofile: no visible global function definition for ‘anova.gam’
Flavors: r-devel-linux-x86_64-debian-clang, r-devel-linux-x86_64-debian-gcc, r-devel-linux-x86_64-fedora-clang, r-devel-linux-x86_64-fedora-gcc, r-devel-osx-x86_64-clang, r-devel-windows-ix86+x86_64, r-patched-linux-x86_64, r-patched-solaris-sparc, r-patched-solaris-x86, r-release-linux-x86_64, r-release-osx-x86_64-mavericks, r-release-osx-x86_64-snowleopard, r-release-windows-ix86+x86_64, r-oldrel-windows-ix86+x86_64