CRAN Package Check Results for Package MAPLES

Last updated on 2014-12-18 11:50:08.

Flavor Version Tinstall Tcheck Ttotal Status Flags
r-devel-linux-x86_64-debian-clang 1.0 3.29 53.26 56.56 NOTE
r-devel-linux-x86_64-debian-gcc 1.0 3.25 52.12 55.37 NOTE
r-devel-linux-x86_64-fedora-clang 1.0 133.23 NOTE
r-devel-linux-x86_64-fedora-gcc 1.0 122.52 NOTE
r-devel-osx-x86_64-clang 1.0 108.35 NOTE
r-devel-windows-ix86+x86_64 1.0 13.00 74.00 87.00 NOTE
r-patched-linux-x86_64 1.0 4.11 56.38 60.50 NOTE
r-patched-solaris-sparc 1.0 736.20 NOTE
r-patched-solaris-x86 1.0 164.90 NOTE
r-release-linux-ix86 1.0 3.94 66.80 70.74 NOTE
r-release-linux-x86_64 1.0 3.43 56.05 59.48 NOTE
r-release-osx-x86_64-mavericks 1.0 NOTE
r-release-osx-x86_64-snowleopard 1.0 ERROR
r-release-windows-ix86+x86_64 1.0 10.00 82.00 92.00 NOTE
r-oldrel-windows-ix86+x86_64 1.0 10.00 72.00 82.00 NOTE

Check Details

Version: 1.0
Check: dependencies in R code
Result: NOTE
    'library' or 'require' call to ‘mgcv’ which was already attached by Depends.
     Please remove these calls from your code.
    See the information on DESCRIPTION files in the chapter ‘Creating R
    packages’ of the ‘Writing R Extensions’ manual.
Flavors: r-devel-linux-x86_64-debian-clang, r-devel-linux-x86_64-debian-gcc, r-devel-linux-x86_64-fedora-clang, r-devel-linux-x86_64-fedora-gcc, r-devel-osx-x86_64-clang, r-devel-windows-ix86+x86_64, r-patched-linux-x86_64, r-patched-solaris-sparc, r-patched-solaris-x86, r-release-linux-ix86, r-release-linux-x86_64, r-release-osx-x86_64-mavericks, r-release-windows-ix86+x86_64, r-oldrel-windows-ix86+x86_64

Version: 1.0
Check: R code for possible problems
Result: NOTE
    ageprofile: no visible global function definition for ‘predict.gam’
    ageprofile: no visible global function definition for ‘summary.gam’
    ageprofile: no visible global function definition for ‘anova.gam’
Flavors: r-devel-linux-x86_64-debian-clang, r-devel-linux-x86_64-debian-gcc, r-devel-linux-x86_64-fedora-clang, r-devel-linux-x86_64-fedora-gcc, r-devel-osx-x86_64-clang, r-devel-windows-ix86+x86_64, r-patched-linux-x86_64, r-patched-solaris-sparc, r-patched-solaris-x86, r-release-linux-ix86, r-release-linux-x86_64, r-release-windows-ix86+x86_64

Version: 1.0
Check: whether package can be installed
Result: ERROR
    Installation failed.
Flavor: r-release-osx-x86_64-snowleopard