CRAN Package Check Results for Package MAPLES

Last updated on 2015-01-26 01:48:48.

Flavor Version Tinstall Tcheck Ttotal Status Flags
r-devel-linux-x86_64-debian-clang 1.0 3.18 51.08 54.26 NOTE
r-devel-linux-x86_64-debian-gcc 1.0 3.09 51.24 54.33 NOTE
r-devel-linux-x86_64-fedora-clang 1.0 132.39 NOTE
r-devel-linux-x86_64-fedora-gcc 1.0 129.03 NOTE
r-devel-osx-x86_64-clang 1.0 107.07 NOTE
r-devel-windows-ix86+x86_64 1.0 12.00 78.00 90.00 NOTE
r-patched-linux-x86_64 1.0 3.44 55.50 58.94 NOTE
r-patched-solaris-sparc 1.0 735.20 NOTE
r-patched-solaris-x86 1.0 165.70 NOTE
r-release-linux-ix86 1.0 4.00 66.88 70.88 NOTE
r-release-linux-x86_64 1.0 3.41 58.46 61.88 NOTE
r-release-osx-x86_64-mavericks 1.0 NOTE
r-release-osx-x86_64-snowleopard 1.0 ERROR
r-release-windows-ix86+x86_64 1.0 9.00 83.00 92.00 NOTE
r-oldrel-windows-ix86+x86_64 1.0 9.00 72.00 81.00 NOTE

Check Details

Version: 1.0
Check: dependencies in R code
Result: NOTE
    'library' or 'require' call to ‘mgcv’ which was already attached by Depends.
     Please remove these calls from your code.
Flavors: r-devel-linux-x86_64-debian-clang, r-devel-linux-x86_64-debian-gcc, r-devel-linux-x86_64-fedora-clang, r-devel-linux-x86_64-fedora-gcc, r-devel-osx-x86_64-clang, r-devel-windows-ix86+x86_64

Version: 1.0
Check: R code for possible problems
Result: NOTE
    ageprofile: no visible global function definition for ‘predict.gam’
    ageprofile: no visible global function definition for ‘summary.gam’
    ageprofile: no visible global function definition for ‘anova.gam’
Flavors: r-devel-linux-x86_64-debian-clang, r-devel-linux-x86_64-debian-gcc, r-devel-linux-x86_64-fedora-clang, r-devel-linux-x86_64-fedora-gcc, r-devel-osx-x86_64-clang, r-devel-windows-ix86+x86_64, r-patched-linux-x86_64, r-patched-solaris-sparc, r-patched-solaris-x86, r-release-linux-ix86, r-release-linux-x86_64, r-release-osx-x86_64-mavericks, r-release-windows-ix86+x86_64

Version: 1.0
Check: dependencies in R code
Result: NOTE
    'library' or 'require' call to ‘mgcv’ which was already attached by Depends.
     Please remove these calls from your code.
    See the information on DESCRIPTION files in the chapter ‘Creating R
    packages’ of the ‘Writing R Extensions’ manual.
Flavors: r-patched-linux-x86_64, r-patched-solaris-sparc, r-patched-solaris-x86, r-release-linux-ix86, r-release-linux-x86_64, r-release-osx-x86_64-mavericks, r-release-windows-ix86+x86_64, r-oldrel-windows-ix86+x86_64

Version: 1.0
Check: whether package can be installed
Result: ERROR
    Installation failed.
Flavor: r-release-osx-x86_64-snowleopard