CRAN Package Check Results for Package MAPLES

Last updated on 2014-07-25 19:50:15.

Flavor Version Tinstall Tcheck Ttotal Status Flags
r-devel-linux-x86_64-debian-clang 1.0 3.62 55.32 58.93 NOTE
r-devel-linux-x86_64-debian-gcc 1.0 3.53 54.59 58.12 NOTE
r-devel-linux-x86_64-fedora-clang 1.0 137.77 NOTE
r-devel-linux-x86_64-fedora-gcc 1.0 129.50 NOTE
r-devel-osx-x86_64-clang 1.0 106.64 NOTE
r-devel-windows-ix86+x86_64 1.0 9.00 78.00 87.00 NOTE
r-patched-linux-x86_64 1.0 3.34 56.56 59.90 NOTE
r-patched-solaris-sparc 1.0 721.50 NOTE
r-patched-solaris-x86 1.0 164.90 NOTE
r-release-linux-ix86 1.0 4.08 68.82 72.90 NOTE
r-release-linux-x86_64 1.0 4.99 56.54 61.53 NOTE
r-release-osx-x86_64-mavericks 1.0 NOTE
r-release-osx-x86_64-snowleopard 1.0 ERROR
r-release-windows-ix86+x86_64 1.0 8.00 82.00 90.00 NOTE
r-oldrel-windows-ix86+x86_64 1.0 8.00 71.00 79.00 NOTE

Check Details

Version: 1.0
Check: dependencies in R code
Result: NOTE
    'library' or 'require' call to ‘mgcv’ which was already attached by Depends.
     Please remove these calls from your code.
    See the information on DESCRIPTION files in the chapter ‘Creating R
    packages’ of the ‘Writing R Extensions’ manual.
Flavors: r-devel-linux-x86_64-debian-clang, r-devel-linux-x86_64-debian-gcc, r-devel-linux-x86_64-fedora-clang, r-devel-linux-x86_64-fedora-gcc, r-devel-osx-x86_64-clang, r-devel-windows-ix86+x86_64, r-patched-linux-x86_64, r-patched-solaris-sparc, r-patched-solaris-x86, r-release-linux-ix86, r-release-linux-x86_64, r-release-osx-x86_64-mavericks, r-release-windows-ix86+x86_64, r-oldrel-windows-ix86+x86_64

Version: 1.0
Check: whether package can be installed
Result: ERROR
    Installation failed.
    See ‘/Volumes/XT3/Builds/R-dev-web/QA/Simon/packages/snowleopard-x86_64/results/3.1/MAPLES.Rcheck/00install.out’ for details.
Flavor: r-release-osx-x86_64-snowleopard