CRAN Package Check Results for Package MAPLES

Last updated on 2015-03-05 02:47:42.

Flavor Version Tinstall Tcheck Ttotal Status Flags
r-devel-linux-x86_64-debian-clang 1.0 2.68 49.45 52.14 NOTE
r-devel-linux-x86_64-debian-gcc 1.0 2.49 45.32 47.81 NOTE
r-devel-linux-x86_64-fedora-clang 1.0 103.62 NOTE
r-devel-linux-x86_64-fedora-gcc 1.0 98.16 NOTE
r-devel-osx-x86_64-clang 1.0 91.52 NOTE
r-devel-windows-ix86+x86_64 1.0 7.00 76.00 83.00 NOTE
r-patched-linux-x86_64 1.0 4.28 56.59 60.87 NOTE
r-patched-solaris-sparc 1.0 771.50 NOTE
r-patched-solaris-x86 1.0 166.70 NOTE
r-release-linux-ix86 1.0 4.46 74.39 78.85 NOTE
r-release-linux-x86_64 1.0 3.97 57.18 61.16 NOTE
r-release-osx-x86_64-mavericks 1.0 NOTE
r-release-osx-x86_64-snowleopard 1.0 ERROR
r-release-windows-ix86+x86_64 1.0 10.00 82.00 92.00 NOTE
r-oldrel-windows-ix86+x86_64 1.0 10.00 73.00 83.00 NOTE

Check Details

Version: 1.0
Check: dependencies in R code
Result: NOTE
    'library' or 'require' call to ‘mgcv’ which was already attached by Depends.
     Please remove these calls from your code.
Flavors: r-devel-linux-x86_64-debian-clang, r-devel-linux-x86_64-debian-gcc, r-devel-linux-x86_64-fedora-clang, r-devel-linux-x86_64-fedora-gcc, r-devel-osx-x86_64-clang, r-devel-windows-ix86+x86_64, r-patched-linux-x86_64, r-patched-solaris-sparc, r-patched-solaris-x86

Version: 1.0
Check: R code for possible problems
Result: NOTE
    ageprofile: no visible global function definition for ‘predict.gam’
    ageprofile: no visible global function definition for ‘summary.gam’
    ageprofile: no visible global function definition for ‘anova.gam’
Flavors: r-devel-linux-x86_64-debian-clang, r-devel-linux-x86_64-debian-gcc, r-devel-linux-x86_64-fedora-clang, r-devel-linux-x86_64-fedora-gcc, r-devel-osx-x86_64-clang, r-devel-windows-ix86+x86_64, r-patched-linux-x86_64, r-patched-solaris-sparc, r-patched-solaris-x86, r-release-linux-ix86, r-release-linux-x86_64, r-release-osx-x86_64-mavericks, r-release-windows-ix86+x86_64

Version: 1.0
Check: dependencies in R code
Result: NOTE
    'library' or 'require' call to ‘mgcv’ which was already attached by Depends.
     Please remove these calls from your code.
    See the information on DESCRIPTION files in the chapter ‘Creating R
    packages’ of the ‘Writing R Extensions’ manual.
Flavors: r-release-linux-ix86, r-release-linux-x86_64, r-release-osx-x86_64-mavericks, r-release-windows-ix86+x86_64, r-oldrel-windows-ix86+x86_64

Version: 1.0
Check: whether package can be installed
Result: ERROR
    Installation failed.
Flavor: r-release-osx-x86_64-snowleopard