CRAN Package Check Results for Package MAPLES

Last updated on 2015-07-05 22:47:32.

Flavor Version Tinstall Tcheck Ttotal Status Flags
r-devel-linux-x86_64-debian-clang 1.0 2.95 46.36 49.31 NOTE
r-devel-linux-x86_64-debian-gcc 1.0 2.57 46.46 49.04 NOTE
r-devel-linux-x86_64-fedora-clang 1.0 102.57 NOTE
r-devel-linux-x86_64-fedora-gcc 1.0 95.70 NOTE
r-devel-osx-x86_64-clang 1.0 86.89 NOTE
r-devel-windows-ix86+x86_64 1.0 11.00 79.00 90.00 NOTE
r-patched-linux-x86_64 1.0 2.60 46.18 48.78 NOTE
r-patched-solaris-sparc 1.0 623.90 NOTE
r-patched-solaris-x86 1.0 133.70 NOTE
r-release-linux-x86_64 1.0 2.68 46.47 49.15 NOTE
r-release-osx-x86_64-mavericks 1.0 NOTE
r-release-windows-ix86+x86_64 1.0 10.00 107.00 117.00 NOTE
r-oldrel-windows-ix86+x86_64 1.0 13.00 88.00 101.00 NOTE

Check Details

Version: 1.0
Check: dependencies in R code
Result: NOTE
    'library' or 'require' call to ‘mgcv’ which was already attached by Depends.
     Please remove these calls from your code.
Flavors: r-devel-linux-x86_64-debian-clang, r-devel-linux-x86_64-debian-gcc, r-devel-linux-x86_64-fedora-clang, r-devel-linux-x86_64-fedora-gcc, r-devel-osx-x86_64-clang, r-devel-windows-ix86+x86_64, r-patched-linux-x86_64, r-patched-solaris-sparc, r-patched-solaris-x86, r-release-linux-x86_64, r-release-osx-x86_64-mavericks, r-release-windows-ix86+x86_64, r-oldrel-windows-ix86+x86_64

Version: 1.0
Check: R code for possible problems
Result: NOTE
    ageprofile: no visible global function definition for ‘model.frame’
    ageprofile: no visible binding for global variable ‘poisson’
    ageprofile: no visible global function definition for ‘predict.gam’
    ageprofile: no visible global function definition for ‘as.formula’
    ageprofile: no visible global function definition for ‘summary.gam’
    ageprofile: no visible global function definition for ‘contrasts<-’
    ageprofile: no visible global function definition for ‘anova.gam’
    plotap: no visible global function definition for ‘dev.new’
    plotap: no visible global function definition for ‘plot’
    plotap: no visible global function definition for ‘lines’
    plotap: no visible global function definition for ‘points’
    plotap: no visible global function definition for ‘legend’
    splitter: no visible global function definition for ‘reshape’
    tabm: no visible global function definition for ‘coef’
    tabm: no visible global function definition for ‘AIC’
    Undefined global functions or variables:
     AIC anova.gam as.formula coef contrasts<- dev.new legend lines
     model.frame plot points poisson predict.gam reshape summary.gam
Flavors: r-devel-linux-x86_64-debian-clang, r-devel-linux-x86_64-debian-gcc, r-devel-linux-x86_64-fedora-clang, r-devel-linux-x86_64-fedora-gcc, r-devel-windows-ix86+x86_64

Version: 1.0
Check: R code for possible problems
Result: NOTE
    ageprofile: no visible global function definition for ‘predict.gam’
    ageprofile: no visible global function definition for ‘summary.gam’
    ageprofile: no visible global function definition for ‘anova.gam’
    Undefined global functions or variables:
     anova.gam predict.gam summary.gam
Flavor: r-devel-osx-x86_64-clang

Version: 1.0
Check: R code for possible problems
Result: NOTE
    ageprofile: no visible global function definition for ‘predict.gam’
    ageprofile: no visible global function definition for ‘summary.gam’
    ageprofile: no visible global function definition for ‘anova.gam’
Flavors: r-patched-linux-x86_64, r-patched-solaris-sparc, r-patched-solaris-x86, r-release-linux-x86_64, r-release-osx-x86_64-mavericks, r-release-windows-ix86+x86_64, r-oldrel-windows-ix86+x86_64