CRAN Package Check Results for Package MAPLES

Last updated on 2014-04-24 23:48:06.

Flavor Version Tinstall Tcheck Ttotal Status Flags
r-devel-linux-x86_64-debian-clang 1.0 3.81 59.45 63.26 NOTE
r-devel-linux-x86_64-debian-gcc 1.0 3.90 57.98 61.88 NOTE
r-devel-linux-x86_64-fedora-clang 1.0 136.16 NOTE
r-devel-linux-x86_64-fedora-gcc 1.0 131.46 NOTE
r-devel-osx-x86_64-clang 1.0 107.40 NOTE
r-devel-osx-x86_64-gcc 1.0 NOTE
r-devel-windows-ix86+x86_64 1.0 9.00 75.00 84.00 NOTE
r-patched-linux-x86_64 1.0 3.56 60.25 63.81 NOTE
r-patched-solaris-sparc 1.0 721.50 NOTE
r-patched-solaris-x86 1.0 162.10 NOTE
r-release-linux-ix86 1.0 5.00 89.00 94.00 NOTE
r-release-linux-x86_64 1.0 3.54 58.68 62.22 NOTE
r-release-osx-x86_64-mavericks 1.0 NOTE
r-release-osx-x86_64-snowleopard 1.0 ERROR
r-release-windows-ix86+x86_64 1.0 9.00 82.00 91.00 NOTE
r-oldrel-windows-ix86+x86_64 1.0 11.00 71.00 82.00 NOTE

Check Details

Version: 1.0
Check: dependencies in R code
Result: NOTE
    'library' or 'require' call to ‘mgcv’ which was already attached by Depends.
     Please remove these calls from your code.
    See the information on DESCRIPTION files in the chapter ‘Creating R
    packages’ of the ‘Writing R Extensions’ manual.
Flavors: r-devel-linux-x86_64-debian-clang, r-devel-linux-x86_64-debian-gcc, r-devel-linux-x86_64-fedora-clang, r-devel-linux-x86_64-fedora-gcc, r-devel-osx-x86_64-clang, r-devel-osx-x86_64-gcc, r-devel-windows-ix86+x86_64, r-patched-linux-x86_64, r-patched-solaris-sparc, r-patched-solaris-x86, r-release-linux-ix86, r-release-linux-x86_64, r-release-osx-x86_64-mavericks, r-release-windows-ix86+x86_64, r-oldrel-windows-ix86+x86_64

Version: 1.0
Check: whether package can be installed
Result: ERROR
    Installation failed.
    See ‘/Volumes/XT3/Builds/R-dev-web/QA/Simon/packages/snowleopard-x86_64/results/3.1/MAPLES.Rcheck/00install.out’ for details.
Flavor: r-release-osx-x86_64-snowleopard