CRAN Package Check Results for Package MAPLES

Last updated on 2016-09-28 05:48:20.

Flavor Version Tinstall Tcheck Ttotal Status Flags
r-devel-linux-x86_64-debian-clang 1.0 2.13 44.92 47.05 NOTE
r-devel-linux-x86_64-debian-gcc 1.0 2.20 47.06 49.25 NOTE
r-devel-linux-x86_64-fedora-clang 1.0 100.66 NOTE
r-devel-linux-x86_64-fedora-gcc 1.0 100.11 NOTE
r-devel-macos-x86_64-clang 1.0 72.17 NOTE
r-devel-windows-ix86+x86_64 1.0 9.00 99.00 108.00 NOTE
r-patched-linux-x86_64 1.0 2.54 43.17 45.71 NOTE
r-patched-solaris-sparc 1.0 594.40 NOTE
r-patched-solaris-x86 1.0 119.80 NOTE
r-release-linux-x86_64 1.0 2.41 43.20 45.61 NOTE
r-release-osx-x86_64-mavericks 1.0 NOTE
r-release-windows-ix86+x86_64 1.0 8.00 79.00 87.00 NOTE
r-oldrel-windows-ix86+x86_64 1.0 10.00 108.00 118.00 NOTE

Check Details

Version: 1.0
Check: dependencies in R code
Result: NOTE
    'library' or 'require' call to ‘mgcv’ which was already attached by Depends.
     Please remove these calls from your code.
Flavors: r-devel-linux-x86_64-debian-clang, r-devel-linux-x86_64-debian-gcc, r-devel-linux-x86_64-fedora-clang, r-devel-linux-x86_64-fedora-gcc, r-devel-macos-x86_64-clang, r-devel-windows-ix86+x86_64, r-patched-linux-x86_64, r-patched-solaris-sparc, r-patched-solaris-x86, r-release-linux-x86_64, r-release-osx-x86_64-mavericks, r-release-windows-ix86+x86_64, r-oldrel-windows-ix86+x86_64

Version: 1.0
Check: R code for possible problems
Result: NOTE
    ageprofile: no visible global function definition for ‘model.frame’
    ageprofile: no visible binding for global variable ‘poisson’
    ageprofile: no visible global function definition for ‘predict.gam’
    ageprofile: no visible global function definition for ‘as.formula’
    ageprofile: no visible global function definition for ‘summary.gam’
    ageprofile: no visible global function definition for ‘contrasts<-’
    ageprofile: no visible global function definition for ‘anova.gam’
    plotap: no visible global function definition for ‘dev.new’
    plotap: no visible global function definition for ‘plot’
    plotap: no visible global function definition for ‘lines’
    plotap: no visible global function definition for ‘points’
    plotap: no visible global function definition for ‘legend’
    splitter: no visible global function definition for ‘reshape’
    tabm: no visible global function definition for ‘coef’
    tabm: no visible global function definition for ‘AIC’
    Undefined global functions or variables:
     AIC anova.gam as.formula coef contrasts<- dev.new legend lines
     model.frame plot points poisson predict.gam reshape summary.gam
    Consider adding
     importFrom("grDevices", "dev.new")
     importFrom("graphics", "legend", "lines", "plot", "points")
     importFrom("stats", "AIC", "as.formula", "coef", "contrasts<-",
     "model.frame", "poisson", "reshape")
    to your NAMESPACE file.
Flavors: r-devel-linux-x86_64-debian-clang, r-devel-linux-x86_64-debian-gcc, r-devel-linux-x86_64-fedora-clang, r-devel-linux-x86_64-fedora-gcc, r-devel-macos-x86_64-clang, r-devel-windows-ix86+x86_64, r-patched-linux-x86_64, r-patched-solaris-sparc, r-patched-solaris-x86, r-release-linux-x86_64, r-release-osx-x86_64-mavericks, r-release-windows-ix86+x86_64

Version: 1.0
Check: R code for possible problems
Result: NOTE
    ageprofile: no visible global function definition for 'predict.gam'
    ageprofile: no visible global function definition for 'summary.gam'
    ageprofile: no visible global function definition for 'anova.gam'
Flavor: r-oldrel-windows-ix86+x86_64