CRAN Package Check Results for Package MAPLES

Last updated on 2014-11-24 19:50:26.

Flavor Version Tinstall Tcheck Ttotal Status Flags
r-devel-linux-x86_64-debian-clang 1.0 3.59 53.00 56.59 NOTE
r-devel-linux-x86_64-debian-gcc 1.0 3.19 51.69 54.88 NOTE
r-devel-linux-x86_64-fedora-clang 1.0 133.60 NOTE
r-devel-linux-x86_64-fedora-gcc 1.0 127.14 NOTE
r-devel-osx-x86_64-clang 1.0 108.43 NOTE
r-devel-windows-ix86+x86_64 1.0 9.00 71.00 80.00 NOTE
r-patched-linux-x86_64 1.0 3.46 57.26 60.71 NOTE
r-patched-solaris-sparc 1.0 736.20 NOTE
r-patched-solaris-x86 1.0 164.70 NOTE
r-release-linux-ix86 1.0 4.02 66.88 70.90 NOTE
r-release-linux-x86_64 1.0 3.39 56.87 60.26 NOTE
r-release-osx-x86_64-mavericks 1.0 NOTE
r-release-osx-x86_64-snowleopard 1.0 ERROR
r-release-windows-ix86+x86_64 1.0 9.00 86.00 95.00 NOTE
r-oldrel-windows-ix86+x86_64 1.0 10.00 71.00 81.00 NOTE

Check Details

Version: 1.0
Check: dependencies in R code
Result: NOTE
    'library' or 'require' call to ‘mgcv’ which was already attached by Depends.
     Please remove these calls from your code.
    See the information on DESCRIPTION files in the chapter ‘Creating R
    packages’ of the ‘Writing R Extensions’ manual.
Flavors: r-devel-linux-x86_64-debian-clang, r-devel-linux-x86_64-debian-gcc, r-devel-linux-x86_64-fedora-clang, r-devel-linux-x86_64-fedora-gcc, r-devel-osx-x86_64-clang, r-devel-windows-ix86+x86_64, r-patched-linux-x86_64, r-patched-solaris-sparc, r-patched-solaris-x86, r-release-linux-ix86, r-release-linux-x86_64, r-release-osx-x86_64-mavericks, r-release-windows-ix86+x86_64, r-oldrel-windows-ix86+x86_64

Version: 1.0
Check: R code for possible problems
Result: NOTE
    ageprofile: no visible global function definition for ‘predict.gam’
    ageprofile: no visible global function definition for ‘summary.gam’
    ageprofile: no visible global function definition for ‘anova.gam’
Flavors: r-devel-linux-x86_64-debian-clang, r-devel-linux-x86_64-debian-gcc, r-devel-linux-x86_64-fedora-clang, r-devel-linux-x86_64-fedora-gcc, r-devel-osx-x86_64-clang, r-devel-windows-ix86+x86_64, r-patched-linux-x86_64, r-patched-solaris-sparc, r-patched-solaris-x86, r-release-linux-ix86, r-release-linux-x86_64, r-release-windows-ix86+x86_64

Version: 1.0
Check: whether package can be installed
Result: ERROR
    Installation failed.
Flavor: r-release-osx-x86_64-snowleopard