CRAN Package Check Results for Package MAPLES

Last updated on 2014-09-22 21:47:08.

Flavor Version Tinstall Tcheck Ttotal Status Flags
r-devel-linux-x86_64-debian-clang 1.0 4.66 54.99 59.66 NOTE
r-devel-linux-x86_64-debian-gcc 1.0 3.20 52.02 55.22 NOTE
r-devel-linux-x86_64-fedora-clang 1.0 132.44 NOTE
r-devel-linux-x86_64-fedora-gcc 1.0 124.11 NOTE
r-devel-osx-x86_64-clang 1.0 100.36 NOTE
r-devel-windows-ix86+x86_64 1.0 9.00 78.00 87.00 NOTE
r-patched-linux-x86_64 1.0 4.29 56.25 60.54 NOTE
r-patched-solaris-sparc 1.0 762.10 NOTE
r-patched-solaris-x86 1.0 167.30 NOTE
r-release-linux-ix86 1.0 4.19 70.20 74.38 NOTE
r-release-linux-x86_64 1.0 3.63 55.76 59.40 NOTE
r-release-osx-x86_64-mavericks 1.0 NOTE
r-release-osx-x86_64-snowleopard 1.0 ERROR
r-release-windows-ix86+x86_64 1.0 9.00 81.00 90.00 NOTE
r-oldrel-windows-ix86+x86_64 1.0 9.00 74.00 83.00 NOTE

Check Details

Version: 1.0
Check: dependencies in R code
Result: NOTE
    'library' or 'require' call to ‘mgcv’ which was already attached by Depends.
     Please remove these calls from your code.
    See the information on DESCRIPTION files in the chapter ‘Creating R
    packages’ of the ‘Writing R Extensions’ manual.
Flavors: r-devel-linux-x86_64-debian-clang, r-devel-linux-x86_64-debian-gcc, r-devel-linux-x86_64-fedora-clang, r-devel-linux-x86_64-fedora-gcc, r-devel-osx-x86_64-clang, r-devel-windows-ix86+x86_64, r-patched-linux-x86_64, r-patched-solaris-sparc, r-patched-solaris-x86, r-release-linux-ix86, r-release-linux-x86_64, r-release-osx-x86_64-mavericks, r-release-windows-ix86+x86_64, r-oldrel-windows-ix86+x86_64

Version: 1.0
Check: R code for possible problems
Result: NOTE
    ageprofile: no visible global function definition for ‘predict.gam’
    ageprofile: no visible global function definition for ‘summary.gam’
    ageprofile: no visible global function definition for ‘anova.gam’
Flavors: r-devel-linux-x86_64-debian-clang, r-devel-linux-x86_64-debian-gcc, r-devel-linux-x86_64-fedora-clang, r-devel-linux-x86_64-fedora-gcc, r-devel-osx-x86_64-clang, r-devel-windows-ix86+x86_64

Version: 1.0
Check: whether package can be installed
Result: ERROR
    Installation failed.
Flavor: r-release-osx-x86_64-snowleopard