CRAN Package Check Results for Package MAPLES

Last updated on 2018-05-21 11:50:20 CEST.

Flavor Version Tinstall Tcheck Ttotal Status Flags
r-devel-linux-x86_64-debian-clang 1.0 5.53 75.54 81.07 NOTE
r-devel-linux-x86_64-debian-gcc 1.0 3.76 63.72 67.48 NOTE
r-devel-linux-x86_64-fedora-clang 1.0 106.81 NOTE
r-devel-linux-x86_64-fedora-gcc 1.0 109.62 NOTE
r-devel-windows-ix86+x86_64 1.0 12.00 85.00 97.00 NOTE
r-patched-linux-x86_64 1.0 5.05 75.18 80.23 NOTE
r-patched-solaris-x86 1.0 139.30 NOTE
r-release-linux-x86_64 1.0 4.59 74.26 78.85 NOTE
r-release-windows-ix86+x86_64 1.0 11.00 115.00 126.00 NOTE
r-release-osx-x86_64 1.0 NOTE
r-oldrel-windows-ix86+x86_64 1.0 7.00 114.00 121.00 NOTE
r-oldrel-osx-x86_64 1.0 NOTE

Check Details

Version: 1.0
Check: dependencies in R code
Result: NOTE
    'library' or 'require' call to ‘mgcv’ which was already attached by Depends.
     Please remove these calls from your code.
Flavors: r-devel-linux-x86_64-debian-clang, r-devel-linux-x86_64-debian-gcc, r-devel-linux-x86_64-fedora-clang, r-devel-linux-x86_64-fedora-gcc, r-devel-windows-ix86+x86_64, r-patched-linux-x86_64, r-patched-solaris-x86, r-release-linux-x86_64, r-release-windows-ix86+x86_64, r-release-osx-x86_64, r-oldrel-windows-ix86+x86_64, r-oldrel-osx-x86_64

Version: 1.0
Check: R code for possible problems
Result: NOTE
    ageprofile: no visible global function definition for ‘model.frame’
    ageprofile: no visible binding for global variable ‘poisson’
    ageprofile: no visible global function definition for ‘predict.gam’
    ageprofile: no visible global function definition for ‘as.formula’
    ageprofile: no visible global function definition for ‘summary.gam’
    ageprofile: no visible global function definition for ‘contrasts<-’
    ageprofile: no visible global function definition for ‘anova.gam’
    plotap: no visible global function definition for ‘dev.new’
    plotap: no visible global function definition for ‘plot’
    plotap: no visible global function definition for ‘lines’
    plotap: no visible global function definition for ‘points’
    plotap: no visible global function definition for ‘legend’
    splitter: no visible global function definition for ‘reshape’
    tabm: no visible global function definition for ‘coef’
    tabm: no visible global function definition for ‘AIC’
    Undefined global functions or variables:
     AIC anova.gam as.formula coef contrasts<- dev.new legend lines
     model.frame plot points poisson predict.gam reshape summary.gam
    Consider adding
     importFrom("grDevices", "dev.new")
     importFrom("graphics", "legend", "lines", "plot", "points")
     importFrom("stats", "AIC", "as.formula", "coef", "contrasts<-",
     "model.frame", "poisson", "reshape")
    to your NAMESPACE file.
Flavors: r-devel-linux-x86_64-debian-clang, r-devel-linux-x86_64-debian-gcc, r-devel-linux-x86_64-fedora-clang, r-devel-linux-x86_64-fedora-gcc, r-devel-windows-ix86+x86_64, r-patched-linux-x86_64, r-patched-solaris-x86, r-release-linux-x86_64, r-release-windows-ix86+x86_64, r-release-osx-x86_64, r-oldrel-windows-ix86+x86_64, r-oldrel-osx-x86_64