CRAN Package Check Results for Package MAR1

Last updated on 2014-04-17 02:47:49.

Flavor Version Tinstall Tcheck Ttotal Status Flags
r-devel-linux-x86_64-debian-clang 1.0 0.94 22.51 23.45 NOTE
r-devel-linux-x86_64-debian-gcc 1.0 0.95 22.80 23.75 NOTE
r-devel-linux-x86_64-fedora-clang 1.0 43.98 NOTE
r-devel-linux-x86_64-fedora-gcc 1.0 42.44 NOTE
r-devel-macosx-x86_64-clang 1.0 46.82 NOTE
r-devel-macosx-x86_64-gcc 1.0 NOTE
r-devel-windows-ix86+x86_64 1.0 3.00 30.00 33.00 NOTE
r-patched-linux-x86_64 1.0 0.95 22.84 23.78 NOTE
r-patched-solaris-sparc 1.0 257.00 NOTE
r-patched-solaris-x86 1.0 69.10 NOTE
r-release-linux-ix86 1.0 2.00 43.00 45.00 NOTE
r-release-linux-x86_64 1.0 0.95 22.39 23.34 NOTE
r-release-macosx-x86_64 1.0 NOTE
r-release-windows-ix86+x86_64 1.0 4.00 32.00 36.00 NOTE
r-oldrel-windows-ix86+x86_64 1.0 4.00 33.00 37.00 NOTE

Check Details

Version: 1.0
Check: dependencies in R code
Result: NOTE
    Unexported object imported by a ':::' call: ‘MARSS:::is.diagonal’
     See the note in ?`:::` about the use of this operator.
    See the information on DESCRIPTION files in the chapter ‘Creating R
    packages’ of the ‘Writing R Extensions’ manual.
Flavors: r-devel-linux-x86_64-debian-clang, r-devel-linux-x86_64-debian-gcc, r-devel-linux-x86_64-fedora-clang, r-devel-linux-x86_64-fedora-gcc, r-devel-macosx-x86_64-clang, r-devel-macosx-x86_64-gcc, r-devel-windows-ix86+x86_64, r-patched-linux-x86_64, r-patched-solaris-sparc, r-patched-solaris-x86, r-release-linux-ix86, r-release-linux-x86_64, r-release-macosx-x86_64, r-release-windows-ix86+x86_64, r-oldrel-windows-ix86+x86_64