CRAN Package Check Results for Package MAR1

Last updated on 2014-10-20 22:46:39.

Flavor Version Tinstall Tcheck Ttotal Status Flags
r-devel-linux-x86_64-debian-clang 1.0 0.90 21.28 22.19 NOTE
r-devel-linux-x86_64-debian-gcc 1.0 0.90 21.47 22.37 NOTE
r-devel-linux-x86_64-fedora-clang 1.0 43.80 NOTE
r-devel-linux-x86_64-fedora-gcc 1.0 40.60 NOTE
r-devel-osx-x86_64-clang 1.0 48.27 NOTE
r-devel-windows-ix86+x86_64 1.0 3.00 31.00 34.00 NOTE
r-patched-linux-x86_64 1.0 0.92 21.64 22.57 NOTE
r-patched-solaris-sparc 1.0 264.50 NOTE
r-patched-solaris-x86 1.0 60.50 NOTE
r-release-linux-ix86 1.0 1.37 31.55 32.92 NOTE
r-release-linux-x86_64 1.0 0.93 22.48 23.41 NOTE
r-release-osx-x86_64-mavericks 1.0 NOTE
r-release-osx-x86_64-snowleopard 1.0 NOTE
r-release-windows-ix86+x86_64 1.0 3.00 34.00 37.00 NOTE
r-oldrel-windows-ix86+x86_64 1.0 4.00 33.00 37.00 NOTE

Check Details

Version: 1.0
Check: dependencies in R code
Result: NOTE
    Package in Depends field not imported from: ‘tcltk’
     These packages need to be imported from (in the NAMESPACE file)
     for when this namespace is loaded but not attached.
    Unexported object imported by a ':::' call: ‘MARSS:::is.diagonal’
     See the note in ?`:::` about the use of this operator.
    See the information on DESCRIPTION files in the chapter ‘Creating R
    packages’ of the ‘Writing R Extensions’ manual.
Flavors: r-devel-linux-x86_64-debian-clang, r-devel-linux-x86_64-debian-gcc, r-devel-linux-x86_64-fedora-clang, r-devel-linux-x86_64-fedora-gcc, r-devel-osx-x86_64-clang, r-devel-windows-ix86+x86_64, r-patched-linux-x86_64, r-patched-solaris-sparc, r-patched-solaris-x86

Version: 1.0
Check: R code for possible problems
Result: NOTE
    bestfit.search.exhaustive.true: no visible global function definition
     for ‘tktoplevel’
    bestfit.search.exhaustive.true: no visible global function definition
     for ‘tkwm.geometry’
    bestfit.search.exhaustive.true: no visible global function definition
     for ‘tkwm.title’
    bestfit.search.exhaustive.true: no visible global function definition
     for ‘tklabel’
    bestfit.search.exhaustive.true: no visible global function definition
     for ‘ttkprogressbar’
    bestfit.search.exhaustive.true: no visible global function definition
     for ‘tkgrid’
    bestfit.search.exhaustive.true: no visible global function definition
     for ‘tkgrid.columnconfigure’
    bestfit.search.exhaustive.true: no visible global function definition
     for ‘tkconfigure’
    bestfit.search.exhaustive.true: no visible global function definition
     for ‘tkdestroy’
    bestfit.search.random: no visible global function definition for
     ‘tclVar’
    bestfit.search.random: no visible global function definition for
     ‘tktoplevel’
    bestfit.search.random: no visible global function definition for
     ‘tkwm.geometry’
    bestfit.search.random: no visible global function definition for
     ‘tkwm.title’
    bestfit.search.random: no visible global function definition for
     ‘tklabel’
    bestfit.search.random: no visible global function definition for
     ‘ttkprogressbar’
    bestfit.search.random: no visible global function definition for
     ‘tkgrid’
    bestfit.search.random: no visible global function definition for
     ‘tkbutton’
    bestfit.search.random: no visible global function definition for
     ‘tkfont.create’
    bestfit.search.random : <anonymous>: no visible global function
     definition for ‘tclvalue<-’
    bestfit.search.random: no visible global function definition for
     ‘tkgrid.columnconfigure’
    bestfit.search.random: no visible global function definition for
     ‘tkconfigure’
    bestfit.search.random: no visible global function definition for
     ‘tclvalue’
    bestfit.search.random: no visible global function definition for
     ‘tkdestroy’
    fun.restrict.BC: no visible global function definition for ‘tktoplevel’
    fun.restrict.BC: no visible global function definition for ‘tkwm.title’
    fun.restrict.BC: no visible global function definition for ‘tkframe’
    fun.restrict.BC: no visible global function definition for
     ‘tkfont.create’
    fun.restrict.BC: no visible global function definition for ‘tclVar’
    fun.restrict.BC: no visible global function definition for ‘tclvalue’
    fun.restrict.BC: no visible global function definition for ‘tkbutton’
    fun.restrict.BC: no visible global function definition for
     ‘tkconfigure’
    fun.restrict.BC : <anonymous>: no visible global function definition
     for ‘tclvalue<-’
    fun.restrict.BC: no visible global function definition for ‘tkbind’
    fun.restrict.BC: no visible global function definition for ‘tkgrid’
    fun.restrict.BC: no visible global function definition for ‘tklabel’
    fun.restrict.BC: no visible global function definition for
     ‘tkwm.geometry’
    fun.restrict.BC: no visible global function definition for
     ‘tkgrid.rowconfigure’
    fun.restrict.BC: no visible global function definition for ‘tkfocus’
    fun.restrict.BC: no visible global function definition for
     ‘tkwait.variable’
    fun.restrict.BC: no visible global function definition for ‘tkdestroy’
    fun.set.variables: no visible global function definition for
     ‘tktoplevel’
    fun.set.variables: no visible global function definition for
     ‘tkwm.geometry’
    fun.set.variables: no visible global function definition for
     ‘tkwm.title’
    fun.set.variables: no visible global function definition for ‘tkframe’
    fun.set.variables: no visible global function definition for
     ‘tkfont.create’
    fun.set.variables: no visible global function definition for ‘tkgrid’
    fun.set.variables: no visible global function definition for ‘tklabel’
    fun.set.variables: no visible global function definition for ‘tclVar’
    fun.set.variables: no visible global function definition for ‘tclvalue’
    fun.set.variables : func.1: no visible global function definition for
     ‘tclvalue<-’
    fun.set.variables: no visible global function definition for ‘tkbutton’
    fun.set.variables: no visible global function definition for
     ‘tkconfigure’
    fun.set.variables: no visible global function definition for
     ‘tkgrid.configure’
    fun.set.variables: no visible global function definition for
     ‘tkgrid.columnconfigure’
    fun.set.variables : <anonymous>: no visible global function definition
     for ‘tclvalue<-’
    fun.set.variables: no visible global function definition for ‘tkbind’
    fun.set.variables: no visible global function definition for
     ‘tkwait.variable’
    fun.set.variables: no visible global function definition for
     ‘tkdestroy’
    ss.mar1: no visible global function definition for ‘MARSS’
Flavors: r-devel-linux-x86_64-debian-clang, r-devel-linux-x86_64-debian-gcc, r-devel-linux-x86_64-fedora-clang, r-devel-linux-x86_64-fedora-gcc, r-devel-osx-x86_64-clang, r-devel-windows-ix86+x86_64, r-patched-linux-x86_64, r-patched-solaris-sparc, r-patched-solaris-x86

Version: 1.0
Check: dependencies in R code
Result: NOTE
    Unexported object imported by a ':::' call: ‘MARSS:::is.diagonal’
     See the note in ?`:::` about the use of this operator.
    See the information on DESCRIPTION files in the chapter ‘Creating R
    packages’ of the ‘Writing R Extensions’ manual.
Flavors: r-release-linux-ix86, r-release-linux-x86_64, r-release-osx-x86_64-mavericks, r-release-osx-x86_64-snowleopard, r-release-windows-ix86+x86_64, r-oldrel-windows-ix86+x86_64