CRAN Package Check Results for Package MAR1

Last updated on 2014-07-22 17:48:32.

Flavor Version Tinstall Tcheck Ttotal Status Flags
r-devel-linux-x86_64-debian-clang 1.0 0.89 21.94 22.83 NOTE
r-devel-linux-x86_64-debian-gcc 1.0 0.94 22.35 23.30 NOTE
r-devel-linux-x86_64-fedora-clang 1.0 45.50 NOTE
r-devel-linux-x86_64-fedora-gcc 1.0 42.56 NOTE
r-devel-osx-x86_64-clang 1.0 45.36 NOTE
r-devel-windows-ix86+x86_64 1.0 4.00 30.00 34.00 NOTE
r-patched-linux-x86_64 1.0 0.89 21.66 22.55 NOTE
r-patched-solaris-sparc 1.0 257.00 NOTE
r-patched-solaris-x86 1.0 59.60 NOTE
r-release-linux-ix86 1.0 1.37 31.26 32.64 NOTE
r-release-linux-x86_64 1.0 0.91 21.34 22.25 NOTE
r-release-osx-x86_64-mavericks 1.0 NOTE
r-release-osx-x86_64-snowleopard 1.0 NOTE
r-release-windows-ix86+x86_64 1.0 4.00 35.00 39.00 NOTE
r-oldrel-windows-ix86+x86_64 1.0 4.00 35.00 39.00 NOTE

Check Details

Version: 1.0
Check: dependencies in R code
Result: NOTE
    Unexported object imported by a ':::' call: ‘MARSS:::is.diagonal’
     See the note in ?`:::` about the use of this operator.
    See the information on DESCRIPTION files in the chapter ‘Creating R
    packages’ of the ‘Writing R Extensions’ manual.
Flavors: r-devel-linux-x86_64-debian-clang, r-devel-linux-x86_64-debian-gcc, r-devel-linux-x86_64-fedora-clang, r-devel-linux-x86_64-fedora-gcc, r-devel-osx-x86_64-clang, r-devel-windows-ix86+x86_64, r-patched-linux-x86_64, r-patched-solaris-sparc, r-patched-solaris-x86, r-release-linux-ix86, r-release-linux-x86_64, r-release-osx-x86_64-mavericks, r-release-osx-x86_64-snowleopard, r-release-windows-ix86+x86_64, r-oldrel-windows-ix86+x86_64