CRAN Package Check Results for Package MARSANNhybrid

Last updated on 2022-09-27 03:55:56 CEST.

Flavor Version Tinstall Tcheck Ttotal Status Flags
r-devel-linux-x86_64-debian-clang 0.1.0 1.68 25.99 27.67 NOTE
r-devel-linux-x86_64-debian-gcc 0.1.0 1.91 20.16 22.07 NOTE
r-devel-linux-x86_64-fedora-clang 0.1.0 46.63 NOTE
r-devel-linux-x86_64-fedora-gcc 0.1.0 44.47 NOTE
r-devel-windows-x86_64 0.1.0 8.00 51.00 59.00 NOTE
r-patched-linux-x86_64 0.1.0 2.35 25.48 27.83 NOTE
r-release-linux-x86_64 0.1.0 2.03 24.73 26.76 NOTE
r-release-macos-arm64 0.1.0 17.00 NOTE
r-release-macos-x86_64 0.1.0 21.00 NOTE
r-release-windows-x86_64 0.1.0 9.00 51.00 60.00 NOTE
r-oldrel-macos-arm64 0.1.0 21.00 NOTE
r-oldrel-macos-x86_64 0.1.0 27.00 NOTE
r-oldrel-windows-ix86+x86_64 0.1.0 6.00 50.00 56.00 NOTE

Check Details

Version: 0.1.0
Check: LazyData
Result: NOTE
     'LazyData' is specified without a 'data' directory
Flavors: r-devel-linux-x86_64-debian-clang, r-devel-linux-x86_64-debian-gcc, r-devel-linux-x86_64-fedora-clang, r-devel-linux-x86_64-fedora-gcc, r-devel-windows-x86_64, r-patched-linux-x86_64, r-release-linux-x86_64, r-release-macos-arm64, r-release-macos-x86_64, r-release-windows-x86_64, r-oldrel-macos-arm64, r-oldrel-macos-x86_64, r-oldrel-windows-ix86+x86_64