CRAN Package Check Results for Package MARSS

Last updated on 2014-07-24 17:49:03.

Flavor Version Tinstall Tcheck Ttotal Status Flags
r-devel-linux-x86_64-debian-clang 3.9 1.86 69.59 71.45 OK
r-devel-linux-x86_64-debian-gcc 3.9 1.97 64.20 66.18 OK
r-devel-linux-x86_64-fedora-clang 3.9 200.16 OK
r-devel-linux-x86_64-fedora-gcc 3.9 193.27 OK
r-devel-osx-x86_64-clang 3.9 121.56 OK
r-devel-windows-ix86+x86_64 3.9 5.00 95.00 100.00 OK
r-patched-linux-x86_64 3.9 3.02 67.87 70.90 OK
r-patched-solaris-sparc 3.9 702.30 OK
r-patched-solaris-x86 3.9 217.80 OK
r-release-linux-ix86 3.9 2.29 80.78 83.06 OK
r-release-linux-x86_64 3.9 1.98 63.78 65.75 OK
r-release-osx-x86_64-mavericks 3.9 NOTE
r-release-osx-x86_64-snowleopard 3.9 OK
r-release-windows-ix86+x86_64 3.9 5.00 97.00 102.00 OK
r-oldrel-windows-ix86+x86_64 3.9 6.00 93.00 99.00 OK

Check Details

Version: 3.9
Check: re-building of vignette outputs
Result: NOTE
    Error in re-building vignettes:
     ...
    Error in texi2dvi(file = file, pdf = TRUE, clean = clean, quiet = quiet, :
     Running 'texi2dvi' on 'EMDerivation.tex' failed.
    LaTeX errors:
    ! LaTeX Error: File `fullpage.sty' not found.
    
    Type X to quit or <RETURN> to proceed,
    or enter new name. (Default extension: sty)
    
    est/MARSS/vignettes/EMDerivation.tex:5: ==> Fatal error occurred, no output PD
    F file produced!
    Calls: buildVignettes -> texi2pdf -> texi2dvi
    Execution halted
Flavor: r-release-osx-x86_64-mavericks