CRAN Package Check Results for Package MARSS

Last updated on 2014-04-24 09:49:04.

Flavor Version Tinstall Tcheck Ttotal Status Flags
r-devel-linux-x86_64-debian-clang 3.9 2.00 66.32 68.32 OK
r-devel-linux-x86_64-debian-gcc 3.9 1.91 66.64 68.55 OK
r-devel-linux-x86_64-fedora-clang 3.9 199.83 OK
r-devel-linux-x86_64-fedora-gcc 3.9 192.90 OK
r-devel-osx-x86_64-clang 3.9 119.51 OK
r-devel-osx-x86_64-gcc 3.9 NOTE
r-devel-windows-ix86+x86_64 3.9 5.00 90.00 95.00 OK
r-patched-linux-x86_64 3.9 2.18 67.10 69.28 OK
r-patched-solaris-sparc 3.9 702.30 OK
r-patched-solaris-x86 3.9 159.10 OK
r-release-linux-ix86 3.9 3.00 105.00 108.00 OK
r-release-linux-x86_64 3.9 1.95 71.06 73.02 OK
r-release-osx-x86_64-mavericks 3.9 WARN
r-release-osx-x86_64-snowleopard 3.9 OK
r-release-windows-ix86+x86_64 3.9 5.00 97.00 102.00 OK
r-oldrel-windows-ix86+x86_64 3.9 7.00 96.00 103.00 OK

Check Details

Version: 3.9
Check: package dependencies
Result: NOTE
    Package suggested but not available for checking: ‘Hmisc’
Flavor: r-devel-osx-x86_64-gcc

Version: 3.9
Check: R code for possible problems
Result: NOTE
    get.mat.tex : tmp.fun: no visible global function definition for
     ‘latexTranslate’
    get.mat.tex: no visible global function definition for ‘latexTabular’
    toLatex.marssMODEL: no visible global function definition for ‘sys’
Flavor: r-devel-osx-x86_64-gcc

Version: 3.9
Check: re-building of vignette outputs
Result: NOTE
    Error in re-building vignettes:
     ...
    Error in texi2dvi(file = file, pdf = TRUE, clean = clean, quiet = quiet, :
     Running 'texi2dvi' on 'EMDerivation.tex' failed.
    LaTeX errors:
    ! LaTeX Error: File `fullpage.sty' not found.
    
    Type X to quit or <RETURN> to proceed,
    or enter new name. (Default extension: sty)
    
    est/MARSS/vignettes/EMDerivation.tex:5: ==> Fatal error occurred, no output PD
    F file produced!
    Calls: buildVignettes -> texi2pdf -> texi2dvi
    Execution halted
Flavor: r-release-osx-x86_64-mavericks

Version: 3.9
Check: PDF version of manual
Result: WARNING
    LaTeX errors when creating PDF version.
    This typically indicates Rd problems.
    LaTeX errors found:
    ! LaTeX Error: File `upquote.sty' not found.
    
    Type X to quit or <RETURN> to proceed,
    or enter new name. (Default extension: sty)
    
    1cc97efd/Rd2.tex:8: ==> Fatal error occurred, no output PDF file produced!
Flavor: r-release-osx-x86_64-mavericks