CRAN Package Check Results for Package MARSS

Last updated on 2017-12-11 11:54:54 CET.

Flavor Version Tinstall Tcheck Ttotal Status Flags
r-devel-linux-x86_64-debian-clang 3.9 2.03 119.46 121.49 NOTE
r-devel-linux-x86_64-debian-gcc 3.9 1.97 103.35 105.32 NOTE
r-devel-linux-x86_64-fedora-clang 3.9 156.96 NOTE
r-devel-linux-x86_64-fedora-gcc 3.9 154.15 NOTE
r-devel-windows-ix86+x86_64 3.9 8.00 161.00 169.00 NOTE
r-patched-linux-x86_64 3.9 2.24 138.23 140.47 NOTE
r-patched-solaris-x86 3.9 147.70 NOTE
r-release-linux-x86_64 3.9 2.52 134.66 137.18 NOTE
r-release-windows-ix86+x86_64 3.9 4.00 132.00 136.00 NOTE
r-release-osx-x86_64 3.9 NOTE
r-oldrel-windows-ix86+x86_64 3.9 9.00 108.00 117.00 NOTE
r-oldrel-osx-x86_64 3.9 NOTE

Check Details

Version: 3.9
Check: dependencies in R code
Result: NOTE
    'library' or 'require' calls in package code:
     ‘Hmisc’ ‘stringr’
     Please use :: or requireNamespace() instead.
     See section 'Suggested packages' in the 'Writing R Extensions' manual.
Flavors: r-devel-linux-x86_64-debian-clang, r-devel-linux-x86_64-debian-gcc, r-devel-linux-x86_64-fedora-clang, r-devel-linux-x86_64-fedora-gcc, r-devel-windows-ix86+x86_64, r-patched-linux-x86_64, r-patched-solaris-x86, r-release-linux-x86_64, r-release-windows-ix86+x86_64, r-release-osx-x86_64, r-oldrel-windows-ix86+x86_64, r-oldrel-osx-x86_64

Version: 3.9
Check: R code for possible problems
Result: NOTE
    CSEGtmufigure: no visible global function definition for ‘contourLines’
    build.eqn.tex: no visible global function definition for ‘str_detect’
    build.eqn.tex: no visible global function definition for ‘str_trim’
    get.mat.tex : tmp.fun: no visible global function definition for
     ‘latexTranslate’
    get.mat.tex : tmp.fun.2: no visible global function definition for
     ‘str_replace_all’
    get.mat.tex: no visible global function definition for ‘latexTabular’
    get.mat.tex: no visible global function definition for
     ‘str_replace_all’
    parameters.time.varying: no visible global function definition for
     ‘str_detect’
    parameters.time.varying: no visible global function definition for
     ‘str_trim’
    toLatex.marssMODEL: no visible global function definition for
     ‘str_detect’
    toLatex.marssMODEL: no visible global function definition for
     ‘str_trim’
    toLatex.marssMODEL: no visible global function definition for ‘str_sub’
    toLatex.marssMODEL: no visible global function definition for ‘sys’
    toLatex.marssMODEL: no visible global function definition for
     ‘str_replace’
    Undefined global functions or variables:
     contourLines latexTabular latexTranslate str_detect str_replace
     str_replace_all str_sub str_trim sys
    Consider adding
     importFrom("grDevices", "contourLines")
    to your NAMESPACE file.
Flavors: r-devel-linux-x86_64-debian-clang, r-devel-linux-x86_64-debian-gcc, r-devel-linux-x86_64-fedora-clang, r-devel-linux-x86_64-fedora-gcc, r-devel-windows-ix86+x86_64, r-patched-linux-x86_64, r-patched-solaris-x86, r-release-linux-x86_64, r-release-windows-ix86+x86_64, r-release-osx-x86_64, r-oldrel-windows-ix86+x86_64, r-oldrel-osx-x86_64

Version: 3.9
Check: re-building of vignette outputs
Result: NOTE
    Error in re-building vignettes:
     ...
    Error in texi2dvi(file = file, pdf = TRUE, clean = clean, quiet = quiet, :
     Running 'texi2dvi' on 'EMDerivation.tex' failed.
    LaTeX errors:
    ! LaTeX Error: File `fullpage.sty' not found.
    
    Type X to quit or <RETURN> to proceed,
    or enter new name. (Default extension: sty)
    
    ! Emergency stop.
    <read *>
    
    l.5 ^^M
    
    ! ==> Fatal error occurred, no output PDF file produced!
    Calls: buildVignettes -> texi2pdf -> texi2dvi
    Execution halted
Flavor: r-release-osx-x86_64