CRAN Package Check Results for Package MARSS

Last updated on 2020-09-29 05:50:14 CEST.

Flavor Version Tinstall Tcheck Ttotal Status Flags
r-devel-linux-x86_64-debian-clang 3.11.1 24.34 251.77 276.11 OK
r-devel-linux-x86_64-debian-gcc 3.11.1 17.30 184.04 201.34 OK
r-devel-linux-x86_64-fedora-clang 3.11.1 323.43 OK
r-devel-linux-x86_64-fedora-gcc 3.11.1 316.90 OK
r-devel-windows-ix86+x86_64 3.11.1 35.00 256.00 291.00 OK
r-patched-linux-x86_64 3.11.1 18.30 238.31 256.61 OK
r-patched-solaris-x86 3.11.1 330.50 NOTE
r-release-linux-x86_64 3.11.1 19.95 240.29 260.24 OK
r-release-macos-x86_64 3.11.1 OK
r-release-windows-ix86+x86_64 3.11.1 42.00 253.00 295.00 OK
r-oldrel-macos-x86_64 3.11.1 OK
r-oldrel-windows-ix86+x86_64 3.11.1 32.00 266.00 298.00 OK

Check Details

Version: 3.11.1
Check: installed package size
Result: NOTE
     installed size is 5.0Mb
     sub-directories of 1Mb or more:
     doc 3.5Mb
Flavor: r-patched-solaris-x86