CRAN Package Check Results for Package MARSS

Last updated on 2017-03-27 18:49:55.

Flavor Version Tinstall Tcheck Ttotal Status Flags
r-devel-linux-x86_64-debian-clang 3.9 1.62 84.44 86.06 NOTE
r-devel-linux-x86_64-debian-gcc 3.9 1.68 84.34 86.02 NOTE
r-devel-linux-x86_64-fedora-clang 3.9 157.64 NOTE --no-stop-on-test-error
r-devel-linux-x86_64-fedora-gcc 3.9 154.81 NOTE --no-stop-on-test-error
r-devel-macos-x86_64-clang 3.9 107.65 NOTE --no-stop-on-test-error
r-devel-windows-ix86+x86_64 3.9 6.00 117.00 123.00 NOTE
r-patched-linux-x86_64 3.9 1.69 85.83 87.52 NOTE
r-patched-solaris-sparc 3.9 816.10 NOTE
r-patched-solaris-x86 3.9 149.10 NOTE
r-release-linux-x86_64 3.9 1.57 78.41 79.98 NOTE
r-release-osx-x86_64-mavericks 3.9 NOTE
r-release-windows-ix86+x86_64 3.9 9.00 129.00 138.00 NOTE
r-oldrel-windows-ix86+x86_64 3.9 6.00 124.00 130.00 NOTE

Check Details

Version: 3.9
Check: dependencies in R code
Result: NOTE
    'library' or 'require' calls in package code:
     ‘Hmisc’ ‘stringr’
     Please use :: or requireNamespace() instead.
     See section 'Suggested packages' in the 'Writing R Extensions' manual.
Flavors: r-devel-linux-x86_64-debian-clang, r-devel-linux-x86_64-debian-gcc, r-devel-windows-ix86+x86_64, r-patched-linux-x86_64, r-patched-solaris-sparc, r-patched-solaris-x86, r-release-linux-x86_64, r-release-osx-x86_64-mavericks, r-release-windows-ix86+x86_64, r-oldrel-windows-ix86+x86_64

Version: 3.9
Check: R code for possible problems
Result: NOTE
    CSEGtmufigure: no visible global function definition for ‘contourLines’
    build.eqn.tex: no visible global function definition for ‘str_detect’
    build.eqn.tex: no visible global function definition for ‘str_trim’
    get.mat.tex : tmp.fun: no visible global function definition for
     ‘latexTranslate’
    get.mat.tex : tmp.fun.2: no visible global function definition for
     ‘str_replace_all’
    get.mat.tex: no visible global function definition for ‘latexTabular’
    get.mat.tex: no visible global function definition for
     ‘str_replace_all’
    parameters.time.varying: no visible global function definition for
     ‘str_detect’
    parameters.time.varying: no visible global function definition for
     ‘str_trim’
    toLatex.marssMODEL: no visible global function definition for
     ‘str_detect’
    toLatex.marssMODEL: no visible global function definition for
     ‘str_trim’
    toLatex.marssMODEL: no visible global function definition for ‘str_sub’
    toLatex.marssMODEL: no visible global function definition for ‘sys’
    toLatex.marssMODEL: no visible global function definition for
     ‘str_replace’
    Undefined global functions or variables:
     contourLines latexTabular latexTranslate str_detect str_replace
     str_replace_all str_sub str_trim sys
    Consider adding
     importFrom("grDevices", "contourLines")
    to your NAMESPACE file.
Flavors: r-devel-linux-x86_64-debian-clang, r-devel-linux-x86_64-debian-gcc, r-devel-windows-ix86+x86_64, r-patched-linux-x86_64, r-patched-solaris-sparc, r-patched-solaris-x86, r-release-linux-x86_64, r-release-osx-x86_64-mavericks, r-release-windows-ix86+x86_64

Version: 3.9
Flags: --no-stop-on-test-error
Check: dependencies in R code
Result: NOTE
    'library' or 'require' calls in package code:
     ‘Hmisc’ ‘stringr’
     Please use :: or requireNamespace() instead.
     See section 'Suggested packages' in the 'Writing R Extensions' manual.
Flavors: r-devel-linux-x86_64-fedora-clang, r-devel-linux-x86_64-fedora-gcc, r-devel-macos-x86_64-clang

Version: 3.9
Flags: --no-stop-on-test-error
Check: R code for possible problems
Result: NOTE
    CSEGtmufigure: no visible global function definition for ‘contourLines’
    build.eqn.tex: no visible global function definition for ‘str_detect’
    build.eqn.tex: no visible global function definition for ‘str_trim’
    get.mat.tex : tmp.fun: no visible global function definition for
     ‘latexTranslate’
    get.mat.tex : tmp.fun.2: no visible global function definition for
     ‘str_replace_all’
    get.mat.tex: no visible global function definition for ‘latexTabular’
    get.mat.tex: no visible global function definition for
     ‘str_replace_all’
    parameters.time.varying: no visible global function definition for
     ‘str_detect’
    parameters.time.varying: no visible global function definition for
     ‘str_trim’
    toLatex.marssMODEL: no visible global function definition for
     ‘str_detect’
    toLatex.marssMODEL: no visible global function definition for
     ‘str_trim’
    toLatex.marssMODEL: no visible global function definition for ‘str_sub’
    toLatex.marssMODEL: no visible global function definition for ‘sys’
    toLatex.marssMODEL: no visible global function definition for
     ‘str_replace’
    Undefined global functions or variables:
     contourLines latexTabular latexTranslate str_detect str_replace
     str_replace_all str_sub str_trim sys
    Consider adding
     importFrom("grDevices", "contourLines")
    to your NAMESPACE file.
Flavors: r-devel-linux-x86_64-fedora-clang, r-devel-linux-x86_64-fedora-gcc, r-devel-macos-x86_64-clang

Version: 3.9
Check: R code for possible problems
Result: NOTE
    build.eqn.tex: no visible global function definition for 'str_detect'
    build.eqn.tex: no visible global function definition for 'str_trim'
    get.mat.tex : tmp.fun: no visible global function definition for
     'latexTranslate'
    get.mat.tex : tmp.fun.2: no visible global function definition for
     'str_replace_all'
    get.mat.tex: no visible global function definition for 'latexTabular'
    get.mat.tex: no visible global function definition for
     'str_replace_all'
    parameters.time.varying: no visible global function definition for
     'str_detect'
    parameters.time.varying: no visible global function definition for
     'str_trim'
    toLatex.marssMODEL: no visible global function definition for
     'str_detect'
    toLatex.marssMODEL: no visible global function definition for
     'str_trim'
    toLatex.marssMODEL: no visible global function definition for 'str_sub'
    toLatex.marssMODEL: no visible global function definition for 'sys'
    toLatex.marssMODEL: no visible global function definition for
     'str_replace'
Flavor: r-oldrel-windows-ix86+x86_64