CRAN Package Check Results for Package MARSS

Last updated on 2014-11-23 19:47:49.

Flavor Version Tinstall Tcheck Ttotal Status Flags
r-devel-linux-x86_64-debian-clang 3.9 1.87 76.24 78.11 NOTE
r-devel-linux-x86_64-debian-gcc 3.9 1.84 74.95 76.80 NOTE
r-devel-linux-x86_64-fedora-clang 3.9 155.22 NOTE
r-devel-linux-x86_64-fedora-gcc 3.9 149.48 NOTE
r-devel-osx-x86_64-clang 3.9 126.10 NOTE
r-devel-windows-ix86+x86_64 3.9 8.00 92.00 100.00 NOTE
r-patched-linux-x86_64 3.9 1.88 77.94 79.82 NOTE
r-patched-solaris-sparc 3.9 763.00 NOTE
r-patched-solaris-x86 3.9 151.20 NOTE
r-release-linux-ix86 3.9 2.24 79.02 81.26 NOTE
r-release-linux-x86_64 3.9 1.84 77.59 79.44 NOTE
r-release-osx-x86_64-mavericks 3.9 NOTE
r-release-osx-x86_64-snowleopard 3.9 OK
r-release-windows-ix86+x86_64 3.9 6.00 105.00 111.00 NOTE
r-oldrel-windows-ix86+x86_64 3.9 7.00 95.00 102.00 OK

Check Details

Version: 3.9
Check: R code for possible problems
Result: NOTE
    build.eqn.tex: no visible global function definition for ‘str_detect’
    build.eqn.tex: no visible global function definition for ‘str_trim’
    get.mat.tex : tmp.fun: no visible global function definition for
     ‘latexTranslate’
    get.mat.tex : tmp.fun.2: no visible global function definition for
     ‘str_replace_all’
    get.mat.tex: no visible global function definition for ‘latexTabular’
    get.mat.tex: no visible global function definition for
     ‘str_replace_all’
    parameters.time.varying: no visible global function definition for
     ‘str_detect’
    parameters.time.varying: no visible global function definition for
     ‘str_trim’
    toLatex.marssMODEL: no visible global function definition for
     ‘str_detect’
    toLatex.marssMODEL: no visible global function definition for
     ‘str_trim’
    toLatex.marssMODEL: no visible global function definition for ‘str_sub’
    toLatex.marssMODEL: no visible global function definition for ‘sys’
    toLatex.marssMODEL: no visible global function definition for
     ‘str_replace’
Flavors: r-devel-linux-x86_64-debian-clang, r-devel-linux-x86_64-debian-gcc, r-devel-linux-x86_64-fedora-clang, r-devel-linux-x86_64-fedora-gcc, r-devel-osx-x86_64-clang, r-devel-windows-ix86+x86_64, r-patched-linux-x86_64, r-patched-solaris-sparc, r-patched-solaris-x86, r-release-linux-ix86, r-release-linux-x86_64, r-release-windows-ix86+x86_64

Version: 3.9
Check: re-building of vignette outputs
Result: NOTE
    Error in re-building vignettes:
     ...
    Error in texi2dvi(file = file, pdf = TRUE, clean = clean, quiet = quiet, :
     Running 'texi2dvi' on 'EMDerivation.tex' failed.
    LaTeX errors:
    ! LaTeX Error: File `fullpage.sty' not found.
    
    Type X to quit or <RETURN> to proceed,
    or enter new name. (Default extension: sty)
    
    est/MARSS/vignettes/EMDerivation.tex:5: ==> Fatal error occurred, no output PD
    F file produced!
    Calls: buildVignettes -> texi2pdf -> texi2dvi
    Execution halted
Flavor: r-release-osx-x86_64-mavericks