CRAN Package Check Results for Package MARSS

Last updated on 2015-02-27 22:49:21.

Flavor Version Tinstall Tcheck Ttotal Status Flags
r-devel-linux-x86_64-debian-clang 3.9 1.50 72.80 74.29 NOTE
r-devel-linux-x86_64-debian-gcc 3.9 1.56 71.34 72.90 NOTE
r-devel-linux-x86_64-fedora-clang 3.9 146.62 NOTE
r-devel-linux-x86_64-fedora-gcc 3.9 134.07 NOTE
r-devel-osx-x86_64-clang 3.9 127.75 NOTE
r-devel-windows-ix86+x86_64 3.9 9.00 94.00 103.00 NOTE
r-patched-linux-x86_64 3.9 1.92 77.20 79.13 NOTE
r-patched-solaris-sparc 3.9 846.30 NOTE
r-patched-solaris-x86 NOTE
r-release-linux-ix86 3.9 2.40 96.50 98.90 NOTE
r-release-linux-x86_64 3.9 1.90 77.06 78.96 NOTE
r-release-osx-x86_64-mavericks 3.9 NOTE
r-release-osx-x86_64-snowleopard 3.9 OK
r-release-windows-ix86+x86_64 3.9 7.00 103.00 110.00 NOTE
r-oldrel-windows-ix86+x86_64 3.9 7.00 105.00 112.00 OK

Check Details

Version: 3.9
Check: dependencies in R code
Result: NOTE
    'library' or 'require' calls in package code:
     ‘Hmisc’ ‘stringr’
     Please use :: or requireNamespace() instead.
     See section 'Suggested packages' in the 'Writing R Extensions' manual.
Flavors: r-devel-linux-x86_64-debian-clang, r-devel-linux-x86_64-debian-gcc, r-devel-linux-x86_64-fedora-clang, r-devel-linux-x86_64-fedora-gcc, r-devel-osx-x86_64-clang, r-devel-windows-ix86+x86_64, r-patched-linux-x86_64, r-patched-solaris-sparc, r-patched-solaris-x86

Version: 3.9
Check: R code for possible problems
Result: NOTE
    build.eqn.tex: no visible global function definition for ‘str_detect’
    build.eqn.tex: no visible global function definition for ‘str_trim’
    get.mat.tex : tmp.fun: no visible global function definition for
     ‘latexTranslate’
    get.mat.tex : tmp.fun.2: no visible global function definition for
     ‘str_replace_all’
    get.mat.tex: no visible global function definition for ‘latexTabular’
    get.mat.tex: no visible global function definition for
     ‘str_replace_all’
    parameters.time.varying: no visible global function definition for
     ‘str_detect’
    parameters.time.varying: no visible global function definition for
     ‘str_trim’
    toLatex.marssMODEL: no visible global function definition for
     ‘str_detect’
    toLatex.marssMODEL: no visible global function definition for
     ‘str_trim’
    toLatex.marssMODEL: no visible global function definition for ‘str_sub’
    toLatex.marssMODEL: no visible global function definition for ‘sys’
    toLatex.marssMODEL: no visible global function definition for
     ‘str_replace’
Flavors: r-devel-linux-x86_64-debian-clang, r-devel-linux-x86_64-debian-gcc, r-devel-linux-x86_64-fedora-clang, r-devel-linux-x86_64-fedora-gcc, r-devel-osx-x86_64-clang, r-devel-windows-ix86+x86_64, r-patched-linux-x86_64, r-patched-solaris-sparc, r-patched-solaris-x86, r-release-linux-ix86, r-release-linux-x86_64, r-release-osx-x86_64-mavericks, r-release-windows-ix86+x86_64