CRAN Package Check Results for Package MARSS

Last updated on 2016-09-30 15:47:20.

Flavor Version Tinstall Tcheck Ttotal Status Flags
r-devel-linux-x86_64-debian-clang 3.9 1.65 81.47 83.12 NOTE
r-devel-linux-x86_64-debian-gcc 3.9 1.55 82.05 83.60 NOTE
r-devel-linux-x86_64-fedora-clang 3.9 175.10 NOTE
r-devel-linux-x86_64-fedora-gcc 3.9 148.91 NOTE
r-devel-macos-x86_64-clang 3.9 100.95 NOTE
r-devel-windows-ix86+x86_64 3.9 4.00 156.00 160.00 WARN
r-patched-linux-x86_64 3.9 1.44 76.83 78.27 NOTE
r-patched-solaris-sparc 3.9 739.70 NOTE
r-patched-solaris-x86 3.9 130.00 NOTE
r-release-linux-x86_64 3.9 1.59 77.11 78.70 NOTE
r-release-osx-x86_64-mavericks 3.9 NOTE
r-release-windows-ix86+x86_64 3.9 6.00 112.00 118.00 NOTE
r-oldrel-windows-ix86+x86_64 3.9 9.00 151.00 160.00 NOTE

Check Details

Version: 3.9
Check: dependencies in R code
Result: NOTE
    'library' or 'require' calls in package code:
     ‘Hmisc’ ‘stringr’
     Please use :: or requireNamespace() instead.
     See section 'Suggested packages' in the 'Writing R Extensions' manual.
Flavors: r-devel-linux-x86_64-debian-clang, r-devel-linux-x86_64-debian-gcc, r-devel-linux-x86_64-fedora-clang, r-devel-linux-x86_64-fedora-gcc, r-devel-macos-x86_64-clang, r-devel-windows-ix86+x86_64, r-patched-linux-x86_64, r-patched-solaris-sparc, r-patched-solaris-x86, r-release-linux-x86_64, r-release-osx-x86_64-mavericks, r-release-windows-ix86+x86_64, r-oldrel-windows-ix86+x86_64

Version: 3.9
Check: R code for possible problems
Result: NOTE
    CSEGtmufigure: no visible global function definition for ‘contourLines’
    build.eqn.tex: no visible global function definition for ‘str_detect’
    build.eqn.tex: no visible global function definition for ‘str_trim’
    get.mat.tex : tmp.fun: no visible global function definition for
     ‘latexTranslate’
    get.mat.tex : tmp.fun.2: no visible global function definition for
     ‘str_replace_all’
    get.mat.tex: no visible global function definition for ‘latexTabular’
    get.mat.tex: no visible global function definition for
     ‘str_replace_all’
    parameters.time.varying: no visible global function definition for
     ‘str_detect’
    parameters.time.varying: no visible global function definition for
     ‘str_trim’
    toLatex.marssMODEL: no visible global function definition for
     ‘str_detect’
    toLatex.marssMODEL: no visible global function definition for
     ‘str_trim’
    toLatex.marssMODEL: no visible global function definition for ‘str_sub’
    toLatex.marssMODEL: no visible global function definition for ‘sys’
    toLatex.marssMODEL: no visible global function definition for
     ‘str_replace’
    Undefined global functions or variables:
     contourLines latexTabular latexTranslate str_detect str_replace
     str_replace_all str_sub str_trim sys
    Consider adding
     importFrom("grDevices", "contourLines")
    to your NAMESPACE file.
Flavors: r-devel-linux-x86_64-debian-clang, r-devel-linux-x86_64-debian-gcc, r-devel-linux-x86_64-fedora-clang, r-devel-linux-x86_64-fedora-gcc, r-devel-macos-x86_64-clang, r-devel-windows-ix86+x86_64, r-patched-linux-x86_64, r-patched-solaris-sparc, r-patched-solaris-x86, r-release-linux-x86_64, r-release-osx-x86_64-mavericks, r-release-windows-ix86+x86_64

Version: 3.9
Check: files in ‘vignettes’
Result: WARN
    Files in the 'vignettes' directory newer than all files in 'inst/doc':
     'EMDerivation.Rnw', 'EMDerivation.bib', 'Quick_Start.Rnw',
     'UserGuide.Rnw'
Flavor: r-devel-windows-ix86+x86_64

Version: 3.9
Check: R code for possible problems
Result: NOTE
    build.eqn.tex: no visible global function definition for 'str_detect'
    build.eqn.tex: no visible global function definition for 'str_trim'
    get.mat.tex : tmp.fun: no visible global function definition for
     'latexTranslate'
    get.mat.tex : tmp.fun.2: no visible global function definition for
     'str_replace_all'
    get.mat.tex: no visible global function definition for 'latexTabular'
    get.mat.tex: no visible global function definition for
     'str_replace_all'
    parameters.time.varying: no visible global function definition for
     'str_detect'
    parameters.time.varying: no visible global function definition for
     'str_trim'
    toLatex.marssMODEL: no visible global function definition for
     'str_detect'
    toLatex.marssMODEL: no visible global function definition for
     'str_trim'
    toLatex.marssMODEL: no visible global function definition for 'str_sub'
    toLatex.marssMODEL: no visible global function definition for 'sys'
    toLatex.marssMODEL: no visible global function definition for
     'str_replace'
Flavor: r-oldrel-windows-ix86+x86_64