CRAN Package Check Results for Package MARSS

Last updated on 2014-10-21 11:50:14.

Flavor Version Tinstall Tcheck Ttotal Status Flags
r-devel-linux-x86_64-debian-clang 3.9 1.89 76.71 78.60 NOTE
r-devel-linux-x86_64-debian-gcc 3.9 1.87 75.68 77.55 NOTE
r-devel-linux-x86_64-fedora-clang 3.9 195.71 NOTE
r-devel-linux-x86_64-fedora-gcc 3.9 186.32 NOTE
r-devel-osx-x86_64-clang 3.9 125.06 NOTE
r-devel-windows-ix86+x86_64 3.9 6.00 88.00 94.00 NOTE
r-patched-linux-x86_64 3.9 1.89 78.39 80.28 NOTE
r-patched-solaris-sparc 3.9 763.00 NOTE
r-patched-solaris-x86 3.9 154.40 NOTE
r-release-linux-ix86 3.9 2.32 81.98 84.30 OK
r-release-linux-x86_64 3.9 1.97 78.67 80.64 OK
r-release-osx-x86_64-mavericks 3.9 NOTE
r-release-osx-x86_64-snowleopard 3.9 OK
r-release-windows-ix86+x86_64 3.9 6.00 98.00 104.00 OK
r-oldrel-windows-ix86+x86_64 3.9 6.00 97.00 103.00 OK

Check Details

Version: 3.9
Check: R code for possible problems
Result: NOTE
    build.eqn.tex: no visible global function definition for ‘str_detect’
    build.eqn.tex: no visible global function definition for ‘str_trim’
    get.mat.tex : tmp.fun: no visible global function definition for
     ‘latexTranslate’
    get.mat.tex : tmp.fun.2: no visible global function definition for
     ‘str_replace_all’
    get.mat.tex: no visible global function definition for ‘latexTabular’
    get.mat.tex: no visible global function definition for
     ‘str_replace_all’
    parameters.time.varying: no visible global function definition for
     ‘str_detect’
    parameters.time.varying: no visible global function definition for
     ‘str_trim’
    toLatex.marssMODEL: no visible global function definition for
     ‘str_detect’
    toLatex.marssMODEL: no visible global function definition for
     ‘str_trim’
    toLatex.marssMODEL: no visible global function definition for ‘str_sub’
    toLatex.marssMODEL: no visible global function definition for ‘sys’
    toLatex.marssMODEL: no visible global function definition for
     ‘str_replace’
Flavors: r-devel-linux-x86_64-debian-clang, r-devel-linux-x86_64-debian-gcc, r-devel-linux-x86_64-fedora-clang, r-devel-linux-x86_64-fedora-gcc, r-devel-osx-x86_64-clang, r-devel-windows-ix86+x86_64, r-patched-linux-x86_64, r-patched-solaris-sparc, r-patched-solaris-x86

Version: 3.9
Check: re-building of vignette outputs
Result: NOTE
    Error in re-building vignettes:
     ...
    Error in texi2dvi(file = file, pdf = TRUE, clean = clean, quiet = quiet, :
     Running 'texi2dvi' on 'EMDerivation.tex' failed.
    LaTeX errors:
    ! LaTeX Error: File `fullpage.sty' not found.
    
    Type X to quit or <RETURN> to proceed,
    or enter new name. (Default extension: sty)
    
    est/MARSS/vignettes/EMDerivation.tex:5: ==> Fatal error occurred, no output PD
    F file produced!
    Calls: buildVignettes -> texi2pdf -> texi2dvi
    Execution halted
Flavor: r-release-osx-x86_64-mavericks