CRAN Package Check Results for Package MARSS

Last updated on 2015-05-04 00:47:01.

Flavor Version Tinstall Tcheck Ttotal Status Flags
r-devel-linux-x86_64-debian-clang 3.9 1.53 71.42 72.95 NOTE
r-devel-linux-x86_64-debian-gcc 3.9 1.64 70.66 72.30 NOTE
r-devel-linux-x86_64-fedora-clang 3.9 150.80 NOTE
r-devel-linux-x86_64-fedora-gcc 3.9 142.51 NOTE
r-devel-osx-x86_64-clang 3.9 119.51 NOTE
r-devel-windows-ix86+x86_64 3.9 5.00 90.00 95.00 NOTE
r-patched-linux-x86_64 3.9 1.46 72.11 73.58 NOTE
r-patched-solaris-sparc 3.9 772.30 NOTE
r-patched-solaris-x86 3.9 139.30 NOTE
r-release-linux-x86_64 3.9 1.70 71.60 73.30 NOTE
r-release-osx-x86_64-mavericks 3.9 NOTE
r-release-osx-x86_64-snowleopard 3.9 NOTE
r-release-windows-ix86+x86_64 3.9 5.00 90.00 95.00 NOTE
r-oldrel-windows-ix86+x86_64 3.9 6.00 84.00 90.00 NOTE

Check Details

Version: 3.9
Check: dependencies in R code
Result: NOTE
    'library' or 'require' calls in package code:
     ‘Hmisc’ ‘stringr’
     Please use :: or requireNamespace() instead.
     See section 'Suggested packages' in the 'Writing R Extensions' manual.
Flavors: r-devel-linux-x86_64-debian-clang, r-devel-linux-x86_64-debian-gcc, r-devel-linux-x86_64-fedora-clang, r-devel-linux-x86_64-fedora-gcc, r-devel-osx-x86_64-clang, r-devel-windows-ix86+x86_64, r-patched-linux-x86_64, r-patched-solaris-sparc, r-patched-solaris-x86, r-release-linux-x86_64, r-release-osx-x86_64-mavericks, r-release-osx-x86_64-snowleopard, r-release-windows-ix86+x86_64, r-oldrel-windows-ix86+x86_64

Version: 3.9
Check: R code for possible problems
Result: NOTE
    build.eqn.tex: no visible global function definition for ‘str_detect’
    build.eqn.tex: no visible global function definition for ‘str_trim’
    get.mat.tex : tmp.fun: no visible global function definition for
     ‘latexTranslate’
    get.mat.tex : tmp.fun.2: no visible global function definition for
     ‘str_replace_all’
    get.mat.tex: no visible global function definition for ‘latexTabular’
    get.mat.tex: no visible global function definition for
     ‘str_replace_all’
    parameters.time.varying: no visible global function definition for
     ‘str_detect’
    parameters.time.varying: no visible global function definition for
     ‘str_trim’
    toLatex.marssMODEL: no visible global function definition for
     ‘str_detect’
    toLatex.marssMODEL: no visible global function definition for
     ‘str_trim’
    toLatex.marssMODEL: no visible global function definition for ‘str_sub’
    toLatex.marssMODEL: no visible global function definition for ‘sys’
    toLatex.marssMODEL: no visible global function definition for
     ‘str_replace’
Flavors: r-devel-linux-x86_64-debian-clang, r-devel-linux-x86_64-debian-gcc, r-devel-linux-x86_64-fedora-clang, r-devel-linux-x86_64-fedora-gcc, r-devel-osx-x86_64-clang, r-devel-windows-ix86+x86_64, r-patched-linux-x86_64, r-patched-solaris-sparc, r-patched-solaris-x86, r-release-linux-x86_64, r-release-osx-x86_64-mavericks, r-release-osx-x86_64-snowleopard, r-release-windows-ix86+x86_64, r-oldrel-windows-ix86+x86_64

Version: 3.9
Check: package dependencies
Result: NOTE
    Package suggested but not available for checking: ‘Hmisc’
Flavor: r-release-osx-x86_64-snowleopard