CRAN Package Check Results for Package MASSExtra

Last updated on 2024-04-25 07:59:57 CEST.

Flavor Version Tinstall Tcheck Ttotal Status Flags
r-devel-linux-x86_64-debian-clang 1.2.2 4.26 63.89 68.15 NOTE
r-devel-linux-x86_64-debian-gcc 1.2.2 3.06 48.96 52.02 NOTE
r-devel-linux-x86_64-fedora-clang 1.2.2 87.97 NOTE
r-devel-linux-x86_64-fedora-gcc 1.2.2 85.97 NOTE
r-devel-windows-x86_64 1.2.2 5.00 74.00 79.00 NOTE
r-patched-linux-x86_64 1.2.2 5.16 61.87 67.03 NOTE
r-release-linux-x86_64 1.2.2 4.56 60.90 65.46 OK
r-release-macos-arm64 1.2.2 32.00 NOTE
r-release-windows-x86_64 1.2.2 4.00 73.00 77.00 NOTE
r-oldrel-macos-arm64 1.2.2 33.00 OK
r-oldrel-macos-x86_64 1.2.2 53.00 OK
r-oldrel-windows-x86_64 1.2.2 6.00 79.00 85.00 OK

Check Details

Version: 1.2.2
Check: Rd files
Result: NOTE checkRd: (-1) hr_levels.Rd:9-12: Lost braces 9 | kernelBiweight <- function(x, mean = 0, sd = 1) { | ^ checkRd: (-1) hr_levels.Rd:33-36: Lost braces 33 | kernelCosine <- function(x, mean = 0, sd = 1) { | ^ checkRd: (-1) hr_levels.Rd:41-44: Lost braces 41 | kernelEpanechnikov <- function(x, mean = 0, sd = 1) { | ^ checkRd: (-1) hr_levels.Rd:58-61: Lost braces 58 | kernelOptCosine <- function(x, mean = 0, sd = 1) { | ^ checkRd: (-1) hr_levels.Rd:65-68: Lost braces 65 | kernelRectangular <- function(x, mean = 0, sd = 1) { | ^ checkRd: (-1) hr_levels.Rd:72-75: Lost braces 72 | kernelSquaredCosine <- function(x, mean = 0, sd = 1) { | ^ checkRd: (-1) hr_levels.Rd:79-82: Lost braces 79 | kernelTriangular <- function(x, mean = 0, sd = 1) { | ^ checkRd: (-1) hr_levels.Rd:86-89: Lost braces 86 | kernelTricube <- function(x, mean = 0, sd = 1) { | ^ checkRd: (-1) hr_levels.Rd:93-96: Lost braces 93 | kernelTriweight <- function(x, mean = 0, sd = 1) { | ^ checkRd: (-1) hr_levels.Rd:100-103: Lost braces 100 | kernelUniform <- function(x, mean = 0, sd = 1) { | ^ Flavors: r-devel-linux-x86_64-debian-clang, r-devel-linux-x86_64-debian-gcc, r-devel-linux-x86_64-fedora-clang, r-devel-linux-x86_64-fedora-gcc, r-devel-windows-x86_64, r-patched-linux-x86_64, r-release-macos-arm64, r-release-windows-x86_64