CRAN Package Check Results for Package MAT

Last updated on 2014-10-01 11:47:51.

Flavor Version Tinstall Tcheck Ttotal Status Flags
r-devel-linux-x86_64-debian-clang 2.0 23.75 14.67 38.42 OK
r-devel-linux-x86_64-debian-gcc 2.0 27.22 14.23 41.45 OK
r-devel-linux-x86_64-fedora-clang 2.0 86.50 OK
r-devel-linux-x86_64-fedora-gcc 2.0 82.75 OK
r-devel-osx-x86_64-clang 2.0 68.91 OK
r-devel-windows-ix86+x86_64 2.0 70.00 37.00 107.00 OK
r-patched-linux-x86_64 2.0 25.66 15.65 41.31 OK
r-patched-solaris-sparc 2.0 442.70 OK
r-patched-solaris-x86 2.0 103.60 OK
r-release-linux-ix86 0.1-3 0.90 17.16 18.06 NOTE
r-release-linux-x86_64 2.0 25.40 14.90 40.30 OK
r-release-osx-x86_64-mavericks 2.0 OK
r-release-osx-x86_64-snowleopard 2.0 OK
r-release-windows-ix86+x86_64 2.0 66.00 35.00 101.00 OK
r-oldrel-windows-ix86+x86_64 2.0 74.00 42.00 116.00 OK

Check Details

Version: 0.1-3
Check: dependencies in R code
Result: NOTE
    Package in Depends field not imported from: ‘MASS’
     These packages need to be imported from (in the NAMESPACE file)
     for when this namespace is loaded but not attached.
    See the information on DESCRIPTION files in the chapter ‘Creating R
    packages’ of the ‘Writing R Extensions’ manual.
Flavor: r-release-linux-ix86