CRAN Package Check Results for Package MAT

Last updated on 2015-05-25 11:48:26.

Flavor Version Tinstall Tcheck Ttotal Status Flags
r-devel-linux-x86_64-debian-clang 2.2 26.70 15.66 42.35 NOTE
r-devel-linux-x86_64-debian-gcc 2.2 27.30 15.21 42.51 NOTE
r-devel-linux-x86_64-fedora-clang 2.2 98.40 NOTE
r-devel-linux-x86_64-fedora-gcc 2.2 79.95 NOTE
r-devel-osx-x86_64-clang 2.2 64.21 NOTE
r-devel-windows-ix86+x86_64 2.2 78.00 41.00 119.00 NOTE
r-patched-linux-x86_64 2.2 26.48 15.23 41.72 NOTE
r-patched-solaris-sparc 2.2 501.70 NOTE
r-patched-solaris-x86 2.2 105.70 NOTE
r-release-linux-x86_64 2.2 26.38 15.18 41.55 NOTE
r-release-osx-x86_64-mavericks 2.2 NOTE
r-release-osx-x86_64-snowleopard 2.2 NOTE
r-release-windows-ix86+x86_64 2.2 68.00 44.00 112.00 NOTE
r-oldrel-windows-ix86+x86_64 2.2 68.00 72.00 140.00 OK

Check Details

Version: 2.2
Check: DESCRIPTION meta-information
Result: NOTE
    Malformed Description field: should contain one or more complete sentences.
Flavors: r-devel-linux-x86_64-debian-clang, r-devel-linux-x86_64-debian-gcc, r-devel-linux-x86_64-fedora-clang, r-devel-linux-x86_64-fedora-gcc, r-devel-osx-x86_64-clang, r-devel-windows-ix86+x86_64, r-patched-linux-x86_64, r-patched-solaris-sparc, r-patched-solaris-x86, r-release-linux-x86_64, r-release-osx-x86_64-mavericks, r-release-osx-x86_64-snowleopard, r-release-windows-ix86+x86_64