CRAN Package Check Results for Package MAT

Last updated on 2015-02-28 12:51:16.

Flavor Version Tinstall Tcheck Ttotal Status Flags
r-devel-linux-x86_64-debian-clang 2.2 24.54 16.44 40.98 NOTE
r-devel-linux-x86_64-debian-gcc 2.2 26.52 14.94 41.46 NOTE
r-devel-linux-x86_64-fedora-clang 2.2 84.90 NOTE
r-devel-linux-x86_64-fedora-gcc 2.2 76.55 NOTE
r-devel-osx-x86_64-clang 2.2 53.92 NOTE
r-devel-windows-ix86+x86_64 2.2 95.00 44.00 139.00 NOTE
r-patched-linux-x86_64 2.2 27.81 17.64 45.45 OK
r-patched-solaris-sparc 2.2 559.90 OK
r-patched-solaris-x86 2.2 107.60 OK
r-release-linux-ix86 2.2 30.63 24.46 55.08 OK
r-release-linux-x86_64 2.2 25.29 17.37 42.66 OK
r-release-osx-x86_64-mavericks 2.2 OK
r-release-osx-x86_64-snowleopard 2.2 OK
r-release-windows-ix86+x86_64 2.2 73.00 49.00 122.00 OK
r-oldrel-windows-ix86+x86_64 2.2 79.00 52.00 131.00 OK

Check Details

Version: 2.2
Check: DESCRIPTION meta-information
Result: NOTE
    Malformed Description field: should contain one or more complete sentences.
Flavors: r-devel-linux-x86_64-debian-clang, r-devel-linux-x86_64-debian-gcc, r-devel-linux-x86_64-fedora-clang, r-devel-linux-x86_64-fedora-gcc, r-devel-osx-x86_64-clang, r-devel-windows-ix86+x86_64