CRAN Package Check Results for Package MAT

Last updated on 2016-12-08 03:54:23.

Flavor Version Tinstall Tcheck Ttotal Status Flags
r-devel-linux-x86_64-debian-clang 2.2 33.05 18.11 51.15 NOTE
r-devel-linux-x86_64-debian-gcc 2.2 33.01 17.77 50.78 NOTE
r-devel-linux-x86_64-fedora-clang 2.2 107.60 NOTE --no-stop-on-test-error
r-devel-linux-x86_64-fedora-gcc 2.2 97.26 NOTE --no-stop-on-test-error
r-devel-macos-x86_64-clang 2.2 72.27 NOTE
r-devel-windows-ix86+x86_64 2.2 82.00 64.00 146.00 NOTE
r-patched-linux-x86_64 2.2 26.46 15.71 42.17 NOTE
r-patched-solaris-sparc 2.2 458.40 NOTE
r-patched-solaris-x86 2.2 93.40 NOTE
r-release-linux-x86_64 2.2 26.68 15.49 42.17 NOTE
r-release-osx-x86_64-mavericks 2.2 NOTE
r-release-windows-ix86+x86_64 2.2 83.00 64.00 147.00 NOTE
r-oldrel-windows-ix86+x86_64 2.2 111.00 50.00 161.00 NOTE

Check Details

Version: 2.2
Check: DESCRIPTION meta-information
Result: NOTE
    Malformed Description field: should contain one or more complete sentences.
Flavors: r-devel-linux-x86_64-debian-clang, r-devel-linux-x86_64-debian-gcc, r-devel-macos-x86_64-clang, r-devel-windows-ix86+x86_64, r-patched-linux-x86_64, r-patched-solaris-sparc, r-patched-solaris-x86, r-release-linux-x86_64, r-release-osx-x86_64-mavericks, r-release-windows-ix86+x86_64, r-oldrel-windows-ix86+x86_64

Version: 2.2
Check: R code for possible problems
Result: NOTE
    MAT: no visible global function definition for ‘dev.new’
    MAT: no visible global function definition for ‘plot’
    MAT: no visible global function definition for ‘points’
    MAT: no visible global function definition for ‘abline’
    MAT: no visible global function definition for ‘text’
    MAT: no visible global function definition for ‘legend’
    MAT: no visible global function definition for ‘lines’
    MAT: no visible global function definition for ‘par’
    MAT: no visible global function definition for ‘barplot’
    MAT: no visible global function definition for ‘cor’
    print.MAT: no visible global function definition for ‘sd’
    print.MAT: no visible global function definition for ‘cor’
    simM3PL: no visible global function definition for ‘rnorm’
    simM3PL: no visible global function definition for ‘runif’
    Undefined global functions or variables:
     abline barplot cor dev.new legend lines par plot points rnorm runif
     sd text
    Consider adding
     importFrom("grDevices", "dev.new")
     importFrom("graphics", "abline", "barplot", "legend", "lines", "par",
     "plot", "points", "text")
     importFrom("stats", "cor", "rnorm", "runif", "sd")
    to your NAMESPACE file.
Flavors: r-devel-linux-x86_64-debian-clang, r-devel-linux-x86_64-debian-gcc, r-devel-macos-x86_64-clang, r-devel-windows-ix86+x86_64, r-patched-linux-x86_64, r-patched-solaris-sparc, r-patched-solaris-x86, r-release-linux-x86_64, r-release-osx-x86_64-mavericks, r-release-windows-ix86+x86_64

Version: 2.2
Flags: --no-stop-on-test-error
Check: DESCRIPTION meta-information
Result: NOTE
    Malformed Description field: should contain one or more complete sentences.
Flavors: r-devel-linux-x86_64-fedora-clang, r-devel-linux-x86_64-fedora-gcc

Version: 2.2
Flags: --no-stop-on-test-error
Check: R code for possible problems
Result: NOTE
    MAT: no visible global function definition for ‘dev.new’
    MAT: no visible global function definition for ‘plot’
    MAT: no visible global function definition for ‘points’
    MAT: no visible global function definition for ‘abline’
    MAT: no visible global function definition for ‘text’
    MAT: no visible global function definition for ‘legend’
    MAT: no visible global function definition for ‘lines’
    MAT: no visible global function definition for ‘par’
    MAT: no visible global function definition for ‘barplot’
    MAT: no visible global function definition for ‘cor’
    print.MAT: no visible global function definition for ‘sd’
    print.MAT: no visible global function definition for ‘cor’
    simM3PL: no visible global function definition for ‘rnorm’
    simM3PL: no visible global function definition for ‘runif’
    Undefined global functions or variables:
     abline barplot cor dev.new legend lines par plot points rnorm runif
     sd text
    Consider adding
     importFrom("grDevices", "dev.new")
     importFrom("graphics", "abline", "barplot", "legend", "lines", "par",
     "plot", "points", "text")
     importFrom("stats", "cor", "rnorm", "runif", "sd")
    to your NAMESPACE file.
Flavors: r-devel-linux-x86_64-fedora-clang, r-devel-linux-x86_64-fedora-gcc