CRAN Package Check Results for Package MAT

Last updated on 2015-09-02 17:49:23.

Flavor Version Tinstall Tcheck Ttotal Status Flags
r-devel-linux-x86_64-debian-clang 2.2 26.64 14.95 41.59 NOTE
r-devel-linux-x86_64-debian-gcc 2.2 26.48 14.62 41.10 NOTE
r-devel-linux-x86_64-fedora-clang 2.2 89.46 NOTE
r-devel-linux-x86_64-fedora-gcc 2.2 79.25 NOTE
r-devel-osx-x86_64-clang 2.2 48.28 NOTE
r-devel-windows-ix86+x86_64 2.2 103.00 53.00 156.00 NOTE
r-patched-linux-x86_64 2.2 26.83 15.23 42.06 NOTE
r-patched-solaris-sparc 2.2 431.50 NOTE
r-patched-solaris-x86 2.2 89.60 NOTE
r-release-linux-x86_64 2.2 26.90 15.96 42.86 NOTE
r-release-osx-x86_64-mavericks 2.2 NOTE
r-release-windows-ix86+x86_64 2.2 98.00 48.00 146.00 NOTE
r-oldrel-windows-ix86+x86_64 2.2 111.00 54.00 165.00 OK

Check Details

Version: 2.2
Check: DESCRIPTION meta-information
Result: NOTE
    Malformed Description field: should contain one or more complete sentences.
Flavors: r-devel-linux-x86_64-debian-clang, r-devel-linux-x86_64-debian-gcc, r-devel-linux-x86_64-fedora-clang, r-devel-linux-x86_64-fedora-gcc, r-devel-osx-x86_64-clang, r-devel-windows-ix86+x86_64, r-patched-linux-x86_64, r-patched-solaris-sparc, r-patched-solaris-x86, r-release-linux-x86_64, r-release-osx-x86_64-mavericks, r-release-windows-ix86+x86_64

Version: 2.2
Check: R code for possible problems
Result: NOTE
    MAT: no visible global function definition for ‘dev.new’
    MAT: no visible global function definition for ‘plot’
    MAT: no visible global function definition for ‘points’
    MAT: no visible global function definition for ‘abline’
    MAT: no visible global function definition for ‘text’
    MAT: no visible global function definition for ‘legend’
    MAT: no visible global function definition for ‘lines’
    MAT: no visible global function definition for ‘par’
    MAT: no visible global function definition for ‘barplot’
    MAT: no visible global function definition for ‘cor’
    print.MAT: no visible global function definition for ‘sd’
    print.MAT: no visible global function definition for ‘cor’
    simM3PL: no visible global function definition for ‘rnorm’
    simM3PL: no visible global function definition for ‘runif’
    Undefined global functions or variables:
     abline barplot cor dev.new legend lines par plot points rnorm runif
     sd text
    Consider adding
     importFrom("grDevices", "dev.new")
     importFrom("graphics", "abline", "barplot", "legend", "lines", "par",
     "plot", "points", "text")
     importFrom("stats", "cor", "rnorm", "runif", "sd")
    to your NAMESPACE.
Flavors: r-devel-linux-x86_64-debian-clang, r-devel-linux-x86_64-debian-gcc, r-devel-linux-x86_64-fedora-clang, r-devel-linux-x86_64-fedora-gcc, r-devel-windows-ix86+x86_64