CRAN Package Check Results for Package MAT

Last updated on 2014-04-20 01:47:59.

Flavor Version Tinstall Tcheck Ttotal Status Flags
r-devel-linux-x86_64-debian-clang 0.1-3 0.64 11.56 12.20 NOTE
r-devel-linux-x86_64-debian-gcc 0.1-3 0.66 11.26 11.92 NOTE
r-devel-linux-x86_64-fedora-clang 0.1-3 23.60 NOTE
r-devel-linux-x86_64-fedora-gcc 0.1-3 21.62 NOTE
r-devel-macosx-x86_64-clang 0.1-3 25.80 NOTE
r-devel-macosx-x86_64-gcc 0.1-3 NOTE
r-devel-windows-ix86+x86_64 0.1-3 2.00 19.00 21.00 NOTE
r-patched-linux-x86_64 0.1-3 0.61 11.29 11.90 NOTE
r-patched-solaris-sparc 0.1-3 131.10 NOTE
r-patched-solaris-x86 0.1-3 32.80 NOTE
r-release-linux-ix86 NOTE
r-release-linux-x86_64 0.1-3 0.62 11.20 11.83 NOTE
r-release-macosx-x86_64 0.1-3 OK
r-release-windows-ix86+x86_64 0.1-3 3.00 19.00 22.00 NOTE
r-oldrel-windows-ix86+x86_64 0.1-3 2.00 21.00 23.00 NOTE

Check Details

Version: 0.1-3
Check: dependencies in R code
Result: NOTE
    Package in Depends field not imported from: ‘MASS’
     These packages need to be imported from (in the NAMESPACE file)
     for when this namespace is loaded but not attached.
    See the information on DESCRIPTION files in the chapter ‘Creating R
    packages’ of the ‘Writing R Extensions’ manual.
Flavors: r-devel-linux-x86_64-debian-clang, r-devel-linux-x86_64-debian-gcc, r-devel-linux-x86_64-fedora-clang, r-devel-linux-x86_64-fedora-gcc, r-devel-macosx-x86_64-clang, r-devel-macosx-x86_64-gcc, r-devel-windows-ix86+x86_64, r-patched-linux-x86_64, r-patched-solaris-sparc, r-patched-solaris-x86, r-release-linux-ix86, r-release-linux-x86_64, r-release-windows-ix86+x86_64, r-oldrel-windows-ix86+x86_64