CRAN Package Check Results for Package MAT

Last updated on 2014-07-25 17:48:03.

Flavor Version Tinstall Tcheck Ttotal Status Flags
r-devel-linux-x86_64-debian-clang 0.1-3 0.56 10.83 11.39 NOTE
r-devel-linux-x86_64-debian-gcc 0.1-3 0.58 10.49 11.07 NOTE
r-devel-linux-x86_64-fedora-clang 0.1-3 22.82 NOTE
r-devel-linux-x86_64-fedora-gcc 0.1-3 22.01 NOTE
r-devel-osx-x86_64-clang 0.1-3 25.61 NOTE
r-devel-windows-ix86+x86_64 0.1-3 2.00 18.00 20.00 NOTE
r-patched-linux-x86_64 0.1-3 0.58 10.51 11.08 NOTE
r-patched-solaris-sparc 0.1-3 131.10 NOTE
r-patched-solaris-x86 0.1-3 32.70 NOTE
r-release-linux-ix86 0.1-3 0.90 17.17 18.06 NOTE
r-release-linux-x86_64 0.1-3 0.59 11.36 11.95 NOTE
r-release-osx-x86_64-mavericks 0.1-3 NOTE
r-release-osx-x86_64-snowleopard 0.1-3 OK
r-release-windows-ix86+x86_64 0.1-3 2.00 19.00 21.00 NOTE
r-oldrel-windows-ix86+x86_64 0.1-3 3.00 19.00 22.00 NOTE

Check Details

Version: 0.1-3
Check: dependencies in R code
Result: NOTE
    Package in Depends field not imported from: ‘MASS’
     These packages need to be imported from (in the NAMESPACE file)
     for when this namespace is loaded but not attached.
    See the information on DESCRIPTION files in the chapter ‘Creating R
    packages’ of the ‘Writing R Extensions’ manual.
Flavors: r-devel-linux-x86_64-debian-clang, r-devel-linux-x86_64-debian-gcc, r-devel-linux-x86_64-fedora-clang, r-devel-linux-x86_64-fedora-gcc, r-devel-osx-x86_64-clang, r-devel-windows-ix86+x86_64, r-patched-linux-x86_64, r-patched-solaris-sparc, r-patched-solaris-x86, r-release-linux-ix86, r-release-linux-x86_64, r-release-osx-x86_64-mavericks, r-release-windows-ix86+x86_64, r-oldrel-windows-ix86+x86_64