CRAN Package Check Results for Package MAT

Last updated on 2015-04-19 17:48:40.

Flavor Version Tinstall Tcheck Ttotal Status Flags
r-devel-linux-x86_64-debian-clang 2.2 26.29 15.40 41.69 NOTE
r-devel-linux-x86_64-debian-gcc 2.2 25.08 15.14 40.22 NOTE
r-devel-linux-x86_64-fedora-clang 2.2 93.72 NOTE
r-devel-linux-x86_64-fedora-gcc 2.2 84.10 NOTE
r-devel-osx-x86_64-clang 2.2 66.77 NOTE
r-devel-windows-ix86+x86_64 2.2 94.00 41.00 135.00 NOTE
r-patched-linux-x86_64 2.2 25.14 15.07 40.22 NOTE
r-patched-solaris-sparc 2.2 516.50 NOTE
r-patched-solaris-x86 2.2 102.30 NOTE
r-release-linux-x86_64 2.2 28.38 15.10 43.48 NOTE
r-release-osx-x86_64-mavericks 2.2 NOTE
r-release-osx-x86_64-snowleopard 2.2 NOTE
r-release-windows-ix86+x86_64 2.2 64.00 40.00 104.00 NOTE
r-oldrel-windows-ix86+x86_64 2.2 85.00 43.00 128.00 OK

Check Details

Version: 2.2
Check: DESCRIPTION meta-information
Result: NOTE
    Malformed Description field: should contain one or more complete sentences.
Flavors: r-devel-linux-x86_64-debian-clang, r-devel-linux-x86_64-debian-gcc, r-devel-linux-x86_64-fedora-clang, r-devel-linux-x86_64-fedora-gcc, r-devel-osx-x86_64-clang, r-devel-windows-ix86+x86_64, r-patched-linux-x86_64, r-patched-solaris-sparc, r-patched-solaris-x86, r-release-linux-x86_64, r-release-osx-x86_64-mavericks, r-release-osx-x86_64-snowleopard, r-release-windows-ix86+x86_64