CRAN Package Check Results for Package MAT

Last updated on 2014-09-23 19:48:07.

Flavor Version Tinstall Tcheck Ttotal Status Flags
r-devel-linux-x86_64-debian-clang 0.1-3 0.59 10.78 11.38 NOTE
r-devel-linux-x86_64-debian-gcc 0.1-3 0.54 10.57 11.11 NOTE
r-devel-linux-x86_64-fedora-clang 0.1-3 21.96 NOTE
r-devel-linux-x86_64-fedora-gcc 0.1-3 20.83 NOTE
r-devel-osx-x86_64-clang 0.1-3 26.35 NOTE
r-devel-windows-ix86+x86_64 0.1-3 3.00 19.00 22.00 NOTE
r-patched-linux-x86_64 0.1-3 0.58 11.47 12.06 NOTE
r-patched-solaris-sparc 0.1-3 150.80 NOTE
r-patched-solaris-x86 0.1-3 33.10 NOTE
r-release-linux-ix86 0.1-3 0.92 17.47 18.38 NOTE
r-release-linux-x86_64 0.1-3 0.64 11.32 11.96 NOTE
r-release-osx-x86_64-mavericks 0.1-3 NOTE
r-release-osx-x86_64-snowleopard 0.1-3 OK
r-release-windows-ix86+x86_64 0.1-3 3.00 20.00 23.00 NOTE
r-oldrel-windows-ix86+x86_64 0.1-3 3.00 19.00 22.00 NOTE

Check Details

Version: 0.1-3
Check: dependencies in R code
Result: NOTE
    Package in Depends field not imported from: ‘MASS’
     These packages need to be imported from (in the NAMESPACE file)
     for when this namespace is loaded but not attached.
    See the information on DESCRIPTION files in the chapter ‘Creating R
    packages’ of the ‘Writing R Extensions’ manual.
Flavors: r-devel-linux-x86_64-debian-clang, r-devel-linux-x86_64-debian-gcc, r-devel-linux-x86_64-fedora-clang, r-devel-linux-x86_64-fedora-gcc, r-devel-osx-x86_64-clang, r-devel-windows-ix86+x86_64, r-patched-linux-x86_64, r-patched-solaris-sparc, r-patched-solaris-x86, r-release-linux-ix86, r-release-linux-x86_64, r-release-osx-x86_64-mavericks, r-release-windows-ix86+x86_64, r-oldrel-windows-ix86+x86_64

Version: 0.1-3
Check: R code for possible problems
Result: NOTE
    MAT : selectItem: no visible global function definition for ‘ginv’
Flavors: r-devel-linux-x86_64-debian-clang, r-devel-linux-x86_64-debian-gcc, r-devel-linux-x86_64-fedora-clang, r-devel-linux-x86_64-fedora-gcc, r-devel-osx-x86_64-clang, r-devel-windows-ix86+x86_64