CRAN Package Check Results for Package MAT

Last updated on 2016-07-25 11:50:52.

Flavor Version Tinstall Tcheck Ttotal Status Flags
r-devel-linux-x86_64-debian-clang 2.2 42.92 19.55 62.48 NOTE
r-devel-linux-x86_64-debian-gcc 2.2 41.31 19.43 60.74 NOTE
r-devel-linux-x86_64-fedora-clang 2.2 98.23 NOTE
r-devel-linux-x86_64-fedora-gcc 2.2 82.04 NOTE
r-devel-osx-x86_64-clang 2.2 70.41 NOTE
r-devel-windows-ix86+x86_64 2.2 117.00 64.00 181.00 NOTE
r-patched-linux-x86_64 2.2 31.22 18.99 50.20 NOTE
r-patched-solaris-sparc 2.2 464.60 NOTE
r-patched-solaris-x86 2.2 90.50 NOTE
r-release-linux-x86_64 2.2 29.45 19.35 48.80 NOTE
r-release-osx-x86_64-mavericks 2.2 NOTE
r-release-windows-ix86+x86_64 2.2 98.00 63.00 161.00 NOTE
r-oldrel-windows-ix86+x86_64 2.2 102.00 63.00 165.00 NOTE

Check Details

Version: 2.2
Check: DESCRIPTION meta-information
Result: NOTE
    Malformed Description field: should contain one or more complete sentences.
Flavors: r-devel-linux-x86_64-debian-clang, r-devel-linux-x86_64-debian-gcc, r-devel-linux-x86_64-fedora-clang, r-devel-linux-x86_64-fedora-gcc, r-devel-osx-x86_64-clang, r-devel-windows-ix86+x86_64, r-patched-linux-x86_64, r-patched-solaris-sparc, r-patched-solaris-x86, r-release-linux-x86_64, r-release-osx-x86_64-mavericks, r-release-windows-ix86+x86_64, r-oldrel-windows-ix86+x86_64

Version: 2.2
Check: R code for possible problems
Result: NOTE
    MAT: no visible global function definition for ‘dev.new’
    MAT: no visible global function definition for ‘plot’
    MAT: no visible global function definition for ‘points’
    MAT: no visible global function definition for ‘abline’
    MAT: no visible global function definition for ‘text’
    MAT: no visible global function definition for ‘legend’
    MAT: no visible global function definition for ‘lines’
    MAT: no visible global function definition for ‘par’
    MAT: no visible global function definition for ‘barplot’
    MAT: no visible global function definition for ‘cor’
    print.MAT: no visible global function definition for ‘sd’
    print.MAT: no visible global function definition for ‘cor’
    simM3PL: no visible global function definition for ‘rnorm’
    simM3PL: no visible global function definition for ‘runif’
    Undefined global functions or variables:
     abline barplot cor dev.new legend lines par plot points rnorm runif
     sd text
    Consider adding
     importFrom("grDevices", "dev.new")
     importFrom("graphics", "abline", "barplot", "legend", "lines", "par",
     "plot", "points", "text")
     importFrom("stats", "cor", "rnorm", "runif", "sd")
    to your NAMESPACE file.
Flavors: r-devel-linux-x86_64-debian-clang, r-devel-linux-x86_64-debian-gcc, r-devel-linux-x86_64-fedora-clang, r-devel-linux-x86_64-fedora-gcc, r-devel-osx-x86_64-clang, r-devel-windows-ix86+x86_64, r-patched-linux-x86_64, r-patched-solaris-sparc, r-patched-solaris-x86, r-release-linux-x86_64, r-release-osx-x86_64-mavericks, r-release-windows-ix86+x86_64

Version: 2.2
Check: installed package size
Result: NOTE
     installed size is 5.5Mb
     sub-directories of 1Mb or more:
     libs 5.4Mb
Flavor: r-patched-solaris-sparc