CRAN Package Check Results for Package MAT

Last updated on 2015-07-02 21:46:49.

Flavor Version Tinstall Tcheck Ttotal Status Flags
r-devel-linux-x86_64-debian-clang 2.2 27.58 17.10 44.68 NOTE
r-devel-linux-x86_64-debian-gcc 2.2 26.56 14.85 41.41 NOTE
r-devel-linux-x86_64-fedora-clang 2.2 93.68 NOTE
r-devel-linux-x86_64-fedora-gcc 2.2 80.24 NOTE
r-devel-osx-x86_64-clang 2.2 61.33 NOTE
r-devel-windows-ix86+x86_64 2.2 69.00 41.00 110.00 NOTE
r-patched-linux-x86_64 2.2 26.48 15.14 41.62 NOTE
r-patched-solaris-sparc 2.2 501.70 NOTE
r-patched-solaris-x86 2.2 103.90 NOTE
r-release-linux-x86_64 2.2 27.04 15.76 42.80 NOTE
r-release-osx-x86_64-mavericks 2.2 NOTE
r-release-windows-ix86+x86_64 2.2 80.00 44.00 124.00 NOTE
r-oldrel-windows-ix86+x86_64 2.2 85.00 44.00 129.00 OK

Check Details

Version: 2.2
Check: DESCRIPTION meta-information
Result: NOTE
    Malformed Description field: should contain one or more complete sentences.
Flavors: r-devel-linux-x86_64-debian-clang, r-devel-linux-x86_64-debian-gcc, r-devel-linux-x86_64-fedora-clang, r-devel-linux-x86_64-fedora-gcc, r-devel-osx-x86_64-clang, r-devel-windows-ix86+x86_64, r-patched-linux-x86_64, r-patched-solaris-sparc, r-patched-solaris-x86, r-release-linux-x86_64, r-release-osx-x86_64-mavericks, r-release-windows-ix86+x86_64

Version: 2.2
Check: R code for possible problems
Result: NOTE
    MAT: no visible global function definition for ‘dev.new’
    MAT: no visible global function definition for ‘plot’
    MAT: no visible global function definition for ‘points’
    MAT: no visible global function definition for ‘abline’
    MAT: no visible global function definition for ‘text’
    MAT: no visible global function definition for ‘legend’
    MAT: no visible global function definition for ‘lines’
    MAT: no visible global function definition for ‘par’
    MAT: no visible global function definition for ‘barplot’
    MAT: no visible global function definition for ‘cor’
    print.MAT: no visible global function definition for ‘sd’
    print.MAT: no visible global function definition for ‘cor’
    simM3PL: no visible global function definition for ‘rnorm’
    simM3PL: no visible global function definition for ‘runif’
    Undefined global functions or variables:
     abline barplot cor dev.new legend lines par plot points rnorm runif
     sd text
Flavors: r-devel-linux-x86_64-debian-clang, r-devel-linux-x86_64-fedora-clang, r-devel-linux-x86_64-fedora-gcc

Version: 2.2
Check: R code for possible problems
Result: NOTE
    MAT: no visible global function definition for ‘dev.new’
    MAT: no visible global function definition for ‘plot’
    MAT: no visible global function definition for ‘points’
    MAT: no visible global function definition for ‘abline’
    MAT: no visible global function definition for ‘text’
    MAT: no visible global function definition for ‘legend’
    MAT: no visible global function definition for ‘lines’
    MAT: no visible global function definition for ‘par’
    MAT: no visible global function definition for ‘barplot’
    MAT: no visible global function definition for ‘cor’
    print.MAT: no visible global function definition for ‘sd’
    print.MAT: no visible global function definition for ‘cor’
    simM3PL: no visible global function definition for ‘rnorm’
    simM3PL: no visible global function definition for ‘runif’
Flavors: r-devel-linux-x86_64-debian-gcc, r-devel-windows-ix86+x86_64