CRAN Package Check Results for Package MAT

Last updated on 2017-12-13 23:14:27 CET.

Flavor Version Tinstall Tcheck Ttotal Status Flags
r-devel-linux-x86_64-debian-clang 2.2 44.37 17.12 61.49 FAIL
r-devel-linux-x86_64-debian-gcc 2.2 39.04 15.31 54.35 FAIL
r-devel-linux-x86_64-fedora-clang 2.2 101.22 NOTE
r-devel-linux-x86_64-fedora-gcc 2.2 98.42 NOTE
r-devel-windows-ix86+x86_64 2.2 128.00 62.00 190.00 NOTE
r-patched-linux-x86_64 2.2 48.74 26.34 75.08 NOTE
r-patched-solaris-x86 2.2 103.70 NOTE
r-release-linux-x86_64 2.2 46.73 26.86 73.59 NOTE
r-release-windows-ix86+x86_64 2.2 91.00 81.00 172.00 NOTE
r-release-osx-x86_64 2.2 NOTE
r-oldrel-windows-ix86+x86_64 2.2 122.00 72.00 194.00 NOTE
r-oldrel-osx-x86_64 2.2 NOTE

Check Details

Version: 2.2
Check: DESCRIPTION meta-information
Result: NOTE
    Malformed Description field: should contain one or more complete sentences.
Flavors: r-devel-linux-x86_64-debian-clang, r-devel-linux-x86_64-debian-gcc, r-devel-linux-x86_64-fedora-clang, r-devel-linux-x86_64-fedora-gcc, r-devel-windows-ix86+x86_64, r-patched-linux-x86_64, r-patched-solaris-x86, r-release-linux-x86_64, r-release-windows-ix86+x86_64, r-release-osx-x86_64, r-oldrel-windows-ix86+x86_64, r-oldrel-osx-x86_64

Version: 2.2
Check: R code for possible problems
Result: NOTE
    MAT: no visible global function definition for ‘dev.new’
    MAT: no visible global function definition for ‘plot’
    MAT: no visible global function definition for ‘points’
    MAT: no visible global function definition for ‘abline’
    MAT: no visible global function definition for ‘text’
    MAT: no visible global function definition for ‘legend’
    MAT: no visible global function definition for ‘lines’
    MAT: no visible global function definition for ‘par’
    MAT: no visible global function definition for ‘barplot’
    MAT: no visible global function definition for ‘cor’
    print.MAT: no visible global function definition for ‘sd’
    print.MAT: no visible global function definition for ‘cor’
    simM3PL: no visible global function definition for ‘rnorm’
    simM3PL: no visible global function definition for ‘runif’
    Undefined global functions or variables:
     abline barplot cor dev.new legend lines par plot points rnorm runif
     sd text
    Consider adding
     importFrom("grDevices", "dev.new")
     importFrom("graphics", "abline", "barplot", "legend", "lines", "par",
     "plot", "points", "text")
     importFrom("stats", "cor", "rnorm", "runif", "sd")
    to your NAMESPACE file.
Flavors: r-devel-linux-x86_64-debian-clang, r-devel-linux-x86_64-debian-gcc, r-devel-linux-x86_64-fedora-clang, r-devel-linux-x86_64-fedora-gcc, r-devel-windows-ix86+x86_64, r-patched-linux-x86_64, r-patched-solaris-x86, r-release-linux-x86_64, r-release-windows-ix86+x86_64, r-release-osx-x86_64, r-oldrel-windows-ix86+x86_64, r-oldrel-osx-x86_64

Version: 2.2
Check: pragmas in C/C++ headers and code
Result: FAIL
    
Flavors: r-devel-linux-x86_64-debian-clang, r-devel-linux-x86_64-debian-gcc

Version: 2.2
Check: compiled code
Result: NOTE
    File ‘MAT/libs/MAT.so’:
     Found no calls to: ‘R_registerRoutines’, ‘R_useDynamicSymbols’
    
    It is good practice to register native routines and to disable symbol
    search.
    
    See ‘Writing portable packages’ in the ‘Writing R Extensions’ manual.
Flavors: r-devel-linux-x86_64-fedora-clang, r-devel-linux-x86_64-fedora-gcc, r-patched-linux-x86_64, r-release-linux-x86_64