CRAN Package Check Results for Package MAVTgsa

Last updated on 2015-07-30 22:49:57.

Flavor Version Tinstall Tcheck Ttotal Status Flags
r-devel-linux-x86_64-debian-clang 1.3 0.94 18.38 19.31 NOTE
r-devel-linux-x86_64-debian-gcc 1.3 0.98 17.86 18.84 NOTE
r-devel-linux-x86_64-fedora-clang 1.3 37.92 NOTE
r-devel-linux-x86_64-fedora-gcc 1.3 36.37 NOTE
r-devel-osx-x86_64-clang 1.3 37.63 NOTE
r-devel-windows-ix86+x86_64 1.3 7.00 32.00 39.00 NOTE
r-patched-linux-x86_64 1.3 1.00 18.12 19.12 NOTE
r-patched-solaris-sparc 1.3 243.60 NOTE
r-patched-solaris-x86 1.3 53.70 NOTE
r-release-linux-x86_64 1.3 0.94 18.23 19.17 NOTE
r-release-osx-x86_64-mavericks 1.3 NOTE
r-release-windows-ix86+x86_64 1.3 7.00 31.00 38.00 NOTE
r-oldrel-windows-ix86+x86_64 1.3 8.00 47.00 55.00 OK

Check Details

Version: 1.3
Check: DESCRIPTION meta-information
Result: NOTE
    Malformed Title field: should not end in a period.
Flavors: r-devel-linux-x86_64-debian-clang, r-devel-linux-x86_64-debian-gcc, r-devel-linux-x86_64-fedora-clang, r-devel-linux-x86_64-fedora-gcc, r-devel-osx-x86_64-clang, r-devel-windows-ix86+x86_64, r-patched-linux-x86_64, r-patched-solaris-sparc, r-patched-solaris-x86, r-release-linux-x86_64, r-release-osx-x86_64-mavericks, r-release-windows-ix86+x86_64

Version: 1.3
Check: R code for possible problems
Result: NOTE
    GSTplot : <anonymous>: no visible global function definition for
     ‘t.test’
    GSTplot: no visible global function definition for ‘rt’
    GSTplot: no visible global function definition for ‘layout’
    GSTplot: no visible global function definition for ‘par’
    GSTplot: no visible global function definition for ‘plot’
    GSTplot: no visible global function definition for ‘text’
    GSTplot: no visible global function definition for ‘lines’
    GSTplot: no visible global function definition for ‘polygon’
    GSTplot: no visible global function definition for ‘abline’
    GSTplot: no visible global function definition for ‘ecdf’
    GSTplot: no visible global function definition for ‘knots’
    GSTplot : <anonymous>: no visible global function definition for ‘aov’
    GSTplot: no visible global function definition for ‘qf’
    MAVTn : <anonymous>: no visible global function definition for ‘aov’
    MAVTn: no visible global function definition for ‘p.adjust’
    MAVTn: no visible global function definition for ‘plot’
    MAVTn: no visible global function definition for ‘par’
    MAVTn: no visible global function definition for ‘abline’
    MAVTn: no visible global function definition for ‘legend’
    MAVTn: no visible global function definition for ‘locator’
    Tols : olsf: no visible global function definition for ‘t.test’
    Tols: no visible global function definition for ‘cor’
    Undefined global functions or variables:
     abline aov cor ecdf knots layout legend lines locator p.adjust par
     plot polygon qf rt t.test text
    Consider adding
     importFrom("graphics", "abline", "layout", "legend", "lines",
     "locator", "par", "plot", "polygon", "text")
     importFrom("stats", "aov", "cor", "ecdf", "knots", "p.adjust", "qf",
     "rt", "t.test")
    to your NAMESPACE.
Flavors: r-devel-linux-x86_64-debian-clang, r-devel-linux-x86_64-debian-gcc, r-devel-linux-x86_64-fedora-clang, r-devel-linux-x86_64-fedora-gcc, r-devel-windows-ix86+x86_64