CRAN Package Check Results for Package MAVTgsa

Last updated on 2015-05-28 19:47:22.

Flavor Version Tinstall Tcheck Ttotal Status Flags
r-devel-linux-x86_64-debian-clang 1.3 1.04 17.20 18.24 NOTE
r-devel-linux-x86_64-debian-gcc 1.3 0.90 17.50 18.40 NOTE
r-devel-linux-x86_64-fedora-clang 1.3 37.58 NOTE
r-devel-linux-x86_64-fedora-gcc 1.3 33.99 NOTE
r-devel-osx-x86_64-clang 1.3 37.93 NOTE
r-devel-windows-ix86+x86_64 1.3 5.00 30.00 35.00 NOTE
r-patched-linux-x86_64 1.3 0.93 17.46 18.39 NOTE
r-patched-solaris-sparc 1.3 221.80 NOTE
r-patched-solaris-x86 1.3 47.80 NOTE
r-release-linux-x86_64 1.3 0.94 17.27 18.21 NOTE
r-release-osx-x86_64-mavericks 1.3 NOTE
r-release-osx-x86_64-snowleopard 1.3 ERROR
r-release-windows-ix86+x86_64 1.3 4.00 29.00 33.00 NOTE
r-oldrel-windows-ix86+x86_64 1.3 7.00 46.00 53.00 OK

Check Details

Version: 1.3
Check: DESCRIPTION meta-information
Result: NOTE
    Malformed Title field: should not end in a period.
Flavors: r-devel-linux-x86_64-debian-clang, r-devel-linux-x86_64-debian-gcc, r-devel-linux-x86_64-fedora-clang, r-devel-linux-x86_64-fedora-gcc, r-devel-osx-x86_64-clang, r-devel-windows-ix86+x86_64, r-patched-linux-x86_64, r-patched-solaris-sparc, r-patched-solaris-x86, r-release-linux-x86_64, r-release-osx-x86_64-mavericks, r-release-windows-ix86+x86_64

Version: 1.3
Check: package dependencies
Result: ERROR
    Package required but not available: ‘multcomp’
    
    See section ‘The DESCRIPTION file’ in the ‘Writing R Extensions’
    manual.
Flavor: r-release-osx-x86_64-snowleopard