CRAN Package Check Results for Package MAVTgsa

Last updated on 2015-04-26 12:46:33.

Flavor Version Tinstall Tcheck Ttotal Status Flags
r-devel-linux-x86_64-debian-clang 1.3 0.96 16.98 17.93 NOTE
r-devel-linux-x86_64-debian-gcc 1.3 0.97 17.30 18.27 NOTE
r-devel-linux-x86_64-fedora-clang 1.3 36.19 NOTE
r-devel-linux-x86_64-fedora-gcc 1.3 36.36 NOTE
r-devel-osx-x86_64-clang 1.3 37.98 NOTE
r-devel-windows-ix86+x86_64 1.3 4.00 30.00 34.00 NOTE
r-patched-linux-x86_64 1.3 0.95 16.89 17.84 NOTE
r-patched-solaris-sparc 1.3 230.20 NOTE
r-patched-solaris-x86 1.3 48.30 NOTE
r-release-linux-x86_64 1.3 1.08 16.77 17.85 NOTE
r-release-osx-x86_64-mavericks 1.3 NOTE
r-release-osx-x86_64-snowleopard 1.3 ERROR
r-release-windows-ix86+x86_64 1.3 4.00 29.00 33.00 NOTE
r-oldrel-windows-ix86+x86_64 1.3 7.00 41.00 48.00 OK

Check Details

Version: 1.3
Check: DESCRIPTION meta-information
Result: NOTE
    Malformed Title field: should not end in a period.
Flavors: r-devel-linux-x86_64-fedora-clang, r-devel-linux-x86_64-fedora-gcc, r-devel-osx-x86_64-clang, r-devel-windows-ix86+x86_64, r-patched-solaris-sparc, r-patched-solaris-x86, r-release-osx-x86_64-mavericks, r-release-windows-ix86+x86_64