CRAN Package Check Results for Package MAVTgsa

Last updated on 2015-03-28 16:47:14.

Flavor Version Tinstall Tcheck Ttotal Status Flags
r-devel-linux-x86_64-debian-clang 1.3 0.95 17.70 18.66 NOTE
r-devel-linux-x86_64-debian-gcc 1.3 1.18 17.21 18.39 NOTE
r-devel-linux-x86_64-fedora-clang 1.3 35.76 NOTE
r-devel-linux-x86_64-fedora-gcc 1.3 33.35 NOTE
r-devel-osx-x86_64-clang 1.3 42.34 NOTE
r-prerel-windows-ix86+x86_64 1.3 5.00 41.00 46.00 NOTE
r-prerel-linux-x86_64 1.3 0.94 17.35 18.29 NOTE
r-prerel-solaris-sparc 1.3 230.20 NOTE
r-prerel-solaris-x86 1.3 47.80 NOTE
r-release-linux-x86_64 1.3 1.45 23.39 24.84 OK
r-release-osx-x86_64-mavericks 1.3 OK
r-release-osx-x86_64-snowleopard 1.3 OK
r-release-windows-ix86+x86_64 1.3 7.00 44.00 51.00 OK
r-oldrel-windows-ix86+x86_64 1.3 7.00 74.00 81.00 OK

Check Details

Version: 1.3
Check: DESCRIPTION meta-information
Result: NOTE
    Malformed Title field: should not end in a period.
Flavors: r-devel-linux-x86_64-debian-clang, r-devel-linux-x86_64-debian-gcc, r-devel-linux-x86_64-fedora-clang, r-devel-linux-x86_64-fedora-gcc, r-devel-osx-x86_64-clang, r-prerel-windows-ix86+x86_64, r-prerel-linux-x86_64, r-prerel-solaris-sparc, r-prerel-solaris-x86