CRAN Package Check Results for Package MAc

Last updated on 2015-01-25 19:47:43.

Flavor Version Tinstall Tcheck Ttotal Status Flags
r-devel-linux-x86_64-debian-clang 1.1 1.16 20.29 21.44 NOTE
r-devel-linux-x86_64-debian-gcc 1.1 1.14 20.30 21.44 NOTE
r-devel-linux-x86_64-fedora-clang 1.1 43.71 NOTE
r-devel-linux-x86_64-fedora-gcc 1.1 45.93 NOTE
r-devel-osx-x86_64-clang 1.1 43.08 NOTE
r-devel-windows-ix86+x86_64 1.1 6.00 29.00 35.00 NOTE
r-patched-linux-x86_64 1.1 1.13 20.88 22.01 NOTE
r-patched-solaris-sparc 1.1 255.60 NOTE
r-patched-solaris-x86 1.1 55.60 NOTE
r-release-linux-ix86 1.1 1.51 27.04 28.56 NOTE
r-release-linux-x86_64 1.1 1.14 21.42 22.56 NOTE
r-release-osx-x86_64-mavericks 1.1 NOTE
r-release-windows-ix86+x86_64 1.1 5.00 35.00 40.00 NOTE
r-oldrel-windows-ix86+x86_64 1.1 4.00 35.00 39.00 NOTE

Check Details

Version: 1.1
Check: package dependencies
Result: NOTE
    Package suggested but not available for checking: ‘R2wd’
Flavors: r-devel-linux-x86_64-debian-clang, r-devel-linux-x86_64-debian-gcc, r-devel-linux-x86_64-fedora-clang, r-devel-linux-x86_64-fedora-gcc, r-devel-osx-x86_64-clang, r-patched-linux-x86_64, r-patched-solaris-sparc, r-patched-solaris-x86, r-release-linux-ix86, r-release-linux-x86_64, r-release-osx-x86_64-mavericks

Version: 1.1
Check: dependencies in R code
Result: NOTE
    'library' or 'require' calls in package code:
     ‘R2wd’ ‘ggplot2’ ‘metafor’
     Please use :: or requireNamespace() instead.
     See section 'Suggested packages' in the 'Writing R Extensions' manual.
Flavors: r-devel-linux-x86_64-debian-clang, r-devel-linux-x86_64-debian-gcc, r-devel-linux-x86_64-fedora-clang, r-devel-linux-x86_64-fedora-gcc, r-devel-osx-x86_64-clang, r-devel-windows-ix86+x86_64

Version: 1.1
Check: R code for possible problems
Result: NOTE
    CatModf: warning in pchisq(out$Q, out$df, lower = FALSE): partial
     argument match of ‘lower’ to ‘lower.tail’
    CatModr: warning in pchisq(out$Q, out$df, lower = FALSE): partial
     argument match of ‘lower’ to ‘lower.tail’
    OmnibusES: warning in pchisq(Q, df, lower = FALSE): partial argument
     match of ‘lower’ to ‘lower.tail’
    macat: warning in pchisq(temp$Q, temp$df, lower = FALSE): partial
     argument match of ‘lower’ to ‘lower.tail’
    macat: warning in pchisq(out$Q, out$df, lower = FALSE): partial
     argument match of ‘lower’ to ‘lower.tail’
    omni: warning in pchisq(Q, df, lower = FALSE): partial argument match
     of ‘lower’ to ‘lower.tail’
    CatModGraph: no visible global function definition for ‘ggplot’
    CatModGraph: no visible global function definition for ‘aes’
    CatModGraph: no visible binding for global variable ‘z’
    CatModGraph: no visible binding for global variable ‘wi’
    CatModGraph: no visible global function definition for ‘geom_boxplot’
    CatModGraph: no visible global function definition for ‘geom_jitter’
    CatModGraph: no visible binding for global variable ‘wi.tau’
    CatModGraph: no visible global function definition for ‘xlab’
    CatModGraph: no visible global function definition for ‘ylab’
    CatModGraph: no visible global function definition for ‘opts’
    ForestPlot: no visible global function definition for ‘ggplot’
    ForestPlot: no visible global function definition for ‘aes’
    ForestPlot: no visible binding for global variable ‘id’
    ForestPlot: no visible binding for global variable ‘r’
    ForestPlot: no visible global function definition for ‘geom_vline’
    ForestPlot: no visible global function definition for ‘geom_point’
    ForestPlot: no visible global function definition for ‘opts’
    ForestPlot: no visible global function definition for ‘geom_errorbarh’
    ForestPlot: no visible binding for global variable ‘l.ci95’
    ForestPlot: no visible binding for global variable ‘u.ci95’
    ForestPlot: no visible global function definition for ‘xlim’
    ForestPlot: no visible global function definition for ‘xlab’
    ForestPlot: no visible global function definition for ‘ylab’
    FunnelPlot: no visible global function definition for ‘ggplot’
    FunnelPlot: no visible global function definition for ‘aes’
    FunnelPlot: no visible binding for global variable ‘se.z’
    FunnelPlot: no visible binding for global variable ‘z’
    FunnelPlot: no visible global function definition for ‘geom_vline’
    FunnelPlot: no visible global function definition for ‘opts’
    FunnelPlot: no visible global function definition for ‘xlim’
    FunnelPlot: no visible global function definition for ‘ylim’
    FunnelPlot: no visible global function definition for ‘xlab’
    FunnelPlot: no visible global function definition for ‘ylab’
    FunnelPlot: no visible global function definition for ‘stat_abline’
    FunnelPlot: no visible global function definition for
     ‘scale_y_continuous’
    FunnelPlot: no visible binding for global variable ‘se.z.tau’
    MAregGraph: no visible global function definition for ‘ggplot’
    MAregGraph: no visible global function definition for ‘aes’
    MAregGraph: no visible binding for global variable ‘z’
    MAregGraph: no visible binding for global variable ‘wi’
    MAregGraph: no visible global function definition for ‘geom_point’
    MAregGraph: no visible global function definition for ‘geom_smooth’
    MAregGraph: no visible global function definition for ‘xlab’
    MAregGraph: no visible global function definition for ‘ylab’
    MAregGraph: no visible global function definition for ‘opts’
    MAregGraph: no visible binding for global variable ‘wi.tau’
    MultiModGraph: no visible global function definition for ‘ggplot’
    MultiModGraph: no visible global function definition for ‘aes’
    MultiModGraph: no visible binding for global variable ‘z’
    MultiModGraph: no visible binding for global variable ‘wi’
    MultiModGraph: no visible global function definition for ‘opts’
    MultiModGraph: no visible global function definition for ‘facet_wrap’
    MultiModGraph: no visible global function definition for ‘geom_point’
    MultiModGraph: no visible global function definition for ‘geom_smooth’
    MultiModGraph: no visible global function definition for ‘ylab’
    MultiModGraph: no visible global function definition for ‘xlab’
    MultiModGraph: no visible binding for global variable ‘wi.tau’
    mareg.default: no visible global function definition for ‘rma’
    omni: no visible binding for global variable ‘g’
    omni: no visible binding for global variable ‘var.g’
    plotcat: no visible global function definition for ‘ggplot’
    plotcat: no visible global function definition for ‘aes’
    plotcat: no visible binding for global variable ‘wi’
    plotcat: no visible global function definition for ‘geom_boxplot’
    plotcat: no visible global function definition for ‘geom_jitter’
    plotcat: no visible binding for global variable ‘wi.tau’
    plotcat: no visible global function definition for ‘xlab’
    plotcat: no visible global function definition for ‘ylab’
    plotcat: no visible global function definition for ‘opts’
    plotcon: no visible global function definition for ‘ggplot’
    plotcon: no visible global function definition for ‘aes’
    plotcon: no visible binding for global variable ‘wi’
    plotcon: no visible global function definition for ‘geom_point’
    plotcon: no visible global function definition for ‘geom_smooth’
    plotcon: no visible global function definition for ‘xlab’
    plotcon: no visible global function definition for ‘ylab’
    plotcon: no visible global function definition for ‘opts’
    plotcon: no visible binding for global variable ‘wi.tau’
    stat_sum_single1: no visible binding for global variable ‘wi’
    stat_sum_single1: no visible global function definition for
     ‘stat_summary’
    stat_sum_single2: no visible binding for global variable ‘wi.tau’
    stat_sum_single2: no visible global function definition for
     ‘stat_summary’
    wd.default: no visible global function definition for ‘wdGet’
    wd.default: no visible global function definition for ‘wdNewDoc’
    wd.default: no visible global function definition for ‘wdHeading’
    wd.default: no visible global function definition for ‘wdTable’
    wd.macat: no visible global function definition for ‘wdGet’
    wd.macat: no visible global function definition for ‘wdNewDoc’
    wd.macat: no visible global function definition for ‘wdHeading’
    wd.macat: no visible global function definition for ‘wdTable’
    wd.mareg: no visible global function definition for ‘wdGet’
    wd.mareg: no visible global function definition for ‘wdNewDoc’
    wd.mareg: no visible global function definition for ‘wdHeading’
    wd.mareg: no visible global function definition for ‘wdTable’
    wd.omni: no visible global function definition for ‘wdGet’
    wd.omni: no visible global function definition for ‘wdNewDoc’
    wd.omni: no visible global function definition for ‘wdHeading’
    wd.omni: no visible global function definition for ‘wdTable’
Flavors: r-devel-linux-x86_64-debian-clang, r-devel-linux-x86_64-debian-gcc, r-devel-linux-x86_64-fedora-clang, r-devel-linux-x86_64-fedora-gcc, r-devel-osx-x86_64-clang, r-devel-windows-ix86+x86_64, r-patched-linux-x86_64, r-patched-solaris-sparc, r-patched-solaris-x86, r-release-linux-ix86, r-release-linux-x86_64, r-release-osx-x86_64-mavericks, r-release-windows-ix86+x86_64

Version: 1.1
Check: S3 generic/method consistency
Result: NOTE
    Found the following apparent S3 methods exported but not registered:
     mareg.default r2.mareg wd.default wd.macat wd.mareg wd.omni
     print.icclist print.macat print.mareg print.omni print.summary.mareg
     summary.mareg
    See section ‘Registering S3 methods’ in the ‘Writing R Extensions’
    manual.
Flavors: r-devel-linux-x86_64-fedora-clang, r-devel-linux-x86_64-fedora-gcc, r-devel-osx-x86_64-clang

Version: 1.1
Check: R code for possible problems
Result: NOTE
    CatModf: warning in pchisq(out$Q, out$df, lower = FALSE): partial
     argument match of 'lower' to 'lower.tail'
    CatModr: warning in pchisq(out$Q, out$df, lower = FALSE): partial
     argument match of 'lower' to 'lower.tail'
    OmnibusES: warning in pchisq(Q, df, lower = FALSE): partial argument
     match of 'lower' to 'lower.tail'
    macat: warning in pchisq(temp$Q, temp$df, lower = FALSE): partial
     argument match of 'lower' to 'lower.tail'
    macat: warning in pchisq(out$Q, out$df, lower = FALSE): partial
     argument match of 'lower' to 'lower.tail'
    omni: warning in pchisq(Q, df, lower = FALSE): partial argument match
     of 'lower' to 'lower.tail'
    CatModGraph: no visible binding for global variable 'z'
    CatModGraph: no visible binding for global variable 'wi'
    CatModGraph: no visible binding for global variable 'wi.tau'
    ForestPlot: no visible binding for global variable 'id'
    ForestPlot: no visible binding for global variable 'r'
    ForestPlot: no visible binding for global variable 'l.ci95'
    ForestPlot: no visible binding for global variable 'u.ci95'
    FunnelPlot: no visible binding for global variable 'se.z'
    FunnelPlot: no visible binding for global variable 'z'
    FunnelPlot: no visible binding for global variable 'se.z.tau'
    MAregGraph: no visible binding for global variable 'z'
    MAregGraph: no visible binding for global variable 'wi'
    MAregGraph: no visible binding for global variable 'wi.tau'
    MultiModGraph: no visible binding for global variable 'z'
    MultiModGraph: no visible binding for global variable 'wi'
    MultiModGraph: no visible binding for global variable 'wi.tau'
    omni: no visible binding for global variable 'g'
    omni: no visible binding for global variable 'var.g'
    plotcat: no visible binding for global variable 'wi'
    plotcat: no visible binding for global variable 'wi.tau'
    plotcon: no visible binding for global variable 'wi'
    plotcon: no visible binding for global variable 'wi.tau'
    stat_sum_single1: no visible binding for global variable 'wi'
    stat_sum_single2: no visible binding for global variable 'wi.tau'
Flavor: r-oldrel-windows-ix86+x86_64