CRAN Package Check Results for Package MAc

Last updated on 2014-07-24 17:49:03.

Flavor Version Tinstall Tcheck Ttotal Status Flags
r-devel-linux-x86_64-debian-clang 1.1 1.22 23.97 25.19 NOTE
r-devel-linux-x86_64-debian-gcc 1.1 1.18 22.78 23.96 NOTE
r-devel-linux-x86_64-fedora-clang 1.1 50.54 NOTE
r-devel-linux-x86_64-fedora-gcc 1.1 47.67 NOTE
r-devel-osx-x86_64-clang 1.1 48.27 NOTE
r-devel-windows-ix86+x86_64 1.1 4.00 33.00 37.00 NOTE
r-patched-linux-x86_64 1.1 1.23 22.98 24.21 NOTE
r-patched-solaris-sparc 1.1 240.80 NOTE
r-patched-solaris-x86 1.1 61.50 NOTE
r-release-linux-ix86 1.1 1.52 30.64 32.17 NOTE
r-release-linux-x86_64 1.1 1.25 22.65 23.90 NOTE
r-release-osx-x86_64-mavericks 1.1 NOTE
r-release-windows-ix86+x86_64 1.1 3.00 36.00 39.00 NOTE
r-oldrel-windows-ix86+x86_64 1.1 3.00 33.00 36.00 NOTE

Check Details

Version: 1.1
Check: package dependencies
Result: NOTE
    Package suggested but not available for checking: ‘R2wd’
Flavors: r-devel-linux-x86_64-debian-clang, r-devel-linux-x86_64-debian-gcc, r-devel-linux-x86_64-fedora-clang, r-devel-linux-x86_64-fedora-gcc, r-devel-osx-x86_64-clang, r-patched-linux-x86_64, r-patched-solaris-sparc, r-patched-solaris-x86, r-release-linux-ix86, r-release-linux-x86_64, r-release-osx-x86_64-mavericks

Version: 1.1
Check: R code for possible problems
Result: NOTE
    CatModf: warning in pchisq(out$Q, out$df, lower = FALSE): partial
     argument match of 'lower' to 'lower.tail'
    CatModr: warning in pchisq(out$Q, out$df, lower = FALSE): partial
     argument match of 'lower' to 'lower.tail'
    OmnibusES: warning in pchisq(Q, df, lower = FALSE): partial argument
     match of 'lower' to 'lower.tail'
    macat: warning in pchisq(temp$Q, temp$df, lower = FALSE): partial
     argument match of 'lower' to 'lower.tail'
    macat: warning in pchisq(out$Q, out$df, lower = FALSE): partial
     argument match of 'lower' to 'lower.tail'
    omni: warning in pchisq(Q, df, lower = FALSE): partial argument match
     of 'lower' to 'lower.tail'
    CatModGraph: no visible binding for global variable ‘z’
    CatModGraph: no visible binding for global variable ‘wi’
    CatModGraph: no visible binding for global variable ‘wi.tau’
    ForestPlot: no visible binding for global variable ‘id’
    ForestPlot: no visible binding for global variable ‘r’
    ForestPlot: no visible binding for global variable ‘l.ci95’
    ForestPlot: no visible binding for global variable ‘u.ci95’
    FunnelPlot: no visible binding for global variable ‘se.z’
    FunnelPlot: no visible binding for global variable ‘z’
    FunnelPlot: no visible binding for global variable ‘se.z.tau’
    MAregGraph: no visible binding for global variable ‘z’
    MAregGraph: no visible binding for global variable ‘wi’
    MAregGraph: no visible binding for global variable ‘wi.tau’
    MultiModGraph: no visible binding for global variable ‘z’
    MultiModGraph: no visible binding for global variable ‘wi’
    MultiModGraph: no visible binding for global variable ‘wi.tau’
    omni: no visible binding for global variable ‘g’
    omni: no visible binding for global variable ‘var.g’
    plotcat: no visible binding for global variable ‘wi’
    plotcat: no visible binding for global variable ‘wi.tau’
    plotcon: no visible binding for global variable ‘wi’
    plotcon: no visible binding for global variable ‘wi.tau’
    stat_sum_single1: no visible binding for global variable ‘wi’
    stat_sum_single2: no visible binding for global variable ‘wi.tau’
    wd.default: no visible global function definition for ‘wdGet’
    wd.default: no visible global function definition for ‘wdNewDoc’
    wd.default: no visible global function definition for ‘wdHeading’
    wd.default: no visible global function definition for ‘wdTable’
    wd.macat: no visible global function definition for ‘wdGet’
    wd.macat: no visible global function definition for ‘wdNewDoc’
    wd.macat: no visible global function definition for ‘wdHeading’
    wd.macat: no visible global function definition for ‘wdTable’
    wd.mareg: no visible global function definition for ‘wdGet’
    wd.mareg: no visible global function definition for ‘wdNewDoc’
    wd.mareg: no visible global function definition for ‘wdHeading’
    wd.mareg: no visible global function definition for ‘wdTable’
    wd.omni: no visible global function definition for ‘wdGet’
    wd.omni: no visible global function definition for ‘wdNewDoc’
    wd.omni: no visible global function definition for ‘wdHeading’
    wd.omni: no visible global function definition for ‘wdTable’
Flavors: r-devel-linux-x86_64-debian-clang, r-devel-linux-x86_64-debian-gcc, r-devel-linux-x86_64-fedora-clang, r-devel-linux-x86_64-fedora-gcc, r-devel-osx-x86_64-clang, r-patched-linux-x86_64, r-patched-solaris-sparc, r-patched-solaris-x86, r-release-linux-ix86, r-release-linux-x86_64, r-release-osx-x86_64-mavericks

Version: 1.1
Check: R code for possible problems
Result: NOTE
    CatModf: warning in pchisq(out$Q, out$df, lower = FALSE): partial
     argument match of 'lower' to 'lower.tail'
    CatModr: warning in pchisq(out$Q, out$df, lower = FALSE): partial
     argument match of 'lower' to 'lower.tail'
    OmnibusES: warning in pchisq(Q, df, lower = FALSE): partial argument
     match of 'lower' to 'lower.tail'
    macat: warning in pchisq(temp$Q, temp$df, lower = FALSE): partial
     argument match of 'lower' to 'lower.tail'
    macat: warning in pchisq(out$Q, out$df, lower = FALSE): partial
     argument match of 'lower' to 'lower.tail'
    omni: warning in pchisq(Q, df, lower = FALSE): partial argument match
     of 'lower' to 'lower.tail'
    CatModGraph: no visible binding for global variable 'z'
    CatModGraph: no visible binding for global variable 'wi'
    CatModGraph: no visible binding for global variable 'wi.tau'
    ForestPlot: no visible binding for global variable 'id'
    ForestPlot: no visible binding for global variable 'r'
    ForestPlot: no visible binding for global variable 'l.ci95'
    ForestPlot: no visible binding for global variable 'u.ci95'
    FunnelPlot: no visible binding for global variable 'se.z'
    FunnelPlot: no visible binding for global variable 'z'
    FunnelPlot: no visible binding for global variable 'se.z.tau'
    MAregGraph: no visible binding for global variable 'z'
    MAregGraph: no visible binding for global variable 'wi'
    MAregGraph: no visible binding for global variable 'wi.tau'
    MultiModGraph: no visible binding for global variable 'z'
    MultiModGraph: no visible binding for global variable 'wi'
    MultiModGraph: no visible binding for global variable 'wi.tau'
    omni: no visible binding for global variable 'g'
    omni: no visible binding for global variable 'var.g'
    plotcat: no visible binding for global variable 'wi'
    plotcat: no visible binding for global variable 'wi.tau'
    plotcon: no visible binding for global variable 'wi'
    plotcon: no visible binding for global variable 'wi.tau'
    stat_sum_single1: no visible binding for global variable 'wi'
    stat_sum_single2: no visible binding for global variable 'wi.tau'
Flavors: r-devel-windows-ix86+x86_64, r-release-windows-ix86+x86_64, r-oldrel-windows-ix86+x86_64