CRAN Package Check Results for Package MAc

Last updated on 2015-07-29 12:47:28.

Flavor Version Tinstall Tcheck Ttotal Status Flags
r-devel-linux-x86_64-debian-clang 1.1 1.10 19.46 20.56 NOTE
r-devel-linux-x86_64-debian-gcc 1.1 1.06 19.88 20.94 NOTE
r-devel-linux-x86_64-fedora-clang 1.1 38.87 NOTE
r-devel-linux-x86_64-fedora-gcc 1.1 36.23 NOTE
r-devel-osx-x86_64-clang 1.1 38.84 NOTE
r-devel-windows-ix86+x86_64 1.1 5.00 32.00 37.00 NOTE
r-patched-linux-x86_64 1.1 1.09 20.11 21.20 NOTE
r-patched-solaris-sparc 1.1 261.50 NOTE
r-patched-solaris-x86 1.1 50.50 NOTE
r-release-linux-x86_64 1.1 1.08 19.76 20.84 NOTE
r-release-osx-x86_64-mavericks 1.1 NOTE
r-release-windows-ix86+x86_64 1.1 7.00 33.00 40.00 NOTE
r-oldrel-windows-ix86+x86_64 1.1 7.00 34.00 41.00 NOTE

Check Details

Version: 1.1
Check: package dependencies
Result: NOTE
    Package suggested but not available for checking: ‘R2wd’
Flavors: r-devel-linux-x86_64-debian-clang, r-devel-linux-x86_64-debian-gcc, r-devel-linux-x86_64-fedora-clang, r-devel-linux-x86_64-fedora-gcc, r-devel-osx-x86_64-clang, r-patched-linux-x86_64, r-patched-solaris-sparc, r-patched-solaris-x86, r-release-linux-x86_64, r-release-osx-x86_64-mavericks

Version: 1.1
Check: dependencies in R code
Result: NOTE
    'library' or 'require' calls in package code:
     ‘R2wd’ ‘ggplot2’ ‘metafor’
     Please use :: or requireNamespace() instead.
     See section 'Suggested packages' in the 'Writing R Extensions' manual.
Flavors: r-devel-linux-x86_64-debian-clang, r-devel-linux-x86_64-debian-gcc, r-devel-linux-x86_64-fedora-clang, r-devel-linux-x86_64-fedora-gcc, r-devel-osx-x86_64-clang, r-devel-windows-ix86+x86_64, r-patched-linux-x86_64, r-patched-solaris-sparc, r-patched-solaris-x86, r-release-linux-x86_64, r-release-osx-x86_64-mavericks, r-release-windows-ix86+x86_64, r-oldrel-windows-ix86+x86_64

Version: 1.1
Check: S3 generic/method consistency
Result: NOTE
    Found the following apparent S3 methods exported but not registered:
     mareg.default print.icclist print.macat print.mareg print.omni
     print.summary.mareg r2.mareg summary.mareg wd.default wd.macat
     wd.mareg wd.omni
    See section ‘Registering S3 methods’ in the ‘Writing R Extensions’
    manual.
Flavors: r-devel-linux-x86_64-debian-clang, r-devel-linux-x86_64-debian-gcc, r-devel-linux-x86_64-fedora-clang, r-devel-linux-x86_64-fedora-gcc, r-devel-osx-x86_64-clang, r-patched-linux-x86_64, r-patched-solaris-sparc, r-patched-solaris-x86, r-release-linux-x86_64

Version: 1.1
Check: R code for possible problems
Result: NOTE
    CatCompf: no visible global function definition for ‘aov’
    CatCompf: no visible global function definition for ‘TukeyHSD’
    CatCompf: no visible global function definition for ‘pchisq’
    CatCompr: no visible global function definition for ‘aov’
    CatCompr: no visible global function definition for ‘TukeyHSD’
    CatCompr: no visible global function definition for ‘pchisq’
    CatModGraph: no visible global function definition for ‘ggplot’
    CatModGraph: no visible global function definition for ‘aes’
    CatModGraph: no visible binding for global variable ‘z’
    CatModGraph: no visible binding for global variable ‘wi’
    CatModGraph: no visible global function definition for ‘geom_boxplot’
    CatModGraph: no visible global function definition for ‘geom_jitter’
    CatModGraph: no visible binding for global variable ‘wi.tau’
    CatModGraph: no visible global function definition for ‘xlab’
    CatModGraph: no visible global function definition for ‘ylab’
    CatModGraph: no visible global function definition for ‘opts’
    CatModf: no visible global function definition for ‘aggregate’
    CatModf: no visible global function definition for ‘pnorm’
    CatModf: no visible global function definition for ‘pchisq’
    CatModfQ: no visible global function definition for ‘pchisq’
    CatModr: no visible global function definition for ‘aggregate’
    CatModr: no visible global function definition for ‘pnorm’
    CatModr: no visible global function definition for ‘pchisq’
    CatModrQ: no visible global function definition for ‘pchisq’
    ForestPlot: no visible global function definition for ‘ggplot’
    ForestPlot: no visible global function definition for ‘aes’
    ForestPlot: no visible binding for global variable ‘id’
    ForestPlot: no visible binding for global variable ‘r’
    ForestPlot: no visible global function definition for ‘geom_vline’
    ForestPlot: no visible global function definition for ‘geom_point’
    ForestPlot: no visible global function definition for ‘opts’
    ForestPlot: no visible global function definition for ‘geom_errorbarh’
    ForestPlot: no visible binding for global variable ‘l.ci95’
    ForestPlot: no visible binding for global variable ‘u.ci95’
    ForestPlot: no visible global function definition for ‘xlim’
    ForestPlot: no visible global function definition for ‘xlab’
    ForestPlot: no visible global function definition for ‘ylab’
    FunnelPlot: no visible global function definition for ‘ggplot’
    FunnelPlot: no visible global function definition for ‘aes’
    FunnelPlot: no visible binding for global variable ‘se.z’
    FunnelPlot: no visible binding for global variable ‘z’
    FunnelPlot: no visible global function definition for ‘geom_vline’
    FunnelPlot: no visible global function definition for ‘opts’
    FunnelPlot: no visible global function definition for ‘xlim’
    FunnelPlot: no visible global function definition for ‘ylim’
    FunnelPlot: no visible global function definition for ‘xlab’
    FunnelPlot: no visible global function definition for ‘ylab’
    FunnelPlot: no visible global function definition for ‘stat_abline’
    FunnelPlot: no visible global function definition for
     ‘scale_y_continuous’
    FunnelPlot: no visible binding for global variable ‘se.z.tau’
    MAreg1: no visible global function definition for ‘lm’
    MAreg1: no visible global function definition for ‘anova’
    MAreg1: no visible global function definition for ‘qt’
    MAreg1: no visible global function definition for ‘pnorm’
    MAreg2: no visible global function definition for ‘anova’
    MAreg2: no visible global function definition for ‘qt’
    MAreg2: no visible global function definition for ‘pnorm’
    MAregGraph: no visible global function definition for ‘ggplot’
    MAregGraph: no visible global function definition for ‘aes’
    MAregGraph: no visible binding for global variable ‘z’
    MAregGraph: no visible binding for global variable ‘wi’
    MAregGraph: no visible global function definition for ‘geom_point’
    MAregGraph: no visible global function definition for ‘geom_smooth’
    MAregGraph: no visible binding for global variable ‘lm’
    MAregGraph: no visible global function definition for ‘xlab’
    MAregGraph: no visible global function definition for ‘ylab’
    MAregGraph: no visible global function definition for ‘opts’
    MAregGraph: no visible binding for global variable ‘wi.tau’
    MRfit: no visible binding for global variable ‘anova’
    MetaR: no visible global function definition for ‘pnorm’
    MultiModGraph: no visible global function definition for ‘ggplot’
    MultiModGraph: no visible global function definition for ‘aes’
    MultiModGraph: no visible binding for global variable ‘z’
    MultiModGraph: no visible binding for global variable ‘wi’
    MultiModGraph: no visible global function definition for ‘opts’
    MultiModGraph: no visible global function definition for ‘facet_wrap’
    MultiModGraph: no visible global function definition for ‘geom_point’
    MultiModGraph: no visible global function definition for ‘geom_smooth’
    MultiModGraph: no visible binding for global variable ‘lm’
    MultiModGraph: no visible global function definition for ‘ylab’
    MultiModGraph: no visible global function definition for ‘xlab’
    MultiModGraph: no visible binding for global variable ‘wi.tau’
    OmnibusES: no visible global function definition for ‘pnorm’
    OmnibusES: no visible global function definition for ‘pchisq’
    Wifun: no visible global function definition for ‘pnorm’
    icc: no visible global function definition for ‘na.omit’
    icc: no visible global function definition for ‘var’
    icc: no visible binding for global variable ‘var’
    icc: no visible global function definition for ‘pf’
    icc: no visible global function definition for ‘qf’
    macat: no visible global function definition for ‘aggregate’
    macat: no visible global function definition for ‘pnorm’
    macat: no visible global function definition for ‘pchisq’
    macatC: no visible global function definition for ‘pchisq’
    mareg.default: no visible global function definition for
     ‘model.response’
    mareg.default: no visible global function definition for
     ‘model.extract’
    mareg.default: no visible global function definition for ‘model.matrix’
    mareg.default: no visible binding for global variable ‘contrasts’
    mareg.default: no visible global function definition for ‘rma’
    omni: no visible global function definition for ‘pnorm’
    omni: no visible global function definition for ‘pchisq’
    omni: no visible binding for global variable ‘g’
    omni: no visible binding for global variable ‘var.g’
    p.ancova_to_d1: no visible global function definition for ‘qt’
    p.ancova_to_d2: no visible global function definition for ‘qt’
    p_to_d1: no visible global function definition for ‘qt’
    p_to_d2: no visible global function definition for ‘qt’
    plotcat: no visible global function definition for ‘ggplot’
    plotcat: no visible global function definition for ‘aes’
    plotcat: no visible binding for global variable ‘wi’
    plotcat: no visible global function definition for ‘geom_boxplot’
    plotcat: no visible global function definition for ‘geom_jitter’
    plotcat: no visible binding for global variable ‘wi.tau’
    plotcat: no visible global function definition for ‘xlab’
    plotcat: no visible global function definition for ‘ylab’
    plotcat: no visible global function definition for ‘opts’
    plotcon: no visible global function definition for ‘ggplot’
    plotcon: no visible global function definition for ‘aes’
    plotcon: no visible binding for global variable ‘wi’
    plotcon: no visible global function definition for ‘geom_point’
    plotcon: no visible global function definition for ‘geom_smooth’
    plotcon: no visible binding for global variable ‘lm’
    plotcon: no visible global function definition for ‘xlab’
    plotcon: no visible global function definition for ‘ylab’
    plotcon: no visible global function definition for ‘opts’
    plotcon: no visible binding for global variable ‘wi.tau’
    print.summary.mareg: no visible global function definition for
     ‘printCoefmat’
    stat_sum_single1: no visible binding for global variable ‘wi’
    stat_sum_single1: no visible global function definition for
     ‘stat_summary’
    stat_sum_single2: no visible binding for global variable ‘wi.tau’
    stat_sum_single2: no visible global function definition for
     ‘stat_summary’
    wd.default: no visible global function definition for ‘wdGet’
    wd.default: no visible global function definition for ‘wdNewDoc’
    wd.default: no visible global function definition for ‘wdHeading’
    wd.default: no visible global function definition for ‘wdTable’
    wd.macat: no visible global function definition for ‘wdGet’
    wd.macat: no visible global function definition for ‘wdNewDoc’
    wd.macat: no visible global function definition for ‘wdHeading’
    wd.macat: no visible global function definition for ‘wdTable’
    wd.mareg: no visible global function definition for ‘wdGet’
    wd.mareg: no visible global function definition for ‘wdNewDoc’
    wd.mareg: no visible global function definition for ‘wdHeading’
    wd.mareg: no visible global function definition for ‘wdTable’
    wd.omni: no visible global function definition for ‘wdGet’
    wd.omni: no visible global function definition for ‘wdNewDoc’
    wd.omni: no visible global function definition for ‘wdHeading’
    wd.omni: no visible global function definition for ‘wdTable’
    Undefined global functions or variables:
     TukeyHSD aes aggregate anova aov contrasts facet_wrap g geom_boxplot
     geom_errorbarh geom_jitter geom_point geom_smooth geom_vline ggplot
     id l.ci95 lm model.extract model.matrix model.response na.omit opts
     pchisq pf pnorm printCoefmat qf qt r rma scale_y_continuous se.z
     se.z.tau stat_abline stat_summary u.ci95 var var.g wdGet wdHeading
     wdNewDoc wdTable wi wi.tau xlab xlim ylab ylim z
    Consider adding
     importFrom("stats", "TukeyHSD", "aggregate", "anova", "aov",
     "contrasts", "lm", "model.extract", "model.matrix",
     "model.response", "na.omit", "pchisq", "pf", "pnorm",
     "printCoefmat", "qf", "qt", "var")
    to your NAMESPACE.
Flavors: r-devel-linux-x86_64-debian-clang, r-devel-linux-x86_64-debian-gcc, r-devel-linux-x86_64-fedora-clang, r-devel-linux-x86_64-fedora-gcc, r-devel-windows-ix86+x86_64

Version: 1.1
Check: R code for possible problems
Result: NOTE
    CatModf: warning in pchisq(out$Q, out$df, lower = FALSE): partial
     argument match of 'lower' to 'lower.tail'
    CatModr: warning in pchisq(out$Q, out$df, lower = FALSE): partial
     argument match of 'lower' to 'lower.tail'
    OmnibusES: warning in pchisq(Q, df, lower = FALSE): partial argument
     match of 'lower' to 'lower.tail'
    macat: warning in pchisq(temp$Q, temp$df, lower = FALSE): partial
     argument match of 'lower' to 'lower.tail'
    macat: warning in pchisq(out$Q, out$df, lower = FALSE): partial
     argument match of 'lower' to 'lower.tail'
    omni: warning in pchisq(Q, df, lower = FALSE): partial argument match
     of 'lower' to 'lower.tail'
    CatModGraph: no visible global function definition for ‘ggplot’
    CatModGraph: no visible global function definition for ‘aes’
    CatModGraph: no visible binding for global variable ‘z’
    CatModGraph: no visible binding for global variable ‘wi’
    CatModGraph: no visible global function definition for ‘geom_boxplot’
    CatModGraph: no visible global function definition for ‘geom_jitter’
    CatModGraph: no visible binding for global variable ‘wi.tau’
    CatModGraph: no visible global function definition for ‘xlab’
    CatModGraph: no visible global function definition for ‘ylab’
    CatModGraph: no visible global function definition for ‘opts’
    ForestPlot: no visible global function definition for ‘ggplot’
    ForestPlot: no visible global function definition for ‘aes’
    ForestPlot: no visible binding for global variable ‘id’
    ForestPlot: no visible binding for global variable ‘r’
    ForestPlot: no visible global function definition for ‘geom_vline’
    ForestPlot: no visible global function definition for ‘geom_point’
    ForestPlot: no visible global function definition for ‘opts’
    ForestPlot: no visible global function definition for ‘geom_errorbarh’
    ForestPlot: no visible binding for global variable ‘l.ci95’
    ForestPlot: no visible binding for global variable ‘u.ci95’
    ForestPlot: no visible global function definition for ‘xlim’
    ForestPlot: no visible global function definition for ‘xlab’
    ForestPlot: no visible global function definition for ‘ylab’
    FunnelPlot: no visible global function definition for ‘ggplot’
    FunnelPlot: no visible global function definition for ‘aes’
    FunnelPlot: no visible binding for global variable ‘se.z’
    FunnelPlot: no visible binding for global variable ‘z’
    FunnelPlot: no visible global function definition for ‘geom_vline’
    FunnelPlot: no visible global function definition for ‘opts’
    FunnelPlot: no visible global function definition for ‘xlim’
    FunnelPlot: no visible global function definition for ‘ylim’
    FunnelPlot: no visible global function definition for ‘xlab’
    FunnelPlot: no visible global function definition for ‘ylab’
    FunnelPlot: no visible global function definition for ‘stat_abline’
    FunnelPlot: no visible global function definition for
     ‘scale_y_continuous’
    FunnelPlot: no visible binding for global variable ‘se.z.tau’
    MAregGraph: no visible global function definition for ‘ggplot’
    MAregGraph: no visible global function definition for ‘aes’
    MAregGraph: no visible binding for global variable ‘z’
    MAregGraph: no visible binding for global variable ‘wi’
    MAregGraph: no visible global function definition for ‘geom_point’
    MAregGraph: no visible global function definition for ‘geom_smooth’
    MAregGraph: no visible global function definition for ‘xlab’
    MAregGraph: no visible global function definition for ‘ylab’
    MAregGraph: no visible global function definition for ‘opts’
    MAregGraph: no visible binding for global variable ‘wi.tau’
    MultiModGraph: no visible global function definition for ‘ggplot’
    MultiModGraph: no visible global function definition for ‘aes’
    MultiModGraph: no visible binding for global variable ‘z’
    MultiModGraph: no visible binding for global variable ‘wi’
    MultiModGraph: no visible global function definition for ‘opts’
    MultiModGraph: no visible global function definition for ‘facet_wrap’
    MultiModGraph: no visible global function definition for ‘geom_point’
    MultiModGraph: no visible global function definition for ‘geom_smooth’
    MultiModGraph: no visible global function definition for ‘ylab’
    MultiModGraph: no visible global function definition for ‘xlab’
    MultiModGraph: no visible binding for global variable ‘wi.tau’
    mareg.default: no visible global function definition for ‘rma’
    omni: no visible binding for global variable ‘g’
    omni: no visible binding for global variable ‘var.g’
    plotcat: no visible global function definition for ‘ggplot’
    plotcat: no visible global function definition for ‘aes’
    plotcat: no visible binding for global variable ‘wi’
    plotcat: no visible global function definition for ‘geom_boxplot’
    plotcat: no visible global function definition for ‘geom_jitter’
    plotcat: no visible binding for global variable ‘wi.tau’
    plotcat: no visible global function definition for ‘xlab’
    plotcat: no visible global function definition for ‘ylab’
    plotcat: no visible global function definition for ‘opts’
    plotcon: no visible global function definition for ‘ggplot’
    plotcon: no visible global function definition for ‘aes’
    plotcon: no visible binding for global variable ‘wi’
    plotcon: no visible global function definition for ‘geom_point’
    plotcon: no visible global function definition for ‘geom_smooth’
    plotcon: no visible global function definition for ‘xlab’
    plotcon: no visible global function definition for ‘ylab’
    plotcon: no visible global function definition for ‘opts’
    plotcon: no visible binding for global variable ‘wi.tau’
    stat_sum_single1: no visible binding for global variable ‘wi’
    stat_sum_single1: no visible global function definition for
     ‘stat_summary’
    stat_sum_single2: no visible binding for global variable ‘wi.tau’
    stat_sum_single2: no visible global function definition for
     ‘stat_summary’
    wd.default: no visible global function definition for ‘wdGet’
    wd.default: no visible global function definition for ‘wdNewDoc’
    wd.default: no visible global function definition for ‘wdHeading’
    wd.default: no visible global function definition for ‘wdTable’
    wd.macat: no visible global function definition for ‘wdGet’
    wd.macat: no visible global function definition for ‘wdNewDoc’
    wd.macat: no visible global function definition for ‘wdHeading’
    wd.macat: no visible global function definition for ‘wdTable’
    wd.mareg: no visible global function definition for ‘wdGet’
    wd.mareg: no visible global function definition for ‘wdNewDoc’
    wd.mareg: no visible global function definition for ‘wdHeading’
    wd.mareg: no visible global function definition for ‘wdTable’
    wd.omni: no visible global function definition for ‘wdGet’
    wd.omni: no visible global function definition for ‘wdNewDoc’
    wd.omni: no visible global function definition for ‘wdHeading’
    wd.omni: no visible global function definition for ‘wdTable’
    Undefined global functions or variables:
     aes facet_wrap g geom_boxplot geom_errorbarh geom_jitter geom_point
     geom_smooth geom_vline ggplot id l.ci95 opts r rma scale_y_continuous
     se.z se.z.tau stat_abline stat_summary u.ci95 var.g wdGet wdHeading
     wdNewDoc wdTable wi wi.tau xlab xlim ylab ylim z
Flavor: r-devel-osx-x86_64-clang

Version: 1.1
Check: R code for possible problems
Result: NOTE
    CatModf: warning in pchisq(out$Q, out$df, lower = FALSE): partial
     argument match of ‘lower’ to ‘lower.tail’
    CatModr: warning in pchisq(out$Q, out$df, lower = FALSE): partial
     argument match of ‘lower’ to ‘lower.tail’
    OmnibusES: warning in pchisq(Q, df, lower = FALSE): partial argument
     match of ‘lower’ to ‘lower.tail’
    macat: warning in pchisq(temp$Q, temp$df, lower = FALSE): partial
     argument match of ‘lower’ to ‘lower.tail’
    macat: warning in pchisq(out$Q, out$df, lower = FALSE): partial
     argument match of ‘lower’ to ‘lower.tail’
    omni: warning in pchisq(Q, df, lower = FALSE): partial argument match
     of ‘lower’ to ‘lower.tail’
    CatModGraph: no visible global function definition for ‘ggplot’
    CatModGraph: no visible global function definition for ‘aes’
    CatModGraph: no visible binding for global variable ‘z’
    CatModGraph: no visible binding for global variable ‘wi’
    CatModGraph: no visible global function definition for ‘geom_boxplot’
    CatModGraph: no visible global function definition for ‘geom_jitter’
    CatModGraph: no visible binding for global variable ‘wi.tau’
    CatModGraph: no visible global function definition for ‘xlab’
    CatModGraph: no visible global function definition for ‘ylab’
    CatModGraph: no visible global function definition for ‘opts’
    ForestPlot: no visible global function definition for ‘ggplot’
    ForestPlot: no visible global function definition for ‘aes’
    ForestPlot: no visible binding for global variable ‘id’
    ForestPlot: no visible binding for global variable ‘r’
    ForestPlot: no visible global function definition for ‘geom_vline’
    ForestPlot: no visible global function definition for ‘geom_point’
    ForestPlot: no visible global function definition for ‘opts’
    ForestPlot: no visible global function definition for ‘geom_errorbarh’
    ForestPlot: no visible binding for global variable ‘l.ci95’
    ForestPlot: no visible binding for global variable ‘u.ci95’
    ForestPlot: no visible global function definition for ‘xlim’
    ForestPlot: no visible global function definition for ‘xlab’
    ForestPlot: no visible global function definition for ‘ylab’
    FunnelPlot: no visible global function definition for ‘ggplot’
    FunnelPlot: no visible global function definition for ‘aes’
    FunnelPlot: no visible binding for global variable ‘se.z’
    FunnelPlot: no visible binding for global variable ‘z’
    FunnelPlot: no visible global function definition for ‘geom_vline’
    FunnelPlot: no visible global function definition for ‘opts’
    FunnelPlot: no visible global function definition for ‘xlim’
    FunnelPlot: no visible global function definition for ‘ylim’
    FunnelPlot: no visible global function definition for ‘xlab’
    FunnelPlot: no visible global function definition for ‘ylab’
    FunnelPlot: no visible global function definition for ‘stat_abline’
    FunnelPlot: no visible global function definition for
     ‘scale_y_continuous’
    FunnelPlot: no visible binding for global variable ‘se.z.tau’
    MAregGraph: no visible global function definition for ‘ggplot’
    MAregGraph: no visible global function definition for ‘aes’
    MAregGraph: no visible binding for global variable ‘z’
    MAregGraph: no visible binding for global variable ‘wi’
    MAregGraph: no visible global function definition for ‘geom_point’
    MAregGraph: no visible global function definition for ‘geom_smooth’
    MAregGraph: no visible global function definition for ‘xlab’
    MAregGraph: no visible global function definition for ‘ylab’
    MAregGraph: no visible global function definition for ‘opts’
    MAregGraph: no visible binding for global variable ‘wi.tau’
    MultiModGraph: no visible global function definition for ‘ggplot’
    MultiModGraph: no visible global function definition for ‘aes’
    MultiModGraph: no visible binding for global variable ‘z’
    MultiModGraph: no visible binding for global variable ‘wi’
    MultiModGraph: no visible global function definition for ‘opts’
    MultiModGraph: no visible global function definition for ‘facet_wrap’
    MultiModGraph: no visible global function definition for ‘geom_point’
    MultiModGraph: no visible global function definition for ‘geom_smooth’
    MultiModGraph: no visible global function definition for ‘ylab’
    MultiModGraph: no visible global function definition for ‘xlab’
    MultiModGraph: no visible binding for global variable ‘wi.tau’
    mareg.default: no visible global function definition for ‘rma’
    omni: no visible binding for global variable ‘g’
    omni: no visible binding for global variable ‘var.g’
    plotcat: no visible global function definition for ‘ggplot’
    plotcat: no visible global function definition for ‘aes’
    plotcat: no visible binding for global variable ‘wi’
    plotcat: no visible global function definition for ‘geom_boxplot’
    plotcat: no visible global function definition for ‘geom_jitter’
    plotcat: no visible binding for global variable ‘wi.tau’
    plotcat: no visible global function definition for ‘xlab’
    plotcat: no visible global function definition for ‘ylab’
    plotcat: no visible global function definition for ‘opts’
    plotcon: no visible global function definition for ‘ggplot’
    plotcon: no visible global function definition for ‘aes’
    plotcon: no visible binding for global variable ‘wi’
    plotcon: no visible global function definition for ‘geom_point’
    plotcon: no visible global function definition for ‘geom_smooth’
    plotcon: no visible global function definition for ‘xlab’
    plotcon: no visible global function definition for ‘ylab’
    plotcon: no visible global function definition for ‘opts’
    plotcon: no visible binding for global variable ‘wi.tau’
    stat_sum_single1: no visible binding for global variable ‘wi’
    stat_sum_single1: no visible global function definition for
     ‘stat_summary’
    stat_sum_single2: no visible binding for global variable ‘wi.tau’
    stat_sum_single2: no visible global function definition for
     ‘stat_summary’
    wd.default: no visible global function definition for ‘wdGet’
    wd.default: no visible global function definition for ‘wdNewDoc’
    wd.default: no visible global function definition for ‘wdHeading’
    wd.default: no visible global function definition for ‘wdTable’
    wd.macat: no visible global function definition for ‘wdGet’
    wd.macat: no visible global function definition for ‘wdNewDoc’
    wd.macat: no visible global function definition for ‘wdHeading’
    wd.macat: no visible global function definition for ‘wdTable’
    wd.mareg: no visible global function definition for ‘wdGet’
    wd.mareg: no visible global function definition for ‘wdNewDoc’
    wd.mareg: no visible global function definition for ‘wdHeading’
    wd.mareg: no visible global function definition for ‘wdTable’
    wd.omni: no visible global function definition for ‘wdGet’
    wd.omni: no visible global function definition for ‘wdNewDoc’
    wd.omni: no visible global function definition for ‘wdHeading’
    wd.omni: no visible global function definition for ‘wdTable’
Flavors: r-patched-linux-x86_64, r-patched-solaris-sparc, r-patched-solaris-x86, r-release-linux-x86_64, r-release-osx-x86_64-mavericks, r-release-windows-ix86+x86_64, r-oldrel-windows-ix86+x86_64