CRAN Package Check Results for Package MAclinical

Last updated on 2014-07-23 21:47:08.

Flavor Version Tinstall Tcheck Ttotal Status Flags
r-devel-linux-x86_64-debian-clang 1.0-5 2.14 34.22 36.36 OK
r-devel-linux-x86_64-debian-gcc 1.0-5 2.64 33.75 36.40 OK
r-devel-linux-x86_64-fedora-clang 1.0-5 82.35 OK
r-devel-linux-x86_64-fedora-gcc 1.0-5 77.36 OK
r-devel-osx-x86_64-clang 1.0-5 69.46 OK
r-devel-windows-ix86+x86_64 1.0-5 9.00 58.00 67.00 OK
r-patched-linux-x86_64 1.0-5 2.14 34.62 36.76 OK
r-patched-solaris-sparc 1.0-5 435.20 OK
r-patched-solaris-x86 1.0-5 100.00 OK
r-release-linux-ix86 1.0-5 2.98 49.50 52.48 OK
r-release-linux-x86_64 1.0-5 2.34 35.46 37.80 OK
r-release-osx-x86_64-mavericks 1.0-5 OK
r-release-osx-x86_64-snowleopard 1.0-5 ERROR
r-release-windows-ix86+x86_64 1.0-5 9.00 60.00 69.00 OK
r-oldrel-windows-ix86+x86_64 1.0-5 11.00 63.00 74.00 OK

Check Details

Version: 1.0-5
Check: whether package can be installed
Result: ERROR
    Installation failed.
    See ‘/Volumes/XT3/Builds/R-dev-web/QA/Simon/packages/snowleopard-x86_64/results/3.1/MAclinical.Rcheck/00install.out’ for details.
Flavor: r-release-osx-x86_64-snowleopard