CRAN Package Check Results for Package MAclinical

Last updated on 2015-02-27 15:47:43.

Flavor Version Tinstall Tcheck Ttotal Status Flags
r-devel-linux-x86_64-debian-clang 1.0-5 1.88 25.94 27.82 OK
r-devel-linux-x86_64-debian-gcc 1.0-5 1.63 25.29 26.92 OK
r-devel-linux-x86_64-fedora-clang 1.0-5 57.27 OK
r-devel-linux-x86_64-fedora-gcc 1.0-5 53.86 OK
r-devel-osx-x86_64-clang 1.0-5 54.35 OK
r-devel-windows-ix86+x86_64 1.0-5 9.00 52.00 61.00 OK
r-patched-linux-x86_64 1.0-5 2.63 37.28 39.91 OK
r-patched-solaris-sparc 1.0-5 431.70 OK
r-patched-solaris-x86 OK
r-release-linux-ix86 1.0-5 2.58 50.35 52.93 OK
r-release-linux-x86_64 1.0-5 2.61 36.15 38.76 OK
r-release-osx-x86_64-mavericks 1.0-5 OK
r-release-osx-x86_64-snowleopard 1.0-5 ERROR
r-release-windows-ix86+x86_64 1.0-5 11.00 63.00 74.00 OK
r-oldrel-windows-ix86+x86_64 1.0-5 10.00 68.00 78.00 OK

Check Details

Version: 1.0-5
Check: whether package can be installed
Result: ERROR
    Installation failed.
Flavor: r-release-osx-x86_64-snowleopard