CRAN Package Check Results for Package MAclinical

Last updated on 2014-08-29 23:48:50.

Flavor Version Tinstall Tcheck Ttotal Status Flags
r-devel-linux-x86_64-debian-clang 1.0-5 2.10 33.45 35.55 OK
r-devel-linux-x86_64-debian-gcc 1.0-5 2.05 32.55 34.60 OK
r-devel-linux-x86_64-fedora-clang 1.0-5 77.33 OK
r-devel-linux-x86_64-fedora-gcc 1.0-5 72.30 OK
r-devel-osx-x86_64-clang 1.0-5 65.83 OK
r-devel-windows-ix86+x86_64 1.0-5 11.00 57.00 68.00 OK
r-patched-linux-x86_64 1.0-5 2.28 36.77 39.06 OK
r-patched-solaris-sparc 1.0-5 445.80 OK
r-patched-solaris-x86 1.0-5 99.30 OK
r-release-linux-ix86 1.0-5 2.81 45.37 48.18 OK
r-release-linux-x86_64 1.0-5 2.27 35.62 37.89 OK
r-release-osx-x86_64-mavericks 1.0-5 OK
r-release-osx-x86_64-snowleopard 1.0-5 ERROR
r-release-windows-ix86+x86_64 1.0-5 9.00 64.00 73.00 OK
r-oldrel-windows-ix86+x86_64 1.0-5 11.00 63.00 74.00 OK

Check Details

Version: 1.0-5
Check: whether package can be installed
Result: ERROR
    Installation failed.
Flavor: r-release-osx-x86_64-snowleopard