Last updated on 2018-04-24 13:46:55 CEST.
Flavor | Version | Tinstall | Tcheck | Ttotal | Status | Flags |
---|---|---|---|---|---|---|
r-devel-linux-x86_64-debian-clang | 1.0-5 | 6.72 | 86.78 | 93.50 | NOTE | |
r-devel-linux-x86_64-debian-gcc | 1.0-5 | 6.01 | 67.40 | 73.41 | NOTE | |
r-devel-linux-x86_64-fedora-clang | 1.0-5 | 115.51 | NOTE | |||
r-devel-linux-x86_64-fedora-gcc | 1.0-5 | 113.54 | NOTE | |||
r-devel-windows-ix86+x86_64 | 1.0-5 | 17.00 | 90.00 | 107.00 | NOTE | |
r-patched-linux-x86_64 | 1.0-5 | 6.39 | 84.07 | 90.46 | NOTE | |
r-patched-solaris-x86 | 1.0-5 | 166.70 | NOTE | |||
r-release-linux-x86_64 | 1.0-5 | 6.76 | 84.22 | 90.98 | NOTE | |
r-release-windows-ix86+x86_64 | 1.0-5 | 17.00 | 90.00 | 107.00 | NOTE | |
r-release-osx-x86_64 | 1.0-5 | NOTE | ||||
r-oldrel-windows-ix86+x86_64 | 1.0-5 | 13.00 | 115.00 | 128.00 | NOTE | |
r-oldrel-osx-x86_64 | 1.0-5 | NOTE |
Version: 1.0-5
Check: R code for possible problems
Result: NOTE
logistic_z: no visible global function definition for ‘glm’
logistic_z: no visible binding for global variable ‘binomial’
logistic_z: no visible global function definition for ‘predict’
plsrf_x: no visible global function definition for ‘qnorm’
plsrf_x: no visible global function definition for ‘predict’
plsrf_x_pv: no visible global function definition for ‘qnorm’
plsrf_x_pv: no visible global function definition for ‘predict’
plsrf_xz: no visible global function definition for ‘qnorm’
plsrf_xz: no visible global function definition for ‘predict’
plsrf_xz_pv: no visible global function definition for ‘qnorm’
plsrf_xz_pv: no visible global function definition for ‘predict’
rf_z: no visible global function definition for ‘qnorm’
rf_z: no visible global function definition for ‘predict’
simuldata_list: no visible global function definition for ‘rnorm’
simuldatacluster_list: no visible global function definition for
‘rnorm’
svm_x: no visible global function definition for ‘predict’
Undefined global functions or variables:
binomial glm predict qnorm rnorm
Consider adding
importFrom("stats", "binomial", "glm", "predict", "qnorm", "rnorm")
to your NAMESPACE file.
Flavors: r-devel-linux-x86_64-debian-clang, r-devel-linux-x86_64-debian-gcc, r-devel-linux-x86_64-fedora-clang, r-devel-linux-x86_64-fedora-gcc, r-devel-windows-ix86+x86_64, r-patched-linux-x86_64, r-patched-solaris-x86, r-release-linux-x86_64, r-release-windows-ix86+x86_64, r-release-osx-x86_64, r-oldrel-windows-ix86+x86_64, r-oldrel-osx-x86_64