CRAN Package Check Results for Package MAclinical

Last updated on 2016-05-06 03:51:33.

Flavor Version Tinstall Tcheck Ttotal Status Flags
r-devel-linux-x86_64-debian-gcc 1.0-5 3.73 44.66 48.39 NOTE
r-devel-linux-x86_64-fedora-clang 1.0-5 94.26 NOTE
r-devel-linux-x86_64-fedora-gcc 1.0-5 87.97 NOTE
r-devel-osx-x86_64-clang 1.0-5 100.88 NOTE
r-devel-windows-ix86+x86_64 1.0-5 11.00 77.00 88.00 NOTE
r-patched-linux-x86_64 1.0-5 3.36 42.58 45.93 NOTE
r-patched-solaris-sparc 1.0-5 353.00 NOTE
r-patched-solaris-x86 1.0-5 126.60 NOTE
r-release-linux-x86_64 1.0-5 3.59 42.40 45.99 NOTE
r-release-osx-x86_64-mavericks 1.0-5 OK
r-release-windows-ix86+x86_64 1.0-5 11.00 77.00 88.00 NOTE
r-oldrel-windows-ix86+x86_64 1.0-5 17.00 111.00 128.00 OK

Check Details

Version: 1.0-5
Check: R code for possible problems
Result: NOTE
    logistic_z: no visible global function definition for ‘glm’
    logistic_z: no visible binding for global variable ‘binomial’
    logistic_z: no visible global function definition for ‘predict’
    plsrf_x: no visible global function definition for ‘qnorm’
    plsrf_x: no visible global function definition for ‘predict’
    plsrf_x_pv: no visible global function definition for ‘qnorm’
    plsrf_x_pv: no visible global function definition for ‘predict’
    plsrf_xz: no visible global function definition for ‘qnorm’
    plsrf_xz: no visible global function definition for ‘predict’
    plsrf_xz_pv: no visible global function definition for ‘qnorm’
    plsrf_xz_pv: no visible global function definition for ‘predict’
    rf_z: no visible global function definition for ‘qnorm’
    rf_z: no visible global function definition for ‘predict’
    simuldata_list: no visible global function definition for ‘rnorm’
    simuldatacluster_list: no visible global function definition for
     ‘rnorm’
    svm_x: no visible global function definition for ‘predict’
    Undefined global functions or variables:
     binomial glm predict qnorm rnorm
    Consider adding
     importFrom("stats", "binomial", "glm", "predict", "qnorm", "rnorm")
    to your NAMESPACE file.
Flavors: r-devel-linux-x86_64-debian-gcc, r-devel-linux-x86_64-fedora-clang, r-devel-linux-x86_64-fedora-gcc, r-devel-osx-x86_64-clang, r-devel-windows-ix86+x86_64, r-patched-linux-x86_64, r-patched-solaris-sparc, r-patched-solaris-x86, r-release-linux-x86_64, r-release-windows-ix86+x86_64