CRAN Package Check Results for Package MAclinical

Last updated on 2015-08-30 19:47:07.

Flavor Version Tinstall Tcheck Ttotal Status Flags
r-devel-linux-x86_64-debian-clang 1.0-5 1.57 25.35 26.92 NOTE
r-devel-linux-x86_64-debian-gcc 1.0-5 1.74 25.77 27.50 NOTE
r-devel-linux-x86_64-fedora-clang 1.0-5 53.88 NOTE
r-devel-linux-x86_64-fedora-gcc 1.0-5 51.68 NOTE
r-devel-osx-x86_64-clang 1.0-5 47.53 OK
r-devel-windows-ix86+x86_64 1.0-5 9.00 48.00 57.00 NOTE
r-patched-linux-x86_64 1.0-5 1.83 26.54 28.37 OK
r-patched-solaris-sparc 1.0-5 363.40 OK
r-patched-solaris-x86 1.0-5 80.20 OK
r-release-linux-x86_64 1.0-5 2.09 26.50 28.59 OK
r-release-osx-x86_64-mavericks 1.0-5 OK
r-release-windows-ix86+x86_64 1.0-5 10.00 50.00 60.00 OK
r-oldrel-windows-ix86+x86_64 1.0-5 18.00 84.00 102.00 OK

Check Details

Version: 1.0-5
Check: R code for possible problems
Result: NOTE
    logistic_z: no visible global function definition for ‘glm’
    logistic_z: no visible binding for global variable ‘binomial’
    logistic_z: no visible global function definition for ‘predict’
    plsrf_x: no visible global function definition for ‘qnorm’
    plsrf_x: no visible global function definition for ‘predict’
    plsrf_x_pv: no visible global function definition for ‘qnorm’
    plsrf_x_pv: no visible global function definition for ‘predict’
    plsrf_xz: no visible global function definition for ‘qnorm’
    plsrf_xz: no visible global function definition for ‘predict’
    plsrf_xz_pv: no visible global function definition for ‘qnorm’
    plsrf_xz_pv: no visible global function definition for ‘predict’
    rf_z: no visible global function definition for ‘qnorm’
    rf_z: no visible global function definition for ‘predict’
    simuldata_list: no visible global function definition for ‘rnorm’
    simuldatacluster_list: no visible global function definition for
     ‘rnorm’
    svm_x: no visible global function definition for ‘predict’
    Undefined global functions or variables:
     binomial glm predict qnorm rnorm
    Consider adding
     importFrom("stats", "binomial", "glm", "predict", "qnorm", "rnorm")
    to your NAMESPACE.
Flavors: r-devel-linux-x86_64-debian-clang, r-devel-linux-x86_64-debian-gcc, r-devel-linux-x86_64-fedora-clang, r-devel-linux-x86_64-fedora-gcc, r-devel-windows-ix86+x86_64