CRAN Package Check Results for Package MAclinical

Last updated on 2016-08-26 03:47:11.

Flavor Version Tinstall Tcheck Ttotal Status Flags
r-devel-linux-x86_64-debian-clang 1.0-5 3.64 45.08 48.73 NOTE
r-devel-linux-x86_64-debian-gcc 1.0-5 5.02 56.08 61.11 NOTE
r-devel-linux-x86_64-fedora-clang 1.0-5 93.45 NOTE
r-devel-linux-x86_64-fedora-gcc 1.0-5 91.12 NOTE
r-devel-osx-x86_64-clang 1.0-5 74.51 NOTE
r-devel-windows-ix86+x86_64 1.0-5 14.00 98.00 112.00 NOTE
r-patched-linux-x86_64 1.0-5 3.50 43.05 46.55 NOTE
r-patched-solaris-sparc 1.0-5 555.20 NOTE
r-patched-solaris-x86 1.0-5 125.00 NOTE
r-release-linux-x86_64 1.0-5 3.47 43.48 46.95 NOTE
r-release-osx-x86_64-mavericks 1.0-5 NOTE
r-release-windows-ix86+x86_64 1.0-5 9.00 75.00 84.00 NOTE
r-oldrel-windows-ix86+x86_64 1.0-5 12.00 76.00 88.00 OK

Check Details

Version: 1.0-5
Check: R code for possible problems
Result: NOTE
    logistic_z: no visible global function definition for ‘glm’
    logistic_z: no visible binding for global variable ‘binomial’
    logistic_z: no visible global function definition for ‘predict’
    plsrf_x: no visible global function definition for ‘qnorm’
    plsrf_x: no visible global function definition for ‘predict’
    plsrf_x_pv: no visible global function definition for ‘qnorm’
    plsrf_x_pv: no visible global function definition for ‘predict’
    plsrf_xz: no visible global function definition for ‘qnorm’
    plsrf_xz: no visible global function definition for ‘predict’
    plsrf_xz_pv: no visible global function definition for ‘qnorm’
    plsrf_xz_pv: no visible global function definition for ‘predict’
    rf_z: no visible global function definition for ‘qnorm’
    rf_z: no visible global function definition for ‘predict’
    simuldata_list: no visible global function definition for ‘rnorm’
    simuldatacluster_list: no visible global function definition for
     ‘rnorm’
    svm_x: no visible global function definition for ‘predict’
    Undefined global functions or variables:
     binomial glm predict qnorm rnorm
    Consider adding
     importFrom("stats", "binomial", "glm", "predict", "qnorm", "rnorm")
    to your NAMESPACE file.
Flavors: r-devel-linux-x86_64-debian-clang, r-devel-linux-x86_64-debian-gcc, r-devel-linux-x86_64-fedora-clang, r-devel-linux-x86_64-fedora-gcc, r-devel-osx-x86_64-clang, r-devel-windows-ix86+x86_64, r-patched-linux-x86_64, r-patched-solaris-sparc, r-patched-solaris-x86, r-release-linux-x86_64, r-release-osx-x86_64-mavericks, r-release-windows-ix86+x86_64