CRAN Package Check Results for Package MAclinical

Last updated on 2017-03-27 18:49:54.

Flavor Version Tinstall Tcheck Ttotal Status Flags
r-devel-linux-x86_64-debian-clang 1.0-5 3.43 45.54 48.97 NOTE
r-devel-linux-x86_64-debian-gcc 1.0-5 3.23 44.23 47.46 NOTE
r-devel-linux-x86_64-fedora-clang 1.0-5 106.52 NOTE --no-stop-on-test-error
r-devel-linux-x86_64-fedora-gcc 1.0-5 105.40 NOTE --no-stop-on-test-error
r-devel-macos-x86_64-clang 1.0-5 81.37 NOTE --no-stop-on-test-error
r-devel-windows-ix86+x86_64 1.0-5 11.00 90.00 101.00 NOTE
r-patched-linux-x86_64 1.0-5 3.31 46.36 49.67 NOTE
r-patched-solaris-sparc 1.0-5 615.40 NOTE
r-patched-solaris-x86 1.0-5 142.50 NOTE
r-release-linux-x86_64 1.0-5 3.29 42.32 45.61 NOTE
r-release-osx-x86_64-mavericks 1.0-5 NOTE
r-release-windows-ix86+x86_64 1.0-5 14.00 74.00 88.00 NOTE
r-oldrel-windows-ix86+x86_64 1.0-5 10.00 73.00 83.00 OK

Check Details

Version: 1.0-5
Check: R code for possible problems
Result: NOTE
    logistic_z: no visible global function definition for ‘glm’
    logistic_z: no visible binding for global variable ‘binomial’
    logistic_z: no visible global function definition for ‘predict’
    plsrf_x: no visible global function definition for ‘qnorm’
    plsrf_x: no visible global function definition for ‘predict’
    plsrf_x_pv: no visible global function definition for ‘qnorm’
    plsrf_x_pv: no visible global function definition for ‘predict’
    plsrf_xz: no visible global function definition for ‘qnorm’
    plsrf_xz: no visible global function definition for ‘predict’
    plsrf_xz_pv: no visible global function definition for ‘qnorm’
    plsrf_xz_pv: no visible global function definition for ‘predict’
    rf_z: no visible global function definition for ‘qnorm’
    rf_z: no visible global function definition for ‘predict’
    simuldata_list: no visible global function definition for ‘rnorm’
    simuldatacluster_list: no visible global function definition for
     ‘rnorm’
    svm_x: no visible global function definition for ‘predict’
    Undefined global functions or variables:
     binomial glm predict qnorm rnorm
    Consider adding
     importFrom("stats", "binomial", "glm", "predict", "qnorm", "rnorm")
    to your NAMESPACE file.
Flavors: r-devel-linux-x86_64-debian-clang, r-devel-linux-x86_64-debian-gcc, r-devel-windows-ix86+x86_64, r-patched-linux-x86_64, r-patched-solaris-sparc, r-patched-solaris-x86, r-release-linux-x86_64, r-release-osx-x86_64-mavericks, r-release-windows-ix86+x86_64

Version: 1.0-5
Flags: --no-stop-on-test-error
Check: R code for possible problems
Result: NOTE
    logistic_z: no visible global function definition for ‘glm’
    logistic_z: no visible binding for global variable ‘binomial’
    logistic_z: no visible global function definition for ‘predict’
    plsrf_x: no visible global function definition for ‘qnorm’
    plsrf_x: no visible global function definition for ‘predict’
    plsrf_x_pv: no visible global function definition for ‘qnorm’
    plsrf_x_pv: no visible global function definition for ‘predict’
    plsrf_xz: no visible global function definition for ‘qnorm’
    plsrf_xz: no visible global function definition for ‘predict’
    plsrf_xz_pv: no visible global function definition for ‘qnorm’
    plsrf_xz_pv: no visible global function definition for ‘predict’
    rf_z: no visible global function definition for ‘qnorm’
    rf_z: no visible global function definition for ‘predict’
    simuldata_list: no visible global function definition for ‘rnorm’
    simuldatacluster_list: no visible global function definition for
     ‘rnorm’
    svm_x: no visible global function definition for ‘predict’
    Undefined global functions or variables:
     binomial glm predict qnorm rnorm
    Consider adding
     importFrom("stats", "binomial", "glm", "predict", "qnorm", "rnorm")
    to your NAMESPACE file.
Flavors: r-devel-linux-x86_64-fedora-clang, r-devel-linux-x86_64-fedora-gcc, r-devel-macos-x86_64-clang