CRAN Package Check Results for Package MAclinical

Last updated on 2015-06-29 23:46:57.

Flavor Version Tinstall Tcheck Ttotal Status Flags
r-devel-linux-x86_64-debian-clang 1.0-5 1.71 25.48 27.19 NOTE
r-devel-linux-x86_64-debian-gcc 1.0-5 1.66 25.51 27.17 NOTE
r-devel-linux-x86_64-fedora-clang 1.0-5 55.90 OK
r-devel-linux-x86_64-fedora-gcc 1.0-5 53.08 OK
r-devel-osx-x86_64-clang 1.0-5 53.29 OK
r-devel-windows-ix86+x86_64 1.0-5 9.00 40.00 49.00 NOTE
r-patched-linux-x86_64 1.0-5 1.74 25.41 27.14 OK
r-patched-solaris-sparc 1.0-5 339.30 OK
r-patched-solaris-x86 1.0-5 77.50 OK
r-release-linux-x86_64 1.0-5 1.73 25.29 27.02 OK
r-release-osx-x86_64-mavericks 1.0-5 OK
r-release-windows-ix86+x86_64 1.0-5 7.00 45.00 52.00 OK
r-oldrel-windows-ix86+x86_64 1.0-5 10.00 67.00 77.00 OK

Check Details

Version: 1.0-5
Check: R code for possible problems
Result: NOTE
    logistic_z: no visible global function definition for ‘glm’
    logistic_z: no visible binding for global variable ‘binomial’
    logistic_z: no visible global function definition for ‘predict’
    plsrf_x: no visible global function definition for ‘qnorm’
    plsrf_x: no visible global function definition for ‘predict’
    plsrf_x_pv: no visible global function definition for ‘qnorm’
    plsrf_x_pv: no visible global function definition for ‘predict’
    plsrf_xz: no visible global function definition for ‘qnorm’
    plsrf_xz: no visible global function definition for ‘predict’
    plsrf_xz_pv: no visible global function definition for ‘qnorm’
    plsrf_xz_pv: no visible global function definition for ‘predict’
    rf_z: no visible global function definition for ‘qnorm’
    rf_z: no visible global function definition for ‘predict’
    simuldata_list: no visible global function definition for ‘rnorm’
    simuldatacluster_list: no visible global function definition for
     ‘rnorm’
    svm_x: no visible global function definition for ‘predict’
Flavors: r-devel-linux-x86_64-debian-clang, r-devel-linux-x86_64-debian-gcc, r-devel-windows-ix86+x86_64