CRAN Package Check Results for Package MAclinical

Last updated on 2016-02-10 18:49:25.

Flavor Version Tinstall Tcheck Ttotal Status Flags
r-devel-linux-x86_64-debian-gcc 1.0-5 1.68 24.38 26.06 NOTE
r-devel-linux-x86_64-fedora-clang 1.0-5 50.13 NOTE
r-devel-linux-x86_64-fedora-gcc 1.0-5 48.67 NOTE
r-devel-osx-x86_64-clang 1.0-5 56.31 NOTE
r-devel-windows-ix86+x86_64 1.0-5 11.00 49.00 60.00 NOTE
r-patched-linux-x86_64 1.0-5 2.00 27.12 29.11 OK
r-patched-solaris-sparc 1.0-5 343.50 OK
r-patched-solaris-x86 1.0-5 74.70 OK
r-release-linux-x86_64 1.0-5 2.08 27.29 29.37 OK
r-release-osx-x86_64-mavericks 1.0-5 OK
r-release-windows-ix86+x86_64 1.0-5 9.00 83.00 92.00 OK
r-oldrel-windows-ix86+x86_64 1.0-5 18.00 123.00 141.00 OK

Check Details

Version: 1.0-5
Check: R code for possible problems
Result: NOTE
    logistic_z: no visible global function definition for ‘glm’
    logistic_z: no visible binding for global variable ‘binomial’
    logistic_z: no visible global function definition for ‘predict’
    plsrf_x: no visible global function definition for ‘qnorm’
    plsrf_x: no visible global function definition for ‘predict’
    plsrf_x_pv: no visible global function definition for ‘qnorm’
    plsrf_x_pv: no visible global function definition for ‘predict’
    plsrf_xz: no visible global function definition for ‘qnorm’
    plsrf_xz: no visible global function definition for ‘predict’
    plsrf_xz_pv: no visible global function definition for ‘qnorm’
    plsrf_xz_pv: no visible global function definition for ‘predict’
    rf_z: no visible global function definition for ‘qnorm’
    rf_z: no visible global function definition for ‘predict’
    simuldata_list: no visible global function definition for ‘rnorm’
    simuldatacluster_list: no visible global function definition for
     ‘rnorm’
    svm_x: no visible global function definition for ‘predict’
    Undefined global functions or variables:
     binomial glm predict qnorm rnorm
    Consider adding
     importFrom("stats", "binomial", "glm", "predict", "qnorm", "rnorm")
    to your NAMESPACE file.
Flavors: r-devel-linux-x86_64-debian-gcc, r-devel-linux-x86_64-fedora-clang, r-devel-linux-x86_64-fedora-gcc, r-devel-osx-x86_64-clang, r-devel-windows-ix86+x86_64