CRAN Package Check Results for Package MAclinical

Last updated on 2016-07-27 02:47:05.

Flavor Version Tinstall Tcheck Ttotal Status Flags
r-devel-linux-x86_64-debian-clang 1.0-5 4.14 51.21 55.35 NOTE
r-devel-linux-x86_64-debian-gcc 1.0-5 4.07 51.10 55.17 NOTE
r-devel-linux-x86_64-fedora-clang 1.0-5 94.84 NOTE
r-devel-linux-x86_64-fedora-gcc 1.0-5 91.07 NOTE
r-devel-osx-x86_64-clang 1.0-5 74.37 NOTE
r-devel-windows-ix86+x86_64 1.0-5 16.00 106.00 122.00 NOTE
r-patched-linux-x86_64 1.0-5 4.60 50.05 54.65 NOTE
r-patched-solaris-sparc 1.0-5 555.20 NOTE
r-patched-solaris-x86 1.0-5 124.00 NOTE
r-release-linux-x86_64 1.0-5 3.81 50.39 54.20 NOTE
r-release-osx-x86_64-mavericks 1.0-5 NOTE
r-release-windows-ix86+x86_64 1.0-5 16.00 101.00 117.00 NOTE
r-oldrel-windows-ix86+x86_64 1.0-5 20.00 109.00 129.00 OK

Check Details

Version: 1.0-5
Check: R code for possible problems
Result: NOTE
    logistic_z: no visible global function definition for ‘glm’
    logistic_z: no visible binding for global variable ‘binomial’
    logistic_z: no visible global function definition for ‘predict’
    plsrf_x: no visible global function definition for ‘qnorm’
    plsrf_x: no visible global function definition for ‘predict’
    plsrf_x_pv: no visible global function definition for ‘qnorm’
    plsrf_x_pv: no visible global function definition for ‘predict’
    plsrf_xz: no visible global function definition for ‘qnorm’
    plsrf_xz: no visible global function definition for ‘predict’
    plsrf_xz_pv: no visible global function definition for ‘qnorm’
    plsrf_xz_pv: no visible global function definition for ‘predict’
    rf_z: no visible global function definition for ‘qnorm’
    rf_z: no visible global function definition for ‘predict’
    simuldata_list: no visible global function definition for ‘rnorm’
    simuldatacluster_list: no visible global function definition for
     ‘rnorm’
    svm_x: no visible global function definition for ‘predict’
    Undefined global functions or variables:
     binomial glm predict qnorm rnorm
    Consider adding
     importFrom("stats", "binomial", "glm", "predict", "qnorm", "rnorm")
    to your NAMESPACE file.
Flavors: r-devel-linux-x86_64-debian-clang, r-devel-linux-x86_64-debian-gcc, r-devel-linux-x86_64-fedora-clang, r-devel-linux-x86_64-fedora-gcc, r-devel-osx-x86_64-clang, r-devel-windows-ix86+x86_64, r-patched-linux-x86_64, r-patched-solaris-sparc, r-patched-solaris-x86, r-release-linux-x86_64, r-release-osx-x86_64-mavericks, r-release-windows-ix86+x86_64