CRAN Package Check Results for Package MAclinical

Last updated on 2014-11-26 10:47:38.

Flavor Version Tinstall Tcheck Ttotal Status Flags
r-devel-linux-x86_64-debian-clang 1.0-5 2.30 34.31 36.61 OK
r-devel-linux-x86_64-debian-gcc 1.0-5 2.06 34.26 36.32 OK
r-devel-linux-x86_64-fedora-clang 1.0-5 81.82 OK
r-devel-linux-x86_64-fedora-gcc 1.0-5 77.19 OK
r-devel-osx-x86_64-clang 1.0-5 70.88 OK
r-devel-windows-ix86+x86_64 1.0-5 10.00 58.00 68.00 OK
r-patched-linux-x86_64 1.0-5 2.18 35.32 37.50 OK
r-patched-solaris-sparc 1.0-5 445.80 OK
r-patched-solaris-x86 1.0-5 100.80 OK
r-release-linux-ix86 1.0-5 2.56 43.20 45.76 OK
r-release-linux-x86_64 1.0-5 2.15 35.60 37.74 OK
r-release-osx-x86_64-mavericks 1.0-5 OK
r-release-osx-x86_64-snowleopard 1.0-5 ERROR
r-release-windows-ix86+x86_64 1.0-5 10.00 63.00 73.00 OK
r-oldrel-windows-ix86+x86_64 1.0-5 11.00 67.00 78.00 OK

Check Details

Version: 1.0-5
Check: whether package can be installed
Result: ERROR
    Installation failed.
Flavor: r-release-osx-x86_64-snowleopard