CRAN Package Check Results for Package MAclinical

Last updated on 2014-12-21 03:48:19.

Flavor Version Tinstall Tcheck Ttotal Status Flags
r-devel-linux-x86_64-debian-clang 1.0-5 2.19 35.48 37.66 OK
r-devel-linux-x86_64-debian-gcc 1.0-5 2.10 34.31 36.40 OK
r-devel-linux-x86_64-fedora-clang 1.0-5 80.16 OK
r-devel-linux-x86_64-fedora-gcc 1.0-5 76.22 OK
r-devel-osx-x86_64-clang 1.0-5 70.65 OK
r-devel-windows-ix86+x86_64 1.0-5 12.00 66.00 78.00 OK
r-patched-linux-x86_64 1.0-5 2.12 35.84 37.96 OK
r-patched-solaris-sparc 1.0-5 445.80 OK
r-patched-solaris-x86 1.0-5 99.80 OK
r-release-linux-ix86 1.0-5 2.58 43.16 45.74 OK
r-release-linux-x86_64 1.0-5 2.11 36.11 38.22 OK
r-release-osx-x86_64-mavericks 1.0-5 OK
r-release-osx-x86_64-snowleopard 1.0-5 ERROR
r-release-windows-ix86+x86_64 1.0-5 12.00 63.00 75.00 OK
r-oldrel-windows-ix86+x86_64 1.0-5 11.00 64.00 75.00 OK

Check Details

Version: 1.0-5
Check: whether package can be installed
Result: ERROR
    Installation failed.
Flavor: r-release-osx-x86_64-snowleopard