CRAN Package Check Results for Package MAclinical

Last updated on 2015-04-19 09:55:39.

Flavor Version Tinstall Tcheck Ttotal Status Flags
r-devel-linux-x86_64-debian-clang 1.0-5 1.69 26.38 28.07 OK
r-devel-linux-x86_64-debian-gcc 1.0-5 1.64 25.63 27.28 OK
r-devel-linux-x86_64-fedora-clang 1.0-5 57.39 OK
r-devel-linux-x86_64-fedora-gcc 1.0-5 59.35 OK
r-devel-osx-x86_64-clang 1.0-5 55.41 OK
r-devel-windows-ix86+x86_64 1.0-5 9.00 54.00 63.00 OK
r-patched-linux-x86_64 1.0-5 1.62 26.50 28.12 OK
r-patched-solaris-sparc 1.0-5 347.20 OK
r-patched-solaris-x86 1.0-5 74.20 OK
r-release-linux-x86_64 1.0-5 1.65 26.02 27.68 OK
r-release-osx-x86_64-mavericks 1.0-5 OK
r-release-osx-x86_64-snowleopard 1.0-5 ERROR
r-release-windows-ix86+x86_64 1.0-5 4.00 37.00 41.00 OK
r-oldrel-windows-ix86+x86_64 1.0-5 12.00 89.00 101.00 OK

Check Details

Version: 1.0-5
Check: package dependencies
Result: ERROR
    Package required but not available: ‘party’
    
    See section ‘The DESCRIPTION file’ in the ‘Writing R Extensions’
    manual.
Flavor: r-release-osx-x86_64-snowleopard