CRAN Package Check Results for Package MAclinical

Last updated on 2014-09-17 05:47:13.

Flavor Version Tinstall Tcheck Ttotal Status Flags
r-devel-linux-x86_64-debian-clang 1.0-5 2.18 33.68 35.86 OK
r-devel-linux-x86_64-debian-gcc 1.0-5 1.99 33.28 35.27 OK
r-devel-linux-x86_64-fedora-clang 1.0-5 78.07 OK
r-devel-linux-x86_64-fedora-gcc 1.0-5 87.24 OK
r-devel-osx-x86_64-clang 1.0-5 65.27 OK
r-devel-windows-ix86+x86_64 1.0-5 10.00 53.00 63.00 OK
r-patched-linux-x86_64 1.0-5 2.30 34.80 37.10 OK
r-patched-solaris-sparc 1.0-5 445.80 OK
r-patched-solaris-x86 1.0-5 98.50 OK
r-release-linux-ix86 1.0-5 2.84 45.76 48.60 OK
r-release-linux-x86_64 1.0-5 3.05 35.59 38.64 OK
r-release-osx-x86_64-mavericks 1.0-5 OK
r-release-osx-x86_64-snowleopard 1.0-5 ERROR
r-release-windows-ix86+x86_64 1.0-5 9.00 61.00 70.00 OK
r-oldrel-windows-ix86+x86_64 1.0-5 10.00 64.00 74.00 OK

Check Details

Version: 1.0-5
Check: whether package can be installed
Result: ERROR
    Installation failed.
Flavor: r-release-osx-x86_64-snowleopard