CRAN Package Check Results for Package MAclinical

Last updated on 2014-04-23 17:47:47.

Flavor Version Tinstall Tcheck Ttotal Status Flags
r-devel-linux-x86_64-debian-clang 1.0-5 2.33 37.61 39.94 OK
r-devel-linux-x86_64-debian-gcc 1.0-5 2.29 37.81 40.10 OK
r-devel-linux-x86_64-fedora-clang 1.0-5 80.28 OK
r-devel-linux-x86_64-fedora-gcc 1.0-5 77.14 OK
r-devel-osx-x86_64-clang 1.0-5 76.88 OK
r-devel-osx-x86_64-gcc 1.0-5 ERROR
r-devel-windows-ix86+x86_64 1.0-5 9.00 57.00 66.00 OK
r-patched-linux-x86_64 1.0-5 2.30 36.87 39.17 OK
r-patched-solaris-sparc 1.0-5 435.20 OK
r-patched-solaris-x86 1.0-5 102.20 OK
r-release-linux-ix86 1.0-5 4.00 65.00 69.00 OK
r-release-linux-x86_64 1.0-5 2.29 38.66 40.95 OK
r-release-osx-x86_64-mavericks 1.0-5 WARN
r-release-osx-x86_64-snowleopard 1.0-5 ERROR
r-release-windows-ix86+x86_64 1.0-5 10.00 59.00 69.00 OK
r-oldrel-windows-ix86+x86_64 1.0-5 11.00 59.00 70.00 OK

Check Details

Version: 1.0-5
Check: package dependencies
Result: ERROR
    Package required but not available: ‘party’
    
    See the information on DESCRIPTION files in the chapter ‘Creating R
    packages’ of the ‘Writing R Extensions’ manual.
Flavor: r-devel-osx-x86_64-gcc

Version: 1.0-5
Check: PDF version of manual
Result: WARNING
    LaTeX errors when creating PDF version.
    This typically indicates Rd problems.
    LaTeX errors found:
    ! LaTeX Error: File `upquote.sty' not found.
    
    Type X to quit or <RETURN> to proceed,
    or enter new name. (Default extension: sty)
    
    47104869/Rd2.tex:8: ==> Fatal error occurred, no output PDF file produced!
Flavor: r-release-osx-x86_64-mavericks

Version: 1.0-5
Check: whether package can be installed
Result: ERROR
    Installation failed.
    See ‘/Volumes/XT3/Builds/R-dev-web/QA/Simon/packages/snowleopard-x86_64/results/3.1/MAclinical.Rcheck/00install.out’ for details.
Flavor: r-release-osx-x86_64-snowleopard