CRAN Package Check Results for Package MAclinical

Last updated on 2015-05-23 14:47:00.

Flavor Version Tinstall Tcheck Ttotal Status Flags
r-devel-linux-x86_64-debian-clang 1.0-5 1.82 26.46 28.29 OK
r-devel-linux-x86_64-debian-gcc 1.0-5 2.20 25.69 27.89 OK
r-devel-linux-x86_64-fedora-clang 1.0-5 59.90 OK
r-devel-linux-x86_64-fedora-gcc 1.0-5 54.30 OK
r-devel-osx-x86_64-clang 1.0-5 52.26 OK
r-devel-windows-ix86+x86_64 1.0-5 7.00 44.00 51.00 OK
r-patched-linux-x86_64 1.0-5 1.70 25.80 27.50 OK
r-patched-solaris-sparc 1.0-5 339.30 OK
r-patched-solaris-x86 1.0-5 78.20 OK
r-release-linux-x86_64 1.0-5 1.71 26.07 27.78 OK
r-release-osx-x86_64-mavericks 1.0-5 OK
r-release-osx-x86_64-snowleopard 1.0-5 ERROR
r-release-windows-ix86+x86_64 1.0-5 6.00 45.00 51.00 OK
r-oldrel-windows-ix86+x86_64 1.0-5 11.00 69.00 80.00 OK

Check Details

Version: 1.0-5
Check: package dependencies
Result: ERROR
    Package required but not available: ‘party’
    
    See section ‘The DESCRIPTION file’ in the ‘Writing R Extensions’
    manual.
Flavor: r-release-osx-x86_64-snowleopard