CRAN Package Check Results for Package MAclinical

Last updated on 2016-09-29 14:47:32.

Flavor Version Tinstall Tcheck Ttotal Status Flags
r-devel-linux-x86_64-debian-clang 1.0-5 3.20 41.11 44.31 NOTE
r-devel-linux-x86_64-debian-gcc 1.0-5 3.22 39.03 42.25 NOTE
r-devel-linux-x86_64-fedora-clang 1.0-5 95.27 NOTE
r-devel-linux-x86_64-fedora-gcc 1.0-5 99.57 NOTE
r-devel-macos-x86_64-clang 1.0-5 68.89 NOTE
r-devel-windows-ix86+x86_64 1.0-5 17.00 95.00 112.00 NOTE
r-patched-linux-x86_64 1.0-5 3.31 40.37 43.69 NOTE
r-patched-solaris-sparc 1.0-5 555.20 NOTE
r-patched-solaris-x86 1.0-5 122.60 NOTE
r-release-linux-x86_64 1.0-5 3.35 42.37 45.71 NOTE
r-release-osx-x86_64-mavericks 1.0-5 NOTE
r-release-windows-ix86+x86_64 1.0-5 14.00 96.00 110.00 NOTE
r-oldrel-windows-ix86+x86_64 1.0-5 16.00 105.00 121.00 OK

Check Details

Version: 1.0-5
Check: R code for possible problems
Result: NOTE
    logistic_z: no visible global function definition for ‘glm’
    logistic_z: no visible binding for global variable ‘binomial’
    logistic_z: no visible global function definition for ‘predict’
    plsrf_x: no visible global function definition for ‘qnorm’
    plsrf_x: no visible global function definition for ‘predict’
    plsrf_x_pv: no visible global function definition for ‘qnorm’
    plsrf_x_pv: no visible global function definition for ‘predict’
    plsrf_xz: no visible global function definition for ‘qnorm’
    plsrf_xz: no visible global function definition for ‘predict’
    plsrf_xz_pv: no visible global function definition for ‘qnorm’
    plsrf_xz_pv: no visible global function definition for ‘predict’
    rf_z: no visible global function definition for ‘qnorm’
    rf_z: no visible global function definition for ‘predict’
    simuldata_list: no visible global function definition for ‘rnorm’
    simuldatacluster_list: no visible global function definition for
     ‘rnorm’
    svm_x: no visible global function definition for ‘predict’
    Undefined global functions or variables:
     binomial glm predict qnorm rnorm
    Consider adding
     importFrom("stats", "binomial", "glm", "predict", "qnorm", "rnorm")
    to your NAMESPACE file.
Flavors: r-devel-linux-x86_64-debian-clang, r-devel-linux-x86_64-debian-gcc, r-devel-linux-x86_64-fedora-clang, r-devel-linux-x86_64-fedora-gcc, r-devel-macos-x86_64-clang, r-devel-windows-ix86+x86_64, r-patched-linux-x86_64, r-patched-solaris-sparc, r-patched-solaris-x86, r-release-linux-x86_64, r-release-osx-x86_64-mavericks, r-release-windows-ix86+x86_64