CRAN Package Check Results for Package MAd

Last updated on 2014-07-23 08:49:50.

Flavor Version Tinstall Tcheck Ttotal Status Flags
r-devel-linux-x86_64-debian-clang 0.8-1 1.30 24.04 25.35 NOTE
r-devel-linux-x86_64-debian-gcc 0.8-1 1.28 23.40 24.68 NOTE
r-devel-linux-x86_64-fedora-clang 0.8-1 54.44 NOTE
r-devel-linux-x86_64-fedora-gcc 0.8-1 51.49 NOTE
r-devel-osx-x86_64-clang 0.8-1 49.31 NOTE
r-devel-windows-ix86+x86_64 0.8-1 4.00 39.00 43.00 OK
r-patched-linux-x86_64 0.8-1 1.20 23.56 24.75 NOTE
r-patched-solaris-sparc 0.8-1 256.20 NOTE
r-patched-solaris-x86 0.8-1 65.80 NOTE
r-release-linux-ix86 0.8-1 1.64 35.12 36.76 NOTE
r-release-linux-x86_64 0.8-1 1.22 23.80 25.02 NOTE
r-release-osx-x86_64-mavericks 0.8-1 NOTE
r-release-osx-x86_64-snowleopard 0.8-1 NOTE
r-release-windows-ix86+x86_64 0.8-1 4.00 37.00 41.00 OK
r-oldrel-windows-ix86+x86_64 0.8-1 4.00 36.00 40.00 OK

Check Details

Version: 0.8-1
Check: package dependencies
Result: NOTE
    Package suggested but not available for checking: ‘R2wd’
Flavors: r-devel-linux-x86_64-debian-clang, r-devel-linux-x86_64-debian-gcc, r-devel-linux-x86_64-fedora-clang, r-devel-linux-x86_64-fedora-gcc, r-devel-osx-x86_64-clang, r-patched-linux-x86_64, r-patched-solaris-sparc, r-patched-solaris-x86, r-release-linux-ix86, r-release-linux-x86_64, r-release-osx-x86_64-mavericks, r-release-osx-x86_64-snowleopard

Version: 0.8-1
Check: R code for possible problems
Result: NOTE
    wd.default: no visible global function definition for ‘wdGet’
    wd.default: no visible global function definition for ‘wdNewDoc’
    wd.default: no visible global function definition for ‘wdHeading’
    wd.default: no visible global function definition for ‘wdTable’
    wd.macat: no visible global function definition for ‘wdGet’
    wd.macat: no visible global function definition for ‘wdNewDoc’
    wd.macat: no visible global function definition for ‘wdHeading’
    wd.macat: no visible global function definition for ‘wdTable’
    wd.mareg: no visible global function definition for ‘wdGet’
    wd.mareg: no visible global function definition for ‘wdNewDoc’
    wd.mareg: no visible global function definition for ‘wdHeading’
    wd.mareg: no visible global function definition for ‘wdTable’
    wd.omni: no visible global function definition for ‘wdGet’
    wd.omni: no visible global function definition for ‘wdNewDoc’
    wd.omni: no visible global function definition for ‘wdHeading’
    wd.omni: no visible global function definition for ‘wdTable’
Flavors: r-devel-linux-x86_64-debian-clang, r-devel-linux-x86_64-debian-gcc, r-devel-linux-x86_64-fedora-clang, r-devel-linux-x86_64-fedora-gcc, r-devel-osx-x86_64-clang, r-patched-linux-x86_64, r-patched-solaris-sparc, r-patched-solaris-x86, r-release-linux-ix86, r-release-linux-x86_64, r-release-osx-x86_64-mavericks, r-release-osx-x86_64-snowleopard