CRAN Package Check Results for Package MAd

Last updated on 2015-03-28 11:49:18.

Flavor Version Tinstall Tcheck Ttotal Status Flags
r-devel-linux-x86_64-debian-clang 0.8-2 1.22 22.78 24.00 NOTE
r-devel-linux-x86_64-debian-gcc 0.8-2 1.32 21.48 22.81 NOTE
r-devel-linux-x86_64-fedora-clang 0.8-2 45.04 NOTE
r-devel-linux-x86_64-fedora-gcc 0.8-2 40.77 NOTE
r-devel-osx-x86_64-clang 0.8-2 48.61 NOTE
r-prerel-windows-ix86+x86_64 0.8-2 6.00 36.00 42.00 NOTE
r-prerel-linux-x86_64 0.8-2 1.20 21.29 22.49 NOTE
r-prerel-solaris-sparc 0.8-2 279.30 NOTE
r-prerel-solaris-x86 0.8-2 56.40 NOTE
r-release-linux-x86_64 0.8-2 1.25 24.09 25.34 NOTE
r-release-osx-x86_64-mavericks 0.8-2 NOTE
r-release-osx-x86_64-snowleopard 0.8-2 NOTE
r-release-windows-ix86+x86_64 0.8-2 5.00 39.00 44.00 NOTE
r-oldrel-windows-ix86+x86_64 0.8-2 4.00 60.00 64.00 OK

Check Details

Version: 0.8-2
Check: package dependencies
Result: NOTE
    Package suggested but not available for checking: ‘R2wd’
Flavors: r-devel-linux-x86_64-debian-clang, r-devel-linux-x86_64-debian-gcc, r-devel-linux-x86_64-fedora-clang, r-devel-linux-x86_64-fedora-gcc, r-devel-osx-x86_64-clang, r-prerel-linux-x86_64, r-prerel-solaris-sparc, r-prerel-solaris-x86, r-release-linux-x86_64, r-release-osx-x86_64-mavericks, r-release-osx-x86_64-snowleopard

Version: 0.8-2
Check: dependencies in R code
Result: NOTE
    'library' or 'require' calls in package code:
     ‘R2wd’ ‘ggplot2’ ‘metafor’
     Please use :: or requireNamespace() instead.
     See section 'Suggested packages' in the 'Writing R Extensions' manual.
Flavors: r-devel-linux-x86_64-debian-clang, r-devel-linux-x86_64-debian-gcc, r-devel-linux-x86_64-fedora-clang, r-devel-linux-x86_64-fedora-gcc, r-devel-osx-x86_64-clang, r-prerel-windows-ix86+x86_64, r-prerel-linux-x86_64, r-prerel-solaris-sparc, r-prerel-solaris-x86, r-release-linux-x86_64, r-release-windows-ix86+x86_64

Version: 0.8-2
Check: S3 generic/method consistency
Result: NOTE
    Found the following apparent S3 methods exported but not registered:
     mareg.default print.icclist print.macat print.mareg print.omni
     print.summary.mareg r2.mareg summary.mareg wd.default wd.macat
     wd.mareg wd.omni
    See section ‘Registering S3 methods’ in the ‘Writing R Extensions’
    manual.
Flavors: r-devel-linux-x86_64-debian-clang, r-devel-linux-x86_64-debian-gcc, r-devel-linux-x86_64-fedora-clang, r-devel-linux-x86_64-fedora-gcc, r-devel-osx-x86_64-clang, r-prerel-linux-x86_64