CRAN Package Check Results for Package MAd

Last updated on 2022-01-28 04:49:14 CET.

Flavor Version Tinstall Tcheck Ttotal Status Flags
r-devel-linux-x86_64-debian-clang 0.8-2.1 5.21 61.74 66.95 NOTE
r-devel-linux-x86_64-debian-gcc 0.8-2.1 5.52 46.48 52.00 NOTE
r-devel-linux-x86_64-fedora-clang 0.8-2.1 81.99 NOTE
r-devel-linux-x86_64-fedora-gcc 0.8-2.1 68.82 NOTE
r-devel-windows-x86_64-new-UL 0.8-2.1 55.00 83.00 138.00 NOTE
r-devel-windows-x86_64-new-TK 0.8-2.1 NOTE
r-patched-linux-x86_64 0.8-2.1 6.52 57.95 64.47 NOTE
r-release-linux-x86_64 0.8-2.1 5.14 57.07 62.21 NOTE
r-release-macos-arm64 0.8-2.1 NOTE
r-release-macos-x86_64 0.8-2.1 NOTE
r-release-windows-ix86+x86_64 0.8-2.1 11.00 69.00 80.00 NOTE
r-oldrel-macos-x86_64 0.8-2.1 NOTE
r-oldrel-windows-ix86+x86_64 0.8-2.1 11.00 70.00 81.00 NOTE

Check Details

Version: 0.8-2.1
Check: package dependencies
Result: NOTE
    Package suggested but not available for checking: 'R2wd'
Flavors: r-devel-linux-x86_64-debian-clang, r-devel-linux-x86_64-debian-gcc, r-devel-linux-x86_64-fedora-clang, r-devel-linux-x86_64-fedora-gcc, r-patched-linux-x86_64, r-release-linux-x86_64, r-release-macos-arm64, r-release-macos-x86_64, r-oldrel-macos-x86_64

Version: 0.8-2.1
Check: dependencies in R code
Result: NOTE
    'library' or 'require' calls in package code:
     'R2wd' 'ggplot2' 'metafor'
     Please use :: or requireNamespace() instead.
     See section 'Suggested packages' in the 'Writing R Extensions' manual.
Flavors: r-devel-linux-x86_64-debian-clang, r-devel-linux-x86_64-debian-gcc, r-devel-linux-x86_64-fedora-clang, r-devel-linux-x86_64-fedora-gcc, r-devel-windows-x86_64-new-UL, r-devel-windows-x86_64-new-TK, r-patched-linux-x86_64, r-release-linux-x86_64, r-release-macos-arm64, r-release-macos-x86_64, r-release-windows-ix86+x86_64, r-oldrel-macos-x86_64, r-oldrel-windows-ix86+x86_64