CRAN Package Check Results for Package MAd

Last updated on 2014-04-24 15:50:41.

Flavor Version Tinstall Tcheck Ttotal Status Flags
r-devel-linux-x86_64-debian-clang 0.8-1 1.30 22.15 23.45 NOTE
r-devel-linux-x86_64-debian-gcc 0.8-1 1.31 21.80 23.11 NOTE
r-devel-linux-x86_64-fedora-clang 0.8-1 45.64 NOTE
r-devel-linux-x86_64-fedora-gcc 0.8-1 43.58 NOTE
r-devel-osx-x86_64-clang 0.8-1 44.82 NOTE
r-devel-osx-x86_64-gcc 0.8-1 ERROR
r-devel-windows-ix86+x86_64 0.8-1 3.00 32.00 35.00 OK
r-patched-linux-x86_64 0.8-1 1.39 22.11 23.50 NOTE
r-patched-solaris-sparc 0.8-1 256.20 NOTE
r-patched-solaris-x86 0.8-1 56.50 NOTE
r-release-linux-ix86 0.8-1 2.00 39.00 41.00 NOTE
r-release-linux-x86_64 0.8-1 1.27 22.85 24.12 NOTE
r-release-osx-x86_64-mavericks 0.8-1 WARN
r-release-osx-x86_64-snowleopard 0.8-1 NOTE
r-release-windows-ix86+x86_64 0.8-1 4.00 35.00 39.00 OK
r-oldrel-windows-ix86+x86_64 0.8-1 4.00 34.00 38.00 OK

Check Details

Version: 0.8-1
Check: package dependencies
Result: NOTE
    Package suggested but not available for checking: ‘R2wd’
Flavors: r-devel-linux-x86_64-debian-clang, r-devel-linux-x86_64-debian-gcc, r-devel-linux-x86_64-fedora-clang, r-devel-linux-x86_64-fedora-gcc, r-devel-osx-x86_64-clang, r-patched-linux-x86_64, r-patched-solaris-sparc, r-patched-solaris-x86, r-release-linux-ix86, r-release-linux-x86_64, r-release-osx-x86_64-mavericks, r-release-osx-x86_64-snowleopard

Version: 0.8-1
Check: R code for possible problems
Result: NOTE
    wd.default: no visible global function definition for ‘wdGet’
    wd.default: no visible global function definition for ‘wdNewDoc’
    wd.default: no visible global function definition for ‘wdHeading’
    wd.default: no visible global function definition for ‘wdTable’
    wd.macat: no visible global function definition for ‘wdGet’
    wd.macat: no visible global function definition for ‘wdNewDoc’
    wd.macat: no visible global function definition for ‘wdHeading’
    wd.macat: no visible global function definition for ‘wdTable’
    wd.mareg: no visible global function definition for ‘wdGet’
    wd.mareg: no visible global function definition for ‘wdNewDoc’
    wd.mareg: no visible global function definition for ‘wdHeading’
    wd.mareg: no visible global function definition for ‘wdTable’
    wd.omni: no visible global function definition for ‘wdGet’
    wd.omni: no visible global function definition for ‘wdNewDoc’
    wd.omni: no visible global function definition for ‘wdHeading’
    wd.omni: no visible global function definition for ‘wdTable’
Flavors: r-devel-linux-x86_64-debian-clang, r-devel-linux-x86_64-debian-gcc, r-devel-linux-x86_64-fedora-clang, r-devel-linux-x86_64-fedora-gcc, r-devel-osx-x86_64-clang, r-patched-linux-x86_64, r-patched-solaris-sparc, r-patched-solaris-x86, r-release-linux-ix86, r-release-linux-x86_64, r-release-osx-x86_64-mavericks, r-release-osx-x86_64-snowleopard

Version: 0.8-1
Check: package dependencies
Result: NOTE
    Packages suggested but not available for checking: ‘R2wd’ ‘ggplot2’
Flavor: r-devel-osx-x86_64-gcc

Version: 0.8-1
Check: R code for possible problems
Result: NOTE
    plotcat: no visible global function definition for ‘ggplot’
    plotcat: no visible global function definition for ‘aes’
    plotcat: no visible global function definition for ‘geom_boxplot’
    plotcat: no visible global function definition for ‘geom_jitter’
    plotcat: no visible global function definition for ‘geom_point’
    plotcat: no visible global function definition for ‘xlab’
    plotcat: no visible global function definition for ‘ylab’
    plotcat: no visible global function definition for ‘ggtitle’
    plotcat: no visible global function definition for ‘theme_bw’
    plotcat: no visible global function definition for ‘theme’
    plotcon: no visible global function definition for ‘ggplot’
    plotcon: no visible global function definition for ‘aes’
    plotcon: no visible global function definition for ‘geom_point’
    plotcon: no visible global function definition for ‘geom_abline’
    plotcon: no visible global function definition for ‘expand_limits’
    plotcon: no visible global function definition for ‘xlab’
    plotcon: no visible global function definition for ‘ylab’
    plotcon: no visible global function definition for ‘ggtitle’
    plotcon: no visible global function definition for ‘theme_bw’
    plotcon: no visible global function definition for ‘theme’
    wd.default: no visible global function definition for ‘wdGet’
    wd.default: no visible global function definition for ‘wdNewDoc’
    wd.default: no visible global function definition for ‘wdHeading’
    wd.default: no visible global function definition for ‘wdTable’
    wd.macat: no visible global function definition for ‘wdGet’
    wd.macat: no visible global function definition for ‘wdNewDoc’
    wd.macat: no visible global function definition for ‘wdHeading’
    wd.macat: no visible global function definition for ‘wdTable’
    wd.mareg: no visible global function definition for ‘wdGet’
    wd.mareg: no visible global function definition for ‘wdNewDoc’
    wd.mareg: no visible global function definition for ‘wdHeading’
    wd.mareg: no visible global function definition for ‘wdTable’
    wd.omni: no visible global function definition for ‘wdGet’
    wd.omni: no visible global function definition for ‘wdNewDoc’
    wd.omni: no visible global function definition for ‘wdHeading’
    wd.omni: no visible global function definition for ‘wdTable’
Flavor: r-devel-osx-x86_64-gcc

Version: 0.8-1
Check: examples
Result: ERROR
    Running examples in ‘MAd-Ex.R’ failed
    The error most likely occurred in:
    
    > ### Name: plotcon
    > ### Title: Meta Regression Scatterplot
    > ### Aliases: plotcon
    > ### Keywords: aplot
    >
    > ### ** Examples
    >
    > # SAMPLE DATA
    > MA2 <-read.table(textConnection("
    + id es1 var1 n.1 n.2 mod1 mod2
    + 1 1 0.5695938 0.04906967 26 30 a 20
    + 2 2 0.4123667 0.04362541 28 34 b 30
    + 3 3 0.4084333 0.04458363 34 28 a 25
    + 4 4 0.5014756 0.04186354 37 29 b 35
    + 5 5 0.5540745 0.04339382 31 32 b 40
    + 6 1 0.5695938 0.04906967 26 30 a 20
    + 7 2 0.4123667 0.04362541 28 34 b 30
    + 8 3 0.4084333 0.04458363 34 28 a 25
    + 9 4 0.5014756 0.04186354 37 29 b 35
    + 10 5 0.5540745 0.04339382 31 32 b 40"))
    >
    >
    > # EXAMPLE
    > plotcon(es1, var1, mod2, data=MA2, method= "fixed", modname="NULL",title="NULL")
    Loading required package: ggplot2
    Warning in library(package, lib.loc = lib.loc, character.only = TRUE, logical.return = TRUE, :
     there is no package called ‘ggplot2’
    
    Loading 'metafor' package (version 1.9-2). For an overview
    and introduction to the package please type: help(metafor).
    Error in plotcon(es1, var1, mod2, data = MA2, method = "fixed", modname = "NULL", :
     could not find function "ggplot"
    Execution halted
Flavor: r-devel-osx-x86_64-gcc

Version: 0.8-1
Check: PDF version of manual
Result: WARNING
    LaTeX errors when creating PDF version.
    This typically indicates Rd problems.
    LaTeX errors found:
    ! LaTeX Error: File `upquote.sty' not found.
    
    Type X to quit or <RETURN> to proceed,
    or enter new name. (Default extension: sty)
    
    c4d16a7/Rd2.tex:8: ==> Fatal error occurred, no output PDF file produced!
Flavor: r-release-osx-x86_64-mavericks