CRAN Package Check Results for Package MAd

Last updated on 2015-07-07 06:46:38.

Flavor Version Tinstall Tcheck Ttotal Status Flags
r-devel-linux-x86_64-debian-clang 0.8-2 1.18 21.48 22.66 NOTE
r-devel-linux-x86_64-debian-gcc 0.8-2 1.27 21.77 23.04 NOTE
r-devel-linux-x86_64-fedora-clang 0.8-2 43.74 NOTE
r-devel-linux-x86_64-fedora-gcc 0.8-2 40.56 NOTE
r-devel-osx-x86_64-clang 0.8-2 41.67 NOTE
r-devel-windows-ix86+x86_64 0.8-2 8.00 38.00 46.00 NOTE
r-patched-linux-x86_64 0.8-2 1.18 21.36 22.54 NOTE
r-patched-solaris-sparc 0.8-2 275.60 NOTE
r-patched-solaris-x86 0.8-2 57.10 NOTE
r-release-linux-x86_64 0.8-2 1.28 21.71 22.99 NOTE
r-release-osx-x86_64-mavericks 0.8-2 NOTE
r-release-windows-ix86+x86_64 0.8-2 8.00 37.00 45.00 NOTE
r-oldrel-windows-ix86+x86_64 0.8-2 7.00 38.00 45.00 NOTE

Check Details

Version: 0.8-2
Check: package dependencies
Result: NOTE
    Package suggested but not available for checking: ‘R2wd’
Flavors: r-devel-linux-x86_64-debian-clang, r-devel-linux-x86_64-debian-gcc, r-devel-linux-x86_64-fedora-clang, r-devel-linux-x86_64-fedora-gcc, r-devel-osx-x86_64-clang, r-patched-linux-x86_64, r-patched-solaris-sparc, r-patched-solaris-x86, r-release-linux-x86_64, r-release-osx-x86_64-mavericks

Version: 0.8-2
Check: dependencies in R code
Result: NOTE
    'library' or 'require' calls in package code:
     ‘R2wd’ ‘ggplot2’ ‘metafor’
     Please use :: or requireNamespace() instead.
     See section 'Suggested packages' in the 'Writing R Extensions' manual.
Flavors: r-devel-linux-x86_64-debian-clang, r-devel-linux-x86_64-debian-gcc, r-devel-linux-x86_64-fedora-clang, r-devel-linux-x86_64-fedora-gcc, r-devel-osx-x86_64-clang, r-devel-windows-ix86+x86_64, r-patched-linux-x86_64, r-patched-solaris-sparc, r-patched-solaris-x86, r-release-linux-x86_64, r-release-osx-x86_64-mavericks, r-release-windows-ix86+x86_64, r-oldrel-windows-ix86+x86_64

Version: 0.8-2
Check: S3 generic/method consistency
Result: NOTE
    Found the following apparent S3 methods exported but not registered:
     mareg.default print.icclist print.macat print.mareg print.omni
     print.summary.mareg r2.mareg summary.mareg wd.default wd.macat
     wd.mareg wd.omni
    See section ‘Registering S3 methods’ in the ‘Writing R Extensions’
    manual.
Flavors: r-devel-linux-x86_64-debian-clang, r-devel-linux-x86_64-debian-gcc, r-devel-linux-x86_64-fedora-clang, r-devel-linux-x86_64-fedora-gcc, r-devel-osx-x86_64-clang, r-patched-linux-x86_64, r-patched-solaris-sparc, r-patched-solaris-x86, r-release-linux-x86_64

Version: 0.8-2
Check: R code for possible problems
Result: NOTE
    CatCompf: no visible global function definition for ‘aov’
    CatCompf: no visible global function definition for ‘TukeyHSD’
    CatCompf: no visible global function definition for ‘pchisq’
    CatCompr: no visible global function definition for ‘aov’
    CatCompr: no visible global function definition for ‘TukeyHSD’
    CatCompr: no visible global function definition for ‘pchisq’
    CatModf: no visible global function definition for ‘aggregate’
    CatModf: no visible global function definition for ‘pnorm’
    CatModf: no visible global function definition for ‘pchisq’
    CatModfQ: no visible global function definition for ‘pchisq’
    CatModr: no visible global function definition for ‘aggregate’
    CatModr: no visible global function definition for ‘pnorm’
    CatModr: no visible global function definition for ‘pchisq’
    CatModrQ: no visible global function definition for ‘pchisq’
    MRfit: no visible binding for global variable ‘anova’
    MetaG: no visible global function definition for ‘pt’
    OmnibusES: no visible global function definition for ‘pnorm’
    OmnibusES: no visible global function definition for ‘pchisq’
    icc: no visible global function definition for ‘na.omit’
    icc: no visible global function definition for ‘var’
    icc: no visible binding for global variable ‘var’
    icc: no visible global function definition for ‘pf’
    icc: no visible global function definition for ‘qf’
    macat: no visible global function definition for ‘aggregate’
    macat: no visible global function definition for ‘pnorm’
    macat: no visible global function definition for ‘pchisq’
    macatC: no visible global function definition for ‘pchisq’
    mareg.default: no visible global function definition for
     ‘model.response’
    mareg.default: no visible global function definition for
     ‘model.extract’
    mareg.default: no visible global function definition for ‘model.matrix’
    mareg.default: no visible binding for global variable ‘contrasts’
    omni: no visible global function definition for ‘pnorm’
    omni: no visible global function definition for ‘pchisq’
    p.ancova_to_d1: no visible global function definition for ‘qt’
    p.ancova_to_d2: no visible global function definition for ‘qt’
    p_to_d1: no visible global function definition for ‘qt’
    p_to_d2: no visible global function definition for ‘qt’
    print.summary.mareg: no visible global function definition for
     ‘printCoefmat’
    robustSE: no visible global function definition for ‘residuals’
    robustSE: no visible global function definition for ‘pt’
    robustSE: no visible global function definition for ‘qt’
    Undefined global functions or variables:
     TukeyHSD aggregate anova aov contrasts model.extract model.matrix
     model.response na.omit pchisq pf pnorm printCoefmat pt qf qt
     residuals var
Flavors: r-devel-linux-x86_64-debian-clang, r-devel-linux-x86_64-debian-gcc, r-devel-linux-x86_64-fedora-clang, r-devel-linux-x86_64-fedora-gcc, r-devel-windows-ix86+x86_64