CRAN Package Check Results for Package MAd

Last updated on 2014-09-03 08:53:32.

Flavor Version Tinstall Tcheck Ttotal Status Flags
r-devel-linux-x86_64-debian-clang 0.8-1 1.25 21.12 22.37 NOTE
r-devel-linux-x86_64-debian-gcc 0.8-1 1.21 21.21 22.42 NOTE
r-devel-linux-x86_64-fedora-clang 0.8-1 46.40 NOTE
r-devel-linux-x86_64-fedora-gcc 0.8-1 44.22 NOTE
r-devel-osx-x86_64-clang 0.8-1 43.86 NOTE
r-devel-windows-ix86+x86_64 0.8-1 4.00 32.00 36.00 NOTE
r-patched-linux-x86_64 0.8-1 1.21 24.20 25.40 NOTE
r-patched-solaris-sparc 0.8-1 305.90 NOTE
r-patched-solaris-x86 0.8-1 65.70 NOTE
r-release-linux-ix86 0.8-1 1.64 32.23 33.88 NOTE
r-release-linux-x86_64 0.8-1 1.33 23.74 25.07 NOTE
r-release-osx-x86_64-mavericks 0.8-1 NOTE
r-release-osx-x86_64-snowleopard 0.8-1 NOTE
r-release-windows-ix86+x86_64 0.8-1 3.00 38.00 41.00 OK
r-oldrel-windows-ix86+x86_64 0.8-1 5.00 38.00 43.00 OK

Check Details

Version: 0.8-1
Check: package dependencies
Result: NOTE
    Package suggested but not available for checking: ‘R2wd’
Flavors: r-devel-linux-x86_64-debian-clang, r-devel-linux-x86_64-debian-gcc, r-devel-linux-x86_64-fedora-clang, r-devel-linux-x86_64-fedora-gcc, r-devel-osx-x86_64-clang, r-patched-linux-x86_64, r-patched-solaris-sparc, r-patched-solaris-x86, r-release-linux-ix86, r-release-linux-x86_64, r-release-osx-x86_64-mavericks, r-release-osx-x86_64-snowleopard

Version: 0.8-1
Check: R code for possible problems
Result: NOTE
    mareg.default: no visible global function definition for ‘rma’
    plotcat: no visible global function definition for ‘ggplot’
    plotcat: no visible global function definition for ‘aes’
    plotcat: no visible global function definition for ‘geom_boxplot’
    plotcat: no visible global function definition for ‘geom_jitter’
    plotcat: no visible global function definition for ‘geom_point’
    plotcat: no visible global function definition for ‘xlab’
    plotcat: no visible global function definition for ‘ylab’
    plotcat: no visible global function definition for ‘ggtitle’
    plotcat: no visible global function definition for ‘theme_bw’
    plotcat: no visible global function definition for ‘theme’
    plotcon: no visible global function definition for ‘ggplot’
    plotcon: no visible global function definition for ‘aes’
    plotcon: no visible global function definition for ‘geom_point’
    plotcon: no visible global function definition for ‘geom_abline’
    plotcon: no visible global function definition for ‘expand_limits’
    plotcon: no visible global function definition for ‘xlab’
    plotcon: no visible global function definition for ‘ylab’
    plotcon: no visible global function definition for ‘ggtitle’
    plotcon: no visible global function definition for ‘theme_bw’
    plotcon: no visible global function definition for ‘theme’
    wd.default: no visible global function definition for ‘wdGet’
    wd.default: no visible global function definition for ‘wdNewDoc’
    wd.default: no visible global function definition for ‘wdHeading’
    wd.default: no visible global function definition for ‘wdTable’
    wd.macat: no visible global function definition for ‘wdGet’
    wd.macat: no visible global function definition for ‘wdNewDoc’
    wd.macat: no visible global function definition for ‘wdHeading’
    wd.macat: no visible global function definition for ‘wdTable’
    wd.mareg: no visible global function definition for ‘wdGet’
    wd.mareg: no visible global function definition for ‘wdNewDoc’
    wd.mareg: no visible global function definition for ‘wdHeading’
    wd.mareg: no visible global function definition for ‘wdTable’
    wd.omni: no visible global function definition for ‘wdGet’
    wd.omni: no visible global function definition for ‘wdNewDoc’
    wd.omni: no visible global function definition for ‘wdHeading’
    wd.omni: no visible global function definition for ‘wdTable’
Flavors: r-devel-linux-x86_64-debian-clang, r-devel-linux-x86_64-debian-gcc, r-devel-linux-x86_64-fedora-clang, r-devel-linux-x86_64-fedora-gcc, r-devel-osx-x86_64-clang, r-devel-windows-ix86+x86_64

Version: 0.8-1
Check: R code for possible problems
Result: NOTE
    wd.default: no visible global function definition for ‘wdGet’
    wd.default: no visible global function definition for ‘wdNewDoc’
    wd.default: no visible global function definition for ‘wdHeading’
    wd.default: no visible global function definition for ‘wdTable’
    wd.macat: no visible global function definition for ‘wdGet’
    wd.macat: no visible global function definition for ‘wdNewDoc’
    wd.macat: no visible global function definition for ‘wdHeading’
    wd.macat: no visible global function definition for ‘wdTable’
    wd.mareg: no visible global function definition for ‘wdGet’
    wd.mareg: no visible global function definition for ‘wdNewDoc’
    wd.mareg: no visible global function definition for ‘wdHeading’
    wd.mareg: no visible global function definition for ‘wdTable’
    wd.omni: no visible global function definition for ‘wdGet’
    wd.omni: no visible global function definition for ‘wdNewDoc’
    wd.omni: no visible global function definition for ‘wdHeading’
    wd.omni: no visible global function definition for ‘wdTable’
Flavors: r-patched-linux-x86_64, r-patched-solaris-sparc, r-patched-solaris-x86, r-release-linux-ix86, r-release-linux-x86_64, r-release-osx-x86_64-mavericks, r-release-osx-x86_64-snowleopard