CRAN Package Check Results for Package MAd

Last updated on 2015-04-27 10:48:49.

Flavor Version Tinstall Tcheck Ttotal Status Flags
r-devel-linux-x86_64-debian-clang 0.8-2 1.22 22.10 23.32 NOTE
r-devel-linux-x86_64-debian-gcc 0.8-2 1.20 21.49 22.69 NOTE
r-devel-linux-x86_64-fedora-clang 0.8-2 45.18 NOTE
r-devel-linux-x86_64-fedora-gcc 0.8-2 41.75 NOTE
r-devel-osx-x86_64-clang 0.8-2 43.29 NOTE
r-devel-windows-ix86+x86_64 0.8-2 6.00 35.00 41.00 NOTE
r-patched-linux-x86_64 0.8-2 1.22 21.74 22.95 NOTE
r-patched-solaris-sparc 0.8-2 279.30 NOTE
r-patched-solaris-x86 0.8-2 56.30 NOTE
r-release-linux-x86_64 0.8-2 1.20 21.20 22.39 NOTE
r-release-osx-x86_64-mavericks 0.8-2 NOTE
r-release-osx-x86_64-snowleopard 0.8-2 ERROR
r-release-windows-ix86+x86_64 0.8-2 9.00 46.00 55.00 NOTE
r-oldrel-windows-ix86+x86_64 0.8-2 3.00 31.00 34.00 NOTE

Check Details

Version: 0.8-2
Check: package dependencies
Result: NOTE
    Package suggested but not available for checking: ‘R2wd’
Flavors: r-devel-linux-x86_64-debian-clang, r-devel-linux-x86_64-debian-gcc, r-devel-linux-x86_64-fedora-clang, r-devel-linux-x86_64-fedora-gcc, r-devel-osx-x86_64-clang, r-patched-solaris-sparc, r-patched-solaris-x86, r-release-osx-x86_64-mavericks

Version: 0.8-2
Check: dependencies in R code
Result: NOTE
    'library' or 'require' calls in package code:
     ‘R2wd’ ‘ggplot2’ ‘metafor’
     Please use :: or requireNamespace() instead.
     See section 'Suggested packages' in the 'Writing R Extensions' manual.
Flavors: r-devel-linux-x86_64-debian-clang, r-devel-linux-x86_64-debian-gcc, r-devel-linux-x86_64-fedora-clang, r-devel-linux-x86_64-fedora-gcc, r-devel-osx-x86_64-clang, r-devel-windows-ix86+x86_64, r-patched-solaris-sparc, r-patched-solaris-x86, r-release-osx-x86_64-mavericks, r-release-osx-x86_64-snowleopard, r-release-windows-ix86+x86_64, r-oldrel-windows-ix86+x86_64

Version: 0.8-2
Check: S3 generic/method consistency
Result: NOTE
    Found the following apparent S3 methods exported but not registered:
     mareg.default print.icclist print.macat print.mareg print.omni
     print.summary.mareg r2.mareg summary.mareg wd.default wd.macat
     wd.mareg wd.omni
    See section ‘Registering S3 methods’ in the ‘Writing R Extensions’
    manual.
Flavors: r-devel-linux-x86_64-debian-clang, r-devel-linux-x86_64-debian-gcc, r-devel-linux-x86_64-fedora-clang, r-devel-linux-x86_64-fedora-gcc, r-devel-osx-x86_64-clang, r-patched-solaris-x86

Version: 0.8-2
Check: package dependencies
Result: NOTE
    Packages suggested but not available for checking: ‘R2wd’ ‘ggplot2’
Flavor: r-release-osx-x86_64-snowleopard

Version: 0.8-2
Check: examples
Result: ERROR
    Running examples in ‘MAd-Ex.R’ failed
    The error most likely occurred in:
    
    > ### Name: plotcon
    > ### Title: Meta Regression Scatterplot
    > ### Aliases: plotcon
    > ### Keywords: aplot
    >
    > ### ** Examples
    >
    > # SAMPLE DATA
    > MA2 <-read.table(textConnection("
    + id es1 var1 n.1 n.2 mod1 mod2
    + 1 1 0.5695938 0.04906967 26 30 a 20
    + 2 2 0.4123667 0.04362541 28 34 b 30
    + 3 3 0.4084333 0.04458363 34 28 a 25
    + 4 4 0.5014756 0.04186354 37 29 b 35
    + 5 5 0.5540745 0.04339382 31 32 b 40
    + 6 1 0.5695938 0.04906967 26 30 a 20
    + 7 2 0.4123667 0.04362541 28 34 b 30
    + 8 3 0.4084333 0.04458363 34 28 a 25
    + 9 4 0.5014756 0.04186354 37 29 b 35
    + 10 5 0.5540745 0.04339382 31 32 b 40"))
    >
    >
    > # EXAMPLE
    > plotcon(es1, var1, mod2, data=MA2, method= "fixed", modname="NULL",title="NULL")
    Loading required package: ggplot2
    Warning in library(package, lib.loc = lib.loc, character.only = TRUE, logical.return = TRUE, :
     there is no package called ‘ggplot2’
    Loading required package: metafor
    Loading required package: Formula
    Loading required package: Matrix
    
    Loading 'metafor' package (version 1.9-4). For an overview
    and introduction to the package please type: help(metafor).
    Error in loadNamespace(name) : there is no package called ‘ggplot2’
    Calls: plotcon ... tryCatch -> tryCatchList -> tryCatchOne -> <Anonymous>
    Execution halted
Flavor: r-release-osx-x86_64-snowleopard