CRAN Package Check Results for Package MAd

Last updated on 2015-01-30 14:48:52.

Flavor Version Tinstall Tcheck Ttotal Status Flags
r-devel-linux-x86_64-debian-clang 0.8-2 1.33 22.49 23.82 NOTE
r-devel-linux-x86_64-debian-gcc 0.8-2 1.26 21.93 23.20 NOTE
r-devel-linux-x86_64-fedora-clang 0.8-2 50.98 NOTE
r-devel-linux-x86_64-fedora-gcc 0.8-2 47.29 NOTE
r-devel-osx-x86_64-clang 0.8-2 48.59 NOTE
r-devel-windows-ix86+x86_64 0.8-2 8.00 33.00 41.00 NOTE
r-patched-linux-x86_64 0.8-2 1.25 23.78 25.02 NOTE
r-patched-solaris-sparc 0.8-2 324.40 NOTE
r-patched-solaris-x86 0.8-2 64.60 NOTE
r-release-linux-ix86 0.8-2 1.64 30.16 31.80 NOTE
r-release-linux-x86_64 0.8-2 1.25 23.66 24.91 NOTE
r-release-osx-x86_64-mavericks 0.8-2 NOTE
r-release-osx-x86_64-snowleopard 0.8-2 NOTE
r-release-windows-ix86+x86_64 0.8-2 5.00 38.00 43.00 OK
r-oldrel-windows-ix86+x86_64 0.8-2 5.00 40.00 45.00 OK

Check Details

Version: 0.8-2
Check: package dependencies
Result: NOTE
    Package suggested but not available for checking: ‘R2wd’
Flavors: r-devel-linux-x86_64-debian-clang, r-devel-linux-x86_64-debian-gcc, r-devel-linux-x86_64-fedora-clang, r-devel-linux-x86_64-fedora-gcc, r-devel-osx-x86_64-clang, r-patched-linux-x86_64, r-patched-solaris-sparc, r-patched-solaris-x86, r-release-linux-ix86, r-release-linux-x86_64, r-release-osx-x86_64-mavericks, r-release-osx-x86_64-snowleopard

Version: 0.8-2
Check: dependencies in R code
Result: NOTE
    'library' or 'require' calls in package code:
     ‘R2wd’ ‘ggplot2’ ‘metafor’
     Please use :: or requireNamespace() instead.
     See section 'Suggested packages' in the 'Writing R Extensions' manual.
Flavors: r-devel-linux-x86_64-debian-clang, r-devel-linux-x86_64-debian-gcc, r-devel-linux-x86_64-fedora-clang, r-devel-linux-x86_64-fedora-gcc, r-devel-osx-x86_64-clang, r-devel-windows-ix86+x86_64

Version: 0.8-2
Check: S3 generic/method consistency
Result: NOTE
    Found the following apparent S3 methods exported but not registered:
     mareg.default r2.mareg wd.default wd.macat wd.mareg wd.omni
     print.icclist print.macat print.mareg print.omni print.summary.mareg
     summary.mareg
    See section ‘Registering S3 methods’ in the ‘Writing R Extensions’
    manual.
Flavors: r-devel-linux-x86_64-debian-clang, r-devel-linux-x86_64-debian-gcc, r-devel-linux-x86_64-fedora-clang, r-devel-linux-x86_64-fedora-gcc, r-devel-osx-x86_64-clang