CRAN Package Check Results for Package MBA

Last updated on 2016-05-04 15:50:39.

Flavor Version Tinstall Tcheck Ttotal Status Flags
r-devel-linux-x86_64-debian-gcc 0.0-8 5.10 14.41 19.51 NOTE
r-devel-linux-x86_64-fedora-clang 0.0-8 37.45 NOTE
r-devel-linux-x86_64-fedora-gcc 0.0-8 34.17 NOTE
r-devel-osx-x86_64-clang 0.0-8 39.17 NOTE
r-devel-windows-ix86+x86_64 0.0-8 37.00 54.00 91.00 NOTE
r-patched-linux-x86_64 0.0-8 5.17 14.09 19.26 NOTE
r-patched-solaris-sparc 0.0-8 216.20 NOTE
r-patched-solaris-x86 0.0-8 44.20 NOTE
r-release-linux-x86_64 0.0-8 5.12 14.20 19.32 NOTE
r-release-osx-x86_64-mavericks 0.0-8 NOTE
r-release-windows-ix86+x86_64 0.0-8 37.00 54.00 91.00 NOTE
r-oldrel-windows-ix86+x86_64 0.0-8 30.00 55.00 85.00 NOTE

Check Details

Version: 0.0-8
Check: DESCRIPTION meta-information
Result: NOTE
    Malformed Description field: should contain one or more complete sentences.
Flavors: r-devel-linux-x86_64-debian-gcc, r-devel-linux-x86_64-fedora-clang, r-devel-linux-x86_64-fedora-gcc, r-devel-osx-x86_64-clang, r-devel-windows-ix86+x86_64, r-patched-linux-x86_64, r-patched-solaris-sparc, r-patched-solaris-x86, r-release-linux-x86_64, r-release-osx-x86_64-mavericks, r-release-windows-ix86+x86_64, r-oldrel-windows-ix86+x86_64

Version: 0.0-8
Check: R code for possible problems
Result: NOTE
    mba.surf: no visible global function definition for ‘chull’
    Undefined global functions or variables:
     chull
    Consider adding
     importFrom("grDevices", "chull")
    to your NAMESPACE file.
Flavors: r-devel-linux-x86_64-debian-gcc, r-devel-linux-x86_64-fedora-clang, r-devel-linux-x86_64-fedora-gcc, r-devel-osx-x86_64-clang, r-devel-windows-ix86+x86_64, r-patched-linux-x86_64, r-patched-solaris-sparc, r-patched-solaris-x86, r-release-linux-x86_64, r-release-windows-ix86+x86_64