CRAN Package Check Results for Package MBA

Last updated on 2015-05-28 15:47:33.

Flavor Version Tinstall Tcheck Ttotal Status Flags
r-devel-linux-x86_64-debian-clang 0.0-8 4.04 14.15 18.18 NOTE
r-devel-linux-x86_64-debian-gcc 0.0-8 5.33 14.38 19.71 NOTE
r-devel-linux-x86_64-fedora-clang 0.0-8 40.83 NOTE
r-devel-linux-x86_64-fedora-gcc 0.0-8 36.72 NOTE
r-devel-osx-x86_64-clang 0.0-8 38.81 NOTE
r-devel-windows-ix86+x86_64 0.0-8 26.00 35.00 61.00 NOTE
r-patched-linux-x86_64 0.0-8 5.43 14.56 19.99 NOTE
r-patched-solaris-sparc 0.0-8 232.50 NOTE
r-patched-solaris-x86 0.0-8 51.40 NOTE
r-release-linux-x86_64 0.0-8 5.40 14.00 19.40 NOTE
r-release-osx-x86_64-mavericks 0.0-8 NOTE
r-release-osx-x86_64-snowleopard 0.0-8 NOTE
r-release-windows-ix86+x86_64 0.0-8 27.00 35.00 62.00 NOTE
r-oldrel-windows-ix86+x86_64 0.0-8 23.00 39.00 62.00 OK

Check Details

Version: 0.0-8
Check: DESCRIPTION meta-information
Result: NOTE
    Malformed Description field: should contain one or more complete sentences.
Flavors: r-devel-linux-x86_64-debian-clang, r-devel-linux-x86_64-debian-gcc, r-devel-linux-x86_64-fedora-clang, r-devel-linux-x86_64-fedora-gcc, r-devel-osx-x86_64-clang, r-devel-windows-ix86+x86_64, r-patched-linux-x86_64, r-patched-solaris-sparc, r-patched-solaris-x86, r-release-linux-x86_64, r-release-osx-x86_64-mavericks, r-release-osx-x86_64-snowleopard, r-release-windows-ix86+x86_64