CRAN Package Check Results for Package MBA

Last updated on 2015-09-01 23:48:30.

Flavor Version Tinstall Tcheck Ttotal Status Flags
r-devel-linux-x86_64-debian-clang 0.0-8 3.95 13.83 17.78 NOTE
r-devel-linux-x86_64-debian-gcc 0.0-8 5.41 13.06 18.47 NOTE
r-devel-linux-x86_64-fedora-clang 0.0-8 37.86 NOTE
r-devel-linux-x86_64-fedora-gcc 0.0-8 34.98 NOTE
r-devel-osx-x86_64-clang 0.0-8 33.22 NOTE
r-devel-windows-ix86+x86_64 0.0-8 40.00 52.00 92.00 NOTE
r-patched-linux-x86_64 0.0-8 5.45 14.37 19.82 NOTE
r-patched-solaris-sparc 0.0-8 231.30 NOTE
r-patched-solaris-x86 0.0-8 53.20 NOTE
r-release-linux-x86_64 0.0-8 5.36 13.97 19.34 NOTE
r-release-osx-x86_64-mavericks 0.0-8 NOTE
r-release-windows-ix86+x86_64 0.0-8 27.00 59.00 86.00 NOTE
r-oldrel-windows-ix86+x86_64 0.0-8 39.00 41.00 80.00 OK

Check Details

Version: 0.0-8
Check: DESCRIPTION meta-information
Result: NOTE
    Malformed Description field: should contain one or more complete sentences.
Flavors: r-devel-linux-x86_64-debian-clang, r-devel-linux-x86_64-debian-gcc, r-devel-linux-x86_64-fedora-clang, r-devel-linux-x86_64-fedora-gcc, r-devel-osx-x86_64-clang, r-devel-windows-ix86+x86_64, r-patched-linux-x86_64, r-patched-solaris-sparc, r-patched-solaris-x86, r-release-linux-x86_64, r-release-osx-x86_64-mavericks, r-release-windows-ix86+x86_64

Version: 0.0-8
Check: R code for possible problems
Result: NOTE
    mba.surf: no visible global function definition for ‘chull’
    Undefined global functions or variables:
     chull
    Consider adding
     importFrom("grDevices", "chull")
    to your NAMESPACE.
Flavors: r-devel-linux-x86_64-debian-clang, r-devel-linux-x86_64-debian-gcc, r-devel-linux-x86_64-fedora-clang, r-devel-linux-x86_64-fedora-gcc, r-devel-windows-ix86+x86_64