CRAN Package Check Results for Package MBA

Last updated on 2017-01-17 12:51:01.

Flavor Version Tinstall Tcheck Ttotal Status Flags
r-devel-linux-x86_64-debian-clang 0.0-8 5.34 17.28 22.62 NOTE
r-devel-linux-x86_64-debian-gcc 0.0-8 6.12 17.28 23.39 NOTE
r-devel-linux-x86_64-fedora-clang 0.0-8 40.84 NOTE --no-stop-on-test-error
r-devel-linux-x86_64-fedora-gcc 0.0-8 39.71 NOTE --no-stop-on-test-error
r-devel-macos-x86_64-clang 0.0-8 33.00 NOTE --no-stop-on-test-error
r-devel-windows-ix86+x86_64 0.0-8 47.00 43.00 90.00 NOTE
r-patched-linux-x86_64 0.0-8 5.15 14.06 19.21 NOTE
r-patched-solaris-sparc 0.0-8 192.70 NOTE
r-patched-solaris-x86 0.0-8 43.40 NOTE
r-release-linux-x86_64 0.0-8 5.33 14.21 19.53 NOTE
r-release-osx-x86_64-mavericks 0.0-8 NOTE
r-release-windows-ix86+x86_64 0.0-8 38.00 49.00 87.00 NOTE
r-oldrel-windows-ix86+x86_64 0.0-8 31.00 57.00 88.00 NOTE

Check Details

Version: 0.0-8
Check: DESCRIPTION meta-information
Result: NOTE
    Malformed Description field: should contain one or more complete sentences.
Flavors: r-devel-linux-x86_64-debian-clang, r-devel-linux-x86_64-debian-gcc, r-devel-windows-ix86+x86_64, r-patched-linux-x86_64, r-patched-solaris-sparc, r-patched-solaris-x86, r-release-linux-x86_64, r-release-osx-x86_64-mavericks, r-release-windows-ix86+x86_64, r-oldrel-windows-ix86+x86_64

Version: 0.0-8
Check: R code for possible problems
Result: NOTE
    mba.surf: no visible global function definition for ‘chull’
    Undefined global functions or variables:
     chull
    Consider adding
     importFrom("grDevices", "chull")
    to your NAMESPACE file.
Flavors: r-devel-linux-x86_64-debian-clang, r-devel-linux-x86_64-debian-gcc, r-devel-windows-ix86+x86_64, r-patched-linux-x86_64, r-patched-solaris-sparc, r-patched-solaris-x86, r-release-linux-x86_64, r-release-osx-x86_64-mavericks, r-release-windows-ix86+x86_64

Version: 0.0-8
Flags: --no-stop-on-test-error
Check: DESCRIPTION meta-information
Result: NOTE
    Malformed Description field: should contain one or more complete sentences.
Flavors: r-devel-linux-x86_64-fedora-clang, r-devel-linux-x86_64-fedora-gcc, r-devel-macos-x86_64-clang

Version: 0.0-8
Flags: --no-stop-on-test-error
Check: R code for possible problems
Result: NOTE
    mba.surf: no visible global function definition for ‘chull’
    Undefined global functions or variables:
     chull
    Consider adding
     importFrom("grDevices", "chull")
    to your NAMESPACE file.
Flavors: r-devel-linux-x86_64-fedora-clang, r-devel-linux-x86_64-fedora-gcc, r-devel-macos-x86_64-clang