CRAN Package Check Results for Package MBA

Last updated on 2015-08-03 23:47:55.

Flavor Version Tinstall Tcheck Ttotal Status Flags
r-devel-linux-x86_64-debian-clang 0.0-8 4.14 13.62 17.75 NOTE
r-devel-linux-x86_64-debian-gcc 0.0-8 5.35 13.64 19.00 NOTE
r-devel-linux-x86_64-fedora-clang 0.0-8 38.77 NOTE
r-devel-linux-x86_64-fedora-gcc 0.0-8 36.15 NOTE
r-devel-osx-x86_64-clang 0.0-8 34.97 NOTE
r-devel-windows-ix86+x86_64 0.0-8 25.00 38.00 63.00 NOTE
r-patched-linux-x86_64 0.0-8 5.49 13.80 19.29 NOTE
r-patched-solaris-sparc 0.0-8 231.30 NOTE
r-patched-solaris-x86 0.0-8 52.70 NOTE
r-release-linux-x86_64 0.0-8 5.40 13.98 19.38 NOTE
r-release-osx-x86_64-mavericks 0.0-8 NOTE
r-release-windows-ix86+x86_64 0.0-8 31.00 36.00 67.00 NOTE
r-oldrel-windows-ix86+x86_64 0.0-8 43.00 43.00 86.00 OK

Check Details

Version: 0.0-8
Check: DESCRIPTION meta-information
Result: NOTE
    Malformed Description field: should contain one or more complete sentences.
Flavors: r-devel-linux-x86_64-debian-clang, r-devel-linux-x86_64-debian-gcc, r-devel-linux-x86_64-fedora-clang, r-devel-linux-x86_64-fedora-gcc, r-devel-osx-x86_64-clang, r-devel-windows-ix86+x86_64, r-patched-linux-x86_64, r-patched-solaris-sparc, r-patched-solaris-x86, r-release-linux-x86_64, r-release-osx-x86_64-mavericks, r-release-windows-ix86+x86_64

Version: 0.0-8
Check: R code for possible problems
Result: NOTE
    mba.surf: no visible global function definition for ‘chull’
    Undefined global functions or variables:
     chull
    Consider adding
     importFrom("grDevices", "chull")
    to your NAMESPACE.
Flavors: r-devel-linux-x86_64-debian-clang, r-devel-linux-x86_64-debian-gcc, r-devel-linux-x86_64-fedora-clang, r-devel-linux-x86_64-fedora-gcc, r-devel-windows-ix86+x86_64