CRAN Package Check Results for Package MBA

Last updated on 2014-04-24 03:47:48.

Flavor Version Tinstall Tcheck Ttotal Status Flags
r-devel-linux-x86_64-debian-clang 0.0-7 4.58 15.75 20.33 NOTE
r-devel-linux-x86_64-debian-gcc 0.0-7 5.68 15.28 20.97 NOTE
r-devel-linux-x86_64-fedora-clang 0.0-7 42.68 NOTE
r-devel-linux-x86_64-fedora-gcc 0.0-7 39.32 NOTE
r-devel-osx-x86_64-clang 0.0-7 42.72 NOTE
r-devel-osx-x86_64-gcc 0.0-7 NOTE
r-devel-windows-ix86+x86_64 0.0-7 19.00 35.00 54.00 NOTE
r-patched-linux-x86_64 0.0-7 5.60 15.90 21.50 NOTE
r-patched-solaris-sparc 0.0-7 231.10 NOTE
r-patched-solaris-x86 0.0-7 56.00 NOTE
r-release-linux-ix86 0.0-7 11.00 31.00 42.00 NOTE
r-release-linux-x86_64 0.0-7 5.69 16.26 21.95 NOTE
r-release-osx-x86_64-mavericks 0.0-7 ERROR
r-release-windows-ix86+x86_64 0.0-7 18.00 33.00 51.00 NOTE
r-oldrel-windows-ix86+x86_64 0.0-7 21.00 38.00 59.00 NOTE

Check Details

Version: 0.0-7
Check: dependencies in R code
Result: NOTE
    Package in Depends field not imported from: ‘sp’
     These packages need to be imported from (in the NAMESPACE file)
     for when this namespace is loaded but not attached.
    See the information on DESCRIPTION files in the chapter ‘Creating R
    packages’ of the ‘Writing R Extensions’ manual.
Flavors: r-devel-linux-x86_64-debian-clang, r-devel-linux-x86_64-debian-gcc, r-devel-linux-x86_64-fedora-clang, r-devel-linux-x86_64-fedora-gcc, r-devel-osx-x86_64-clang, r-devel-osx-x86_64-gcc, r-devel-windows-ix86+x86_64, r-patched-linux-x86_64, r-patched-solaris-sparc, r-patched-solaris-x86, r-release-linux-ix86, r-release-linux-x86_64, r-release-windows-ix86+x86_64, r-oldrel-windows-ix86+x86_64

Version: 0.0-7
Check: whether package can be installed
Result: ERROR
    Installation failed.
    See ‘/Builds/CRAN-QA-Simon/packages/mavericks-x86_64/results/3.1/MBA.Rcheck/00install.out’ for details.
Flavor: r-release-osx-x86_64-mavericks