CRAN Package Check Results for Package MBA

Last updated on 2015-02-26 23:47:48.

Flavor Version Tinstall Tcheck Ttotal Status Flags
r-devel-linux-x86_64-debian-clang 0.0-8 3.89 14.16 18.04 NOTE
r-devel-linux-x86_64-debian-gcc 0.0-8 5.49 13.57 19.06 NOTE
r-devel-linux-x86_64-fedora-clang 0.0-8 39.50 NOTE
r-devel-linux-x86_64-fedora-gcc 0.0-8 35.47 NOTE
r-devel-osx-x86_64-clang 0.0-8 38.34 NOTE
r-devel-windows-ix86+x86_64 0.0-8 29.00 33.00 62.00 NOTE
r-patched-linux-x86_64 0.0-8 5.35 16.12 21.47 OK
r-patched-solaris-sparc 0.0-8 233.90 OK
r-patched-solaris-x86 0.0-8 61.10 OK
r-release-linux-ix86 0.0-8 7.00 28.42 35.42 OK
r-release-linux-x86_64 0.0-8 5.46 15.57 21.03 OK
r-release-osx-x86_64-mavericks 0.0-8 OK
r-release-osx-x86_64-snowleopard 0.0-8 OK
r-release-windows-ix86+x86_64 0.0-8 23.00 39.00 62.00 OK
r-oldrel-windows-ix86+x86_64 0.0-8 20.00 39.00 59.00 OK

Check Details

Version: 0.0-8
Check: DESCRIPTION meta-information
Result: NOTE
    Malformed Description field: should contain one or more complete sentences.
Flavors: r-devel-linux-x86_64-debian-clang, r-devel-linux-x86_64-debian-gcc, r-devel-linux-x86_64-fedora-clang, r-devel-linux-x86_64-fedora-gcc, r-devel-osx-x86_64-clang, r-devel-windows-ix86+x86_64