CRAN Package Check Results for Package MBA

Last updated on 2015-04-01 23:49:17.

Flavor Version Tinstall Tcheck Ttotal Status Flags
r-devel-linux-x86_64-debian-clang 0.0-8 4.36 14.06 18.42 NOTE
r-devel-linux-x86_64-debian-gcc 0.0-8 5.21 13.98 19.19 NOTE
r-devel-linux-x86_64-fedora-clang 0.0-8 40.04 NOTE
r-devel-linux-x86_64-fedora-gcc 0.0-8 36.00 NOTE
r-devel-osx-x86_64-clang 0.0-8 42.14 NOTE
r-prerel-windows-ix86+x86_64 0.0-8 30.00 34.00 64.00 NOTE
r-prerel-linux-x86_64 0.0-8 5.32 13.88 19.20 NOTE
r-prerel-solaris-sparc 0.0-8 226.80 NOTE
r-prerel-solaris-x86 0.0-8 51.40 NOTE
r-release-linux-x86_64 0.0-8 5.64 15.69 21.33 OK
r-release-osx-x86_64-mavericks 0.0-8 OK
r-release-osx-x86_64-snowleopard 0.0-8 OK
r-release-windows-ix86+x86_64 0.0-8 21.00 38.00 59.00 OK
r-oldrel-windows-ix86+x86_64 0.0-8 20.00 41.00 61.00 OK

Check Details

Version: 0.0-8
Check: DESCRIPTION meta-information
Result: NOTE
    Malformed Description field: should contain one or more complete sentences.
Flavors: r-devel-linux-x86_64-debian-clang, r-devel-linux-x86_64-debian-gcc, r-devel-linux-x86_64-fedora-clang, r-devel-linux-x86_64-fedora-gcc, r-devel-osx-x86_64-clang, r-prerel-windows-ix86+x86_64, r-prerel-linux-x86_64, r-prerel-solaris-sparc, r-prerel-solaris-x86