CRAN Package Check Results for Package MBA

Last updated on 2016-09-28 23:49:24.

Flavor Version Tinstall Tcheck Ttotal Status Flags
r-devel-linux-x86_64-debian-clang 0.0-8 5.40 14.77 20.17 NOTE
r-devel-linux-x86_64-debian-gcc 0.0-8 5.97 14.95 20.92 NOTE
r-devel-linux-x86_64-fedora-clang 0.0-8 38.92 NOTE
r-devel-linux-x86_64-fedora-gcc 0.0-8 38.48 NOTE
r-devel-macos-x86_64-clang 0.0-8 30.04 NOTE
r-devel-windows-ix86+x86_64 0.0-8 26.00 46.00 72.00 NOTE
r-patched-linux-x86_64 0.0-8 5.17 14.71 19.89 NOTE
r-patched-solaris-sparc 0.0-8 197.70 NOTE
r-patched-solaris-x86 0.0-8 42.40 NOTE
r-release-linux-x86_64 0.0-8 5.54 14.49 20.03 NOTE
r-release-osx-x86_64-mavericks 0.0-8 NOTE
r-release-windows-ix86+x86_64 0.0-8 36.00 35.00 71.00 NOTE
r-oldrel-windows-ix86+x86_64 0.0-8 40.00 59.00 99.00 NOTE

Check Details

Version: 0.0-8
Check: DESCRIPTION meta-information
Result: NOTE
    Malformed Description field: should contain one or more complete sentences.
Flavors: r-devel-linux-x86_64-debian-clang, r-devel-linux-x86_64-debian-gcc, r-devel-linux-x86_64-fedora-clang, r-devel-linux-x86_64-fedora-gcc, r-devel-macos-x86_64-clang, r-devel-windows-ix86+x86_64, r-patched-linux-x86_64, r-patched-solaris-sparc, r-patched-solaris-x86, r-release-linux-x86_64, r-release-osx-x86_64-mavericks, r-release-windows-ix86+x86_64, r-oldrel-windows-ix86+x86_64

Version: 0.0-8
Check: R code for possible problems
Result: NOTE
    mba.surf: no visible global function definition for ‘chull’
    Undefined global functions or variables:
     chull
    Consider adding
     importFrom("grDevices", "chull")
    to your NAMESPACE file.
Flavors: r-devel-linux-x86_64-debian-clang, r-devel-linux-x86_64-debian-gcc, r-devel-linux-x86_64-fedora-clang, r-devel-linux-x86_64-fedora-gcc, r-devel-macos-x86_64-clang, r-devel-windows-ix86+x86_64, r-patched-linux-x86_64, r-patched-solaris-sparc, r-patched-solaris-x86, r-release-linux-x86_64, r-release-osx-x86_64-mavericks, r-release-windows-ix86+x86_64