CRAN Package Check Results for Package MBA

Last updated on 2016-12-08 22:48:07.

Flavor Version Tinstall Tcheck Ttotal Status Flags
r-devel-linux-x86_64-debian-clang 0.0-8 5.00 17.15 22.15 NOTE
r-devel-linux-x86_64-debian-gcc 0.0-8 5.99 17.20 23.18 NOTE
r-devel-linux-x86_64-fedora-clang 0.0-8 43.12 NOTE --no-stop-on-test-error
r-devel-linux-x86_64-fedora-gcc 0.0-8 40.54 NOTE --no-stop-on-test-error
r-devel-macos-x86_64-clang 0.0-8 34.38 NOTE
r-devel-windows-ix86+x86_64 0.0-8 29.00 54.00 83.00 NOTE
r-patched-linux-x86_64 0.0-8 5.14 14.35 19.50 NOTE
r-patched-solaris-sparc 0.0-8 197.70 NOTE
r-patched-solaris-x86 0.0-8 43.30 NOTE
r-release-linux-x86_64 0.0-8 5.10 14.05 19.15 NOTE
r-release-osx-x86_64-mavericks 0.0-8 NOTE
r-release-windows-ix86+x86_64 0.0-8 22.00 36.00 58.00 NOTE
r-oldrel-windows-ix86+x86_64 0.0-8 39.00 43.00 82.00 NOTE

Check Details

Version: 0.0-8
Check: DESCRIPTION meta-information
Result: NOTE
    Malformed Description field: should contain one or more complete sentences.
Flavors: r-devel-linux-x86_64-debian-clang, r-devel-linux-x86_64-debian-gcc, r-devel-macos-x86_64-clang, r-devel-windows-ix86+x86_64, r-patched-linux-x86_64, r-patched-solaris-sparc, r-patched-solaris-x86, r-release-linux-x86_64, r-release-osx-x86_64-mavericks, r-release-windows-ix86+x86_64, r-oldrel-windows-ix86+x86_64

Version: 0.0-8
Check: R code for possible problems
Result: NOTE
    mba.surf: no visible global function definition for ‘chull’
    Undefined global functions or variables:
     chull
    Consider adding
     importFrom("grDevices", "chull")
    to your NAMESPACE file.
Flavors: r-devel-linux-x86_64-debian-clang, r-devel-linux-x86_64-debian-gcc, r-devel-macos-x86_64-clang, r-devel-windows-ix86+x86_64, r-patched-linux-x86_64, r-patched-solaris-sparc, r-patched-solaris-x86, r-release-linux-x86_64, r-release-osx-x86_64-mavericks, r-release-windows-ix86+x86_64

Version: 0.0-8
Flags: --no-stop-on-test-error
Check: DESCRIPTION meta-information
Result: NOTE
    Malformed Description field: should contain one or more complete sentences.
Flavors: r-devel-linux-x86_64-fedora-clang, r-devel-linux-x86_64-fedora-gcc

Version: 0.0-8
Flags: --no-stop-on-test-error
Check: R code for possible problems
Result: NOTE
    mba.surf: no visible global function definition for ‘chull’
    Undefined global functions or variables:
     chull
    Consider adding
     importFrom("grDevices", "chull")
    to your NAMESPACE file.
Flavors: r-devel-linux-x86_64-fedora-clang, r-devel-linux-x86_64-fedora-gcc