CRAN Package Check Results for Package MBA

Last updated on 2016-07-24 09:47:53.

Flavor Version Tinstall Tcheck Ttotal Status Flags
r-devel-linux-x86_64-debian-clang 0.0-8 7.95 17.87 25.82 NOTE
r-devel-linux-x86_64-debian-gcc 0.0-8 7.98 20.13 28.10 NOTE
r-devel-linux-x86_64-fedora-clang 0.0-8 37.60 NOTE
r-devel-linux-x86_64-fedora-gcc 0.0-8 33.29 NOTE
r-devel-osx-x86_64-clang 0.0-8 30.34 NOTE
r-devel-windows-ix86+x86_64 0.0-8 22.00 37.00 59.00 NOTE
r-patched-linux-x86_64 0.0-8 6.32 17.43 23.75 NOTE
r-patched-solaris-sparc 0.0-8 197.70 NOTE
r-patched-solaris-x86 0.0-8 42.70 NOTE
r-release-linux-x86_64 0.0-8 6.04 17.53 23.57 NOTE
r-release-osx-x86_64-mavericks 0.0-8 NOTE
r-release-windows-ix86+x86_64 0.0-8 23.00 35.00 58.00 NOTE
r-oldrel-windows-ix86+x86_64 0.0-8 35.00 43.00 78.00 NOTE

Check Details

Version: 0.0-8
Check: DESCRIPTION meta-information
Result: NOTE
    Malformed Description field: should contain one or more complete sentences.
Flavors: r-devel-linux-x86_64-debian-clang, r-devel-linux-x86_64-debian-gcc, r-devel-linux-x86_64-fedora-clang, r-devel-linux-x86_64-fedora-gcc, r-devel-osx-x86_64-clang, r-devel-windows-ix86+x86_64, r-patched-linux-x86_64, r-patched-solaris-sparc, r-patched-solaris-x86, r-release-linux-x86_64, r-release-osx-x86_64-mavericks, r-release-windows-ix86+x86_64, r-oldrel-windows-ix86+x86_64

Version: 0.0-8
Check: R code for possible problems
Result: NOTE
    mba.surf: no visible global function definition for ‘chull’
    Undefined global functions or variables:
     chull
    Consider adding
     importFrom("grDevices", "chull")
    to your NAMESPACE file.
Flavors: r-devel-linux-x86_64-debian-clang, r-devel-linux-x86_64-debian-gcc, r-devel-linux-x86_64-fedora-clang, r-devel-linux-x86_64-fedora-gcc, r-devel-osx-x86_64-clang, r-devel-windows-ix86+x86_64, r-patched-linux-x86_64, r-patched-solaris-sparc, r-patched-solaris-x86, r-release-linux-x86_64, r-release-osx-x86_64-mavericks, r-release-windows-ix86+x86_64