CRAN Package Check Results for Package MBCbook

Last updated on 2020-06-01 19:47:11 CEST.

Flavor Version Tinstall Tcheck Ttotal Status Flags
r-devel-linux-x86_64-debian-clang 0.1.1 4.23 50.87 55.10 OK
r-devel-linux-x86_64-debian-gcc 0.1.1 3.03 39.63 42.66 OK
r-devel-linux-x86_64-fedora-clang 0.1.1 77.00 NOTE
r-devel-linux-x86_64-fedora-gcc 0.1.1 64.81 NOTE
r-devel-windows-ix86+x86_64 0.1.1 11.00 102.00 113.00 OK
r-patched-linux-x86_64 0.1.1 3.98 50.67 54.65 OK
r-patched-solaris-x86 0.1.1 95.30 NOTE
r-release-linux-x86_64 0.1.1 4.09 50.61 54.70 OK
r-release-osx-x86_64 0.1.1 NOTE
r-release-windows-ix86+x86_64 0.1.1 8.00 88.00 96.00 OK
r-oldrel-osx-x86_64 0.1.1 NOTE
r-oldrel-windows-ix86+x86_64 0.1.1 8.00 69.00 77.00 OK

Check Details

Version: 0.1.1
Check: data for non-ASCII characters
Result: NOTE
     Note: found 66 marked UTF-8 strings
Flavors: r-devel-linux-x86_64-fedora-clang, r-devel-linux-x86_64-fedora-gcc, r-patched-solaris-x86, r-release-osx-x86_64, r-oldrel-osx-x86_64