CRAN Package Check Results for Package MBCbook

Last updated on 2019-11-14 11:47:15 CET.

Flavor Version Tinstall Tcheck Ttotal Status Flags
r-devel-linux-x86_64-debian-clang 0.1.1 3.77 48.33 52.10 OK
r-devel-linux-x86_64-debian-gcc 0.1.1 3.01 37.11 40.12 OK
r-devel-linux-x86_64-fedora-clang 0.1.1 62.10 NOTE
r-devel-linux-x86_64-fedora-gcc 0.1.1 62.42 NOTE
r-devel-windows-ix86+x86_64 0.1.1 12.00 86.00 98.00 OK
r-patched-linux-x86_64 0.1.1 3.69 45.79 49.48 OK
r-patched-solaris-x86 0.1.1 90.30 NOTE
r-release-linux-x86_64 0.1.1 2.92 45.78 48.70 OK
r-release-windows-ix86+x86_64 0.1.1 9.00 86.00 95.00 OK
r-release-osx-x86_64 0.1.1 NOTE
r-oldrel-windows-ix86+x86_64 0.1.1 4.00 77.00 81.00 OK
r-oldrel-osx-x86_64 0.1.1 NOTE

Check Details

Version: 0.1.1
Check: data for non-ASCII characters
Result: NOTE
     Note: found 66 marked UTF-8 strings
Flavors: r-devel-linux-x86_64-fedora-clang, r-devel-linux-x86_64-fedora-gcc, r-patched-solaris-x86, r-release-osx-x86_64, r-oldrel-osx-x86_64