CRAN Package Check Results for Package MBESS

Last updated on 2018-02-18 06:46:28 CET.

Flavor Version Tinstall Tcheck Ttotal Status Flags
r-devel-linux-x86_64-debian-clang 4.4.3 14.27 82.02 96.29 OK
r-devel-linux-x86_64-debian-gcc 4.4.3 13.86 62.18 76.04 OK
r-devel-linux-x86_64-fedora-clang 4.4.3 119.19 OK
r-devel-linux-x86_64-fedora-gcc 4.4.3 115.26 OK
r-devel-windows-ix86+x86_64 4.4.3 21.00 85.00 106.00 OK
r-patched-linux-x86_64 4.4.3 1.98 87.27 89.25 OK
r-patched-solaris-x86 4.4.3 3.60 ERROR
r-release-linux-x86_64 4.4.3 2.53 89.68 92.21 OK
r-release-windows-ix86+x86_64 4.4.3 11.00 95.00 106.00 OK
r-release-osx-x86_64 4.4.3 OK
r-oldrel-windows-ix86+x86_64 4.4.3 5.00 105.00 110.00 OK
r-oldrel-osx-x86_64 4.4.2 OK

Check Details

Version: 4.4.3
Check: package dependencies
Result: ERROR
    Package required but not available: ‘OpenMx’
    
    See section ‘The DESCRIPTION file’ in the ‘Writing R Extensions’
    manual.
Flavor: r-patched-solaris-x86