CRAN Package Check Results for Package MBESS

Last updated on 2014-09-03 08:53:33.

Flavor Version Tinstall Tcheck Ttotal Status Flags
r-devel-linux-x86_64-debian-clang 3.3.3 1.93 46.76 48.68 NOTE
r-devel-linux-x86_64-debian-gcc 3.3.3 2.04 44.89 46.93 NOTE
r-devel-linux-x86_64-fedora-clang 3.3.3 98.78 NOTE
r-devel-linux-x86_64-fedora-gcc 3.3.3 91.01 NOTE
r-devel-osx-x86_64-clang 3.3.3 79.47 NOTE
r-devel-windows-ix86+x86_64 3.3.3 6.00 66.00 72.00 NOTE
r-patched-linux-x86_64 3.3.3 1.90 49.18 51.08 NOTE
r-patched-solaris-sparc 3.3.3 594.00 NOTE
r-patched-solaris-x86 3.3.3 113.50 NOTE
r-release-linux-ix86 3.3.3 2.48 60.79 63.26 NOTE
r-release-linux-x86_64 3.3.3 2.33 48.24 50.57 NOTE
r-release-osx-x86_64-mavericks 3.3.3 NOTE
r-release-windows-ix86+x86_64 3.3.3 4.00 67.00 71.00 NOTE
r-oldrel-windows-ix86+x86_64 3.3.3 6.00 72.00 78.00 NOTE

Check Details

Version: 3.3.3
Check: package dependencies
Result: NOTE
    Package suggested but not available for checking: ‘OpenMx’
Flavors: r-devel-linux-x86_64-debian-clang, r-devel-linux-x86_64-debian-gcc, r-devel-linux-x86_64-fedora-clang, r-devel-linux-x86_64-fedora-gcc, r-devel-osx-x86_64-clang, r-devel-windows-ix86+x86_64, r-patched-linux-x86_64, r-patched-solaris-sparc, r-patched-solaris-x86, r-release-linux-ix86, r-release-linux-x86_64, r-release-windows-ix86+x86_64, r-oldrel-windows-ix86+x86_64

Version: 3.3.3
Check: R code for possible problems
Result: NOTE
    .likelihoodCIrelia: no visible global function definition for
     ‘mxMatrix’
    .likelihoodCIrelia: no visible global function definition for
     ‘mxAlgebra’
    .likelihoodCIrelia: no visible global function definition for ‘tr’
    .likelihoodCIrelia: no visible global function definition for
     ‘mxMLObjective’
    .likelihoodCIrelia: no visible global function definition for ‘mxData’
    .likelihoodCIrelia: no visible global function definition for ‘mxCI’
    .likelihoodCIrelia: no visible global function definition for ‘mxModel’
    .likelihoodCIrelia: no visible global function definition for ‘mxRun’
    .wlsOmegaInterval: no visible global function definition for ‘lavaan’
    CFA.1: no visible global function definition for ‘sem’
    CFA.1: no visible global function definition for ‘lavaan’
    Expected.R2: no visible global function definition for ‘hyperg_2F1’
    Variance.R2: no visible global function definition for ‘hyperg_2F1’
    ancova.random.data: no visible global function definition for ‘mvrnorm’
    ci.reliability: no visible global function definition for ‘boot’
    ci.reliability: no visible global function definition for ‘boot.ci’
    ci.reliability.bs: no visible global function definition for ‘boot’
    ci.reliability.bs: no visible global function definition for ‘boot.ci’
    findWidthCRDES: no visible global function definition for ‘detectCores’
    findWidthCRDES: no visible global function definition for ‘makeCluster’
    findWidthCRDES: no visible global function definition for
     ‘clusterApplyLB’
    findWidthCRDES: no visible global function definition for ‘stopCluster’
    findWidthCRDES: no visible global function definition for ‘mclapply’
    likCIESCRD: no visible global function definition for ‘mxAlgebra’
    likCIESCRD: no visible global function definition for ‘mxModel’
    likCIESCRD: no visible global function definition for ‘mxData’
    likCIESCRD: no visible global function definition for ‘mxMatrix’
    likCIESCRD: no visible global function definition for ‘mxRAMObjective’
    likCIESCRD: no visible global function definition for ‘mxCI’
    likCIESCRD: no visible global function definition for ‘mxRun’
    mediation : .mediation.bs: no visible global function definition for
     ‘boot’
    mediation : .mediation.bs: no visible global function definition for
     ‘boot.ci’
    ss.aipe.R2 : Expected.R2: no visible global function definition for
     ‘hyperg_2F1’
    ss.aipe.R2.sensitivity: no visible global function definition for
     ‘mvrnorm’
    ss.aipe.c.ancova.sensitivity : ancova.random.data: no visible global
     function definition for ‘mvrnorm’
    ss.aipe.reg.coef : Expected.R2: no visible global function definition
     for ‘hyperg_2F1’
    ss.aipe.reg.coef.sensitivity: no visible global function definition for
     ‘mvrnorm’
    ss.aipe.reliability: no visible global function definition for
     ‘mvrnorm’
    ss.aipe.rmsea.sensitivity: no visible global function definition for
     ‘mvrnorm’
    ss.aipe.rmsea.sensitivity : sem.default: no visible global function
     definition for ‘startvalues’
    ss.aipe.sem.path: no visible global function definition for ‘sem’
    ss.aipe.sem.path.sensitiv: no visible global function definition for
     ‘mvrnorm’
    ss.aipe.sem.path.sensitiv: no visible global function definition for
     ‘sem’
    vit.fitted: no visible global function definition for ‘augPred’
Flavors: r-devel-linux-x86_64-debian-clang, r-devel-linux-x86_64-debian-gcc, r-devel-linux-x86_64-fedora-clang, r-devel-linux-x86_64-fedora-gcc, r-devel-osx-x86_64-clang, r-devel-windows-ix86+x86_64

Version: 3.3.3
Check: top-level files
Result: NOTE
    Non-standard files/directories found at top level:
     ‘ACKNOWLEDGEMENTS’ ‘DISCLAIMER’ ‘TIMELINE’
Flavors: r-devel-linux-x86_64-fedora-clang, r-devel-linux-x86_64-fedora-gcc

Version: 3.3.3
Check: Rd line widths
Result: NOTE
    Rd file 'ci.reliability.Rd':
     \usage lines wider than 90 characters:
     analysis.type = "default", interval.type = "normal-theory", B = 1000, conf.level = 0.95)
    
    Rd file 'ci.reliability.bs.Rd':
     \usage lines wider than 90 characters:
     ci.reliability.bs(data, type = "Congeneric", analysis.type = "Factor Analytic", conf.level = 0.95, B = 100, ...)
    
    Rd file 'mediation.Rd':
     \examples lines wider than 100 characters:
     mediation(S=var(Data), N=22, x.location.S=1, mediator.location.S=2, dv.location.S=3, mean.x=mean(Data[,1]), mean.m=mean(Data[,2]), mean ... [TRUNCATED]
     bs.Results <- mediation(x=Data[,1], mediator=Data[,2], dv=Data[,3], bootstrap=TRUE, B=1000, save.bs.replicates=TRUE)
     ls() # Notice that Bootstrap.Replicates is available in the workspace (if save.bs.replicates=TRUE in the above call).
    
    Rd file 'power.density.equivalence.md.Rd':
     \usage lines wider than 90 characters:
     power.density.equivalence.md(power_sigma, alpha = alpha, theta1 = theta1, theta2 = theta2, diff = diff, sigma = sigma, n = n, nu = nu)
     \examples lines wider than 100 characters:
     power.density.equivalence.md(.1, alpha=.05, theta1=-.2, theta2=.2, diff=.05, sigma= .20, n=24, nu=22)
    
    Rd file 'ss.power.pcm.Rd':
     \usage lines wider than 90 characters:
     ss.power.pcm(beta, tau, level.1.variance, frequency, duration, desired.power = NULL, N = NULL, alpha.level = 0.05, standardized = TRUE, ... [TRUNCATED]
     \examples lines wider than 100 characters:
     # ss.power.pcm(beta=-.4, tau=.003, level.1.variance=.0262, frequency=2, duration=2, desired.power=.80, alpha.level=.05, standardized=TR ... [TRUNCATED]
     # ss.power.pcm(beta=-.4, tau=.003, level.1.variance=.0262, frequency=2, duration=2, N=238, alpha.level=.05, standardized=TRUE, directio ... [TRUNCATED]
     # ss.power.pcm(beta=-.0219, tau=.003, level.1.variance=.0262, frequency=2, duration=2, desired.power=.80, alpha.level=.05, standardized ... [TRUNCATED]
     # ss.power.pcm(beta=-.0219, tau=.003, level.1.variance=.0262, frequency=2, duration=2, N=238, alpha.level=.05, standardized=FALSE, dire ... [TRUNCATED]
    
    Rd file 'ssAIPECRD.Rd':
     \examples lines wider than 100 characters:
     ss.aipe.crd.nindiv.fixedbudget(10000, 30, 20, 1, prtreat=0.5, tauy=0.05, sigma2y=0.95, assurance=0.8)
    
    These lines will be truncated in the PDF manual.
Flavors: r-devel-linux-x86_64-fedora-clang, r-devel-linux-x86_64-fedora-gcc

Version: 3.3.3
Check: R code for possible problems
Result: NOTE
    .likelihoodCIrelia: no visible global function definition for
     ‘mxMatrix’
    .likelihoodCIrelia: no visible global function definition for
     ‘mxAlgebra’
    .likelihoodCIrelia: no visible global function definition for ‘tr’
    .likelihoodCIrelia: no visible global function definition for
     ‘mxMLObjective’
    .likelihoodCIrelia: no visible global function definition for ‘mxData’
    .likelihoodCIrelia: no visible global function definition for ‘mxCI’
    .likelihoodCIrelia: no visible global function definition for ‘mxModel’
    .likelihoodCIrelia: no visible global function definition for ‘mxRun’
    likCIESCRD: no visible global function definition for ‘mxAlgebra’
    likCIESCRD: no visible global function definition for ‘mxModel’
    likCIESCRD: no visible global function definition for ‘mxData’
    likCIESCRD: no visible global function definition for ‘mxMatrix’
    likCIESCRD: no visible global function definition for ‘mxRAMObjective’
    likCIESCRD: no visible global function definition for ‘mxCI’
    likCIESCRD: no visible global function definition for ‘mxRun’
Flavors: r-patched-linux-x86_64, r-patched-solaris-sparc, r-patched-solaris-x86, r-release-linux-ix86, r-release-linux-x86_64, r-release-windows-ix86+x86_64, r-oldrel-windows-ix86+x86_64

Version: 3.3.3
Check: package dependencies
Result: NOTE
    Packages suggested but not available for checking: ‘gsl’ ‘OpenMx’
Flavor: r-release-osx-x86_64-mavericks

Version: 3.3.3
Check: R code for possible problems
Result: NOTE
    .likelihoodCIrelia: no visible global function definition for
     ‘mxMatrix’
    .likelihoodCIrelia: no visible global function definition for
     ‘mxAlgebra’
    .likelihoodCIrelia: no visible global function definition for ‘tr’
    .likelihoodCIrelia: no visible global function definition for
     ‘mxMLObjective’
    .likelihoodCIrelia: no visible global function definition for ‘mxData’
    .likelihoodCIrelia: no visible global function definition for ‘mxCI’
    .likelihoodCIrelia: no visible global function definition for ‘mxModel’
    .likelihoodCIrelia: no visible global function definition for ‘mxRun’
    Expected.R2: no visible global function definition for ‘hyperg_2F1’
    Variance.R2: no visible global function definition for ‘hyperg_2F1’
    likCIESCRD: no visible global function definition for ‘mxAlgebra’
    likCIESCRD: no visible global function definition for ‘mxModel’
    likCIESCRD: no visible global function definition for ‘mxData’
    likCIESCRD: no visible global function definition for ‘mxMatrix’
    likCIESCRD: no visible global function definition for ‘mxRAMObjective’
    likCIESCRD: no visible global function definition for ‘mxCI’
    likCIESCRD: no visible global function definition for ‘mxRun’
    ss.aipe.R2 : Expected.R2: no visible global function definition for
     ‘hyperg_2F1’
    ss.aipe.reg.coef : Expected.R2: no visible global function definition
     for ‘hyperg_2F1’
Flavor: r-release-osx-x86_64-mavericks