CRAN Package Check Results for Package MBESS

Last updated on 2015-07-01 13:47:21.

Flavor Version Tinstall Tcheck Ttotal Status Flags
r-devel-linux-x86_64-debian-clang 3.3.3 1.81 45.62 47.43 NOTE
r-devel-linux-x86_64-debian-gcc 3.3.3 1.80 43.84 45.64 NOTE
r-devel-linux-x86_64-fedora-clang 3.3.3 88.96 NOTE
r-devel-linux-x86_64-fedora-gcc 3.3.3 81.95 NOTE
r-devel-osx-x86_64-clang 3.3.3 85.58 NOTE
r-devel-windows-ix86+x86_64 3.3.3 10.00 66.00 76.00 NOTE
r-patched-linux-x86_64 3.3.3 1.76 46.00 47.77 NOTE
r-patched-solaris-sparc 3.3.3 567.30 NOTE
r-patched-solaris-x86 3.3.3 105.10 NOTE
r-release-linux-x86_64 3.3.3 1.84 44.74 46.58 NOTE
r-release-osx-x86_64-mavericks 3.3.3 NOTE
r-release-windows-ix86+x86_64 3.3.3 9.00 73.00 82.00 NOTE
r-oldrel-windows-ix86+x86_64 3.3.3 9.00 69.00 78.00 NOTE

Check Details

Version: 3.3.3
Check: DESCRIPTION meta-information
Result: NOTE
    Malformed Description field: should contain one or more complete sentences.
Flavors: r-devel-linux-x86_64-debian-clang, r-devel-linux-x86_64-debian-gcc, r-devel-linux-x86_64-fedora-clang, r-devel-linux-x86_64-fedora-gcc, r-devel-osx-x86_64-clang, r-devel-windows-ix86+x86_64, r-patched-linux-x86_64, r-patched-solaris-sparc, r-patched-solaris-x86, r-release-linux-x86_64, r-release-osx-x86_64-mavericks, r-release-windows-ix86+x86_64

Version: 3.3.3
Check: top-level files
Result: NOTE
    Non-standard files/directories found at top level:
     ‘ACKNOWLEDGEMENTS’ ‘DISCLAIMER’ ‘TIMELINE’
Flavors: r-devel-linux-x86_64-debian-clang, r-devel-linux-x86_64-debian-gcc, r-devel-linux-x86_64-fedora-clang, r-devel-linux-x86_64-fedora-gcc, r-patched-linux-x86_64, r-release-linux-x86_64

Version: 3.3.3
Check: dependencies in R code
Result: NOTE
    'library' or 'require' calls in package code:
     ‘MASS’ ‘OpenMx’ ‘boot’ ‘gsl’ ‘lavaan’ ‘parallel’ ‘sem’
     Please use :: or requireNamespace() instead.
     See section 'Suggested packages' in the 'Writing R Extensions' manual.
Flavors: r-devel-linux-x86_64-debian-clang, r-devel-linux-x86_64-debian-gcc, r-devel-linux-x86_64-fedora-clang, r-devel-linux-x86_64-fedora-gcc, r-devel-osx-x86_64-clang, r-devel-windows-ix86+x86_64, r-patched-linux-x86_64, r-patched-solaris-sparc, r-patched-solaris-x86, r-release-linux-x86_64, r-release-osx-x86_64-mavericks, r-release-windows-ix86+x86_64, r-oldrel-windows-ix86+x86_64

Version: 3.3.3
Check: R code for possible problems
Result: NOTE
    .ciCFA: no visible global function definition for ‘qnorm’
    .fMethod: no visible global function definition for ‘qf’
    .fisherCIrelia: no visible global function definition for ‘qnorm’
    .iccCIrelia: no visible global function definition for ‘qnorm’
    .likelihoodCIrelia: no visible global function definition for
     ‘mxMatrix’
    .likelihoodCIrelia: no visible global function definition for
     ‘mxAlgebra’
    .likelihoodCIrelia: no visible global function definition for ‘tr’
    .likelihoodCIrelia: no visible binding for global variable ‘C’
    .likelihoodCIrelia: no visible global function definition for
     ‘mxMLObjective’
    .likelihoodCIrelia: no visible global function definition for ‘mxData’
    .likelihoodCIrelia: no visible global function definition for ‘mxCI’
    .likelihoodCIrelia: no visible global function definition for ‘mxModel’
    .likelihoodCIrelia: no visible global function definition for ‘mxRun’
    .runrepWidthESCRD: no visible global function definition for
     ‘capture.output’
    .seReliabilityAdf: no visible global function definition for ‘na.omit’
    .seReliabilityAdf: no visible global function definition for ‘cov’
    .varCRDDiff: no visible global function definition for ‘qchisq’
    .wlsOmegaInterval: no visible global function definition for ‘lavaan’
    CFA.1: no visible global function definition for ‘sem’
    CFA.1: no visible global function definition for ‘lavaan’
    CFA.1: no visible global function definition for ‘vcov’
    Expected.R2: no visible global function definition for ‘hyperg_2F1’
    Sigma.2.SigmaStar: no visible global function definition for ‘nlm’
    Variance.R2: no visible global function definition for ‘hyperg_2F1’
    ancova.random.data: no visible global function definition for ‘mvrnorm’
    ci.R2: no visible global function definition for ‘pf’
    ci.c: no visible global function definition for ‘qt’
    ci.c.ancova: no visible global function definition for ‘qt’
    ci.cv: no visible global function definition for ‘var’
    ci.reg.coef: no visible global function definition for ‘qt’
    ci.reliability: no visible global function definition for ‘var’
    ci.reliability: no visible global function definition for ‘na.omit’
    ci.reliability: no visible global function definition for ‘qnorm’
    ci.reliability: no visible global function definition for ‘cov2cor’
    ci.reliability : .bs.omega: no visible global function definition for
     ‘var’
    ci.reliability: no visible global function definition for ‘boot’
    ci.reliability : .bs.alpha: no visible global function definition for
     ‘var’
    ci.reliability: no visible global function definition for ‘boot.ci’
    ci.reliability: no visible binding for global variable ‘sd’
    ci.reliability.bs: no visible global function definition for ‘boot’
    ci.reliability.bs: no visible global function definition for ‘boot.ci’
    conf.limits.nc.chisq: no visible global function definition for
     ‘pchisq’
    conf.limits.ncf: no visible global function definition for ‘qf’
    conf.limits.ncf: no visible global function definition for ‘pf’
    conf.limits.nct.M1 : .ci.nct.lower: no visible global function
     definition for ‘qt’
    conf.limits.nct.M1 : .ci.nct.upper: no visible global function
     definition for ‘qt’
    conf.limits.nct.M1: no visible global function definition for
     ‘optimize’
    conf.limits.nct.M1: no visible global function definition for ‘pt’
    conf.limits.nct.M2 : .ci.nct.lower: no visible global function
     definition for ‘qt’
    conf.limits.nct.M2 : .ci.nct.upper: no visible global function
     definition for ‘qt’
    conf.limits.nct.M2: no visible global function definition for ‘nlm’
    conf.limits.nct.M2: no visible global function definition for ‘pt’
    conf.limits.nct.M3: no visible global function definition for ‘pt’
    conf.limits.nct.M3: no visible global function definition for ‘qt’
    createDataCRD: no visible global function definition for ‘rnorm’
    findWidthCRDDiff: no visible global function definition for ‘qt’
    findWidthCRDES: no visible global function definition for ‘detectCores’
    findWidthCRDES: no visible global function definition for ‘makeCluster’
    findWidthCRDES: no visible global function definition for
     ‘clusterApplyLB’
    findWidthCRDES: no visible global function definition for ‘stopCluster’
    findWidthCRDES: no visible global function definition for ‘mclapply’
    findWidthCRDES: no visible global function definition for ‘quantile’
    intr.plot: no visible global function definition for ‘persp’
    intr.plot: no visible global function definition for ‘sd’
    intr.plot: no visible global function definition for ‘lines’
    intr.plot: no visible global function definition for ‘trans3d’
    intr.plot: no visible global function definition for ‘title’
    intr.plot.2d: no visible global function definition for ‘sd’
    intr.plot.2d: no visible global function definition for ‘plot’
    intr.plot.2d: no visible global function definition for ‘lines’
    intr.plot.2d: no visible global function definition for ‘legend’
    likCIESCRD: no visible global function definition for ‘var’
    likCIESCRD: no visible global function definition for ‘mxAlgebra’
    likCIESCRD: no visible global function definition for ‘mxModel’
    likCIESCRD: no visible global function definition for ‘mxData’
    likCIESCRD: no visible global function definition for ‘mxMatrix’
    likCIESCRD: no visible global function definition for ‘mxRAMObjective’
    likCIESCRD: no visible global function definition for ‘mxCI’
    likCIESCRD: no visible global function definition for ‘mxRun’
    mediation : .mediation: no visible global function definition for
     ‘na.omit’
    mediation : .mediation: no visible global function definition for ‘var’
    mediation : .mediation: no visible global function definition for ‘lm’
    mediation : .mediation: no visible global function definition for
     ‘resid’
    mediation : .mediation: no visible global function definition for
     ‘cov2cor’
    mediation : .mediation: no visible global function definition for ‘pt’
    mediation : .mediation: no visible global function definition for ‘qt’
    mediation : .mediation: no visible global function definition for ‘pf’
    mediation : .mediation.bs: no visible global function definition for
     ‘na.omit’
    mediation : .mediation.bs: no visible global function definition for
     ‘boot’
    mediation : .mediation.bs: no visible global function definition for
     ‘boot.ci’
    mediation.effect.bar.plot: no visible global function definition for
     ‘var’
    mediation.effect.bar.plot: no visible global function definition for
     ‘pdf’
    mediation.effect.bar.plot: no visible global function definition for
     ‘jpeg’
    mediation.effect.bar.plot: no visible global function definition for
     ‘plot’
    mediation.effect.bar.plot: no visible global function definition for
     ‘segments’
    mediation.effect.bar.plot: no visible global function definition for
     ‘rect’
    mediation.effect.bar.plot: no visible global function definition for
     ‘text’
    mediation.effect.bar.plot: no visible global function definition for
     ‘dev.off’
    mediation.effect.plot: no visible global function definition for ‘var’
    mediation.effect.plot: no visible global function definition for ‘pdf’
    mediation.effect.plot: no visible global function definition for ‘jpeg’
    mediation.effect.plot: no visible global function definition for ‘plot’
    mediation.effect.plot: no visible global function definition for
     ‘abline’
    mediation.effect.plot: no visible global function definition for ‘text’
    mediation.effect.plot: no visible global function definition for
     ‘arrows’
    mediation.effect.plot: no visible global function definition for
     ‘lines’
    mediation.effect.plot: no visible global function definition for
     ‘legend’
    mediation.effect.plot: no visible global function definition for
     ‘dev.off’
    power.density.equivalence.md: no visible global function definition for
     ‘qt’
    power.density.equivalence.md: no visible global function definition for
     ‘pnorm’
    power.equivalence.md: no visible global function definition for ‘qt’
    power.equivalence.md: no visible global function definition for
     ‘integrate’
    power.equivalence.md.plot: no visible global function definition for
     ‘plot’
    power.equivalence.md.plot: no visible global function definition for
     ‘lines’
    power.equivalence.md.plot: no visible global function definition for
     ‘abline’
    power.equivalence.md.plot: no visible global function definition for
     ‘par’
    power.equivalence.md.plot: no visible global function definition for
     ‘text’
    s.u: no visible global function definition for ‘var’
    smd.c: no visible global function definition for ‘var’
    ss.aipe.R2 : Expected.R2: no visible global function definition for
     ‘hyperg_2F1’
    ss.aipe.R2: no visible global function definition for ‘optimize’
    ss.aipe.R2: no visible global function definition for ‘pf’
    ss.aipe.R2: no visible global function definition for ‘qf’
    ss.aipe.R2.sensitivity: no visible global function definition for
     ‘mvrnorm’
    ss.aipe.R2.sensitivity: no visible global function definition for ‘lm’
    ss.aipe.R2.sensitivity: no visible global function definition for
     ‘rnorm’
    ss.aipe.R2.sensitivity: no visible global function definition for
     ‘na.omit’
    ss.aipe.R2.sensitivity: no visible global function definition for
     ‘median’
    ss.aipe.R2.sensitivity: no visible global function definition for ‘var’
    ss.aipe.c: no visible global function definition for ‘qnorm’
    ss.aipe.c: no visible global function definition for ‘qt’
    ss.aipe.c: no visible global function definition for ‘qchisq’
    ss.aipe.c.ancova: no visible global function definition for ‘qnorm’
    ss.aipe.c.ancova: no visible global function definition for ‘qt’
    ss.aipe.c.ancova: no visible global function definition for ‘qchisq’
    ss.aipe.c.ancova.sensitivity : ancova.random.data: no visible global
     function definition for ‘mvrnorm’
    ss.aipe.c.ancova.sensitivity: no visible global function definition for
     ‘lm’
    ss.aipe.c.ancova.sensitivity: no visible global function definition for
     ‘anova’
    ss.aipe.c.ancova.sensitivity: no visible global function definition for
     ‘qt’
    ss.aipe.c.ancova.sensitivity: no visible global function definition for
     ‘median’
    ss.aipe.cv: no visible global function definition for ‘qt’
    ss.aipe.cv.sensitivity: no visible global function definition for
     ‘rnorm’
    ss.aipe.cv.sensitivity: no visible global function definition for
     ‘median’
    ss.aipe.cv.sensitivity: no visible global function definition for ‘var’
    ss.aipe.pcm: no visible global function definition for ‘qt’
    ss.aipe.pcm: no visible global function definition for ‘qchisq’
    ss.aipe.reg.coef : Expected.R2: no visible global function definition
     for ‘hyperg_2F1’
    ss.aipe.reg.coef: no visible global function definition for ‘qnorm’
    ss.aipe.reg.coef: no visible global function definition for ‘qt’
    ss.aipe.reg.coef: no visible global function definition for ‘qchisq’
    ss.aipe.reg.coef.sensitivity: no visible global function definition for
     ‘cov2cor’
    ss.aipe.reg.coef.sensitivity: no visible global function definition for
     ‘mvrnorm’
    ss.aipe.reg.coef.sensitivity: no visible global function definition for
     ‘lm’
    ss.aipe.reg.coef.sensitivity: no visible global function definition for
     ‘coef’
    ss.aipe.reg.coef.sensitivity: no visible global function definition for
     ‘var’
    ss.aipe.reg.coef.sensitivity: no visible global function definition for
     ‘median’
    ss.aipe.reliability: no visible global function definition for
     ‘na.omit’
    ss.aipe.reliability: no visible global function definition for ‘var’
    ss.aipe.reliability: no visible global function definition for ‘qnorm’
    ss.aipe.reliability: no visible global function definition for
     ‘cov2cor’
    ss.aipe.reliability: no visible global function definition for ‘cor’
    ss.aipe.reliability: no visible global function definition for
     ‘mvrnorm’
    ss.aipe.rmsea: no visible global function definition for ‘optimize’
    ss.aipe.rmsea: no visible global function definition for ‘optim’
    ss.aipe.rmsea.sensitivity: no visible global function definition for
     ‘read.table’
    ss.aipe.rmsea.sensitivity: no visible global function definition for
     ‘write.table’
    ss.aipe.rmsea.sensitivity: no visible global function definition for
     ‘mvrnorm’
    ss.aipe.rmsea.sensitivity: no visible global function definition for
     ‘var’
    ss.aipe.rmsea.sensitivity: no visible global function definition for
     ‘median’
    ss.aipe.rmsea.sensitivity: no visible global function definition for
     ‘quantile’
    ss.aipe.rmsea.sensitivity : sem.mod: no visible global function
     definition for ‘na.omit’
    ss.aipe.rmsea.sensitivity : sem.default: no visible global function
     definition for ‘startvalues’
    ss.aipe.rmsea.sensitivity : sem.default: no visible global function
     definition for ‘nlm’
    ss.aipe.sc: no visible global function definition for ‘qnorm’
    ss.aipe.sc : determine.limit: no visible global function definition for
     ‘pt’
    ss.aipe.sc: no visible global function definition for ‘optimize’
    ss.aipe.sc.ancova: no visible global function definition for ‘qnorm’
    ss.aipe.sc.ancova: no visible global function definition for ‘qt’
    ss.aipe.sc.ancova : determine.limit: no visible global function
     definition for ‘pt’
    ss.aipe.sc.ancova: no visible global function definition for ‘optimize’
    ss.aipe.sc.ancova.sensitivity: no visible global function definition
     for ‘lm’
    ss.aipe.sc.ancova.sensitivity: no visible global function definition
     for ‘anova’
    ss.aipe.sc.ancova.sensitivity: no visible global function definition
     for ‘median’
    ss.aipe.sc.ancova.sensitivity: no visible global function definition
     for ‘sd’
    ss.aipe.sc.sensitivity: no visible global function definition for
     ‘rnorm’
    ss.aipe.sc.sensitivity: no visible global function definition for ‘sd’
    ss.aipe.sc.sensitivity: no visible global function definition for
     ‘median’
    ss.aipe.sc.sensitivity: no visible global function definition for ‘var’
    ss.aipe.sem.path: no visible global function definition for ‘sem’
    ss.aipe.sem.path: no visible global function definition for ‘qnorm’
    ss.aipe.sem.path: no visible global function definition for ‘qchisq’
    ss.aipe.sem.path.sensitiv: no visible global function definition for
     ‘mvrnorm’
    ss.aipe.sem.path.sensitiv: no visible global function definition for
     ‘var’
    ss.aipe.sem.path.sensitiv: no visible global function definition for
     ‘sem’
    ss.aipe.sem.path.sensitiv: no visible global function definition for
     ‘qnorm’
    ss.aipe.sem.path.sensitiv: no visible global function definition for
     ‘na.omit’
    ss.aipe.sem.path.sensitiv: no visible global function definition for
     ‘median’
    ss.aipe.sem.path.sensitiv: no visible global function definition for
     ‘quantile’
    ss.aipe.sm: no visible global function definition for ‘qnorm’
    ss.aipe.sm : determine.limit: no visible global function definition for
     ‘pt’
    ss.aipe.sm: no visible global function definition for ‘optimize’
    ss.aipe.sm.sensitivity: no visible global function definition for
     ‘rnorm’
    ss.aipe.sm.sensitivity: no visible global function definition for ‘sd’
    ss.aipe.sm.sensitivity: no visible global function definition for
     ‘median’
    ss.aipe.sm.sensitivity: no visible global function definition for ‘var’
    ss.aipe.smd : determine.limit: no visible global function definition
     for ‘pt’
    ss.aipe.smd: no visible global function definition for ‘optimize’
    ss.aipe.smd.full: no visible global function definition for ‘qnorm’
    ss.aipe.smd.full: no visible global function definition for ‘qt’
    ss.aipe.smd.lower: no visible global function definition for ‘qnorm’
    ss.aipe.smd.lower: no visible global function definition for ‘qt’
    ss.aipe.smd.sensitivity: no visible global function definition for
     ‘rnorm’
    ss.aipe.smd.sensitivity: no visible global function definition for
     ‘median’
    ss.aipe.smd.sensitivity: no visible global function definition for
     ‘var’
    ss.aipe.smd.upper: no visible global function definition for ‘qnorm’
    ss.aipe.smd.upper: no visible global function definition for ‘qt’
    ss.power.R2: no visible global function definition for ‘qf’
    ss.power.R2: no visible global function definition for ‘pf’
    ss.power.pcm: no visible global function definition for ‘qt’
    ss.power.pcm: no visible global function definition for ‘pt’
    ss.power.reg.coef: no visible global function definition for ‘qt’
    ss.power.reg.coef: no visible global function definition for ‘pt’
    theta.2.Sigma.theta: no visible global function definition for
     ‘na.omit’
    vit: no visible global function definition for ‘pdf’
    vit: no visible global function definition for ‘postscript’
    vit: no visible global function definition for ‘jpeg’
    vit: no visible global function definition for ‘par’
    vit: no visible global function definition for ‘plot’
    vit: no visible global function definition for ‘points’
    vit: no visible global function definition for ‘lines’
    vit: no visible global function definition for ‘dev.off’
    vit.fitted: no visible global function definition for ‘pdf’
    vit.fitted: no visible global function definition for ‘postscript’
    vit.fitted: no visible global function definition for ‘jpeg’
    vit.fitted: no visible global function definition for ‘augPred’
    vit.fitted: no visible global function definition for ‘fitted’
    vit.fitted: no visible global function definition for ‘resid’
    vit.fitted: no visible global function definition for ‘par’
    vit.fitted: no visible global function definition for ‘cor’
    vit.fitted: no visible global function definition for ‘var’
    vit.fitted: no visible global function definition for ‘plot’
    vit.fitted: no visible global function definition for ‘lines’
    vit.fitted: no visible global function definition for ‘coef’
    vit.fitted: no visible global function definition for ‘dev.off’
Flavors: r-devel-linux-x86_64-debian-clang, r-devel-linux-x86_64-debian-gcc, r-devel-linux-x86_64-fedora-clang, r-devel-linux-x86_64-fedora-gcc, r-devel-windows-ix86+x86_64

Version: 3.3.3
Check: Rd line widths
Result: NOTE
    Rd file 'ci.reliability.Rd':
     \usage lines wider than 90 characters:
     analysis.type = "default", interval.type = "normal-theory", B = 1000, conf.level = 0.95)
    
    Rd file 'ci.reliability.bs.Rd':
     \usage lines wider than 90 characters:
     ci.reliability.bs(data, type = "Congeneric", analysis.type = "Factor Analytic", conf.level = 0.95, B = 100, ...)
    
    Rd file 'mediation.Rd':
     \examples lines wider than 100 characters:
     mediation(S=var(Data), N=22, x.location.S=1, mediator.location.S=2, dv.location.S=3, mean.x=mean(Data[,1]), mean.m=mean(Data[,2]), mean ... [TRUNCATED]
     bs.Results <- mediation(x=Data[,1], mediator=Data[,2], dv=Data[,3], bootstrap=TRUE, B=1000, save.bs.replicates=TRUE)
     ls() # Notice that Bootstrap.Replicates is available in the workspace (if save.bs.replicates=TRUE in the above call).
    
    Rd file 'power.density.equivalence.md.Rd':
     \usage lines wider than 90 characters:
     power.density.equivalence.md(power_sigma, alpha = alpha, theta1 = theta1, theta2 = theta2, diff = diff, sigma = sigma, n = n, nu = nu)
     \examples lines wider than 100 characters:
     power.density.equivalence.md(.1, alpha=.05, theta1=-.2, theta2=.2, diff=.05, sigma= .20, n=24, nu=22)
    
    Rd file 'ss.power.pcm.Rd':
     \usage lines wider than 90 characters:
     ss.power.pcm(beta, tau, level.1.variance, frequency, duration, desired.power = NULL, N = NULL, alpha.level = 0.05, standardized = TRUE, ... [TRUNCATED]
     \examples lines wider than 100 characters:
     # ss.power.pcm(beta=-.4, tau=.003, level.1.variance=.0262, frequency=2, duration=2, desired.power=.80, alpha.level=.05, standardized=TR ... [TRUNCATED]
     # ss.power.pcm(beta=-.4, tau=.003, level.1.variance=.0262, frequency=2, duration=2, N=238, alpha.level=.05, standardized=TRUE, directio ... [TRUNCATED]
     # ss.power.pcm(beta=-.0219, tau=.003, level.1.variance=.0262, frequency=2, duration=2, desired.power=.80, alpha.level=.05, standardized ... [TRUNCATED]
     # ss.power.pcm(beta=-.0219, tau=.003, level.1.variance=.0262, frequency=2, duration=2, N=238, alpha.level=.05, standardized=FALSE, dire ... [TRUNCATED]
    
    Rd file 'ssAIPECRD.Rd':
     \examples lines wider than 100 characters:
     ss.aipe.crd.nindiv.fixedbudget(10000, 30, 20, 1, prtreat=0.5, tauy=0.05, sigma2y=0.95, assurance=0.8)
    
    These lines will be truncated in the PDF manual.
Flavors: r-devel-linux-x86_64-debian-clang, r-devel-linux-x86_64-debian-gcc, r-devel-linux-x86_64-fedora-clang, r-devel-linux-x86_64-fedora-gcc, r-patched-linux-x86_64, r-release-linux-x86_64

Version: 3.3.3
Check: R code for possible problems
Result: NOTE
    .likelihoodCIrelia: no visible global function definition for
     ‘mxMatrix’
    .likelihoodCIrelia: no visible global function definition for
     ‘mxAlgebra’
    .likelihoodCIrelia: no visible global function definition for ‘tr’
    .likelihoodCIrelia: no visible global function definition for
     ‘mxMLObjective’
    .likelihoodCIrelia: no visible global function definition for ‘mxData’
    .likelihoodCIrelia: no visible global function definition for ‘mxCI’
    .likelihoodCIrelia: no visible global function definition for ‘mxModel’
    .likelihoodCIrelia: no visible global function definition for ‘mxRun’
    .wlsOmegaInterval: no visible global function definition for ‘lavaan’
    CFA.1: no visible global function definition for ‘sem’
    CFA.1: no visible global function definition for ‘lavaan’
    Expected.R2: no visible global function definition for ‘hyperg_2F1’
    Variance.R2: no visible global function definition for ‘hyperg_2F1’
    ancova.random.data: no visible global function definition for ‘mvrnorm’
    ci.reliability: no visible global function definition for ‘boot’
    ci.reliability: no visible global function definition for ‘boot.ci’
    ci.reliability.bs: no visible global function definition for ‘boot’
    ci.reliability.bs: no visible global function definition for ‘boot.ci’
    findWidthCRDES: no visible global function definition for ‘detectCores’
    findWidthCRDES: no visible global function definition for ‘makeCluster’
    findWidthCRDES: no visible global function definition for
     ‘clusterApplyLB’
    findWidthCRDES: no visible global function definition for ‘stopCluster’
    findWidthCRDES: no visible global function definition for ‘mclapply’
    likCIESCRD: no visible global function definition for ‘mxAlgebra’
    likCIESCRD: no visible global function definition for ‘mxModel’
    likCIESCRD: no visible global function definition for ‘mxData’
    likCIESCRD: no visible global function definition for ‘mxMatrix’
    likCIESCRD: no visible global function definition for ‘mxRAMObjective’
    likCIESCRD: no visible global function definition for ‘mxCI’
    likCIESCRD: no visible global function definition for ‘mxRun’
    mediation : .mediation.bs: no visible global function definition for
     ‘boot’
    mediation : .mediation.bs: no visible global function definition for
     ‘boot.ci’
    ss.aipe.R2 : Expected.R2: no visible global function definition for
     ‘hyperg_2F1’
    ss.aipe.R2.sensitivity: no visible global function definition for
     ‘mvrnorm’
    ss.aipe.c.ancova.sensitivity : ancova.random.data: no visible global
     function definition for ‘mvrnorm’
    ss.aipe.reg.coef : Expected.R2: no visible global function definition
     for ‘hyperg_2F1’
    ss.aipe.reg.coef.sensitivity: no visible global function definition for
     ‘mvrnorm’
    ss.aipe.reliability: no visible global function definition for
     ‘mvrnorm’
    ss.aipe.rmsea.sensitivity: no visible global function definition for
     ‘mvrnorm’
    ss.aipe.rmsea.sensitivity : sem.default: no visible global function
     definition for ‘startvalues’
    ss.aipe.sem.path: no visible global function definition for ‘sem’
    ss.aipe.sem.path.sensitiv: no visible global function definition for
     ‘mvrnorm’
    ss.aipe.sem.path.sensitiv: no visible global function definition for
     ‘sem’
    vit.fitted: no visible global function definition for ‘augPred’
Flavors: r-devel-osx-x86_64-clang, r-patched-linux-x86_64, r-patched-solaris-sparc, r-patched-solaris-x86, r-release-linux-x86_64, r-release-osx-x86_64-mavericks, r-release-windows-ix86+x86_64, r-oldrel-windows-ix86+x86_64

Version: 3.3.3
Check: package dependencies
Result: NOTE
    Package suggested but not available for checking: ‘OpenMx’
Flavors: r-patched-solaris-sparc, r-release-osx-x86_64-mavericks