CRAN Package Check Results for Package MBNMAtime

Last updated on 2020-02-26 08:52:28 CET.

Flavor Version Tinstall Tcheck Ttotal Status Flags
r-devel-linux-x86_64-debian-clang 0.1.2 8.57 334.70 343.27 ERROR
r-devel-linux-x86_64-debian-gcc 0.1.2 6.47 255.31 261.78 OK
r-devel-linux-x86_64-fedora-clang 0.1.2 420.49 OK
r-devel-linux-x86_64-fedora-gcc 0.1.2 395.27 OK
r-devel-windows-ix86+x86_64 0.1.2 13.00 279.00 292.00 OK
r-devel-windows-ix86+x86_64-gcc8 0.1.2 14.00 288.00 302.00 OK
r-patched-linux-x86_64 0.1.2 7.21 322.67 329.88 OK
r-patched-solaris-x86 0.1.2 1995.40 WARN
r-release-linux-x86_64 0.1.2 8.01 313.92 321.93 OK
r-release-windows-ix86+x86_64 0.1.2 12.00 268.00 280.00 OK
r-release-osx-x86_64 0.1.2 OK
r-oldrel-windows-ix86+x86_64 0.1.2 10.00 294.00 304.00 OK
r-oldrel-osx-x86_64 0.1.2 OK

Check Details

Version: 0.1.2
Check: tests
Result: ERROR
     Running 'testthat.R' [16s/18s]
    Running the tests in 'tests/testthat.R' failed.
    Complete output:
     > library(checkmate)
     > library(testthat)
     > library(MBNMAtime)
    
     Attaching package: 'MBNMAtime'
    
     The following object is masked from 'package:base':
    
     rank
    
     > library(igraph)
    
     Attaching package: 'igraph'
    
     The following object is masked from 'package:testthat':
    
     compare
    
     The following objects are masked from 'package:stats':
    
     decompose, spectrum
    
     The following object is masked from 'package:base':
    
     union
    
     >
     > testthat::test_check("MBNMAtime")
     -- 1. Failure: mb.nodesplit.comparisons is working (@test_nodesplit.functions.R#
     Check on comp$path isn't true.
     Must inherit from class 'factor', but has class 'character'
    
     -- 2. Failure: mb.nodesplit.comparisons is working (@test_nodesplit.functions.R#
     Check on comp$path isn't true.
     Must inherit from class 'factor', but has class 'character'
    
     Compiling model graph
     Resolving undeclared variables
     Allocating nodes
     Graph information:
     Observed stochastic nodes: 417
     Unobserved stochastic nodes: 119
     Total graph size: 8427
    
     Initializing model
    
     Compiling model graph
     Resolving undeclared variables
     Allocating nodes
     Graph information:
     Observed stochastic nodes: 224
     Unobserved stochastic nodes: 121
     Total graph size: 4749
    
     Initializing model
    
     [1] "linear"
     [1] "exponential"
     [1] "emax"
     [1] "quadratic"
     [1] "fract.poly.first"
     [1] "emax.hill"
     [1] "piecelinear"
     [1] "fract.poly.second"
     [1] "user"
     == testthat results ===========================================================
     [ OK: 305 | SKIPPED: 0 | WARNINGS: 18 | FAILED: 2 ]
     1. Failure: mb.nodesplit.comparisons is working (@test_nodesplit.functions.R#58)
     2. Failure: mb.nodesplit.comparisons is working (@test_nodesplit.functions.R#67)
    
     Error: testthat unit tests failed
     Execution halted
Flavor: r-devel-linux-x86_64-debian-clang

Version: 0.1.2
Check: re-building of vignette outputs
Result: WARN
    Error(s) in re-building vignettes:
     ...
    --- re-building ‘MBNMAtime.Rmd’ using rmarkdown
    Warning in engine$weave(file, quiet = quiet, encoding = enc) :
     Pandoc (>= 1.12.3) and/or pandoc-citeproc not available. Falling back to R Markdown v1.
    Reference treatment is `plac`
    
    ET50 parameters (beta.2) are on exponential scale to ensure they take positive values on the natural scale
Flavor: r-patched-solaris-x86