CRAN Package Check Results for Package MBmca

Last updated on 2015-08-29 20:48:05.

Flavor Version Tinstall Tcheck Ttotal Status Flags
r-devel-linux-x86_64-debian-clang 0.0.3-5 3.86 46.12 49.97 NOTE
r-devel-linux-x86_64-debian-gcc 0.0.3-5 3.78 44.35 48.13 NOTE
r-devel-linux-x86_64-fedora-clang 0.0.3-5 105.74 NOTE
r-devel-linux-x86_64-fedora-gcc 0.0.3-5 100.64 NOTE
r-devel-osx-x86_64-clang 0.0.3-5 89.63 OK
r-devel-windows-ix86+x86_64 0.0.3-5 16.00 82.00 98.00 NOTE
r-patched-linux-x86_64 0.0.3-5 4.04 48.73 52.77 OK
r-patched-solaris-sparc 0.0.3-5 360.30 OK
r-patched-solaris-x86 0.0.3-5 79.80 OK
r-release-linux-x86_64 0.0.3-5 4.00 47.85 51.86 OK
r-release-osx-x86_64-mavericks 0.0.3-5 OK
r-release-windows-ix86+x86_64 0.0.3-5 16.00 84.00 100.00 OK
r-oldrel-windows-ix86+x86_64 0.0.3-5 28.00 127.00 155.00 OK

Check Details

Version: 0.0.3-5
Check: R code for possible problems
Result: NOTE
    MFIerror: no visible binding for global variable ‘median’
    MFIerror: no visible binding for global variable ‘mad’
    MFIerror: no visible binding for global variable ‘sd’
    MFIerror: no visible global function definition for ‘plot’
    MFIerror: no visible global function definition for ‘arrows’
    diffQ: no visible global function definition for ‘sd’
    diffQ: no visible global function definition for ‘na.omit’
    diffQ: no visible global function definition for ‘lm’
    diffQ: no visible global function definition for ‘abline’
    diffQ: no visible global function definition for ‘lines’
    diffQ: no visible global function definition for ‘points’
    diffQ: no visible global function definition for ‘spline’
    diffQ : NRMSE: no visible global function definition for ‘residuals’
    diffQ: no visible global function definition for ‘shapiro.test’
    diffQ: no visible global function definition for ‘curve’
    diffQ2: no visible global function definition for ‘predict’
    diffQ2: no visible global function definition for ‘smooth.spline’
    diffQ2: no visible global function definition for ‘par’
    diffQ2: no visible global function definition for ‘abline’
    diffQ2: no visible global function definition for ‘points’
    diffQ2: no visible global function definition for ‘curve’
    mcaPeaks: no visible global function definition for ‘smooth.spline’
    mcaPeaks: no visible global function definition for ‘embed’
    mcaSmoother: no visible global function definition for ‘head’
    mcaSmoother: no visible global function definition for ‘tail’
    mcaSmoother: no visible global function definition for ‘approx’
    mcaSmoother: no visible global function definition for ‘smooth.spline’
    mcaSmoother: no visible global function definition for ‘spline’
    mcaSmoother: no visible global function definition for ‘lm’
    Undefined global functions or variables:
     abline approx arrows curve embed head lines lm mad median na.omit par
     plot points predict residuals sd shapiro.test smooth.spline spline
     tail
    Consider adding
     importFrom("graphics", "abline", "arrows", "curve", "lines", "par",
     "plot", "points")
     importFrom("stats", "approx", "embed", "lm", "mad", "median",
     "na.omit", "predict", "residuals", "sd", "shapiro.test",
     "smooth.spline", "spline")
     importFrom("utils", "head", "tail")
    to your NAMESPACE.
Flavors: r-devel-linux-x86_64-debian-clang, r-devel-linux-x86_64-debian-gcc, r-devel-linux-x86_64-fedora-clang, r-devel-linux-x86_64-fedora-gcc, r-devel-windows-ix86+x86_64