CRAN Package Check Results for Package MBmca

Last updated on 2015-05-25 16:47:15.

Flavor Version Tinstall Tcheck Ttotal Status Flags
r-devel-linux-x86_64-debian-clang 0.0.3-5 1.85 26.98 28.83 OK
r-devel-linux-x86_64-debian-gcc 0.0.3-5 1.81 26.00 27.80 OK
r-devel-linux-x86_64-fedora-clang 0.0.3-5 60.75 OK
r-devel-linux-x86_64-fedora-gcc 0.0.3-5 55.52 OK
r-devel-osx-x86_64-clang 0.0.3-5 54.26 OK
r-devel-windows-ix86+x86_64 0.0.3-5 7.00 46.00 53.00 OK
r-patched-linux-x86_64 0.0.3-5 1.86 25.42 27.28 OK
r-patched-solaris-sparc 0.0.3-5 349.70 OK
r-patched-solaris-x86 0.0.3-5 78.10 OK
r-release-linux-x86_64 0.0.3-5 1.91 25.82 27.72 OK
r-release-osx-x86_64-mavericks 0.0.3-5 OK
r-release-osx-x86_64-snowleopard 0.0.3-5 ERROR
r-release-windows-ix86+x86_64 0.0.3-5 8.00 42.00 50.00 OK
r-oldrel-windows-ix86+x86_64 0.0.3-5 13.00 71.00 84.00 OK

Check Details

Version: 0.0.3-5
Check: package dependencies
Result: ERROR
    Package required and available but unsuitable version: ‘chipPCR’
    
    See section ‘The DESCRIPTION file’ in the ‘Writing R Extensions’
    manual.
Flavor: r-release-osx-x86_64-snowleopard