CRAN Package Check Results for Package MBmca

Last updated on 2015-07-02 11:48:24.

Flavor Version Tinstall Tcheck Ttotal Status Flags
r-devel-linux-x86_64-debian-clang 0.0.3-5 1.84 26.39 28.23 NOTE
r-devel-linux-x86_64-debian-gcc 0.0.3-5 1.78 25.74 27.52 NOTE
r-devel-linux-x86_64-fedora-clang 0.0.3-5 57.93 NOTE
r-devel-linux-x86_64-fedora-gcc 0.0.3-5 54.79 NOTE
r-devel-osx-x86_64-clang 0.0.3-5 55.10 OK
r-devel-windows-ix86+x86_64 0.0.3-5 7.00 43.00 50.00 NOTE
r-patched-linux-x86_64 0.0.3-5 1.82 25.54 27.36 OK
r-patched-solaris-sparc 0.0.3-5 349.70 OK
r-patched-solaris-x86 0.0.3-5 77.80 OK
r-release-linux-x86_64 0.0.3-5 1.81 25.42 27.22 OK
r-release-osx-x86_64-mavericks 0.0.3-5 OK
r-release-windows-ix86+x86_64 0.0.3-5 5.00 44.00 49.00 OK
r-oldrel-windows-ix86+x86_64 0.0.3-5 12.00 72.00 84.00 OK

Check Details

Version: 0.0.3-5
Check: R code for possible problems
Result: NOTE
    MFIerror: no visible binding for global variable ‘median’
    MFIerror: no visible binding for global variable ‘mad’
    MFIerror: no visible binding for global variable ‘sd’
    MFIerror: no visible global function definition for ‘plot’
    MFIerror: no visible global function definition for ‘arrows’
    diffQ: no visible global function definition for ‘sd’
    diffQ: no visible global function definition for ‘na.omit’
    diffQ: no visible global function definition for ‘lm’
    diffQ: no visible global function definition for ‘abline’
    diffQ: no visible global function definition for ‘lines’
    diffQ: no visible global function definition for ‘points’
    diffQ: no visible global function definition for ‘spline’
    diffQ : NRMSE: no visible global function definition for ‘residuals’
    diffQ: no visible global function definition for ‘shapiro.test’
    diffQ: no visible global function definition for ‘curve’
    diffQ2: no visible global function definition for ‘predict’
    diffQ2: no visible global function definition for ‘smooth.spline’
    diffQ2: no visible global function definition for ‘par’
    diffQ2: no visible global function definition for ‘abline’
    diffQ2: no visible global function definition for ‘points’
    diffQ2: no visible global function definition for ‘curve’
    mcaPeaks: no visible global function definition for ‘smooth.spline’
    mcaPeaks: no visible global function definition for ‘embed’
    mcaSmoother: no visible global function definition for ‘head’
    mcaSmoother: no visible global function definition for ‘tail’
    mcaSmoother: no visible global function definition for ‘approx’
    mcaSmoother: no visible global function definition for ‘smooth.spline’
    mcaSmoother: no visible global function definition for ‘spline’
    mcaSmoother: no visible global function definition for ‘lm’
Flavors: r-devel-linux-x86_64-debian-clang, r-devel-linux-x86_64-debian-gcc, r-devel-linux-x86_64-fedora-gcc, r-devel-windows-ix86+x86_64

Version: 0.0.3-5
Check: R code for possible problems
Result: NOTE
    MFIerror: no visible binding for global variable ‘median’
    MFIerror: no visible binding for global variable ‘mad’
    MFIerror: no visible binding for global variable ‘sd’
    MFIerror: no visible global function definition for ‘plot’
    MFIerror: no visible global function definition for ‘arrows’
    diffQ: no visible global function definition for ‘sd’
    diffQ: no visible global function definition for ‘na.omit’
    diffQ: no visible global function definition for ‘lm’
    diffQ: no visible global function definition for ‘abline’
    diffQ: no visible global function definition for ‘lines’
    diffQ: no visible global function definition for ‘points’
    diffQ: no visible global function definition for ‘spline’
    diffQ : NRMSE: no visible global function definition for ‘residuals’
    diffQ: no visible global function definition for ‘shapiro.test’
    diffQ: no visible global function definition for ‘curve’
    diffQ2: no visible global function definition for ‘predict’
    diffQ2: no visible global function definition for ‘smooth.spline’
    diffQ2: no visible global function definition for ‘par’
    diffQ2: no visible global function definition for ‘abline’
    diffQ2: no visible global function definition for ‘points’
    diffQ2: no visible global function definition for ‘curve’
    mcaPeaks: no visible global function definition for ‘smooth.spline’
    mcaPeaks: no visible global function definition for ‘embed’
    mcaSmoother: no visible global function definition for ‘head’
    mcaSmoother: no visible global function definition for ‘tail’
    mcaSmoother: no visible global function definition for ‘approx’
    mcaSmoother: no visible global function definition for ‘smooth.spline’
    mcaSmoother: no visible global function definition for ‘spline’
    mcaSmoother: no visible global function definition for ‘lm’
    Undefined global functions or variables:
     abline approx arrows curve embed head lines lm mad median na.omit par
     plot points predict residuals sd shapiro.test smooth.spline spline
     tail
Flavor: r-devel-linux-x86_64-fedora-clang