CRAN Package Check Results for Package MBmca

Last updated on 2014-04-24 15:50:41.

Flavor Version Tinstall Tcheck Ttotal Status Flags
r-devel-linux-x86_64-debian-clang 0.0.2-1 0.91 16.20 17.12 OK
r-devel-linux-x86_64-debian-gcc 0.0.2-1 0.91 16.08 16.98 OK
r-devel-linux-x86_64-fedora-clang 0.0.2-1 33.70 OK
r-devel-linux-x86_64-fedora-gcc 0.0.2-1 32.40 OK
r-devel-osx-x86_64-clang 0.0.2-1 34.90 OK
r-devel-osx-x86_64-gcc 0.0.2-1 ERROR
r-devel-windows-ix86+x86_64 0.0.2-1 3.00 24.00 27.00 OK
r-patched-linux-x86_64 0.0.2-1 0.90 16.12 17.02 OK
r-patched-solaris-sparc 0.0.2-1 188.30 OK
r-patched-solaris-x86 0.0.2-1 46.90 OK
r-release-linux-ix86 0.0.2-1 1.00 32.00 33.00 OK
r-release-linux-x86_64 0.0.2-1 0.93 16.92 17.85 OK
r-release-osx-x86_64-mavericks 0.0.2-1 WARN
r-release-osx-x86_64-snowleopard 0.0.2-1 OK
r-release-windows-ix86+x86_64 0.0.2-1 3.00 28.00 31.00 OK
r-oldrel-windows-ix86+x86_64 0.0.2-1 4.00 26.00 30.00 OK

Check Details

Version: 0.0.2-1
Check: package dependencies
Result: ERROR
    Package required but not available: ‘robustbase’
    
    See the information on DESCRIPTION files in the chapter ‘Creating R
    packages’ of the ‘Writing R Extensions’ manual.
Flavor: r-devel-osx-x86_64-gcc

Version: 0.0.2-1
Check: PDF version of manual
Result: WARNING
    LaTeX errors when creating PDF version.
    This typically indicates Rd problems.
    LaTeX errors found:
    ! LaTeX Error: File `upquote.sty' not found.
    
    Type X to quit or <RETURN> to proceed,
    or enter new name. (Default extension: sty)
    
    38b3db46/Rd2.tex:8: ==> Fatal error occurred, no output PDF file produced!
Flavor: r-release-osx-x86_64-mavericks