CRAN Package Check Results for Package MBmca

Last updated on 2015-04-28 05:47:52.

Flavor Version Tinstall Tcheck Ttotal Status Flags
r-devel-linux-x86_64-debian-clang 0.0.3-5 2.56 26.65 29.21 OK
r-devel-linux-x86_64-debian-gcc 0.0.3-5 2.00 26.06 28.06 OK
r-devel-linux-x86_64-fedora-clang 0.0.3-5 60.68 OK
r-devel-linux-x86_64-fedora-gcc 0.0.3-5 56.31 OK
r-devel-osx-x86_64-clang 0.0.3-5 54.68 OK
r-devel-windows-ix86+x86_64 0.0.3-5 6.00 43.00 49.00 OK
r-patched-linux-x86_64 0.0.3-5 2.00 26.63 28.63 OK
r-patched-solaris-sparc 0.0.3-5 366.50 OK
r-patched-solaris-x86 0.0.3-5 78.90 OK
r-release-linux-x86_64 0.0.3-5 2.56 26.00 28.56 OK
r-release-osx-x86_64-mavericks 0.0.3-5 ERROR
r-release-osx-x86_64-snowleopard 0.0.3-5 ERROR
r-release-windows-ix86+x86_64 0.0.3-5 11.00 59.00 70.00 OK
r-oldrel-windows-ix86+x86_64 0.0.3-5 12.00 68.00 80.00 OK

Check Details

Version: 0.0.3-5
Check: package dependencies
Result: ERROR
    Package required but not available: ‘chipPCR’
    
    See section ‘The DESCRIPTION file’ in the ‘Writing R Extensions’
    manual.
Flavor: r-release-osx-x86_64-mavericks

Version: 0.0.3-5
Check: package dependencies
Result: ERROR
    Package required and available but unsuitable version: ‘chipPCR’
    
    See section ‘The DESCRIPTION file’ in the ‘Writing R Extensions’
    manual.
Flavor: r-release-osx-x86_64-snowleopard