CRAN Package Check Results for Package MCMCglmm

Last updated on 2016-06-29 12:47:01.

Flavor Version Tinstall Tcheck Ttotal Status Flags
r-devel-linux-x86_64-debian-gcc 2.22.1 22.17 71.67 93.84 OK
r-devel-linux-x86_64-fedora-clang 2.22.1 172.39 OK
r-devel-linux-x86_64-fedora-gcc 2.22.1 158.03 OK
r-devel-osx-x86_64-clang 2.22.1 122.05 OK
r-devel-windows-ix86+x86_64 2.22.1 81.00 178.00 259.00 NOTE
r-patched-linux-x86_64 2.22.1 18.09 70.78 88.86 OK
r-patched-solaris-sparc 2.22.1 983.20 OK
r-patched-solaris-x86 2.22.1 229.50 OK
r-release-linux-x86_64 2.22.1 17.00 67.61 84.61 OK
r-release-osx-x86_64-mavericks 2.22.1 NOTE
r-release-windows-ix86+x86_64 2.22.1 102.00 119.00 221.00 NOTE
r-oldrel-windows-ix86+x86_64 2.22.1 136.00 137.00 273.00 OK

Check Details

Version: 2.22.1
Check: installed package size
Result: NOTE
     installed size is 5.1Mb
     sub-directories of 1Mb or more:
     doc 3.2Mb
     libs 1.6Mb
Flavors: r-devel-windows-ix86+x86_64, r-release-windows-ix86+x86_64

Version: 2.22.1
Check: dependencies in R code
Result: NOTE
    Invalid MIT-MAGIC-COOKIE-1 key
Flavor: r-release-osx-x86_64-mavericks