CRAN Package Check Results for Package MCMCglmm

Last updated on 2016-05-03 23:46:55.

Flavor Version Tinstall Tcheck Ttotal Status Flags
r-devel-linux-x86_64-debian-gcc 2.22.1 17.01 68.48 85.49 OK
r-devel-linux-x86_64-fedora-clang 2.22.1 170.88 OK
r-devel-linux-x86_64-fedora-gcc 2.22.1 159.06 OK
r-devel-osx-x86_64-clang 2.22.1 166.53 OK
r-devel-windows-ix86+x86_64 2.22.1 80.00 119.00 199.00 NOTE
r-patched-linux-x86_64 2.22.1 16.72 67.45 84.16 OK
r-patched-solaris-sparc 2.22.1 WARN
r-patched-solaris-x86 2.22.1 230.10 OK
r-release-linux-x86_64 2.22.1 17.36 71.03 88.40 OK
r-release-osx-x86_64-mavericks 2.22.1 OK
r-release-windows-ix86+x86_64 2.22.1 110.00 135.00 245.00 OK
r-oldrel-windows-ix86+x86_64 2.22.1 139.00 153.00 292.00 NOTE

Check Details

Version: 2.22.1
Check: installed package size
Result: NOTE
     installed size is 5.1Mb
     sub-directories of 1Mb or more:
     doc 3.2Mb
     libs 1.6Mb
Flavor: r-devel-windows-ix86+x86_64

Version: 2.22.1
Check: re-building of vignette outputs
Result: WARN
    Error in re-building vignettes:
     ...
    Error in texi2dvi(file = file, pdf = TRUE, clean = clean, quiet = quiet, :
     Running 'texi2dvi' on 'CourseNotes.tex' failed.
    Messages:
    /usr/local/bin/texi2dvi: line 744: cd: /home/ripley/R/packages/tests32/MCMCglmm.Rcheck/vign_test/MCMCglmm/vignettes/CourseNotes.t2d/pdf/bak: No such file or directory
    Calls: buildVignettes -> texi2pdf -> texi2dvi
    Execution halted
Flavor: r-patched-solaris-sparc

Version: 2.22.1
Check: re-building of vignette outputs
Result: NOTE
    Error in re-building vignettes:
     ...
    msfonts/cmextra/cmex7.pfb><D:/Compiler/texmf/fonts/type1/public/amsfonts/cm/cmm
    i10.pfb><D:/Compiler/texmf/fonts/type1/public/amsfonts/cm/cmmi5.pfb><D:/Compile
    r/texmf/fonts/type1/public/amsfonts/cm/cmmi7.pfb><D:/Compiler/texmf/fonts/type1
    /public/amsfonts/cm/cmmi8.pfb><D:/Compiler/texmf/fonts/type1/public/amsfonts/cm
    /cmmib10.pfb><D:/Compiler/texmf/fonts/type1/public/amsfonts/cm/cmr10.pfb><D:/Co
    mpiler/texmf/fonts/type1/public/amsfonts/cm/cmr12.pfb><D:/Compiler/texmf/fonts/
    type1/public/amsfonts/cm/cmr5.pfb><D:/Compiler/texmf/fonts/type1/public/amsfont
    s/cm/cmr6.pfb><D:/Compiler/texmf/fonts/type1/public/amsfonts/cm/cmr7.pfb><D:/Co
    mpiler/texmf/fonts/type1/public/amsfonts/cm/cmr8.pfb><D:/Compiler/texmf/fonts/t
    ype1/public/amsfonts/cm/cmsl10.pfb><D:/Compiler/texmf/fonts/type1/public/amsfon
    ts/cm/cmsltt10.pfb><D:/Compiler/texmf/fonts/type1/public/amsfonts/cm/cmsy10.pfb
    ><D:/Compiler/texmf/fonts/type1/public/amsfonts/cm/cmsy5.pfb><D:/Compiler/texmf
    /fonts/type1/public/amsfonts/cm/cmsy6.pfb><D:/Compiler/texmf/fonts/type1/public
    /amsfonts/cm/cmsy7.pfb><D:/Compiler/texmf/fonts/type1/public/amsfonts/cm/cmsy8.
    pfb><D:/Compiler/texmf/fonts/type1/public/amsfonts/cm/cmti10.pfb><D:/Compiler/t
    exmf/fonts/type1/public/amsfonts/cm/cmtt10.pfb><D:/Compiler/texmf/fonts/type1/p
    ublic/amsfonts/cm/cmtt12.pfb><D:/Compiler/texmf/fonts/type1/public/amsfonts/cm/
    cmtt8.pfb><D:/Compiler/texmf/fonts/type1/public/cm-super/sftt1000.pfb>
    Output written on CourseNotes.pdf (139 pages, 2877432 bytes).
    Transcript written on CourseNotes.log.
    Warning: running command '"pdflatex" -interaction=nonstopmode "CourseNotes.tex"' had status 1
    Error in texi2dvi(file = file, pdf = TRUE, clean = clean, quiet = quiet, :
     unable to run 'pdflatex' on 'CourseNotes.tex'
    Calls: buildVignettes -> texi2pdf -> texi2dvi
    Execution halted
Flavor: r-oldrel-windows-ix86+x86_64