CRAN Package Check Results for Package MCMCglmm

Last updated on 2017-12-12 06:47:19 CET.

Flavor Version Tinstall Tcheck Ttotal Status Flags
r-devel-linux-x86_64-debian-clang 2.25 25.47 99.95 125.42 OK
r-devel-linux-x86_64-debian-gcc 2.25 24.07 86.30 110.37 OK
r-devel-linux-x86_64-fedora-clang 2.25 175.33 OK
r-devel-linux-x86_64-fedora-gcc 2.25 167.80 OK
r-devel-windows-ix86+x86_64 2.25 192.00 160.00 352.00 NOTE
r-patched-linux-x86_64 2.25 26.60 115.85 142.45 OK
r-patched-solaris-x86 2.25 198.10 OK
r-release-linux-x86_64 2.25 26.37 115.63 142.00 OK
r-release-windows-ix86+x86_64 2.25 106.00 149.00 255.00 NOTE
r-release-osx-x86_64 2.25 WARN
r-oldrel-windows-ix86+x86_64 2.25 139.00 184.00 323.00 NOTE
r-oldrel-osx-x86_64 2.25 OK

Check Details

Version: 2.25
Check: installed package size
Result: NOTE
     installed size is 5.2Mb
     sub-directories of 1Mb or more:
     doc 3.3Mb
     libs 1.6Mb
Flavors: r-devel-windows-ix86+x86_64, r-release-windows-ix86+x86_64, r-oldrel-windows-ix86+x86_64

Version: 2.25
Check: re-building of vignette outputs
Result: WARN
    Error in re-building vignettes:
     ...
    Error in texi2dvi(file = file, pdf = TRUE, clean = clean, quiet = quiet, :
     Running 'texi2dvi' on 'CourseNotes.tex' failed.
    LaTeX errors:
    ! LaTeX Error: File `tocbibind.sty' not found.
    
    Type X to quit or <RETURN> to proceed,
    or enter new name. (Default extension: sty)
    
    ! Emergency stop.
    <read *>
    
    l.14 \usepackage
     {makeidx}^^M
    ! ==> Fatal error occurred, no output PDF file produced!
    Calls: buildVignettes -> texi2pdf -> texi2dvi
    Execution halted
Flavor: r-release-osx-x86_64