CRAN Package Check Results for Package MCMCglmm

Last updated on 2016-07-25 23:48:08.

Flavor Version Tinstall Tcheck Ttotal Status Flags
r-devel-linux-x86_64-debian-clang 2.22.1 29.37 79.20 108.56 OK
r-devel-linux-x86_64-debian-gcc 2.22.1 23.59 79.05 102.64 OK
r-devel-linux-x86_64-fedora-clang 2.22.1 176.28 OK
r-devel-linux-x86_64-fedora-gcc 2.22.1 161.25 OK
r-devel-osx-x86_64-clang 2.22.1 123.42 OK
r-devel-windows-ix86+x86_64 2.22.1 102.00 129.00 231.00 NOTE
r-patched-linux-x86_64 2.22.1 21.18 80.22 101.41 OK
r-patched-solaris-sparc 2.22.1 983.20 OK
r-patched-solaris-x86 2.22.1 222.00 OK
r-release-linux-x86_64 2.22.1 19.79 78.31 98.10 OK
r-release-osx-x86_64-mavericks 2.22.1 NOTE
r-release-windows-ix86+x86_64 2.22.1 96.00 115.00 211.00 NOTE
r-oldrel-windows-ix86+x86_64 2.22.1 134.00 120.00 254.00 OK

Check Details

Version: 2.22.1
Check: installed package size
Result: NOTE
     installed size is 5.1Mb
     sub-directories of 1Mb or more:
     doc 3.2Mb
     libs 1.6Mb
Flavors: r-devel-windows-ix86+x86_64, r-release-windows-ix86+x86_64

Version: 2.22.1
Check: dependencies in R code
Result: NOTE
    Invalid MIT-MAGIC-COOKIE-1 key
Flavor: r-release-osx-x86_64-mavericks