CRAN Package Check Results for Package MCMCglmm

Last updated on 2016-08-25 21:46:50.

Flavor Version Tinstall Tcheck Ttotal Status Flags
r-devel-linux-x86_64-debian-clang 2.22.1 21.21 69.17 90.39 OK
r-devel-linux-x86_64-debian-gcc 2.22.1 18.91 67.75 86.65 OK
r-devel-linux-x86_64-fedora-clang 2.22.1 174.36 OK
r-devel-linux-x86_64-fedora-gcc 2.22.1 159.63 OK
r-devel-osx-x86_64-clang 2.22.1 123.98 OK
r-devel-windows-ix86+x86_64 2.22.1 106.00 120.00 226.00 NOTE
r-patched-linux-x86_64 2.22.1 16.69 66.75 83.44 OK
r-patched-solaris-sparc 2.22.1 983.20 OK
r-patched-solaris-x86 2.22.1 221.00 OK
r-release-linux-x86_64 2.22.1 16.41 66.79 83.20 OK
r-release-osx-x86_64-mavericks 2.22.1 NOTE
r-release-windows-ix86+x86_64 2.22.1 69.00 112.00 181.00 NOTE
r-oldrel-windows-ix86+x86_64 2.22.1 104.00 137.00 241.00 OK

Check Details

Version: 2.22.1
Check: installed package size
Result: NOTE
     installed size is 5.0Mb
     sub-directories of 1Mb or more:
     doc 3.2Mb
     libs 1.6Mb
Flavors: r-devel-windows-ix86+x86_64, r-release-windows-ix86+x86_64

Version: 2.22.1
Check: dependencies in R code
Result: NOTE
    Invalid MIT-MAGIC-COOKIE-1 key
Flavor: r-release-osx-x86_64-mavericks