CRAN Package Check Results for Package MCMCglmm

Last updated on 2016-09-29 02:49:49.

Flavor Version Tinstall Tcheck Ttotal Status Flags
r-devel-linux-x86_64-debian-clang 2.22.1 23.05 66.63 89.68 WARN
r-devel-linux-x86_64-debian-gcc 2.22.1 18.37 63.75 82.12 WARN
r-devel-linux-x86_64-fedora-clang 2.22.1 178.09 WARN
r-devel-linux-x86_64-fedora-gcc 2.22.1 166.08 WARN
r-devel-macos-x86_64-clang 2.22.1 119.03 WARN
r-devel-windows-ix86+x86_64 2.22.1 144.00 171.00 315.00 WARN
r-patched-linux-x86_64 2.22.1 16.91 64.93 81.84 OK
r-patched-solaris-sparc 2.22.1 983.20 OK
r-patched-solaris-x86 2.22.1 221.40 OK
r-release-linux-x86_64 2.22.1 17.65 66.07 83.72 OK
r-release-osx-x86_64-mavericks 2.22.1 NOTE
r-release-windows-ix86+x86_64 2.22.1 127.00 112.00 239.00 NOTE
r-oldrel-windows-ix86+x86_64 2.22.1 178.00 168.00 346.00 OK

Check Details

Version: 2.22.1
Check: files in ‘vignettes’
Result: WARN
    Files in the 'vignettes' directory newer than all files in 'inst/doc':
     ‘Figures/TEST.R’, ‘Overview.bib’
    Files in the 'vignettes' directory newer than same file in 'inst/doc':
     ‘CourseNotes.Rnw’, ‘Overview.Rnw’
Flavors: r-devel-linux-x86_64-debian-clang, r-devel-linux-x86_64-debian-gcc, r-devel-linux-x86_64-fedora-clang, r-devel-linux-x86_64-fedora-gcc, r-devel-macos-x86_64-clang, r-devel-windows-ix86+x86_64

Version: 2.22.1
Check: installed package size
Result: NOTE
     installed size is 5.1Mb
     sub-directories of 1Mb or more:
     doc 3.2Mb
     libs 1.6Mb
Flavors: r-devel-windows-ix86+x86_64, r-release-windows-ix86+x86_64

Version: 2.22.1
Check: dependencies in R code
Result: NOTE
    Invalid MIT-MAGIC-COOKIE-1 key
Flavor: r-release-osx-x86_64-mavericks