CRAN Package Check Results for Package MCMCglmm

Last updated on 2014-04-24 17:49:47.

Flavor Version Tinstall Tcheck Ttotal Status Flags
r-devel-linux-x86_64-debian-clang 2.19 13.48 65.88 79.36 OK
r-devel-linux-x86_64-debian-gcc 2.19 15.20 65.69 80.89 OK
r-devel-linux-x86_64-fedora-clang 2.19 210.88 OK
r-devel-linux-x86_64-fedora-gcc 2.19 204.26 OK
r-devel-osx-x86_64-clang 2.19 150.59 OK
r-devel-osx-x86_64-gcc 2.19 OK
r-devel-windows-ix86+x86_64 2.19 91.00 128.00 219.00 OK
r-patched-linux-x86_64 2.19 15.20 65.66 80.86 OK
r-patched-solaris-sparc 2.19 952.30 OK
r-patched-solaris-x86 2.19 252.60 OK
r-release-linux-ix86 2.19 27.00 112.00 139.00 OK
r-release-linux-x86_64 2.19 15.30 67.67 82.97 OK
r-release-osx-x86_64-mavericks 2.19 WARN
r-release-osx-x86_64-snowleopard 2.19 OK
r-release-windows-ix86+x86_64 2.19 86.00 126.00 212.00 OK
r-oldrel-windows-ix86+x86_64 2.19 91.00 129.00 220.00 OK

Check Details

Version: 2.19
Check: re-building of vignette outputs
Result: NOTE
    Error in re-building vignettes:
     ...
    Error in texi2dvi(file = file, pdf = TRUE, clean = clean, quiet = quiet, :
     Running 'texi2dvi' on 'CourseNotes.tex' failed.
    LaTeX errors:
    ! LaTeX Error: File `tocbibind.sty' not found.
    
    Type X to quit or <RETURN> to proceed,
    or enter new name. (Default extension: sty)
    
    n_test/MCMCglmm/vignettes/CourseNotes.tex:14: ==> Fatal error occurred, no out
    put PDF file produced!
    Calls: buildVignettes -> texi2pdf -> texi2dvi
    Execution halted
Flavor: r-release-osx-x86_64-mavericks

Version: 2.19
Check: PDF version of manual
Result: WARNING
    LaTeX errors when creating PDF version.
    This typically indicates Rd problems.
    LaTeX errors found:
    ! LaTeX Error: File `upquote.sty' not found.
    
    Type X to quit or <RETURN> to proceed,
    or enter new name. (Default extension: sty)
    
    /private/tmp/RtmpX5NWO2/Rd2pdf1f853284336a/Rd2.tex:8: ==> Fatal error occurred
    , no output PDF file produced!
Flavor: r-release-osx-x86_64-mavericks