CRAN Package Check Results for Package MCMCglmm

Last updated on 2017-06-23 21:48:07.

Flavor Version Tinstall Tcheck Ttotal Status Flags
r-devel-linux-x86_64-debian-clang 2.24 25.61 78.74 104.35 NOTE
r-devel-linux-x86_64-debian-gcc 2.24 19.97 75.24 95.21 NOTE
r-devel-linux-x86_64-fedora-clang 2.24 205.73 NOTE
r-devel-linux-x86_64-fedora-gcc 2.24 191.98 NOTE
r-devel-windows-ix86+x86_64 2.24 148.00 197.00 345.00 NOTE
r-patched-linux-x86_64 2.24 17.63 73.85 91.48 NOTE
r-patched-solaris-sparc 2.24 996.40 OK
r-patched-solaris-x86 2.24 208.70 OK
r-release-linux-x86_64 2.24 18.81 74.62 93.43 NOTE
r-release-windows-ix86+x86_64 2.24 107.00 230.00 337.00 NOTE
r-release-osx-x86_64 2.24 WARN
r-oldrel-windows-ix86+x86_64 2.24 158.00 178.00 336.00 NOTE
r-oldrel-osx-x86_64 2.24 OK

Check Details

Version: 2.24
Check: compiled code
Result: NOTE
    File ‘MCMCglmm/libs/MCMCglmm.so’:
     Found no calls to: ‘R_registerRoutines’, ‘R_useDynamicSymbols’
    
    It is good practice to register native routines and to disable symbol
    search.
    
    See ‘Writing portable packages’ in the ‘Writing R Extensions’ manual.
Flavors: r-devel-linux-x86_64-debian-clang, r-devel-linux-x86_64-debian-gcc, r-devel-linux-x86_64-fedora-clang, r-devel-linux-x86_64-fedora-gcc, r-patched-linux-x86_64, r-release-linux-x86_64

Version: 2.24
Check: installed package size
Result: NOTE
     installed size is 5.2Mb
     sub-directories of 1Mb or more:
     doc 3.3Mb
     libs 1.6Mb
Flavors: r-devel-windows-ix86+x86_64, r-release-windows-ix86+x86_64, r-oldrel-windows-ix86+x86_64

Version: 2.24
Check: re-building of vignette outputs
Result: WARN
    Error in re-building vignettes:
     ...
    Error in texi2dvi(file = file, pdf = TRUE, clean = clean, quiet = quiet, :
     Running 'texi2dvi' on 'CourseNotes.tex' failed.
    LaTeX errors:
    ! LaTeX Error: File `tocbibind.sty' not found.
    
    Type X to quit or <RETURN> to proceed,
    or enter new name. (Default extension: sty)
    
    ! Emergency stop.
    <read *>
    
    l.14 \usepackage
     {makeidx}^^M
    ! ==> Fatal error occurred, no output PDF file produced!
    Calls: buildVignettes -> texi2pdf -> texi2dvi
    Execution halted
Flavor: r-release-osx-x86_64