CRAN Package Check Results for Package MCMCglmm

Last updated on 2017-03-25 17:49:38.

Flavor Version Tinstall Tcheck Ttotal Status Flags
r-devel-linux-x86_64-debian-clang 2.24 18.00 76.31 94.31 NOTE
r-devel-linux-x86_64-debian-gcc 2.24 15.41 75.90 91.32 NOTE
r-devel-linux-x86_64-fedora-clang 2.24 195.51 NOTE --no-stop-on-test-error
r-devel-linux-x86_64-fedora-gcc 2.24 186.66 NOTE --no-stop-on-test-error
r-devel-macos-x86_64-clang 2.24 135.60 NOTE --no-stop-on-test-error
r-patched-linux-x86_64 2.24 13.74 75.11 88.85 NOTE
r-patched-solaris-sparc 2.24 996.40 OK
r-patched-solaris-x86 2.24 223.10 OK
r-release-linux-x86_64 2.24 16.75 69.71 86.46 OK
r-release-osx-x86_64-mavericks 2.24 OK
r-release-windows-ix86+x86_64 2.24 134.00 138.00 272.00 NOTE
r-oldrel-windows-ix86+x86_64 2.24 104.00 159.00 263.00 OK

Check Details

Version: 2.24
Check: compiled code
Result: NOTE
    File ‘MCMCglmm/libs/MCMCglmm.so’:
     Found no calls to: ‘R_registerRoutines’, ‘R_useDynamicSymbols’
    
    It is good practice to register native routines and to disable symbol
    search.
    
    See ‘Writing portable packages’ in the ‘Writing R Extensions’ manual.
Flavors: r-devel-linux-x86_64-debian-clang, r-devel-linux-x86_64-debian-gcc, r-patched-linux-x86_64

Version: 2.24
Flags: --no-stop-on-test-error
Check: compiled code
Result: NOTE
    File ‘MCMCglmm/libs/MCMCglmm.so’:
     Found no calls to: ‘R_registerRoutines’, ‘R_useDynamicSymbols’
    
    It is good practice to register native routines and to disable symbol
    search.
    
    See ‘Writing portable packages’ in the ‘Writing R Extensions’ manual.
Flavors: r-devel-linux-x86_64-fedora-clang, r-devel-linux-x86_64-fedora-gcc, r-devel-macos-x86_64-clang

Version: 2.24
Check: installed package size
Result: NOTE
     installed size is 5.2Mb
     sub-directories of 1Mb or more:
     doc 3.3Mb
     libs 1.6Mb
Flavor: r-release-windows-ix86+x86_64