CRAN Package Check Results for Package MCMCglmm

Last updated on 2014-07-26 10:48:27.

Flavor Version Tinstall Tcheck Ttotal Status Flags
r-devel-linux-x86_64-debian-clang 2.21 13.07 63.68 76.75 OK
r-devel-linux-x86_64-debian-gcc 2.21 15.66 62.26 77.92 OK
r-devel-linux-x86_64-fedora-clang 2.21 213.62 OK
r-devel-linux-x86_64-fedora-gcc 2.21 202.07 OK
r-devel-osx-x86_64-clang 2.21 151.81 OK
r-devel-windows-ix86+x86_64 2.21 100.00 126.00 226.00 OK
r-patched-linux-x86_64 2.21 14.47 62.48 76.95 OK
r-patched-solaris-sparc 2.21 947.80 OK
r-patched-solaris-x86 2.21 294.60 OK
r-release-linux-ix86 2.21 19.21 82.26 101.48 OK
r-release-linux-x86_64 2.21 14.78 64.28 79.06 OK
r-release-osx-x86_64-mavericks 2.21 NOTE
r-release-osx-x86_64-snowleopard 2.21 OK
r-release-windows-ix86+x86_64 2.21 93.00 129.00 222.00 OK
r-oldrel-windows-ix86+x86_64 2.21 95.00 125.00 220.00 OK

Check Details

Version: 2.21
Check: re-building of vignette outputs
Result: NOTE
    Error in re-building vignettes:
     ...
    Error in texi2dvi(file = file, pdf = TRUE, clean = clean, quiet = quiet, :
     Running 'texi2dvi' on 'CourseNotes.tex' failed.
    LaTeX errors:
    ! LaTeX Error: File `tocbibind.sty' not found.
    
    Type X to quit or <RETURN> to proceed,
    or enter new name. (Default extension: sty)
    
    n_test/MCMCglmm/vignettes/CourseNotes.tex:14: ==> Fatal error occurred, no out
    put PDF file produced!
    Calls: buildVignettes -> texi2pdf -> texi2dvi
    Execution halted
Flavor: r-release-osx-x86_64-mavericks