CRAN Package Check Results for Package MCMCglmm

Last updated on 2014-08-22 03:48:01.

Flavor Version Tinstall Tcheck Ttotal Status Flags
r-devel-linux-x86_64-debian-clang 2.21 12.76 62.60 75.36 OK
r-devel-linux-x86_64-debian-gcc 2.21 14.22 61.66 75.88 OK
r-devel-linux-x86_64-fedora-clang 2.21 210.05 NOTE
r-devel-linux-x86_64-fedora-gcc 2.21 201.52 NOTE
r-devel-osx-x86_64-clang 2.21 150.05 NOTE
r-devel-windows-ix86+x86_64 2.21 95.00 125.00 220.00 OK
r-patched-linux-x86_64 2.21 14.82 62.55 77.37 OK
r-patched-solaris-sparc 2.21 1057.60 OK
r-patched-solaris-x86 2.21 292.00 OK
r-release-linux-ix86 2.21 19.38 83.54 102.92 OK
r-release-linux-x86_64 2.21 14.79 63.94 78.73 OK
r-release-osx-x86_64-mavericks 2.21 NOTE
r-release-osx-x86_64-snowleopard 2.21 OK
r-release-windows-ix86+x86_64 2.21 95.00 132.00 227.00 OK
r-oldrel-windows-ix86+x86_64 2.21 95.00 132.00 227.00 OK

Check Details

Version: 2.21
Check: R code for possible problems
Result: NOTE
    Ddivergence: no visible global function definition for ‘rmvnorm’
    Ddivergence: no visible global function definition for ‘dmvnorm’
    KPPM: no visible global function definition for ‘permn’
    ellipsoid3d: no visible global function definition for ‘par3d’
    ellipsoid3d: no visible global function definition for ‘rgl.cur’
    ellipsoid3d: no visible global function definition for ‘quads3d’
    ellipsoid3d: no visible global function definition for ‘rotate3d’
    ellipsoid3d: no visible global function definition for ‘qmesh3d’
    leg: no visible global function definition for ‘legendre.polynomials’
    plotsubspace: no visible global function definition for ‘clear3d’
    plotsubspace: no visible global function definition for ‘rotate3d’
    plotsubspace: no visible global function definition for ‘shade3d’
    plotsubspace: no visible global function definition for ‘wire3d’
    plotsubspace: no visible global function definition for ‘axes3d’
    plotsubspace: no visible global function definition for ‘title3d’
Flavors: r-devel-linux-x86_64-fedora-clang, r-devel-linux-x86_64-fedora-gcc, r-devel-osx-x86_64-clang

Version: 2.21
Check: re-building of vignette outputs
Result: NOTE
    Error in re-building vignettes:
     ...
    Error in texi2dvi(file = file, pdf = TRUE, clean = clean, quiet = quiet, :
     Running 'texi2dvi' on 'CourseNotes.tex' failed.
    LaTeX errors:
    ! LaTeX Error: File `tocbibind.sty' not found.
    
    Type X to quit or <RETURN> to proceed,
    or enter new name. (Default extension: sty)
    
    n_test/MCMCglmm/vignettes/CourseNotes.tex:14: ==> Fatal error occurred, no out
    put PDF file produced!
    Calls: buildVignettes -> texi2pdf -> texi2dvi
    Execution halted
Flavor: r-release-osx-x86_64-mavericks