CRAN Package Check Results for Package MCMCglmm

Last updated on 2015-04-21 06:47:30.

Flavor Version Tinstall Tcheck Ttotal Status Flags
r-devel-linux-x86_64-debian-clang 2.21 13.53 67.39 80.92 NOTE
r-devel-linux-x86_64-debian-gcc 2.21 13.44 66.14 79.58 NOTE
r-devel-linux-x86_64-fedora-clang 2.21 166.17 NOTE
r-devel-linux-x86_64-fedora-gcc 2.21 175.62 NOTE
r-devel-osx-x86_64-clang 2.21 145.35 NOTE
r-devel-windows-ix86+x86_64 2.21 130.00 152.00 282.00 NOTE
r-patched-linux-x86_64 2.21 13.66 66.68 80.34 NOTE
r-patched-solaris-sparc 2.21 945.60 NOTE
r-patched-solaris-x86 2.21 214.80 NOTE
r-release-linux-x86_64 2.21 14.12 65.70 79.83 NOTE
r-release-osx-x86_64-mavericks 2.21 NOTE
r-release-osx-x86_64-snowleopard 2.21 NOTE
r-release-windows-ix86+x86_64 2.21 78.00 109.00 187.00 NOTE
r-oldrel-windows-ix86+x86_64 2.21 82.00 127.00 209.00 NOTE

Check Details

Version: 2.21
Check: DESCRIPTION meta-information
Result: NOTE
    Malformed Description field: should contain one or more complete sentences.
Flavors: r-devel-linux-x86_64-debian-clang, r-devel-linux-x86_64-debian-gcc, r-devel-linux-x86_64-fedora-clang, r-devel-linux-x86_64-fedora-gcc, r-devel-osx-x86_64-clang, r-devel-windows-ix86+x86_64, r-patched-linux-x86_64, r-patched-solaris-sparc, r-patched-solaris-x86, r-release-linux-x86_64, r-release-osx-x86_64-mavericks, r-release-osx-x86_64-snowleopard, r-release-windows-ix86+x86_64

Version: 2.21
Check: dependencies in R code
Result: NOTE
    'library' or 'require' calls in package code:
     ‘combinat’ ‘mvtnorm’ ‘orthopolynom’ ‘rgl’
     Please use :: or requireNamespace() instead.
     See section 'Suggested packages' in the 'Writing R Extensions' manual.
Flavors: r-devel-linux-x86_64-debian-clang, r-devel-linux-x86_64-debian-gcc, r-devel-linux-x86_64-fedora-clang, r-devel-linux-x86_64-fedora-gcc, r-devel-osx-x86_64-clang, r-devel-windows-ix86+x86_64, r-patched-linux-x86_64, r-patched-solaris-sparc, r-patched-solaris-x86, r-release-linux-x86_64, r-release-osx-x86_64-mavericks, r-release-osx-x86_64-snowleopard, r-release-windows-ix86+x86_64, r-oldrel-windows-ix86+x86_64

Version: 2.21
Check: R code for possible problems
Result: NOTE
    Ddivergence: no visible global function definition for ‘rmvnorm’
    Ddivergence: no visible global function definition for ‘dmvnorm’
    KPPM: no visible global function definition for ‘permn’
    ellipsoid3d: no visible global function definition for ‘par3d’
    ellipsoid3d: no visible global function definition for ‘rgl.cur’
    ellipsoid3d: no visible global function definition for ‘quads3d’
    ellipsoid3d: no visible global function definition for ‘rotate3d’
    ellipsoid3d: no visible global function definition for ‘qmesh3d’
    leg: no visible global function definition for ‘legendre.polynomials’
    plotsubspace: no visible global function definition for ‘clear3d’
    plotsubspace: no visible global function definition for ‘rotate3d’
    plotsubspace: no visible global function definition for ‘shade3d’
    plotsubspace: no visible global function definition for ‘wire3d’
    plotsubspace: no visible global function definition for ‘axes3d’
    plotsubspace: no visible global function definition for ‘title3d’
Flavors: r-devel-linux-x86_64-debian-clang, r-devel-linux-x86_64-debian-gcc, r-devel-linux-x86_64-fedora-clang, r-devel-linux-x86_64-fedora-gcc, r-devel-osx-x86_64-clang, r-devel-windows-ix86+x86_64, r-patched-linux-x86_64, r-patched-solaris-sparc, r-patched-solaris-x86, r-release-linux-x86_64, r-release-osx-x86_64-mavericks, r-release-osx-x86_64-snowleopard, r-release-windows-ix86+x86_64, r-oldrel-windows-ix86+x86_64

Version: 2.21
Check: compiled code
Result: NOTE
    File ‘MCMCglmm/libs/MCMCglmm.so’:
     Found ‘rand’, possibly from ‘rand’ (C)
     Object: ‘cs_randperm.o’
     Found ‘srand’, possibly from ‘srand’ (C)
     Object: ‘cs_randperm.o’
    
    Compiled code should not call entry points which might terminate R nor
    write to stdout/stderr instead of to the console, nor the system RNG.
    
    See ‘Writing portable packages’ in the ‘Writing R Extensions’ manual.
Flavors: r-devel-linux-x86_64-debian-clang, r-devel-linux-x86_64-debian-gcc, r-devel-linux-x86_64-fedora-clang, r-devel-linux-x86_64-fedora-gcc, r-patched-linux-x86_64, r-patched-solaris-sparc, r-patched-solaris-x86, r-release-linux-x86_64

Version: 2.21
Check: compiled code
Result: NOTE
    File ‘MCMCglmm/libs/MCMCglmm.so’:
     Found ‘_rand’, possibly from ‘rand’ (C)
     Object: ‘cs_randperm.o’
     Found ‘_srand’, possibly from ‘srand’ (C)
     Object: ‘cs_randperm.o’
    
    Compiled code should not call entry points which might terminate R nor
    write to stdout/stderr instead of to the console, nor the system RNG.
    
    See ‘Writing portable packages’ in the ‘Writing R Extensions’ manual.
Flavors: r-devel-osx-x86_64-clang, r-release-osx-x86_64-mavericks, r-release-osx-x86_64-snowleopard

Version: 2.21
Check: compiled code
Result: NOTE
    File 'MCMCglmm/libs/i386/MCMCglmm.dll':
     Found 'rand', possibly from 'rand' (C)
     Object: 'cs_randperm.o'
     Found 'srand', possibly from 'srand' (C)
     Object: 'cs_randperm.o'
    File 'MCMCglmm/libs/x64/MCMCglmm.dll':
     Found 'rand', possibly from 'rand' (C)
     Object: 'cs_randperm.o'
     Found 'srand', possibly from 'srand' (C)
     Object: 'cs_randperm.o'
    
    Compiled code should not call entry points which might terminate R nor
    write to stdout/stderr instead of to the console, nor the system RNG.
    
    See 'Writing portable packages' in the 'Writing R Extensions' manual.
Flavors: r-devel-windows-ix86+x86_64, r-release-windows-ix86+x86_64, r-oldrel-windows-ix86+x86_64