CRAN Package Check Results for Package MCMCglmm

Last updated on 2017-10-20 04:47:15.

Flavor Version Tinstall Tcheck Ttotal Status Flags
r-devel-linux-x86_64-debian-clang 2.25 20.78 73.43 94.21 OK
r-devel-linux-x86_64-debian-gcc 2.25 23.98 78.43 102.41 OK
r-devel-linux-x86_64-fedora-clang 2.25 188.78 OK
r-devel-linux-x86_64-fedora-gcc 2.25 189.08 OK
r-devel-windows-ix86+x86_64 2.25 148.00 183.00 331.00 NOTE
r-patched-linux-x86_64 2.25 19.62 70.87 90.49 OK
r-patched-solaris-x86 2.25 203.10 OK
r-release-linux-x86_64 2.25 19.51 71.93 91.44 OK
r-release-windows-ix86+x86_64 2.25 162.00 143.00 305.00 NOTE
r-release-osx-x86_64 2.25 WARN
r-oldrel-windows-ix86+x86_64 2.25 111.00 171.00 282.00 NOTE
r-oldrel-osx-x86_64 2.25 OK

Check Details

Version: 2.25
Check: installed package size
Result: NOTE
     installed size is 5.2Mb
     sub-directories of 1Mb or more:
     doc 3.3Mb
     libs 1.6Mb
Flavors: r-devel-windows-ix86+x86_64, r-release-windows-ix86+x86_64, r-oldrel-windows-ix86+x86_64

Version: 2.25
Check: re-building of vignette outputs
Result: WARN
    Error in re-building vignettes:
     ...
    Error in texi2dvi(file = file, pdf = TRUE, clean = clean, quiet = quiet, :
     Running 'texi2dvi' on 'CourseNotes.tex' failed.
    LaTeX errors:
    ! LaTeX Error: File `tocbibind.sty' not found.
    
    Type X to quit or <RETURN> to proceed,
    or enter new name. (Default extension: sty)
    
    ! Emergency stop.
    <read *>
    
    l.14 \usepackage
     {makeidx}^^M
    ! ==> Fatal error occurred, no output PDF file produced!
    Calls: buildVignettes -> texi2pdf -> texi2dvi
    Execution halted
Flavor: r-release-osx-x86_64