CRAN Package Check Results for Package MCMCglmm

Last updated on 2017-02-26 23:48:24.

Flavor Version Tinstall Tcheck Ttotal Status Flags
r-devel-linux-x86_64-debian-clang 2.24 22.15 75.81 97.95 NOTE
r-devel-linux-x86_64-debian-gcc 2.24 19.28 79.26 98.54 NOTE
r-devel-linux-x86_64-fedora-clang 2.24 192.71 NOTE --no-stop-on-test-error
r-devel-linux-x86_64-fedora-gcc 2.24 187.83 NOTE --no-stop-on-test-error
r-devel-macos-x86_64-clang 2.24 137.31 NOTE --no-stop-on-test-error
r-devel-windows-ix86+x86_64 2.24 109.00 225.00 334.00 NOTE
r-patched-linux-x86_64 2.24 16.77 69.93 86.71 OK
r-patched-solaris-sparc 2.24 877.90 OK
r-patched-solaris-x86 2.24 172.60 OK
r-release-linux-x86_64 2.24 16.80 69.51 86.31 OK
r-release-osx-x86_64-mavericks 2.24 OK
r-release-windows-ix86+x86_64 2.24 160.00 191.00 351.00 NOTE
r-oldrel-windows-ix86+x86_64 2.24 134.00 277.00 411.00 OK

Check Details

Version: 2.24
Check: compiled code
Result: NOTE
    File ‘MCMCglmm/libs/MCMCglmm.so’:
     Found no calls to: ‘R_registerRoutines’, ‘R_useDynamicSymbols’
    
    It is good practice to register native routines and to disable symbol
    search.
    
    See ‘Writing portable packages’ in the ‘Writing R Extensions’ manual.
Flavors: r-devel-linux-x86_64-debian-clang, r-devel-linux-x86_64-debian-gcc

Version: 2.24
Flags: --no-stop-on-test-error
Check: compiled code
Result: NOTE
    File ‘MCMCglmm/libs/MCMCglmm.so’:
     Found no calls to: ‘R_registerRoutines’, ‘R_useDynamicSymbols’
    
    It is good practice to register native routines and to disable symbol
    search.
    
    See ‘Writing portable packages’ in the ‘Writing R Extensions’ manual.
Flavors: r-devel-linux-x86_64-fedora-clang, r-devel-linux-x86_64-fedora-gcc, r-devel-macos-x86_64-clang

Version: 2.24
Check: installed package size
Result: NOTE
     installed size is 5.2Mb
     sub-directories of 1Mb or more:
     doc 3.3Mb
     libs 1.6Mb
Flavors: r-devel-windows-ix86+x86_64, r-release-windows-ix86+x86_64