CRAN Package Check Results for Package MCMCglmm

Last updated on 2016-12-06 06:47:53.

Flavor Version Tinstall Tcheck Ttotal Status Flags
r-devel-linux-x86_64-debian-clang 2.24 21.84 73.15 94.99 OK
r-devel-linux-x86_64-debian-gcc 2.24 19.08 72.35 91.43 OK
r-devel-linux-x86_64-fedora-clang 2.24 200.07 OK --no-stop-on-test-error
r-devel-linux-x86_64-fedora-gcc 2.24 182.66 OK --no-stop-on-test-error
r-devel-macos-x86_64-clang 2.24 133.32 OK
r-devel-windows-ix86+x86_64 2.24 73.00 136.00 209.00 NOTE
r-patched-linux-x86_64 2.24 16.58 64.23 80.81 OK
r-patched-solaris-sparc 2.24 792.30 OK
r-patched-solaris-x86 2.24 173.80 OK
r-release-linux-x86_64 2.24 16.46 65.07 81.52 OK
r-release-osx-x86_64-mavericks 2.24 OK
r-release-windows-ix86+x86_64 2.24 103.00 178.00 281.00 NOTE
r-oldrel-windows-ix86+x86_64 2.24 146.00 139.00 285.00 OK

Check Details

Version: 2.24
Check: installed package size
Result: NOTE
     installed size is 5.2Mb
     sub-directories of 1Mb or more:
     doc 3.3Mb
     libs 1.6Mb
Flavors: r-devel-windows-ix86+x86_64, r-release-windows-ix86+x86_64