CRAN Package Check Results for Package MCMCglmm

Last updated on 2017-01-17 19:49:52.

Flavor Version Tinstall Tcheck Ttotal Status Flags
r-devel-linux-x86_64-debian-clang 2.24 22.43 74.51 96.94 OK
r-devel-linux-x86_64-debian-gcc 2.24 19.75 73.27 93.02 OK
r-devel-linux-x86_64-fedora-clang 2.24 192.36 OK --no-stop-on-test-error
r-devel-linux-x86_64-fedora-gcc 2.24 190.48 OK --no-stop-on-test-error
r-devel-macos-x86_64-clang 2.24 133.12 OK --no-stop-on-test-error
r-devel-windows-ix86+x86_64 2.24 98.00 196.00 294.00 NOTE
r-patched-linux-x86_64 2.24 17.45 66.96 84.41 OK
r-patched-solaris-sparc 2.24 877.90 OK
r-patched-solaris-x86 2.24 181.30 OK
r-release-linux-x86_64 2.24 17.38 66.76 84.14 OK
r-release-osx-x86_64-mavericks 2.24 OK
r-release-windows-ix86+x86_64 2.24 73.00 139.00 212.00 NOTE
r-oldrel-windows-ix86+x86_64 2.24 104.00 160.00 264.00 OK

Check Details

Version: 2.24
Check: installed package size
Result: NOTE
     installed size is 5.2Mb
     sub-directories of 1Mb or more:
     doc 3.3Mb
     libs 1.6Mb
Flavors: r-devel-windows-ix86+x86_64, r-release-windows-ix86+x86_64