CRAN Package Check Results for Package MCMCglmm

Last updated on 2015-03-06 11:48:32.

Flavor Version Tinstall Tcheck Ttotal Status Flags
r-devel-linux-x86_64-debian-clang 2.21 13.28 65.57 78.85 NOTE
r-devel-linux-x86_64-debian-gcc 2.21 13.44 66.34 79.78 NOTE
r-devel-linux-x86_64-fedora-clang 2.21 163.13 NOTE
r-devel-linux-x86_64-fedora-gcc 2.21 153.23 NOTE
r-devel-osx-x86_64-clang 2.21 134.67 NOTE
r-devel-windows-ix86+x86_64 2.21 104.00 117.00 221.00 NOTE
r-patched-linux-x86_64 2.21 15.69 75.47 91.16 NOTE
r-patched-solaris-sparc 2.21 1117.00 NOTE
r-patched-solaris-x86 2.21 254.10 NOTE
r-release-linux-ix86 2.21 20.74 95.99 116.73 NOTE
r-release-linux-x86_64 2.21 15.03 74.81 89.84 NOTE
r-release-osx-x86_64-mavericks 2.21 NOTE
r-release-osx-x86_64-snowleopard 2.21 OK
r-release-windows-ix86+x86_64 2.21 98.00 135.00 233.00 NOTE
r-oldrel-windows-ix86+x86_64 2.21 98.00 137.00 235.00 OK

Check Details

Version: 2.21
Check: DESCRIPTION meta-information
Result: NOTE
    Malformed Description field: should contain one or more complete sentences.
Flavors: r-devel-linux-x86_64-debian-clang, r-devel-linux-x86_64-debian-gcc, r-devel-linux-x86_64-fedora-clang, r-devel-linux-x86_64-fedora-gcc, r-devel-osx-x86_64-clang, r-devel-windows-ix86+x86_64

Version: 2.21
Check: dependencies in R code
Result: NOTE
    'library' or 'require' calls in package code:
     ‘combinat’ ‘mvtnorm’ ‘orthopolynom’ ‘rgl’
     Please use :: or requireNamespace() instead.
     See section 'Suggested packages' in the 'Writing R Extensions' manual.
Flavors: r-devel-linux-x86_64-debian-clang, r-devel-linux-x86_64-debian-gcc, r-devel-linux-x86_64-fedora-clang, r-devel-linux-x86_64-fedora-gcc, r-devel-osx-x86_64-clang, r-devel-windows-ix86+x86_64, r-patched-linux-x86_64, r-patched-solaris-sparc, r-patched-solaris-x86

Version: 2.21
Check: R code for possible problems
Result: NOTE
    Ddivergence: no visible global function definition for ‘rmvnorm’
    Ddivergence: no visible global function definition for ‘dmvnorm’
    KPPM: no visible global function definition for ‘permn’
    ellipsoid3d: no visible global function definition for ‘par3d’
    ellipsoid3d: no visible global function definition for ‘rgl.cur’
    ellipsoid3d: no visible global function definition for ‘quads3d’
    ellipsoid3d: no visible global function definition for ‘rotate3d’
    ellipsoid3d: no visible global function definition for ‘qmesh3d’
    leg: no visible global function definition for ‘legendre.polynomials’
    plotsubspace: no visible global function definition for ‘clear3d’
    plotsubspace: no visible global function definition for ‘rotate3d’
    plotsubspace: no visible global function definition for ‘shade3d’
    plotsubspace: no visible global function definition for ‘wire3d’
    plotsubspace: no visible global function definition for ‘axes3d’
    plotsubspace: no visible global function definition for ‘title3d’
Flavors: r-devel-linux-x86_64-debian-clang, r-devel-linux-x86_64-debian-gcc, r-devel-linux-x86_64-fedora-clang, r-devel-linux-x86_64-fedora-gcc, r-devel-osx-x86_64-clang, r-devel-windows-ix86+x86_64, r-patched-linux-x86_64, r-patched-solaris-sparc, r-patched-solaris-x86, r-release-linux-ix86, r-release-linux-x86_64, r-release-osx-x86_64-mavericks, r-release-windows-ix86+x86_64

Version: 2.21
Check: compiled code
Result: NOTE
    File ‘MCMCglmm/libs/MCMCglmm.so’:
     Found ‘rand’, possibly from ‘rand’ (C)
     Object: ‘cs_randperm.o’
     Found ‘srand’, possibly from ‘srand’ (C)
     Object: ‘cs_randperm.o’
    
    Compiled code should not call entry points which might terminate R nor
    write to stdout/stderr instead of to the console, nor the system RNG.
    
    See ‘Writing portable packages’ in the ‘Writing R Extensions’ manual.
Flavors: r-devel-linux-x86_64-debian-clang, r-devel-linux-x86_64-debian-gcc, r-devel-linux-x86_64-fedora-clang, r-devel-linux-x86_64-fedora-gcc, r-patched-linux-x86_64, r-patched-solaris-sparc, r-patched-solaris-x86

Version: 2.21
Check: compiled code
Result: NOTE
    File ‘MCMCglmm/libs/MCMCglmm.so’:
     Found ‘_rand’, possibly from ‘rand’ (C)
     Object: ‘cs_randperm.o’
     Found ‘_srand’, possibly from ‘srand’ (C)
     Object: ‘cs_randperm.o’
    
    Compiled code should not call entry points which might terminate R nor
    write to stdout/stderr instead of to the console, nor the system RNG.
    
    See ‘Writing portable packages’ in the ‘Writing R Extensions’ manual.
Flavors: r-devel-osx-x86_64-clang, r-release-osx-x86_64-mavericks

Version: 2.21
Check: compiled code
Result: NOTE
    File 'MCMCglmm/libs/i386/MCMCglmm.dll':
     Found 'rand', possibly from 'rand' (C)
     Object: 'cs_randperm.o'
     Found 'srand', possibly from 'srand' (C)
     Object: 'cs_randperm.o'
    File 'MCMCglmm/libs/x64/MCMCglmm.dll':
     Found 'rand', possibly from 'rand' (C)
     Object: 'cs_randperm.o'
     Found 'srand', possibly from 'srand' (C)
     Object: 'cs_randperm.o'
    
    Compiled code should not call entry points which might terminate R nor
    write to stdout/stderr instead of to the console, nor the system RNG.
    
    See 'Writing portable packages' in the 'Writing R Extensions' manual.
Flavor: r-devel-windows-ix86+x86_64

Version: 2.21
Check: compiled code
Result: NOTE
    File ‘MCMCglmm/libs/MCMCglmm.so’:
     Found ‘rand’, possibly from ‘rand’ (C)
     Object: ‘cs_randperm.o’
     Found ‘srand’, possibly from ‘srand’ (C)
     Object: ‘cs_randperm.o’
    
    Compiled code should not call entry points which might terminate R nor
    write to stdout/stderr instead of to the console, nor the C RNG.
    
    See ‘Writing portable packages’ in the ‘Writing R Extensions’ manual.
Flavors: r-release-linux-ix86, r-release-linux-x86_64

Version: 2.21
Check: compiled code
Result: NOTE
    File 'MCMCglmm/libs/i386/MCMCglmm.dll':
     Found 'rand', possibly from 'rand' (C)
     Object: 'cs_randperm.o'
     Found 'srand', possibly from 'srand' (C)
     Object: 'cs_randperm.o'
    File 'MCMCglmm/libs/x64/MCMCglmm.dll':
     Found 'rand', possibly from 'rand' (C)
     Object: 'cs_randperm.o'
     Found 'srand', possibly from 'srand' (C)
     Object: 'cs_randperm.o'
    
    Compiled code should not call entry points which might terminate R nor
    write to stdout/stderr instead of to the console, nor the C RNG.
    
    See 'Writing portable packages' in the 'Writing R Extensions' manual.
Flavor: r-release-windows-ix86+x86_64