CRAN Package Check Results for Package MCMChybridGP

Last updated on 2014-09-02 08:47:18.

Flavor Version Tinstall Tcheck Ttotal Status Flags
r-devel-linux-x86_64-debian-clang 4.3 0.95 12.54 13.49 NOTE
r-devel-linux-x86_64-debian-gcc 4.3 1.04 12.62 13.66 NOTE
r-devel-linux-x86_64-fedora-clang 4.3 26.12 NOTE
r-devel-linux-x86_64-fedora-gcc 4.3 25.11 OK
r-devel-osx-x86_64-clang 4.3 27.50 NOTE
r-devel-windows-ix86+x86_64 4.3 6.00 25.00 31.00 OK
r-patched-linux-x86_64 4.3 1.10 13.08 14.18 NOTE
r-patched-solaris-sparc 4.3 157.30 OK
r-patched-solaris-x86 4.3 38.50 OK
r-release-linux-ix86 4.3 1.53 19.22 20.75 NOTE
r-release-linux-x86_64 4.3 1.18 13.66 14.83 NOTE
r-release-osx-x86_64-mavericks 4.3 OK
r-release-osx-x86_64-snowleopard 4.3 OK
r-release-windows-ix86+x86_64 4.3 5.00 25.00 30.00 OK
r-oldrel-windows-ix86+x86_64 4.3 9.00 27.00 36.00 OK

Check Details

Version: 4.3
Check: R code for possible problems
Result: NOTE
    Found the following assignments to the global environment:
    File ‘MCMChybridGP/R/GProcess.R’:
     assign(".Rpackage.Lreject", Lreject, envir = .GlobalEnv)
     assign(".Rpackage.Lreject", val, envir = .GlobalEnv)
    File ‘MCMChybridGP/R/MCMChybridGP-internal.R’:
     assign(".Rpackage_DEMO", TRUE, envir = .GlobalEnv)
     assign("explore.out", explore.out, envir = .GlobalEnv)
     assign(".Rpackage_DEMO", TRUE, envir = .GlobalEnv)
     assign("sample.out", sample.out, envir = .GlobalEnv)
    File ‘MCMChybridGP/R/hybrid.explore.R’:
     assign(".Rpackage_DEMO", FALSE, envir = .GlobalEnv)
     assign("hybrid.explore.out", list(X = Xfinal, y = yfinal, Xfull = X,
     yfull = y, acceptance = acceptance, X0 = X0), envir = .GlobalEnv)
    File ‘MCMChybridGP/R/hybrid.sample.R’:
     assign(".Rpackage_DEMO", FALSE, envir = .GlobalEnv)
     assign("hybrid.sample.out", list(SAMP = SAMP, y = ySAMP, x = x,
     fx = fx, Temp = Temp, GPfit = GPfit, acceptance = acceptance,
     function.calls = fcalls), envir = .GlobalEnv)
Flavors: r-devel-linux-x86_64-debian-clang, r-devel-linux-x86_64-debian-gcc, r-devel-linux-x86_64-fedora-clang, r-devel-osx-x86_64-clang, r-patched-linux-x86_64, r-release-linux-ix86, r-release-linux-x86_64