CRAN Package Check Results for Package MCMChybridGP

Last updated on 2014-07-24 01:47:57.

Flavor Version Tinstall Tcheck Ttotal Status Flags
r-devel-linux-x86_64-debian-clang 4.3 1.02 13.36 14.38 NOTE
r-devel-linux-x86_64-debian-gcc 4.3 1.08 13.06 14.14 NOTE
r-devel-linux-x86_64-fedora-clang 4.3 27.25 NOTE
r-devel-linux-x86_64-fedora-gcc 4.3 26.69 OK
r-devel-osx-x86_64-clang 4.3 29.07 NOTE
r-devel-windows-ix86+x86_64 4.3 5.00 23.00 28.00 OK
r-patched-linux-x86_64 4.3 1.10 13.50 14.60 NOTE
r-patched-solaris-sparc 4.3 155.70 OK
r-patched-solaris-x86 4.3 38.80 OK
r-release-linux-ix86 4.3 1.54 19.26 20.80 NOTE
r-release-linux-x86_64 4.3 1.17 13.21 14.38 NOTE
r-release-osx-x86_64-mavericks 4.3 OK
r-release-osx-x86_64-snowleopard 4.3 OK
r-release-windows-ix86+x86_64 4.3 6.00 26.00 32.00 OK
r-oldrel-windows-ix86+x86_64 4.3 6.00 26.00 32.00 OK

Check Details

Version: 4.3
Check: R code for possible problems
Result: NOTE
    Found the following assignments to the global environment:
    File ‘MCMChybridGP/R/GProcess.R’:
     assign(".Rpackage.Lreject", Lreject, envir = .GlobalEnv)
     assign(".Rpackage.Lreject", val, envir = .GlobalEnv)
    File ‘MCMChybridGP/R/MCMChybridGP-internal.R’:
     assign(".Rpackage_DEMO", TRUE, envir = .GlobalEnv)
     assign("explore.out", explore.out, envir = .GlobalEnv)
     assign(".Rpackage_DEMO", TRUE, envir = .GlobalEnv)
     assign("sample.out", sample.out, envir = .GlobalEnv)
    File ‘MCMChybridGP/R/hybrid.explore.R’:
     assign(".Rpackage_DEMO", FALSE, envir = .GlobalEnv)
     assign("hybrid.explore.out", list(X = Xfinal, y = yfinal, Xfull = X,
     yfull = y, acceptance = acceptance, X0 = X0), envir = .GlobalEnv)
    File ‘MCMChybridGP/R/hybrid.sample.R’:
     assign(".Rpackage_DEMO", FALSE, envir = .GlobalEnv)
     assign("hybrid.sample.out", list(SAMP = SAMP, y = ySAMP, x = x,
     fx = fx, Temp = Temp, GPfit = GPfit, acceptance = acceptance,
     function.calls = fcalls), envir = .GlobalEnv)
Flavors: r-devel-linux-x86_64-debian-clang, r-devel-linux-x86_64-debian-gcc, r-devel-linux-x86_64-fedora-clang, r-devel-osx-x86_64-clang, r-patched-linux-x86_64, r-release-linux-ix86, r-release-linux-x86_64