CRAN Package Check Results for Package MCMCpack

Last updated on 2017-10-19 12:49:33.

Flavor Version Tinstall Tcheck Ttotal Status Flags
r-devel-linux-x86_64-debian-clang 1.4-0 264.41 62.18 326.58 OK
r-devel-linux-x86_64-debian-gcc 1.4-0 188.98 66.17 255.16 OK
r-devel-linux-x86_64-fedora-clang 1.4-0 680.98 NOTE
r-devel-linux-x86_64-fedora-gcc 1.4-0 495.30 NOTE
r-devel-windows-ix86+x86_64 1.4-0 455.00 126.00 581.00 NOTE
r-patched-linux-x86_64 1.4-0 183.05 62.19 245.24 OK
r-patched-solaris-x86 1.4-0 464.00 OK
r-release-linux-x86_64 1.4-0 184.12 62.33 246.45 OK
r-release-windows-ix86+x86_64 1.4-0 588.00 144.00 732.00 NOTE
r-release-osx-x86_64 1.4-0 NOTE
r-oldrel-windows-ix86+x86_64 1.4-0 605.00 130.00 735.00 NOTE
r-oldrel-osx-x86_64 1.4-0 NOTE

Check Details

Version: 1.4-0
Check: installed package size
Result: NOTE
     installed size is 35.6Mb
     sub-directories of 1Mb or more:
     libs 34.8Mb
Flavors: r-devel-linux-x86_64-fedora-clang, r-devel-linux-x86_64-fedora-gcc, r-devel-windows-ix86+x86_64, r-release-windows-ix86+x86_64, r-release-osx-x86_64, r-oldrel-windows-ix86+x86_64, r-oldrel-osx-x86_64