CRAN Package Check Results for Package MCMCpack

Last updated on 2017-05-22 16:48:46.

Flavor Version Tinstall Tcheck Ttotal Status Flags
r-devel-linux-x86_64-debian-clang 1.3-9 215.86 61.35 277.21 NOTE
r-devel-linux-x86_64-debian-gcc 1.3-9 157.94 60.16 218.10 NOTE
r-devel-linux-x86_64-fedora-clang 1.3-9 635.19 NOTE --no-stop-on-test-error
r-devel-linux-x86_64-fedora-gcc 1.3-9 473.73 NOTE --no-stop-on-test-error
r-devel-windows-ix86+x86_64 1.3-9 491.00 172.00 663.00 NOTE
r-patched-linux-x86_64 1.3-9 142.62 59.11 201.73 NOTE
r-patched-solaris-sparc 1.3-9 2119.90 OK
r-patched-solaris-x86 1.3-9 404.90 OK
r-release-linux-x86_64 1.3-9 142.36 58.41 200.77 NOTE
r-release-windows-ix86+x86_64 1.3-9 411.00 181.00 592.00 NOTE
r-release-osx-x86_64 1.3-9 NOTE
r-oldrel-windows-ix86+x86_64 1.3-9 513.00 164.00 677.00 NOTE
r-oldrel-osx-x86_64 1.3-9 NOTE

Check Details

Version: 1.3-9
Check: compiled code
Result: NOTE
    File ‘MCMCpack/libs/MCMCpack.so’:
     Found no calls to: ‘R_registerRoutines’, ‘R_useDynamicSymbols’
    
    It is good practice to register native routines and to disable symbol
    search.
    
    See ‘Writing portable packages’ in the ‘Writing R Extensions’ manual.
Flavors: r-devel-linux-x86_64-debian-clang, r-devel-linux-x86_64-debian-gcc, r-patched-linux-x86_64, r-release-linux-x86_64

Version: 1.3-9
Flags: --no-stop-on-test-error
Check: installed package size
Result: NOTE
     installed size is 26.5Mb
     sub-directories of 1Mb or more:
     libs 25.7Mb
Flavors: r-devel-linux-x86_64-fedora-clang, r-devel-linux-x86_64-fedora-gcc

Version: 1.3-9
Flags: --no-stop-on-test-error
Check: compiled code
Result: NOTE
    File ‘MCMCpack/libs/MCMCpack.so’:
     Found no calls to: ‘R_registerRoutines’, ‘R_useDynamicSymbols’
    
    It is good practice to register native routines and to disable symbol
    search.
    
    See ‘Writing portable packages’ in the ‘Writing R Extensions’ manual.
Flavors: r-devel-linux-x86_64-fedora-clang, r-devel-linux-x86_64-fedora-gcc

Version: 1.3-9
Check: installed package size
Result: NOTE
     installed size is 5.8Mb
     sub-directories of 1Mb or more:
     libs 5.0Mb
Flavors: r-devel-windows-ix86+x86_64, r-release-windows-ix86+x86_64, r-release-osx-x86_64, r-oldrel-windows-ix86+x86_64, r-oldrel-osx-x86_64