CRAN Package Check Results for Package MCMCpack

Last updated on 2016-06-28 00:47:04.

Flavor Version Tinstall Tcheck Ttotal Status Flags
r-devel-linux-x86_64-debian-gcc 1.3-6 169.68 61.40 231.08 NOTE
r-devel-linux-x86_64-fedora-clang 1.3-6 597.87 NOTE
r-devel-linux-x86_64-fedora-gcc 1.3-6 405.65 NOTE
r-devel-osx-x86_64-clang 1.3-6 450.48 OK
r-devel-windows-ix86+x86_64 1.3-6 486.00 143.00 629.00 NOTE
r-patched-linux-x86_64 1.3-6 146.97 60.56 207.53 NOTE
r-patched-solaris-sparc 1.3-6 2050.90 NOTE
r-patched-solaris-x86 1.3-6 371.70 NOTE
r-release-linux-x86_64 1.3-6 143.67 58.37 202.04 NOTE
r-release-osx-x86_64-mavericks 1.3-6 NOTE
r-release-windows-ix86+x86_64 1.3-6 476.00 140.00 616.00 NOTE
r-oldrel-windows-ix86+x86_64 1.3-6 412.00 124.00 536.00 NOTE

Check Details

Version: 1.3-6
Check: installed package size
Result: NOTE
     installed size is 23.7Mb
     sub-directories of 1Mb or more:
     libs 22.9Mb
Flavors: r-devel-linux-x86_64-debian-gcc, r-devel-linux-x86_64-fedora-clang, r-devel-linux-x86_64-fedora-gcc, r-devel-windows-ix86+x86_64, r-patched-linux-x86_64, r-patched-solaris-sparc, r-patched-solaris-x86, r-release-linux-x86_64, r-release-osx-x86_64-mavericks, r-release-windows-ix86+x86_64, r-oldrel-windows-ix86+x86_64