CRAN Package Check Results for Package MCMCpack

Last updated on 2016-12-09 03:51:42.

Flavor Version Tinstall Tcheck Ttotal Status Flags
r-devel-linux-x86_64-debian-clang 1.3-8 232.50 59.64 292.14 OK
r-devel-linux-x86_64-debian-gcc 1.3-8 157.43 59.21 216.63 OK
r-devel-linux-x86_64-fedora-clang 1.3-8 629.73 NOTE --no-stop-on-test-error
r-devel-linux-x86_64-fedora-gcc 1.3-8 433.63 NOTE --no-stop-on-test-error
r-devel-macos-x86_64-clang 1.3-8 416.39 OK
r-devel-windows-ix86+x86_64 1.3-8 354.00 148.00 502.00 NOTE
r-patched-linux-x86_64 1.3-8 141.00 54.35 195.35 OK
r-patched-solaris-sparc 1.3-8 1894.00 OK
r-patched-solaris-x86 1.3-8 378.80 OK
r-release-linux-x86_64 1.3-8 142.06 55.18 197.23 OK
r-release-osx-x86_64-mavericks 1.3-8 NOTE
r-release-windows-ix86+x86_64 1.3-8 368.00 109.00 477.00 NOTE
r-oldrel-windows-ix86+x86_64 1.3-8 413.00 130.00 543.00 NOTE

Check Details

Version: 1.3-8
Flags: --no-stop-on-test-error
Check: installed package size
Result: NOTE
     installed size is 26.6Mb
     sub-directories of 1Mb or more:
     libs 25.9Mb
Flavors: r-devel-linux-x86_64-fedora-clang, r-devel-linux-x86_64-fedora-gcc

Version: 1.3-8
Check: installed package size
Result: NOTE
     installed size is 5.7Mb
     sub-directories of 1Mb or more:
     libs 5.0Mb
Flavors: r-devel-windows-ix86+x86_64, r-release-osx-x86_64-mavericks, r-release-windows-ix86+x86_64, r-oldrel-windows-ix86+x86_64