CRAN Package Check Results for Package MCMCpack

Last updated on 2017-06-23 14:47:08.

Flavor Version Tinstall Tcheck Ttotal Status Flags
r-devel-linux-x86_64-debian-clang 1.4-0 296.72 68.41 365.13 OK
r-devel-linux-x86_64-debian-gcc 1.4-0 194.26 63.02 257.27 OK
r-devel-linux-x86_64-fedora-clang 1.4-0 801.17 NOTE
r-devel-linux-x86_64-fedora-gcc 1.4-0 526.28 NOTE
r-devel-windows-ix86+x86_64 1.4-0 622.00 178.00 800.00 NOTE
r-patched-linux-x86_64 1.4-0 175.48 60.44 235.92 OK
r-patched-solaris-sparc 1.4-0 2287.90 OK
r-patched-solaris-x86 1.4-0 462.50 OK
r-release-linux-x86_64 1.4-0 179.34 62.81 242.15 OK
r-release-windows-ix86+x86_64 1.4-0 448.00 180.00 628.00 NOTE
r-release-osx-x86_64 1.4-0 NOTE
r-oldrel-windows-ix86+x86_64 1.4-0 612.00 162.00 774.00 NOTE
r-oldrel-osx-x86_64 1.4-0 NOTE

Check Details

Version: 1.4-0
Check: installed package size
Result: NOTE
     installed size is 34.2Mb
     sub-directories of 1Mb or more:
     libs 33.5Mb
Flavors: r-devel-linux-x86_64-fedora-clang, r-devel-linux-x86_64-fedora-gcc, r-devel-windows-ix86+x86_64, r-release-windows-ix86+x86_64, r-release-osx-x86_64, r-oldrel-windows-ix86+x86_64, r-oldrel-osx-x86_64