CRAN Package Check Results for Package MCMCpack

Last updated on 2017-03-22 23:53:22.

Flavor Version Tinstall Tcheck Ttotal Status Flags
r-devel-linux-x86_64-debian-clang 1.3-9 216.21 59.84 276.05 NOTE
r-devel-linux-x86_64-debian-gcc 1.3-9 159.73 57.83 217.55 NOTE
r-devel-linux-x86_64-fedora-clang 1.3-9 593.91 NOTE --no-stop-on-test-error
r-devel-linux-x86_64-fedora-gcc 1.3-9 440.92 NOTE --no-stop-on-test-error
r-devel-macos-x86_64-clang 1.3-9 416.14 NOTE --no-stop-on-test-error
r-devel-windows-ix86+x86_64 1.3-9 398.00 131.00 529.00 NOTE
r-patched-linux-x86_64 1.3-9 141.58 57.70 199.28 OK
r-patched-solaris-sparc 1.3-9 2119.90 OK
r-patched-solaris-x86 1.3-9 406.70 OK
r-release-linux-x86_64 1.3-9 144.56 56.79 201.35 OK
r-release-osx-x86_64-mavericks 1.3-9 NOTE
r-release-windows-ix86+x86_64 1.3-9 508.00 121.00 629.00 NOTE
r-oldrel-windows-ix86+x86_64 1.3-9 437.00 176.00 613.00 NOTE

Check Details

Version: 1.3-9
Check: compiled code
Result: NOTE
    File ‘MCMCpack/libs/MCMCpack.so’:
     Found no calls to: ‘R_registerRoutines’, ‘R_useDynamicSymbols’
    
    It is good practice to register native routines and to disable symbol
    search.
    
    See ‘Writing portable packages’ in the ‘Writing R Extensions’ manual.
Flavors: r-devel-linux-x86_64-debian-clang, r-devel-linux-x86_64-debian-gcc

Version: 1.3-9
Flags: --no-stop-on-test-error
Check: installed package size
Result: NOTE
     installed size is 26.5Mb
     sub-directories of 1Mb or more:
     libs 25.7Mb
Flavors: r-devel-linux-x86_64-fedora-clang, r-devel-linux-x86_64-fedora-gcc

Version: 1.3-9
Flags: --no-stop-on-test-error
Check: compiled code
Result: NOTE
    File ‘MCMCpack/libs/MCMCpack.so’:
     Found no calls to: ‘R_registerRoutines’, ‘R_useDynamicSymbols’
    
    It is good practice to register native routines and to disable symbol
    search.
    
    See ‘Writing portable packages’ in the ‘Writing R Extensions’ manual.
Flavors: r-devel-linux-x86_64-fedora-clang, r-devel-linux-x86_64-fedora-gcc, r-devel-macos-x86_64-clang

Version: 1.3-9
Check: installed package size
Result: NOTE
     installed size is 5.8Mb
     sub-directories of 1Mb or more:
     libs 5.0Mb
Flavors: r-devel-windows-ix86+x86_64, r-release-osx-x86_64-mavericks, r-release-windows-ix86+x86_64, r-oldrel-windows-ix86+x86_64