CRAN Package Check Results for Package MCMCpack

Last updated on 2017-02-25 23:47:49.

Flavor Version Tinstall Tcheck Ttotal Status Flags
r-devel-linux-x86_64-debian-clang 1.3-9 231.01 61.82 292.83 NOTE
r-devel-linux-x86_64-debian-gcc 1.3-9 159.25 60.79 220.04 NOTE
r-devel-linux-x86_64-fedora-clang 1.3-9 630.72 NOTE --no-stop-on-test-error
r-devel-linux-x86_64-fedora-gcc 1.3-9 464.94 NOTE --no-stop-on-test-error
r-devel-macos-x86_64-clang 1.3-9 415.38 NOTE --no-stop-on-test-error
r-devel-windows-ix86+x86_64 1.3-9 491.00 193.00 684.00 NOTE
r-patched-linux-x86_64 1.3-9 142.96 56.15 199.11 OK
r-patched-solaris-sparc 1.3-9 1872.20 OK
r-patched-solaris-x86 1.3-9 380.50 OK
r-release-linux-x86_64 1.3-9 142.30 58.20 200.51 OK
r-release-osx-x86_64-mavericks 1.3-9 NOTE
r-release-windows-ix86+x86_64 1.3-9 497.00 137.00 634.00 NOTE
r-oldrel-windows-ix86+x86_64 1.3-9 420.00 174.00 594.00 NOTE

Check Details

Version: 1.3-9
Check: compiled code
Result: NOTE
    File ‘MCMCpack/libs/MCMCpack.so’:
     Found no calls to: ‘R_registerRoutines’, ‘R_useDynamicSymbols’
    
    It is good practice to register native routines and to disable symbol
    search.
    
    See ‘Writing portable packages’ in the ‘Writing R Extensions’ manual.
Flavors: r-devel-linux-x86_64-debian-clang, r-devel-linux-x86_64-debian-gcc

Version: 1.3-9
Flags: --no-stop-on-test-error
Check: installed package size
Result: NOTE
     installed size is 26.6Mb
     sub-directories of 1Mb or more:
     libs 25.9Mb
Flavors: r-devel-linux-x86_64-fedora-clang, r-devel-linux-x86_64-fedora-gcc

Version: 1.3-9
Flags: --no-stop-on-test-error
Check: compiled code
Result: NOTE
    File ‘MCMCpack/libs/MCMCpack.so’:
     Found no calls to: ‘R_registerRoutines’, ‘R_useDynamicSymbols’
    
    It is good practice to register native routines and to disable symbol
    search.
    
    See ‘Writing portable packages’ in the ‘Writing R Extensions’ manual.
Flavors: r-devel-linux-x86_64-fedora-clang, r-devel-linux-x86_64-fedora-gcc, r-devel-macos-x86_64-clang

Version: 1.3-9
Check: installed package size
Result: NOTE
     installed size is 5.8Mb
     sub-directories of 1Mb or more:
     libs 5.0Mb
Flavors: r-devel-windows-ix86+x86_64, r-release-osx-x86_64-mavericks, r-release-windows-ix86+x86_64, r-oldrel-windows-ix86+x86_64