CRAN Package Check Results for Package MCMCpack

Last updated on 2017-04-23 23:51:10.

Flavor Version Tinstall Tcheck Ttotal Status Flags
r-devel-linux-x86_64-debian-clang 1.3-9 216.89 60.91 277.80 NOTE
r-devel-linux-x86_64-debian-gcc 1.3-9 158.17 64.03 222.21 NOTE
r-devel-linux-x86_64-fedora-clang 1.3-9 587.62 NOTE --no-stop-on-test-error
r-devel-linux-x86_64-fedora-gcc 1.3-9 439.94 NOTE --no-stop-on-test-error
r-devel-windows-ix86+x86_64 1.3-9 484.00 186.00 670.00 NOTE
r-patched-linux-x86_64 1.3-9 142.60 60.79 203.39 NOTE
r-patched-solaris-sparc 1.3-9 2119.90 OK
r-patched-solaris-x86 1.3-9 398.50 OK
r-release-linux-x86_64 1.3-9 142.79 58.80 201.60 NOTE
r-release-windows-ix86+x86_64 1.3-9 408.00 128.00 536.00 NOTE
r-release-osx-x86_64 1.3-9 NOTE
r-oldrel-windows-ix86+x86_64 1.3-9 404.00 134.00 538.00 NOTE
r-oldrel-osx-x86_64 1.3-9 NOTE

Check Details

Version: 1.3-9
Check: compiled code
Result: NOTE
    File ‘MCMCpack/libs/MCMCpack.so’:
     Found no calls to: ‘R_registerRoutines’, ‘R_useDynamicSymbols’
    
    It is good practice to register native routines and to disable symbol
    search.
    
    See ‘Writing portable packages’ in the ‘Writing R Extensions’ manual.
Flavors: r-devel-linux-x86_64-debian-clang, r-devel-linux-x86_64-debian-gcc, r-patched-linux-x86_64, r-release-linux-x86_64

Version: 1.3-9
Flags: --no-stop-on-test-error
Check: installed package size
Result: NOTE
     installed size is 26.5Mb
     sub-directories of 1Mb or more:
     libs 25.7Mb
Flavors: r-devel-linux-x86_64-fedora-clang, r-devel-linux-x86_64-fedora-gcc

Version: 1.3-9
Flags: --no-stop-on-test-error
Check: compiled code
Result: NOTE
    File ‘MCMCpack/libs/MCMCpack.so’:
     Found no calls to: ‘R_registerRoutines’, ‘R_useDynamicSymbols’
    
    It is good practice to register native routines and to disable symbol
    search.
    
    See ‘Writing portable packages’ in the ‘Writing R Extensions’ manual.
Flavors: r-devel-linux-x86_64-fedora-clang, r-devel-linux-x86_64-fedora-gcc

Version: 1.3-9
Check: installed package size
Result: NOTE
     installed size is 5.8Mb
     sub-directories of 1Mb or more:
     libs 5.0Mb
Flavors: r-devel-windows-ix86+x86_64, r-release-windows-ix86+x86_64, r-release-osx-x86_64, r-oldrel-windows-ix86+x86_64, r-oldrel-osx-x86_64