CRAN Package Check Results for Package MCMCpack

Last updated on 2017-12-12 02:49:41 CET.

Flavor Version Tinstall Tcheck Ttotal Status Flags
r-devel-linux-x86_64-debian-clang 1.4-1 352.20 84.12 436.32 OK
r-devel-linux-x86_64-debian-gcc 1.4-1 212.89 74.30 287.19 OK
r-devel-linux-x86_64-fedora-clang 1.4-1 675.06 NOTE
r-devel-linux-x86_64-fedora-gcc 1.4-1 465.51 NOTE
r-devel-windows-ix86+x86_64 1.4-1 585.00 152.00 737.00 NOTE
r-patched-linux-x86_64 1.4-1 243.00 100.35 343.35 OK
r-patched-solaris-x86 1.4-1 435.30 OK
r-release-linux-x86_64 1.4-1 239.99 100.82 340.81 OK
r-release-windows-ix86+x86_64 1.4-1 497.00 156.00 653.00 NOTE
r-release-osx-x86_64 1.4-1 NOTE
r-oldrel-windows-ix86+x86_64 1.4-1 555.00 164.00 719.00 NOTE
r-oldrel-osx-x86_64 1.4-1 NOTE

Check Details

Version: 1.4-1
Check: installed package size
Result: NOTE
     installed size is 35.6Mb
     sub-directories of 1Mb or more:
     libs 34.8Mb
Flavors: r-devel-linux-x86_64-fedora-clang, r-devel-linux-x86_64-fedora-gcc, r-devel-windows-ix86+x86_64, r-release-windows-ix86+x86_64, r-release-osx-x86_64, r-oldrel-windows-ix86+x86_64, r-oldrel-osx-x86_64