CRAN Package Check Results for Package MCMCpack

Last updated on 2016-07-30 14:49:46.

Flavor Version Tinstall Tcheck Ttotal Status Flags
r-devel-linux-x86_64-debian-clang 1.3-6 239.32 59.55 298.87 NOTE
r-devel-linux-x86_64-debian-gcc 1.3-6 171.85 59.33 231.18 NOTE
r-devel-linux-x86_64-fedora-clang 1.3-6 605.78 NOTE
r-devel-linux-x86_64-fedora-gcc 1.3-6 406.00 NOTE
r-devel-osx-x86_64-clang 1.3-6 456.30 OK
r-devel-windows-ix86+x86_64 1.3-6 369.00 117.00 486.00 NOTE
r-patched-linux-x86_64 1.3-6 144.19 58.17 202.36 NOTE
r-patched-solaris-sparc 1.3-6 2129.10 OK
r-patched-solaris-x86 1.3-6 381.70 OK
r-release-linux-x86_64 1.3-6 168.22 68.62 236.84 NOTE
r-release-osx-x86_64-mavericks 1.3-6 NOTE
r-release-windows-ix86+x86_64 1.3-6 490.00 158.00 648.00 NOTE
r-oldrel-windows-ix86+x86_64 1.3-6 432.00 170.00 602.00 NOTE

Check Details

Version: 1.3-6
Check: installed package size
Result: NOTE
     installed size is 26.8Mb
     sub-directories of 1Mb or more:
     libs 26.1Mb
Flavors: r-devel-linux-x86_64-debian-clang, r-devel-linux-x86_64-debian-gcc, r-devel-linux-x86_64-fedora-clang, r-devel-linux-x86_64-fedora-gcc, r-devel-windows-ix86+x86_64, r-patched-linux-x86_64, r-release-linux-x86_64, r-release-osx-x86_64-mavericks, r-release-windows-ix86+x86_64, r-oldrel-windows-ix86+x86_64