CRAN Package Check Results for Package MCMCpack

Last updated on 2016-05-29 17:47:37.

Flavor Version Tinstall Tcheck Ttotal Status Flags
r-devel-linux-x86_64-debian-gcc 1.3-6 172.22 61.04 233.26 NOTE
r-devel-linux-x86_64-fedora-clang 1.3-6 595.76 NOTE
r-devel-linux-x86_64-fedora-gcc 1.3-6 425.94 NOTE
r-devel-osx-x86_64-clang 1.3-6 386.91 OK
r-devel-windows-ix86+x86_64 1.3-6 367.00 110.00 477.00 NOTE
r-patched-linux-x86_64 1.3-6 144.93 58.68 203.61 NOTE
r-patched-solaris-sparc 1.3-6 2014.70 OK
r-patched-solaris-x86 1.3-6 369.10 OK
r-release-linux-x86_64 1.3-6 145.72 57.81 203.54 NOTE
r-release-osx-x86_64-mavericks 1.3-6 NOTE
r-release-windows-ix86+x86_64 1.3-6 473.00 119.00 592.00 NOTE
r-oldrel-windows-ix86+x86_64 1.3-6 312.00 185.00 497.00 NOTE

Check Details

Version: 1.3-6
Check: installed package size
Result: NOTE
     installed size is 23.7Mb
     sub-directories of 1Mb or more:
     libs 22.9Mb
Flavors: r-devel-linux-x86_64-debian-gcc, r-devel-linux-x86_64-fedora-clang, r-devel-linux-x86_64-fedora-gcc, r-devel-windows-ix86+x86_64, r-patched-linux-x86_64, r-release-linux-x86_64, r-release-osx-x86_64-mavericks, r-release-windows-ix86+x86_64, r-oldrel-windows-ix86+x86_64