CRAN Package Check Results for Package MCMCpack

Last updated on 2017-01-23 14:48:12.

Flavor Version Tinstall Tcheck Ttotal Status Flags
r-devel-linux-x86_64-debian-clang 1.3-8 231.87 57.52 289.39 OK
r-devel-linux-x86_64-debian-gcc 1.3-8 157.45 59.70 217.15 OK
r-devel-linux-x86_64-fedora-clang 1.3-8 676.27 NOTE --no-stop-on-test-error
r-devel-linux-x86_64-fedora-gcc 1.3-8 428.02 NOTE --no-stop-on-test-error
r-devel-macos-x86_64-clang 1.3-8 405.70 OK --no-stop-on-test-error
r-devel-windows-ix86+x86_64 1.3-8 378.00 126.00 504.00 NOTE
r-patched-linux-x86_64 1.3-8 142.54 57.96 200.50 OK
r-patched-solaris-sparc 1.3-8 2058.10 OK
r-patched-solaris-x86 1.3-8 383.00 OK
r-release-linux-x86_64 1.3-8 143.91 57.27 201.18 OK
r-release-osx-x86_64-mavericks 1.3-8 NOTE
r-release-windows-ix86+x86_64 1.3-8 602.00 146.00 748.00 NOTE
r-oldrel-windows-ix86+x86_64 1.3-8 504.00 172.00 676.00 NOTE

Check Details

Version: 1.3-8
Flags: --no-stop-on-test-error
Check: installed package size
Result: NOTE
     installed size is 26.6Mb
     sub-directories of 1Mb or more:
     libs 25.9Mb
Flavors: r-devel-linux-x86_64-fedora-clang, r-devel-linux-x86_64-fedora-gcc

Version: 1.3-8
Check: installed package size
Result: NOTE
     installed size is 5.7Mb
     sub-directories of 1Mb or more:
     libs 5.0Mb
Flavors: r-devel-windows-ix86+x86_64, r-release-osx-x86_64-mavericks, r-release-windows-ix86+x86_64, r-oldrel-windows-ix86+x86_64