CRAN Package Check Results for Package MCMCpack

Last updated on 2018-02-19 21:49:39 CET.

Flavor Version Tinstall Tcheck Ttotal Status Flags
r-devel-linux-x86_64-debian-clang 1.4-2 419.46 86.91 506.37 OK
r-devel-linux-x86_64-debian-gcc 1.4-2 220.09 75.08 295.17 OK
r-devel-linux-x86_64-fedora-clang 1.4-2 759.44 NOTE
r-devel-linux-x86_64-fedora-gcc 1.4-2 477.75 NOTE
r-devel-windows-ix86+x86_64 1.4-2 416.00 138.00 554.00 NOTE
r-patched-linux-x86_64 1.4-2 250.23 99.54 349.77 OK
r-patched-solaris-x86 1.4-2 494.50 OK
r-release-linux-x86_64 1.4-2 247.40 99.74 347.14 OK
r-release-windows-ix86+x86_64 1.4-2 600.00 137.00 737.00 NOTE
r-release-osx-x86_64 1.4-2 NOTE
r-oldrel-windows-ix86+x86_64 1.4-2 597.00 170.00 767.00 NOTE
r-oldrel-osx-x86_64 1.4-1 NOTE

Check Details

Version: 1.4-2
Check: installed package size
Result: NOTE
     installed size is 35.9Mb
     sub-directories of 1Mb or more:
     libs 34.8Mb
Flavors: r-devel-linux-x86_64-fedora-clang, r-devel-linux-x86_64-fedora-gcc, r-devel-windows-ix86+x86_64, r-release-windows-ix86+x86_64, r-release-osx-x86_64, r-oldrel-windows-ix86+x86_64

Version: 1.4-1
Check: installed package size
Result: NOTE
     installed size is 25.2Mb
     sub-directories of 1Mb or more:
     libs 24.4Mb
Flavor: r-oldrel-osx-x86_64