CRAN Package Check Results for Package MCMCpack

Last updated on 2016-10-01 23:47:17.

Flavor Version Tinstall Tcheck Ttotal Status Flags
r-devel-linux-x86_64-debian-clang 1.3-7 236.87 56.94 293.82 NOTE
r-devel-linux-x86_64-debian-gcc 1.3-7 160.84 58.55 219.38 NOTE
r-devel-linux-x86_64-fedora-clang 1.3-7 698.89 NOTE
r-devel-linux-x86_64-fedora-gcc 1.3-7 429.41 NOTE
r-devel-macos-x86_64-clang 1.3-7 403.10 OK
r-devel-windows-ix86+x86_64 1.3-7 495.00 154.00 649.00 NOTE
r-patched-linux-x86_64 1.3-7 147.04 55.83 202.86 NOTE
r-patched-solaris-sparc 1.3-7 1894.40 OK
r-patched-solaris-x86 1.3-7 383.50 OK
r-release-linux-x86_64 1.3-7 145.34 55.28 200.61 NOTE
r-release-osx-x86_64-mavericks 1.3-7 NOTE
r-release-windows-ix86+x86_64 1.3-7 365.00 104.00 469.00 NOTE
r-oldrel-windows-ix86+x86_64 1.3-7 341.00 119.00 460.00 NOTE

Check Details

Version: 1.3-7
Check: installed package size
Result: NOTE
     installed size is 27.0Mb
     sub-directories of 1Mb or more:
     libs 26.3Mb
Flavors: r-devel-linux-x86_64-debian-clang, r-devel-linux-x86_64-debian-gcc, r-devel-linux-x86_64-fedora-clang, r-devel-linux-x86_64-fedora-gcc, r-devel-windows-ix86+x86_64, r-patched-linux-x86_64, r-release-linux-x86_64, r-release-osx-x86_64-mavericks, r-release-windows-ix86+x86_64, r-oldrel-windows-ix86+x86_64