CRAN Package Check Results for Package MCMCpack

Last updated on 2014-04-16 15:49:30.

Flavor Version Tinstall Tcheck Ttotal Status Flags
r-devel-linux-x86_64-debian-clang 1.3-3 154.46 47.45 201.91 NOTE
r-devel-linux-x86_64-debian-gcc 1.3-3 135.76 48.34 184.11 NOTE
r-devel-linux-x86_64-fedora-clang 1.3-3 421.78 NOTE
r-devel-linux-x86_64-fedora-gcc 1.3-3 355.61 NOTE
r-devel-macosx-x86_64-clang 1.3-3 321.57 NOTE
r-devel-macosx-x86_64-gcc 1.3-3 NOTE
r-devel-windows-ix86+x86_64 1.3-3 340.00 123.00 463.00 NOTE
r-patched-linux-x86_64 1.3-3 135.37 47.22 182.59 NOTE
r-patched-solaris-sparc 1.3-3 2560.60 NOTE
r-patched-solaris-x86 1.3-3 464.20 NOTE
r-release-linux-ix86 1.3-3 281.00 79.00 360.00 NOTE
r-release-linux-x86_64 1.3-3 135.53 48.06 183.59 NOTE
r-release-windows-ix86+x86_64 1.3-3 326.00 121.00 447.00 NOTE
r-oldrel-windows-ix86+x86_64 1.3-3 327.00 127.00 454.00 NOTE

Check Details

Version: 1.3-3
Check: installed package size
Result: NOTE
     installed size is 22.5Mb
     sub-directories of 1Mb or more:
     libs 21.8Mb
Flavors: r-devel-linux-x86_64-debian-clang, r-devel-linux-x86_64-debian-gcc, r-devel-linux-x86_64-fedora-clang, r-devel-linux-x86_64-fedora-gcc, r-devel-macosx-x86_64-gcc, r-devel-windows-ix86+x86_64, r-patched-linux-x86_64, r-patched-solaris-sparc, r-patched-solaris-x86, r-release-linux-ix86, r-release-linux-x86_64, r-release-windows-ix86+x86_64, r-oldrel-windows-ix86+x86_64

Version: 1.3-3
Check: dependencies in R code
Result: NOTE
    There are ::: calls to the package's namespace in its code. A package
     almost never needs to use ::: for its own objects:
     ‘MCMCresidualBreakAnalysis’
    See the information on DESCRIPTION files in the chapter ‘Creating R
    packages’ of the ‘Writing R Extensions’ manual.
Flavors: r-devel-linux-x86_64-debian-clang, r-devel-linux-x86_64-debian-gcc, r-devel-linux-x86_64-fedora-clang, r-devel-linux-x86_64-fedora-gcc, r-devel-macosx-x86_64-clang, r-devel-macosx-x86_64-gcc, r-devel-windows-ix86+x86_64, r-patched-linux-x86_64, r-patched-solaris-sparc, r-patched-solaris-x86, r-release-linux-ix86, r-release-linux-x86_64, r-release-windows-ix86+x86_64, r-oldrel-windows-ix86+x86_64

Version: 1.3-3
Check: compilation flags in Makevars
Result: NOTE
    Package has both ‘src/Makevars.in’ and ‘src/Makevars’.
    Installation with --no-configure' is unlikely to work. If you intended
    ‘src/Makevars’ to be used on Windows, rename it to ‘src/Makevars.win’
    otherwise remove it. If ‘configure’ created ‘src/Makevars’, you need a
    ‘cleanup’ script.
Flavors: r-devel-linux-x86_64-debian-clang, r-devel-linux-x86_64-debian-gcc, r-devel-linux-x86_64-fedora-clang, r-devel-linux-x86_64-fedora-gcc, r-devel-macosx-x86_64-clang, r-devel-macosx-x86_64-gcc, r-devel-windows-ix86+x86_64, r-patched-linux-x86_64, r-patched-solaris-sparc, r-patched-solaris-x86, r-release-linux-ix86, r-release-linux-x86_64, r-release-windows-ix86+x86_64, r-oldrel-windows-ix86+x86_64

Version: 1.3-3
Check: top-level files
Result: NOTE
    Non-standard file/directory found at top level:
     ‘HISTORY’
Flavors: r-devel-linux-x86_64-fedora-clang, r-devel-linux-x86_64-fedora-gcc

Version: 1.3-3
Check: Rd line widths
Result: NOTE
    Rd file 'HMMpanelFE.Rd':
     \examples lines wider than 100 characters:
     y[j:(j+T-1)] <- ((1-weight)*true.mean + (1-weight)*rnorm(T, 0, true.sigma) + (1-weight)*true.alpha1[i]) +
    
    Rd file 'MCMCbinaryChange.Rd':
     \examples lines wider than 100 characters:
     model0 <- MCMCbinaryChange(y, m=0, c0=2, d0=2, mcmc=1000, burnin=1000, verbose=500, marginal.likelihood = "Chib95")
     model1 <- MCMCbinaryChange(y, m=1, c0=2, d0=2, mcmc=1000, burnin=1000, verbose=500, marginal.likelihood = "Chib95")
     model2 <- MCMCbinaryChange(y, m=2, c0=2, d0=2, mcmc=1000, burnin=1000, verbose=500, marginal.likelihood = "Chib95")
     model3 <- MCMCbinaryChange(y, m=3, c0=2, d0=2, mcmc=1000, burnin=1000, verbose=500, marginal.likelihood = "Chib95")
     model4 <- MCMCbinaryChange(y, m=4, c0=2, d0=2, mcmc=1000, burnin=1000, verbose=500, marginal.likelihood = "Chib95")
     model5 <- MCMCbinaryChange(y, m=5, c0=2, d0=2, mcmc=1000, burnin=1000, verbose=500, marginal.likelihood = "Chib95")
    
    Rd file 'MCMCintervention.Rd':
     \usage lines wider than 90 characters:
     prediction.type=c("trend","ar"), change.type=c("fixed", "random", "all"),
     \examples lines wider than 100 characters:
     plotIntervention(ar1fixed, start=1871, main="Forward Analysis", alpha= 0.5, ylab="Nile River flow", xlab="Year")
     plotIntervention(ar1fixed, forward=FALSE, start=1871, main="Backward Analysis", alpha= 0.5, ylab="Nile River flow", xlab="Year")
    
    Rd file 'MCMCirtHier1d.Rd':
     \examples lines wider than 100 characters:
     scMiss[matrix(as.logical(rbinom(nrow(SupremeCourt)*ncol(SupremeCourt), 1, .1)), dim(SupremeCourt))] <- NA
    
    Rd file 'MCMCirtKdHet.Rd':
     \examples lines wider than 100 characters:
     "deviations from the party line are attributable","to idiosyncrasy rather than moderation."),cex=0.5)
    
    Rd file 'MCMCregress.Rd':
     \examples lines wider than 100 characters:
     posterior <- MCMCregress(Y~X, b0=0, B0 = 0.1, sigma.mu = 5, sigma.var = 25, data=line, verbose=1000)
    
    Rd file 'MCMCregressChange.Rd':
     \examples lines wider than 100 characters:
     model1 <- MCMCregressChange(formula, m=1, b0=b0, B0=B0, sigma.mu=sigma.mu, sigma.var=sigma.var, marginal.likelihood="Chib95")
     model2 <- MCMCregressChange(formula, m=2, b0=b0, B0=B0, sigma.mu=sigma.mu, sigma.var=sigma.var, marginal.likelihood="Chib95")
     model3 <- MCMCregressChange(formula, m=3, b0=b0, B0=B0, sigma.mu=sigma.mu, sigma.var=sigma.var, marginal.likelihood="Chib95")
     model4 <- MCMCregressChange(formula, m=4, b0=b0, B0=B0, sigma.mu=sigma.mu, sigma.var=sigma.var, marginal.likelihood="Chib95")
     model5 <- MCMCregressChange(formula, m=5, b0=b0, B0=B0, sigma.mu=sigma.mu, sigma.var=sigma.var, marginal.likelihood="Chib95")
    
    Rd file 'plotState.Rd':
     \usage lines wider than 90 characters:
     plotState(mcmcout, main="Posterior Regime Probability", ylab=expression(paste("Pr(", S[t], "= k |", Y[t], ")")),
    
    Rd file 'testpanelSubjectBreak.Rd':
     \examples lines wider than 100 characters:
     y[j:(j+T-1)] <- ((1-weight)*true.mean + (1-weight)*rnorm(T, 0, true.sigma) + (1-weight)*true.alpha1[i]) +
    
    These lines will be truncated in the PDF manual.
Flavors: r-devel-linux-x86_64-fedora-clang, r-devel-linux-x86_64-fedora-gcc

Version: 1.3-3
Check: Rd cross-references
Result: NOTE
    Packages unavailable to check Rd xrefs: ‘mcmc’, ‘quantreg’
Flavor: r-devel-macosx-x86_64-gcc