CRAN Package Check Results for Package MCMCpack

Last updated on 2016-08-24 20:54:25.

Flavor Version Tinstall Tcheck Ttotal Status Flags
r-devel-linux-x86_64-debian-clang 1.3-7 230.70 59.85 290.55 NOTE
r-devel-linux-x86_64-debian-gcc 1.3-7 159.57 58.61 218.18 NOTE
r-devel-linux-x86_64-fedora-clang 1.3-7 594.21 NOTE
r-devel-linux-x86_64-fedora-gcc 1.3-7 418.75 NOTE
r-devel-osx-x86_64-clang 1.3-7 456.04 OK
r-devel-windows-ix86+x86_64 1.3-7 383.00 149.00 532.00 NOTE
r-patched-linux-x86_64 1.3-7 141.88 58.44 200.32 NOTE
r-patched-solaris-sparc 1.3-7 1894.40 OK
r-patched-solaris-x86 1.3-7 386.10 OK
r-release-linux-x86_64 1.3-7 144.83 57.71 202.54 NOTE
r-release-osx-x86_64-mavericks 1.3-7 NOTE
r-release-windows-ix86+x86_64 1.3-7 487.00 107.00 594.00 NOTE
r-oldrel-windows-ix86+x86_64 1.3-7 315.00 119.00 434.00 NOTE

Check Details

Version: 1.3-7
Check: installed package size
Result: NOTE
     installed size is 27.0Mb
     sub-directories of 1Mb or more:
     libs 26.3Mb
Flavors: r-devel-linux-x86_64-debian-clang, r-devel-linux-x86_64-debian-gcc, r-devel-linux-x86_64-fedora-clang, r-devel-linux-x86_64-fedora-gcc, r-devel-windows-ix86+x86_64, r-patched-linux-x86_64, r-release-linux-x86_64, r-release-osx-x86_64-mavericks, r-release-windows-ix86+x86_64, r-oldrel-windows-ix86+x86_64