CRAN Package Check Results for Package MCMCpack

Last updated on 2017-08-17 03:48:58.

Flavor Version Tinstall Tcheck Ttotal Status Flags
r-devel-linux-x86_64-debian-clang 1.4-0 290.32 63.01 353.33 OK
r-devel-linux-x86_64-debian-gcc 1.4-0 183.28 62.06 245.33 OK
r-devel-linux-x86_64-fedora-clang 1.4-0 693.95 NOTE
r-devel-linux-x86_64-fedora-gcc 1.4-0 529.71 NOTE
r-devel-windows-ix86+x86_64 1.4-0 476.00 127.00 603.00 NOTE
r-patched-linux-x86_64 1.4-0 182.75 61.52 244.26 OK
r-patched-solaris-x86 1.4-0 466.40 OK
r-release-linux-x86_64 1.4-0 184.29 61.66 245.94 OK
r-release-windows-ix86+x86_64 1.4-0 491.00 140.00 631.00 NOTE
r-release-osx-x86_64 1.4-0 NOTE
r-oldrel-windows-ix86+x86_64 1.4-0 458.00 125.00 583.00 NOTE
r-oldrel-osx-x86_64 1.4-0 NOTE

Check Details

Version: 1.4-0
Check: installed package size
Result: NOTE
     installed size is 35.7Mb
     sub-directories of 1Mb or more:
     libs 34.9Mb
Flavors: r-devel-linux-x86_64-fedora-clang, r-devel-linux-x86_64-fedora-gcc, r-devel-windows-ix86+x86_64, r-release-windows-ix86+x86_64, r-release-osx-x86_64, r-oldrel-windows-ix86+x86_64, r-oldrel-osx-x86_64