CRAN Package Check Results for Package MCMCpack

Last updated on 2016-02-14 23:48:07.

Flavor Version Tinstall Tcheck Ttotal Status Flags
r-devel-linux-x86_64-debian-gcc 1.3-4 144.07 65.32 209.39 NOTE
r-devel-linux-x86_64-fedora-clang 1.3-4 588.81 NOTE
r-devel-linux-x86_64-fedora-gcc 1.3-4 432.12 NOTE
r-devel-osx-x86_64-clang 1.3-4 366.01 OK
r-devel-windows-ix86+x86_64 1.3-4 3.00 5.00 8.00 ERROR
r-patched-linux-x86_64 1.3-4 145.45 69.94 215.39 NOTE
r-patched-solaris-sparc 1.3-4 1947.70 OK
r-patched-solaris-x86 1.3-4 373.40 OK
r-release-linux-x86_64 1.3-4 146.13 69.39 215.53 NOTE
r-release-osx-x86_64-mavericks 1.3-4 NOTE
r-release-windows-ix86+x86_64 1.3-4 3.00 2.00 5.00 ERROR
r-oldrel-windows-ix86+x86_64 1.3-4 3.00 12.00 15.00 ERROR

Check Details

Version: 1.3-4
Check: installed package size
Result: NOTE
     installed size is 23.3Mb
     sub-directories of 1Mb or more:
     libs 22.5Mb
Flavors: r-devel-linux-x86_64-debian-gcc, r-devel-linux-x86_64-fedora-clang, r-devel-linux-x86_64-fedora-gcc, r-patched-linux-x86_64, r-release-linux-x86_64, r-release-osx-x86_64-mavericks

Version: 1.3-4
Check: whether package can be installed
Result: ERROR
    Installation failed.
Flavors: r-devel-windows-ix86+x86_64, r-release-windows-ix86+x86_64, r-oldrel-windows-ix86+x86_64