CRAN Package Check Results for Package MCMCpack

Last updated on 2018-04-25 08:51:26 CEST.

Flavor Version Tinstall Tcheck Ttotal Status Flags
r-devel-linux-x86_64-debian-clang 1.4-2 441.56 96.93 538.49 OK
r-devel-linux-x86_64-debian-gcc 1.4-2 241.41 75.73 317.14 WARN
r-devel-linux-x86_64-fedora-clang 1.4-2 771.73 NOTE
r-devel-linux-x86_64-fedora-gcc 1.4-2 476.57 WARN
r-devel-windows-ix86+x86_64 1.4-2 605.00 135.00 740.00 WARN
r-patched-linux-x86_64 1.4-2 278.81 94.98 373.79 WARN
r-patched-solaris-x86 1.4-2 470.80 OK
r-release-linux-x86_64 1.4-2 280.46 94.77 375.23 WARN
r-release-windows-ix86+x86_64 1.4-2 605.00 135.00 740.00 WARN
r-release-osx-x86_64 1.4-2 NOTE
r-oldrel-windows-ix86+x86_64 1.4-2 437.00 162.00 599.00 NOTE
r-oldrel-osx-x86_64 1.4-2 NOTE

Check Details

Version: 1.4-2
Check: whether package can be installed
Result: WARN
    Found the following significant warnings:
     cHDPHMMpoisson.cc:441:18: warning: suggest parentheses around comparison in operand of ‘&’ [-Wparentheses]
     cHDPHMMpoisson.cc:445:18: warning: suggest parentheses around comparison in operand of ‘&’ [-Wparentheses]
     cHDPHMMpoisson.cc:449:18: warning: suggest parentheses around comparison in operand of ‘&’ [-Wparentheses]
Flavors: r-devel-linux-x86_64-debian-gcc, r-devel-linux-x86_64-fedora-gcc, r-patched-linux-x86_64, r-release-linux-x86_64

Version: 1.4-2
Check: installed package size
Result: NOTE
     installed size is 35.9Mb
     sub-directories of 1Mb or more:
     libs 34.8Mb
Flavors: r-devel-linux-x86_64-fedora-clang, r-devel-linux-x86_64-fedora-gcc, r-devel-windows-ix86+x86_64, r-release-windows-ix86+x86_64, r-release-osx-x86_64, r-oldrel-windows-ix86+x86_64, r-oldrel-osx-x86_64

Version: 1.4-2
Check: whether package can be installed
Result: WARN
    Found the following significant warnings:
     cHDPHMMpoisson.cc:348:74: warning: suggest parentheses around comparison in operand of '&' [-Wparentheses]
     cHDPHMMpoisson.cc:349:87: warning: suggest parentheses around comparison in operand of '&' [-Wparentheses]
     cHDPHMMpoisson.cc:441:22: warning: suggest parentheses around comparison in operand of '&' [-Wparentheses]
     cHDPHMMpoisson.cc:445:22: warning: suggest parentheses around comparison in operand of '&' [-Wparentheses]
     cHDPHMMpoisson.cc:449:22: warning: suggest parentheses around comparison in operand of '&' [-Wparentheses]
Flavors: r-devel-windows-ix86+x86_64, r-release-windows-ix86+x86_64