CRAN Package Check Results for Package MCMCvis

Last updated on 2022-11-28 03:57:22 CET.

Flavor Version Tinstall Tcheck Ttotal Status Flags
r-devel-linux-x86_64-debian-clang 0.15.5 6.31 71.60 77.91 NOTE
r-devel-linux-x86_64-debian-gcc 0.15.5 6.04 54.36 60.40 NOTE
r-devel-linux-x86_64-fedora-clang 0.15.5 105.00 NOTE
r-devel-linux-x86_64-fedora-gcc 0.15.5 110.90 NOTE
r-devel-windows-x86_64 0.15.5 29.00 105.00 134.00 NOTE
r-patched-linux-x86_64 0.15.5 6.29 66.66 72.95 OK
r-release-linux-x86_64 0.15.5 6.20 69.12 75.32 OK
r-release-macos-arm64 0.15.5 32.00 OK
r-release-macos-x86_64 0.15.5 60.00 OK
r-release-windows-x86_64 0.15.5 21.00 98.00 119.00 OK
r-oldrel-macos-arm64 0.15.5 32.00 OK
r-oldrel-macos-x86_64 0.15.5 42.00 OK
r-oldrel-windows-ix86+x86_64 0.15.5 14.00 93.00 107.00 OK

Check Details

Version: 0.15.5
Check: package subdirectories
Result: NOTE
    Problems with news in 'NEWS.md':
    No news entries found.
Flavors: r-devel-linux-x86_64-debian-clang, r-devel-linux-x86_64-debian-gcc, r-devel-linux-x86_64-fedora-clang, r-devel-linux-x86_64-fedora-gcc, r-devel-windows-x86_64