CRAN Package Check Results for Package MCPAN

Last updated on 2014-04-24 23:48:06.

Flavor Version Tinstall Tcheck Ttotal Status Flags
r-devel-linux-x86_64-debian-clang 1.1-15 1.53 28.41 29.94 OK
r-devel-linux-x86_64-debian-gcc 1.1-15 1.58 29.21 30.78 OK
r-devel-linux-x86_64-fedora-clang 1.1-15 55.84 OK
r-devel-linux-x86_64-fedora-gcc 1.1-15 52.84 OK
r-devel-osx-x86_64-clang 1.1-15 54.68 OK
r-devel-osx-x86_64-gcc 1.1-15 ERROR
r-devel-windows-ix86+x86_64 1.1-15 7.00 1.00 8.00 ERROR
r-patched-linux-x86_64 1.1-15 1.67 27.88 29.55 OK
r-patched-solaris-sparc 1.1-15 311.20 OK
r-patched-solaris-x86 1.1-15 68.60 OK
r-release-linux-ix86 1.1-15 3.00 48.00 51.00 OK
r-release-linux-x86_64 1.1-15 1.53 29.28 30.81 OK
r-release-osx-x86_64-mavericks 1.1-15 OK
r-release-osx-x86_64-snowleopard 1.1-15 OK
r-release-windows-ix86+x86_64 1.1-15 5.00 43.00 48.00 OK
r-oldrel-windows-ix86+x86_64 1.1-15 6.00 43.00 49.00 OK

Check Details

Version: 1.1-15
Check: package dependencies
Result: ERROR
    Package required but not available: ‘multcomp’
    
    See the information on DESCRIPTION files in the chapter ‘Creating R
    packages’ of the ‘Writing R Extensions’ manual.
Flavor: r-devel-osx-x86_64-gcc

Version: 1.1-15
Check: whether package can be installed
Result: ERROR
    Installation failed.
    See 'd:/Rcompile/CRANpkg/local/3.2/MCPAN.Rcheck/00install.out' for details.
Flavor: r-devel-windows-ix86+x86_64