CRAN Package Check Results for Package MCPAN

Last updated on 2015-05-25 08:48:30.

Flavor Version Tinstall Tcheck Ttotal Status Flags
r-devel-linux-x86_64-debian-clang 1.1-15 1.18 24.41 25.59 NOTE
r-devel-linux-x86_64-debian-gcc 1.1-15 1.19 23.08 24.28 NOTE
r-devel-linux-x86_64-fedora-clang 1.1-15 49.13 NOTE
r-devel-linux-x86_64-fedora-gcc 1.1-15 44.83 NOTE
r-devel-osx-x86_64-clang 1.1-15 45.90 NOTE
r-devel-windows-ix86+x86_64 1.1-15 5.00 39.00 44.00 OK
r-patched-linux-x86_64 1.1-15 1.20 23.19 24.39 NOTE
r-patched-solaris-sparc 1.1-15 301.80 NOTE
r-patched-solaris-x86 1.1-15 60.10 NOTE
r-release-linux-x86_64 1.1-15 1.55 23.88 25.44 NOTE
r-release-osx-x86_64-mavericks 1.1-15 OK
r-release-osx-x86_64-snowleopard 1.1-15 ERROR
r-release-windows-ix86+x86_64 1.1-15 6.00 35.00 41.00 OK
r-oldrel-windows-ix86+x86_64 1.1-15 6.00 45.00 51.00 OK

Check Details

Version: 1.1-15
Check: S3 generic/method consistency
Result: NOTE
    Found the following apparent S3 methods exported but not registered:
     binomORci.default binomORci.formula binomORci.matrix binomORci.table
     binomRDci.default binomRDci.formula binomRDci.matrix binomRDci.table
     binomRDtest.default binomRDtest.formula binomRDtest.matrix
     binomRDtest.table binomRRci.default binomRRci.formula
     binomRRci.matrix binomRRci.table binomest.default binomest.formula
     binomest.table plotCI.confint.glht plotCI.default plotCI.sci
     plotCI.sci.ratio
    See section ‘Registering S3 methods’ in the ‘Writing R Extensions’
    manual.
Flavors: r-devel-linux-x86_64-debian-clang, r-devel-linux-x86_64-debian-gcc, r-devel-linux-x86_64-fedora-clang, r-devel-linux-x86_64-fedora-gcc, r-devel-osx-x86_64-clang, r-patched-linux-x86_64, r-patched-solaris-sparc, r-patched-solaris-x86, r-release-linux-x86_64

Version: 1.1-15
Check: package dependencies
Result: ERROR
    Package required but not available: ‘multcomp’
    
    See section ‘The DESCRIPTION file’ in the ‘Writing R Extensions’
    manual.
Flavor: r-release-osx-x86_64-snowleopard