CRAN Package Check Results for Package MCPAN

Last updated on 2014-07-26 01:49:47.

Flavor Version Tinstall Tcheck Ttotal Status Flags
r-devel-linux-x86_64-debian-clang 1.1-15 1.52 27.03 28.54 OK
r-devel-linux-x86_64-debian-gcc 1.1-15 1.46 26.92 28.38 OK
r-devel-linux-x86_64-fedora-clang 1.1-15 56.04 OK
r-devel-linux-x86_64-fedora-gcc 1.1-15 53.22 OK
r-devel-osx-x86_64-clang 1.1-15 52.51 OK
r-devel-windows-ix86+x86_64 1.1-15 6.00 48.00 54.00 OK
r-patched-linux-x86_64 1.1-15 1.45 26.98 28.43 OK
r-patched-solaris-sparc 1.1-15 311.20 OK
r-patched-solaris-x86 1.1-15 68.80 OK
r-release-linux-ix86 1.1-15 2.00 35.10 37.10 OK
r-release-linux-x86_64 1.1-15 1.62 27.46 29.09 OK
r-release-osx-x86_64-mavericks 1.1-15 OK
r-release-osx-x86_64-snowleopard 1.1-15 OK
r-release-windows-ix86+x86_64 1.1-15 6.00 3.00 9.00 ERROR
r-oldrel-windows-ix86+x86_64 1.1-15 2.00 3.00 5.00 ERROR

Check Details

Version: 1.1-15
Check: whether package can be installed
Result: ERROR
    Installation failed.
    See 'd:/Rcompile/CRANpkg/local/3.1/MCPAN.Rcheck/00install.out' for details.
Flavor: r-release-windows-ix86+x86_64

Version: 1.1-15
Check: whether package can be installed
Result: ERROR
    Installation failed.
    See 'd:/Rcompile/CRANpkg/local/3.0/MCPAN.Rcheck/00install.out' for details.
Flavor: r-oldrel-windows-ix86+x86_64